KOK - MANAGER
Edit File: authorankurjain.e-marketing.io-ssl_log
114.119.155.13 - - [07/Feb/2026:07:15:53 -0500] "GET /special/worker/236043082 HTTP/1.1" 404 1251 "https://authorankurjain.com/sitemap890.xml" "Mozilla/5.0 (Linux; Android 7.0;) AppleWebKit/537.36 (KHTML, like Gecko) Mobile Safari/537.36 (compatible; PetalBot;+https://webmaster.petalsearch.com/site/petalbot)"
43.153.54.138 - - [07/Feb/2026:07:16:00 -0500] "GET / HTTP/1.1" 200 2082 "http://www.authorankurjain.com" "Mozilla/5.0 (iPhone; CPU iPhone OS 13_2_3 like Mac OS X) AppleWebKit/605.1.15 (KHTML, like Gecko) Version/13.0.3 Mobile/15E148 Safari/604.1"
114.119.133.125 - - [07/Feb/2026:07:17:58 -0500] "GET /special/worker/202042778 HTTP/1.1" 404 1251 "https://authorankurjain.com/sitemap861.xml" "Mozilla/5.0 (Linux; Android 7.0;) AppleWebKit/537.36 (KHTML, like Gecko) Mobile Safari/537.36 (compatible; PetalBot;+https://webmaster.petalsearch.com/site/petalbot)"
114.119.133.138 - - [07/Feb/2026:07:20:03 -0500] "GET /special/worker/156017176 HTTP/1.1" 404 1251 "https://authorankurjain.com/sitemap951.xml" "Mozilla/5.0 (Linux; Android 7.0;) AppleWebKit/537.36 (KHTML, like Gecko) Mobile Safari/537.36 (compatible; PetalBot;+https://webmaster.petalsearch.com/site/petalbot)"
66.249.66.11 - - [07/Feb/2026:07:20:31 -0500] "GET /?goods/177045473 HTTP/1.1" 200 1779 "-" "Mozilla/5.0 (Linux; Android 6.0.1; Nexus 5X Build/MMB29P) AppleWebKit/537.36 (KHTML, like Gecko) Chrome/144.0.7559.132 Mobile Safari/537.36 (compatible; Googlebot/2.1; +http://www.google.com/bot.html)"
114.119.137.38 - - [07/Feb/2026:07:22:09 -0500] "GET /special/worker/009046935 HTTP/1.1" 404 1251 "https://authorankurjain.com/sitemap890.xml" "Mozilla/5.0 (Linux; Android 7.0;) AppleWebKit/537.36 (KHTML, like Gecko) Mobile Safari/537.36 (compatible; PetalBot;+https://webmaster.petalsearch.com/site/petalbot)"
43.165.190.5 - - [07/Feb/2026:07:23:20 -0500] "GET / HTTP/1.1" 200 2078 "http://authorankurjain.com" "Mozilla/5.0 (iPhone; CPU iPhone OS 13_2_3 like Mac OS X) AppleWebKit/605.1.15 (KHTML, like Gecko) Version/13.0.3 Mobile/15E148 Safari/604.1"
114.119.137.38 - - [07/Feb/2026:07:24:14 -0500] "GET /special/worker/004030492 HTTP/1.1" 404 1251 "https://authorankurjain.com/sitemap894.xml" "Mozilla/5.0 (Linux; Android 7.0;) AppleWebKit/537.36 (KHTML, like Gecko) Mobile Safari/537.36 (compatible; PetalBot;+https://webmaster.petalsearch.com/site/petalbot)"
114.119.137.38 - - [07/Feb/2026:07:26:19 -0500] "GET /special/work/233041401 HTTP/1.1" 404 1251 "https://authorankurjain.com/sitemap951.xml" "Mozilla/5.0 (Linux; Android 7.0;) AppleWebKit/537.36 (KHTML, like Gecko) Mobile Safari/537.36 (compatible; PetalBot;+https://webmaster.petalsearch.com/site/petalbot)"
66.249.66.11 - - [07/Feb/2026:07:27:50 -0500] "GET /?goods/026039276 HTTP/1.1" 200 1779 "-" "Mozilla/5.0 (Linux; Android 6.0.1; Nexus 5X Build/MMB29P) AppleWebKit/537.36 (KHTML, like Gecko) Chrome/144.0.7559.132 Mobile Safari/537.36 (compatible; Googlebot/2.1; +http://www.google.com/bot.html)"
114.119.155.13 - - [07/Feb/2026:07:28:25 -0500] "GET /special/work/180006330 HTTP/1.1" 404 1251 "https://authorankurjain.com/sitemap908.xml" "Mozilla/5.0 (Linux; Android 7.0;) AppleWebKit/537.36 (KHTML, like Gecko) Mobile Safari/537.36 (compatible; PetalBot;+https://webmaster.petalsearch.com/site/petalbot)"
114.119.133.138 - - [07/Feb/2026:07:30:29 -0500] "GET /special/work/092003494 HTTP/1.1" 404 1251 "https://authorankurjain.com/sitemap908.xml" "Mozilla/5.0 (Linux; Android 7.0;) AppleWebKit/537.36 (KHTML, like Gecko) Mobile Safari/537.36 (compatible; PetalBot;+https://webmaster.petalsearch.com/site/petalbot)"
114.119.133.125 - - [07/Feb/2026:07:32:36 -0500] "GET /special/work/055008131 HTTP/1.1" 404 1251 "https://authorankurjain.com/sitemap894.xml" "Mozilla/5.0 (Linux; Android 7.0;) AppleWebKit/537.36 (KHTML, like Gecko) Mobile Safari/537.36 (compatible; PetalBot;+https://webmaster.petalsearch.com/site/petalbot)"
114.119.137.38 - - [07/Feb/2026:07:34:40 -0500] "GET /special/work/026000420 HTTP/1.1" 404 1251 "https://authorankurjain.com/sitemap879.xml" "Mozilla/5.0 (Linux; Android 7.0;) AppleWebKit/537.36 (KHTML, like Gecko) Mobile Safari/537.36 (compatible; PetalBot;+https://webmaster.petalsearch.com/site/petalbot)"
114.119.142.125 - - [07/Feb/2026:07:36:50 -0500] "GET /special/word/272041838 HTTP/1.1" 404 1251 "https://authorankurjain.com/sitemap894.xml" "Mozilla/5.0 (Linux; Android 7.0;) AppleWebKit/537.36 (KHTML, like Gecko) Mobile Safari/537.36 (compatible; PetalBot;+https://webmaster.petalsearch.com/site/petalbot)"
66.249.66.11 - - [07/Feb/2026:07:37:01 -0500] "GET /?detail/0130489440650 HTTP/1.1" 200 1779 "-" "Mozilla/5.0 (Linux; Android 6.0.1; Nexus 5X Build/MMB29P) AppleWebKit/537.36 (KHTML, like Gecko) Chrome/144.0.7559.132 Mobile Safari/537.36 (compatible; Googlebot/2.1; +http://www.google.com/bot.html)"
114.119.133.138 - - [07/Feb/2026:07:38:51 -0500] "GET /special/word/185025883 HTTP/1.1" 404 1251 "https://authorankurjain.com/sitemap951.xml" "Mozilla/5.0 (Linux; Android 7.0;) AppleWebKit/537.36 (KHTML, like Gecko) Mobile Safari/537.36 (compatible; PetalBot;+https://webmaster.petalsearch.com/site/petalbot)"
114.119.133.138 - - [07/Feb/2026:07:40:56 -0500] "GET /special/word/156002372 HTTP/1.1" 404 1251 "https://authorankurjain.com/sitemap954.xml" "Mozilla/5.0 (Linux; Android 7.0;) AppleWebKit/537.36 (KHTML, like Gecko) Mobile Safari/537.36 (compatible; PetalBot;+https://webmaster.petalsearch.com/site/petalbot)"
114.119.137.38 - - [07/Feb/2026:07:43:01 -0500] "GET /special/word/108028024 HTTP/1.1" 404 1251 "https://authorankurjain.com/sitemap870.xml" "Mozilla/5.0 (Linux; Android 7.0;) AppleWebKit/537.36 (KHTML, like Gecko) Mobile Safari/537.36 (compatible; PetalBot;+https://webmaster.petalsearch.com/site/petalbot)"
110.249.202.91 - - [07/Feb/2026:07:44:49 -0500] "GET /robots.txt HTTP/1.1" 200 135 "-" "Mozilla/5.0 (Linux; Android 5.0) AppleWebKit/537.36 (KHTML, like Gecko) Mobile Safari/537.36 (compatible; Bytespider; https://zhanzhang.toutiao.com/)"
114.119.142.125 - - [07/Feb/2026:07:45:13 -0500] "GET /special/word/094016884 HTTP/1.1" 404 1251 "https://authorankurjain.com/sitemap951.xml" "Mozilla/5.0 (Linux; Android 7.0;) AppleWebKit/537.36 (KHTML, like Gecko) Mobile Safari/537.36 (compatible; PetalBot;+https://webmaster.petalsearch.com/site/petalbot)"
66.249.66.12 - - [07/Feb/2026:07:45:51 -0500] "GET /?detail/218001992529 HTTP/1.1" 200 1779 "-" "Mozilla/5.0 (Linux; Android 6.0.1; Nexus 5X Build/MMB29P) AppleWebKit/537.36 (KHTML, like Gecko) Chrome/144.0.7559.132 Mobile Safari/537.36 (compatible; Googlebot/2.1; +http://www.google.com/bot.html)"
114.119.142.125 - - [07/Feb/2026:07:47:11 -0500] "GET /special/wooden/258042182 HTTP/1.1" 404 1251 "https://authorankurjain.com/sitemap861.xml" "Mozilla/5.0 (Linux; Android 7.0;) AppleWebKit/537.36 (KHTML, like Gecko) Mobile Safari/537.36 (compatible; PetalBot;+https://webmaster.petalsearch.com/site/petalbot)"
114.119.133.125 - - [07/Feb/2026:07:49:17 -0500] "GET /special/wooden/192027410 HTTP/1.1" 404 1251 "https://authorankurjain.com/sitemap878.xml" "Mozilla/5.0 (Linux; Android 7.0;) AppleWebKit/537.36 (KHTML, like Gecko) Mobile Safari/537.36 (compatible; PetalBot;+https://webmaster.petalsearch.com/site/petalbot)"
114.119.137.38 - - [07/Feb/2026:07:51:22 -0500] "GET /special/wooden/117032383 HTTP/1.1" 404 1251 "https://authorankurjain.com/sitemap873.xml" "Mozilla/5.0 (Linux; Android 7.0;) AppleWebKit/537.36 (KHTML, like Gecko) Mobile Safari/537.36 (compatible; PetalBot;+https://webmaster.petalsearch.com/site/petalbot)"
114.119.137.38 - - [07/Feb/2026:07:53:29 -0500] "GET /special/wooden/069032425 HTTP/1.1" 404 1251 "https://authorankurjain.com/sitemap879.xml" "Mozilla/5.0 (Linux; Android 7.0;) AppleWebKit/537.36 (KHTML, like Gecko) Mobile Safari/537.36 (compatible; PetalBot;+https://webmaster.petalsearch.com/site/petalbot)"
66.249.66.12 - - [07/Feb/2026:07:54:19 -0500] "GET /?jp/111002482.html HTTP/1.1" 200 1779 "-" "Mozilla/5.0 (Linux; Android 6.0.1; Nexus 5X Build/MMB29P) AppleWebKit/537.36 (KHTML, like Gecko) Chrome/144.0.7559.132 Mobile Safari/537.36 (compatible; Googlebot/2.1; +http://www.google.com/bot.html)"
114.119.142.125 - - [07/Feb/2026:07:55:35 -0500] "GET /special/wood/209007457 HTTP/1.1" 404 1251 "https://authorankurjain.com/sitemap954.xml" "Mozilla/5.0 (Linux; Android 7.0;) AppleWebKit/537.36 (KHTML, like Gecko) Mobile Safari/537.36 (compatible; PetalBot;+https://webmaster.petalsearch.com/site/petalbot)"
114.119.133.125 - - [07/Feb/2026:07:57:39 -0500] "GET /special/wood/030015964 HTTP/1.1" 404 1251 "https://authorankurjain.com/sitemap878.xml" "Mozilla/5.0 (Linux; Android 7.0;) AppleWebKit/537.36 (KHTML, like Gecko) Mobile Safari/537.36 (compatible; PetalBot;+https://webmaster.petalsearch.com/site/petalbot)"
114.119.137.38 - - [07/Feb/2026:07:59:43 -0500] "GET /special/wonderful/255025863 HTTP/1.1" 404 1251 "https://authorankurjain.com/sitemap870.xml" "Mozilla/5.0 (Linux; Android 7.0;) AppleWebKit/537.36 (KHTML, like Gecko) Mobile Safari/537.36 (compatible; PetalBot;+https://webmaster.petalsearch.com/site/petalbot)"
192.3.24.135 - - [07/Feb/2026:08:00:10 -0500] "POST /index.php/wp-json/litespeed/v1/cdn_status HTTP/1.1" 404 1251 "https://authorankurjain.com:443/wp-admin/update.php?action=upload-plugin" "Mozilla/5.0 (Windows NT 10.0; Win64; x64; rv:128.0) Gecko/20100101 Firefox/128.0"
114.119.154.6 - - [07/Feb/2026:08:01:48 -0500] "GET /special/wonderful/125045685 HTTP/1.1" 404 1251 "https://authorankurjain.com/sitemap890.xml" "Mozilla/5.0 (Linux; Android 7.0;) AppleWebKit/537.36 (KHTML, like Gecko) Mobile Safari/537.36 (compatible; PetalBot;+https://webmaster.petalsearch.com/site/petalbot)"
66.249.66.76 - - [07/Feb/2026:08:03:08 -0500] "GET /?goods/251001141 HTTP/1.1" 200 1779 "-" "Mozilla/5.0 (Linux; Android 6.0.1; Nexus 5X Build/MMB29P) AppleWebKit/537.36 (KHTML, like Gecko) Chrome/144.0.7559.132 Mobile Safari/537.36 (compatible; Googlebot/2.1; +http://www.google.com/bot.html)"
114.119.157.54 - - [07/Feb/2026:08:03:54 -0500] "GET /special/wonderful/070026632 HTTP/1.1" 404 1251 "https://authorankurjain.com/sitemap878.xml" "Mozilla/5.0 (Linux; Android 7.0;) AppleWebKit/537.36 (KHTML, like Gecko) Mobile Safari/537.36 (compatible; PetalBot;+https://webmaster.petalsearch.com/site/petalbot)"
114.119.157.54 - - [07/Feb/2026:08:05:58 -0500] "GET /special/wonder/266016620 HTTP/1.1" 404 1251 "https://authorankurjain.com/sitemap878.xml" "Mozilla/5.0 (Linux; Android 7.0;) AppleWebKit/537.36 (KHTML, like Gecko) Mobile Safari/537.36 (compatible; PetalBot;+https://webmaster.petalsearch.com/site/petalbot)"
114.119.157.54 - - [07/Feb/2026:08:08:10 -0500] "GET /special/wonder/183008857 HTTP/1.1" 404 1251 "https://authorankurjain.com/sitemap908.xml" "Mozilla/5.0 (Linux; Android 7.0;) AppleWebKit/537.36 (KHTML, like Gecko) Mobile Safari/537.36 (compatible; PetalBot;+https://webmaster.petalsearch.com/site/petalbot)"
114.119.157.54 - - [07/Feb/2026:08:10:10 -0500] "GET /special/wonder/128007200 HTTP/1.1" 404 1251 "https://authorankurjain.com/sitemap929.xml" "Mozilla/5.0 (Linux; Android 7.0;) AppleWebKit/537.36 (KHTML, like Gecko) Mobile Safari/537.36 (compatible; PetalBot;+https://webmaster.petalsearch.com/site/petalbot)"
66.249.66.74 - - [07/Feb/2026:08:11:57 -0500] "GET /?detail/21103765329269 HTTP/1.1" 200 1779 "-" "Mozilla/5.0 (Linux; Android 6.0.1; Nexus 5X Build/MMB29P) AppleWebKit/537.36 (KHTML, like Gecko) Chrome/144.0.7559.132 Mobile Safari/537.36 (compatible; Googlebot/2.1; +http://www.google.com/bot.html)"
110.249.201.166 - - [07/Feb/2026:08:12:13 -0500] "GET / HTTP/1.1" 200 1779 "-" "Mozilla/5.0 (Linux; Android 5.0) AppleWebKit/537.36 (KHTML, like Gecko) Mobile Safari/537.36 (compatible; Bytespider; https://zhanzhang.toutiao.com/)"
110.249.201.166 - - [07/Feb/2026:08:12:14 -0500] "GET /_autoindex/assets/js/tablesort.js HTTP/1.1" 200 2137 "https://www.authorankurjain.com/" "Mozilla/5.0 (Linux; Android 5.0) AppleWebKit/537.36 (KHTML, like Gecko) Mobile Safari/537.36 (compatible; Bytespider; https://zhanzhang.toutiao.com/)"
110.249.201.166 - - [07/Feb/2026:08:12:14 -0500] "GET /_autoindex/assets/js/tablesort.number.js HTTP/1.1" 200 322 "https://www.authorankurjain.com/" "Mozilla/5.0 (Linux; Android 5.0) AppleWebKit/537.36 (KHTML, like Gecko) Mobile Safari/537.36 (compatible; Bytespider; https://zhanzhang.toutiao.com/)"
110.249.201.166 - - [07/Feb/2026:08:12:14 -0500] "GET /_autoindex/assets/css/autoindex.css HTTP/1.1" 200 1170 "https://www.authorankurjain.com/" "Mozilla/5.0 (Linux; Android 5.0) AppleWebKit/537.36 (KHTML, like Gecko) Mobile Safari/537.36 (compatible; Bytespider; https://zhanzhang.toutiao.com/)"
110.249.201.166 - - [07/Feb/2026:08:12:14 -0500] "GET /_autoindex/assets/icons/file-text.svg HTTP/1.1" 206 500 "https://www.authorankurjain.com/" "Mozilla/5.0 (Linux; Android 5.0) AppleWebKit/537.36 (KHTML, like Gecko) Mobile Safari/537.36 (compatible; Bytespider; https://zhanzhang.toutiao.com/)"
114.119.133.138 - - [07/Feb/2026:08:12:15 -0500] "GET /special/wonder/086002316 HTTP/1.1" 404 1251 "https://authorankurjain.com/sitemap873.xml" "Mozilla/5.0 (Linux; Android 7.0;) AppleWebKit/537.36 (KHTML, like Gecko) Mobile Safari/537.36 (compatible; PetalBot;+https://webmaster.petalsearch.com/site/petalbot)"
114.119.136.160 - - [07/Feb/2026:08:14:20 -0500] "GET /special/woman/094017454 HTTP/1.1" 404 1251 "https://authorankurjain.com/sitemap861.xml" "Mozilla/5.0 (Linux; Android 7.0;) AppleWebKit/537.36 (KHTML, like Gecko) Mobile Safari/537.36 (compatible; PetalBot;+https://webmaster.petalsearch.com/site/petalbot)"
114.119.142.125 - - [07/Feb/2026:08:16:26 -0500] "GET /special/woman/083020519 HTTP/1.1" 404 1251 "https://authorankurjain.com/sitemap890.xml" "Mozilla/5.0 (Linux; Android 7.0;) AppleWebKit/537.36 (KHTML, like Gecko) Mobile Safari/537.36 (compatible; PetalBot;+https://webmaster.petalsearch.com/site/petalbot)"
114.119.136.160 - - [07/Feb/2026:08:18:31 -0500] "GET /special/woman/074025946 HTTP/1.1" 404 1251 "https://authorankurjain.com/sitemap870.xml" "Mozilla/5.0 (Linux; Android 7.0;) AppleWebKit/537.36 (KHTML, like Gecko) Mobile Safari/537.36 (compatible; PetalBot;+https://webmaster.petalsearch.com/site/petalbot)"
114.119.137.38 - - [07/Feb/2026:08:20:40 -0500] "GET /special/woman/066007612 HTTP/1.1" 404 1251 "https://authorankurjain.com/sitemap873.xml" "Mozilla/5.0 (Linux; Android 7.0;) AppleWebKit/537.36 (KHTML, like Gecko) Mobile Safari/537.36 (compatible; PetalBot;+https://webmaster.petalsearch.com/site/petalbot)"
66.249.66.34 - - [07/Feb/2026:08:21:32 -0500] "GET /?detail/2470444252105 HTTP/1.1" 200 1779 "-" "Mozilla/5.0 (Linux; Android 6.0.1; Nexus 5X Build/MMB29P) AppleWebKit/537.36 (KHTML, like Gecko) Chrome/144.0.7559.132 Mobile Safari/537.36 (compatible; Googlebot/2.1; +http://www.google.com/bot.html)"
114.119.133.125 - - [07/Feb/2026:08:22:41 -0500] "GET /special/woman/003008433 HTTP/1.1" 404 1251 "https://authorankurjain.com/sitemap878.xml" "Mozilla/5.0 (Linux; Android 7.0;) AppleWebKit/537.36 (KHTML, like Gecko) Mobile Safari/537.36 (compatible; PetalBot;+https://webmaster.petalsearch.com/site/petalbot)"
114.119.133.138 - - [07/Feb/2026:08:24:47 -0500] "GET /special/wolf/086040878 HTTP/1.1" 404 1251 "https://authorankurjain.com/sitemap861.xml" "Mozilla/5.0 (Linux; Android 7.0;) AppleWebKit/537.36 (KHTML, like Gecko) Mobile Safari/537.36 (compatible; PetalBot;+https://webmaster.petalsearch.com/site/petalbot)"
114.119.142.125 - - [07/Feb/2026:08:26:51 -0500] "GET /special/wolf/061028651 HTTP/1.1" 404 1251 "https://authorankurjain.com/sitemap937.xml" "Mozilla/5.0 (Linux; Android 7.0;) AppleWebKit/537.36 (KHTML, like Gecko) Mobile Safari/537.36 (compatible; PetalBot;+https://webmaster.petalsearch.com/site/petalbot)"
114.119.154.6 - - [07/Feb/2026:08:28:57 -0500] "GET /special/wolf/037043551 HTTP/1.1" 404 1251 "https://authorankurjain.com/sitemap969.xml" "Mozilla/5.0 (Linux; Android 7.0;) AppleWebKit/537.36 (KHTML, like Gecko) Mobile Safari/537.36 (compatible; PetalBot;+https://webmaster.petalsearch.com/site/petalbot)"
66.249.66.32 - - [07/Feb/2026:08:29:58 -0500] "GET /?goods/118012606 HTTP/1.1" 200 1779 "-" "Mozilla/5.0 (Linux; Android 6.0.1; Nexus 5X Build/MMB29P) AppleWebKit/537.36 (KHTML, like Gecko) Chrome/144.0.7559.132 Mobile Safari/537.36 (compatible; Googlebot/2.1; +http://www.google.com/bot.html)"
114.119.136.160 - - [07/Feb/2026:08:31:01 -0500] "GET /special/wolf/029009275 HTTP/1.1" 404 1251 "https://authorankurjain.com/sitemap879.xml" "Mozilla/5.0 (Linux; Android 7.0;) AppleWebKit/537.36 (KHTML, like Gecko) Mobile Safari/537.36 (compatible; PetalBot;+https://webmaster.petalsearch.com/site/petalbot)"
98.159.226.61 - - [07/Feb/2026:08:32:15 -0500] "GET / HTTP/1.0" 200 8111 "https://authorankurjain.com/" "Mozilla/5.0 (Windows NT 10.0; Win64; x64) AppleWebKit/537.36 (KHTML, like Gecko) Chrome/131.0.0.0 Safari/537.36 Avast/131.0.0.0"
114.119.136.160 - - [07/Feb/2026:08:33:07 -0500] "GET /special/witness/266026050 HTTP/1.1" 404 1251 "https://authorankurjain.com/sitemap988.xml" "Mozilla/5.0 (Linux; Android 7.0;) AppleWebKit/537.36 (KHTML, like Gecko) Mobile Safari/537.36 (compatible; PetalBot;+https://webmaster.petalsearch.com/site/petalbot)"
114.119.155.13 - - [07/Feb/2026:08:35:12 -0500] "GET /special/witness/229027991 HTTP/1.1" 404 1251 "https://authorankurjain.com/sitemap988.xml" "Mozilla/5.0 (Linux; Android 7.0;) AppleWebKit/537.36 (KHTML, like Gecko) Mobile Safari/537.36 (compatible; PetalBot;+https://webmaster.petalsearch.com/site/petalbot)"
114.119.155.13 - - [07/Feb/2026:08:37:18 -0500] "GET /special/witness/203003877 HTTP/1.1" 404 1251 "https://authorankurjain.com/sitemap954.xml" "Mozilla/5.0 (Linux; Android 7.0;) AppleWebKit/537.36 (KHTML, like Gecko) Mobile Safari/537.36 (compatible; PetalBot;+https://webmaster.petalsearch.com/site/petalbot)"
66.249.66.11 - - [07/Feb/2026:08:38:47 -0500] "GET /?goods/218002754 HTTP/1.1" 200 1779 "-" "Mozilla/5.0 (Linux; Android 6.0.1; Nexus 5X Build/MMB29P) AppleWebKit/537.36 (KHTML, like Gecko) Chrome/144.0.7559.132 Mobile Safari/537.36 (compatible; Googlebot/2.1; +http://www.google.com/bot.html)"
114.119.133.125 - - [07/Feb/2026:08:39:23 -0500] "GET /special/witness/198001666 HTTP/1.1" 404 1251 "https://authorankurjain.com/sitemap879.xml" "Mozilla/5.0 (Linux; Android 7.0;) AppleWebKit/537.36 (KHTML, like Gecko) Mobile Safari/537.36 (compatible; PetalBot;+https://webmaster.petalsearch.com/site/petalbot)"
114.119.155.13 - - [07/Feb/2026:08:41:28 -0500] "GET /special/witness/135020715 HTTP/1.1" 404 1251 "https://authorankurjain.com/sitemap890.xml" "Mozilla/5.0 (Linux; Android 7.0;) AppleWebKit/537.36 (KHTML, like Gecko) Mobile Safari/537.36 (compatible; PetalBot;+https://webmaster.petalsearch.com/site/petalbot)"
114.119.136.160 - - [07/Feb/2026:08:43:33 -0500] "GET /special/witness/134003576 HTTP/1.1" 404 1251 "https://authorankurjain.com/sitemap890.xml" "Mozilla/5.0 (Linux; Android 7.0;) AppleWebKit/537.36 (KHTML, like Gecko) Mobile Safari/537.36 (compatible; PetalBot;+https://webmaster.petalsearch.com/site/petalbot)"
114.119.137.38 - - [07/Feb/2026:08:45:27 -0500] "GET /special/witness/128004180 HTTP/1.1" 404 1251 "https://authorankurjain.com/sitemap954.xml" "Mozilla/5.0 (Linux; Android 7.0;) AppleWebKit/537.36 (KHTML, like Gecko) Mobile Safari/537.36 (compatible; PetalBot;+https://webmaster.petalsearch.com/site/petalbot)"
114.119.157.54 - - [07/Feb/2026:08:47:24 -0500] "GET /special/witness/079036741 HTTP/1.1" 404 1251 "https://authorankurjain.com/sitemap988.xml" "Mozilla/5.0 (Linux; Android 7.0;) AppleWebKit/537.36 (KHTML, like Gecko) Mobile Safari/537.36 (compatible; PetalBot;+https://webmaster.petalsearch.com/site/petalbot)"
66.249.66.13 - - [07/Feb/2026:08:47:38 -0500] "GET /?goods/273016372 HTTP/1.1" 200 1779 "-" "Mozilla/5.0 (Linux; Android 6.0.1; Nexus 5X Build/MMB29P) AppleWebKit/537.36 (KHTML, like Gecko) Chrome/144.0.7559.132 Mobile Safari/537.36 (compatible; Googlebot/2.1; +http://www.google.com/bot.html)"
114.119.133.138 - - [07/Feb/2026:08:49:17 -0500] "GET /special/witness/061025693 HTTP/1.1" 404 1251 "https://authorankurjain.com/sitemap951.xml" "Mozilla/5.0 (Linux; Android 7.0;) AppleWebKit/537.36 (KHTML, like Gecko) Mobile Safari/537.36 (compatible; PetalBot;+https://webmaster.petalsearch.com/site/petalbot)"
114.119.142.125 - - [07/Feb/2026:08:51:09 -0500] "GET /special/witness/052042332 HTTP/1.1" 404 1251 "https://authorankurjain.com/sitemap908.xml" "Mozilla/5.0 (Linux; Android 7.0;) AppleWebKit/537.36 (KHTML, like Gecko) Mobile Safari/537.36 (compatible; PetalBot;+https://webmaster.petalsearch.com/site/petalbot)"
114.119.137.38 - - [07/Feb/2026:08:53:03 -0500] "GET /special/witness/014008392 HTTP/1.1" 404 1251 "https://authorankurjain.com/sitemap937.xml" "Mozilla/5.0 (Linux; Android 7.0;) AppleWebKit/537.36 (KHTML, like Gecko) Mobile Safari/537.36 (compatible; PetalBot;+https://webmaster.petalsearch.com/site/petalbot)"
114.119.133.125 - - [07/Feb/2026:08:54:57 -0500] "GET /special/without/295031359 HTTP/1.1" 404 1251 "https://authorankurjain.com/sitemap988.xml" "Mozilla/5.0 (Linux; Android 7.0;) AppleWebKit/537.36 (KHTML, like Gecko) Mobile Safari/537.36 (compatible; PetalBot;+https://webmaster.petalsearch.com/site/petalbot)"
66.249.66.203 - - [07/Feb/2026:08:56:04 -0500] "GET /?goods/173026773 HTTP/1.1" 200 1779 "-" "Mozilla/5.0 (Linux; Android 6.0.1; Nexus 5X Build/MMB29P) AppleWebKit/537.36 (KHTML, like Gecko) Chrome/144.0.7559.132 Mobile Safari/537.36 (compatible; Googlebot/2.1; +http://www.google.com/bot.html)"
114.119.142.125 - - [07/Feb/2026:08:56:52 -0500] "GET /special/without/237010727 HTTP/1.1" 404 1251 "https://authorankurjain.com/sitemap861.xml" "Mozilla/5.0 (Linux; Android 7.0;) AppleWebKit/537.36 (KHTML, like Gecko) Mobile Safari/537.36 (compatible; PetalBot;+https://webmaster.petalsearch.com/site/petalbot)"
114.119.133.138 - - [07/Feb/2026:08:58:46 -0500] "GET /special/without/219045463 HTTP/1.1" 404 1251 "https://authorankurjain.com/sitemap870.xml" "Mozilla/5.0 (Linux; Android 7.0;) AppleWebKit/537.36 (KHTML, like Gecko) Mobile Safari/537.36 (compatible; PetalBot;+https://webmaster.petalsearch.com/site/petalbot)"
114.119.142.125 - - [07/Feb/2026:09:00:39 -0500] "GET /special/without/188046996 HTTP/1.1" 404 1251 "https://authorankurjain.com/sitemap879.xml" "Mozilla/5.0 (Linux; Android 7.0;) AppleWebKit/537.36 (KHTML, like Gecko) Mobile Safari/537.36 (compatible; PetalBot;+https://webmaster.petalsearch.com/site/petalbot)"
114.119.154.6 - - [07/Feb/2026:09:02:33 -0500] "GET /special/without/089001709 HTTP/1.1" 404 1251 "https://authorankurjain.com/sitemap969.xml" "Mozilla/5.0 (Linux; Android 7.0;) AppleWebKit/537.36 (KHTML, like Gecko) Mobile Safari/537.36 (compatible; PetalBot;+https://webmaster.petalsearch.com/site/petalbot)"
66.249.66.161 - - [07/Feb/2026:09:04:16 -0500] "GET /?detail/026005156740 HTTP/1.1" 200 1779 "-" "Mozilla/5.0 (Linux; Android 6.0.1; Nexus 5X Build/MMB29P) AppleWebKit/537.36 (KHTML, like Gecko) Chrome/144.0.7559.132 Mobile Safari/537.36 (compatible; Googlebot/2.1; +http://www.google.com/bot.html)"
114.119.154.6 - - [07/Feb/2026:09:04:27 -0500] "GET /special/without/017034999 HTTP/1.1" 404 1251 "https://authorankurjain.com/sitemap908.xml" "Mozilla/5.0 (Linux; Android 7.0;) AppleWebKit/537.36 (KHTML, like Gecko) Mobile Safari/537.36 (compatible; PetalBot;+https://webmaster.petalsearch.com/site/petalbot)"
142.44.220.45 - - [07/Feb/2026:09:05:15 -0500] "GET /?sitemap293.xml HTTP/1.1" 200 1776 "-" "Mozilla/5.0 (compatible; AhrefsBot/7.0; +http://ahrefs.com/robot/)"
114.119.137.38 - - [07/Feb/2026:09:06:22 -0500] "GET /special/within/285036195 HTTP/1.1" 404 1251 "https://authorankurjain.com/sitemap890.xml" "Mozilla/5.0 (Linux; Android 7.0;) AppleWebKit/537.36 (KHTML, like Gecko) Mobile Safari/537.36 (compatible; PetalBot;+https://webmaster.petalsearch.com/site/petalbot)"
114.119.155.13 - - [07/Feb/2026:09:08:15 -0500] "GET /special/within/117017825 HTTP/1.1" 404 1251 "https://authorankurjain.com/sitemap878.xml" "Mozilla/5.0 (Linux; Android 7.0;) AppleWebKit/537.36 (KHTML, like Gecko) Mobile Safari/537.36 (compatible; PetalBot;+https://webmaster.petalsearch.com/site/petalbot)"
114.119.155.13 - - [07/Feb/2026:09:10:10 -0500] "GET /special/within/089020241 HTTP/1.1" 404 1251 "https://authorankurjain.com/sitemap908.xml" "Mozilla/5.0 (Linux; Android 7.0;) AppleWebKit/537.36 (KHTML, like Gecko) Mobile Safari/537.36 (compatible; PetalBot;+https://webmaster.petalsearch.com/site/petalbot)"
66.249.66.204 - - [07/Feb/2026:09:10:52 -0500] "GET /?detail/179003819014 HTTP/1.1" 200 1779 "-" "Mozilla/5.0 (Linux; Android 6.0.1; Nexus 5X Build/MMB29P) AppleWebKit/537.36 (KHTML, like Gecko) Chrome/144.0.7559.132 Mobile Safari/537.36 (compatible; Googlebot/2.1; +http://www.google.com/bot.html)"
114.119.142.125 - - [07/Feb/2026:09:12:06 -0500] "GET /special/withdrawal/257046973 HTTP/1.1" 404 1251 "https://authorankurjain.com/sitemap908.xml" "Mozilla/5.0 (Linux; Android 7.0;) AppleWebKit/537.36 (KHTML, like Gecko) Mobile Safari/537.36 (compatible; PetalBot;+https://webmaster.petalsearch.com/site/petalbot)"
114.119.136.160 - - [07/Feb/2026:09:13:57 -0500] "GET /special/withdrawal/123013859 HTTP/1.1" 404 1251 "https://authorankurjain.com/sitemap879.xml" "Mozilla/5.0 (Linux; Android 7.0;) AppleWebKit/537.36 (KHTML, like Gecko) Mobile Safari/537.36 (compatible; PetalBot;+https://webmaster.petalsearch.com/site/petalbot)"
114.119.142.125 - - [07/Feb/2026:09:15:56 -0500] "GET /special/withdrawal/120011174 HTTP/1.1" 404 1251 "https://authorankurjain.com/sitemap954.xml" "Mozilla/5.0 (Linux; Android 7.0;) AppleWebKit/537.36 (KHTML, like Gecko) Mobile Safari/537.36 (compatible; PetalBot;+https://webmaster.petalsearch.com/site/petalbot)"
114.119.137.38 - - [07/Feb/2026:09:17:48 -0500] "GET /special/withdrawal/077027139 HTTP/1.1" 404 1251 "https://authorankurjain.com/sitemap890.xml" "Mozilla/5.0 (Linux; Android 7.0;) AppleWebKit/537.36 (KHTML, like Gecko) Mobile Safari/537.36 (compatible; PetalBot;+https://webmaster.petalsearch.com/site/petalbot)"
66.249.66.33 - - [07/Feb/2026:09:18:31 -0500] "GET /?goods/265034326 HTTP/1.1" 200 1779 "-" "Mozilla/5.0 (Linux; Android 6.0.1; Nexus 5X Build/MMB29P) AppleWebKit/537.36 (KHTML, like Gecko) Chrome/144.0.7559.132 Mobile Safari/537.36 (compatible; Googlebot/2.1; +http://www.google.com/bot.html)"
114.119.136.160 - - [07/Feb/2026:09:19:42 -0500] "GET /special/withdrawal/053030795 HTTP/1.1" 404 1251 "https://authorankurjain.com/sitemap894.xml" "Mozilla/5.0 (Linux; Android 7.0;) AppleWebKit/537.36 (KHTML, like Gecko) Mobile Safari/537.36 (compatible; PetalBot;+https://webmaster.petalsearch.com/site/petalbot)"
114.119.142.125 - - [07/Feb/2026:09:21:36 -0500] "GET /special/withdrawal/052042908 HTTP/1.1" 404 1251 "https://authorankurjain.com/sitemap870.xml" "Mozilla/5.0 (Linux; Android 7.0;) AppleWebKit/537.36 (KHTML, like Gecko) Mobile Safari/537.36 (compatible; PetalBot;+https://webmaster.petalsearch.com/site/petalbot)"
114.119.155.13 - - [07/Feb/2026:09:23:30 -0500] "GET /special/withdraw/279038731 HTTP/1.1" 404 1251 "https://authorankurjain.com/sitemap878.xml" "Mozilla/5.0 (Linux; Android 7.0;) AppleWebKit/537.36 (KHTML, like Gecko) Mobile Safari/537.36 (compatible; PetalBot;+https://webmaster.petalsearch.com/site/petalbot)"
66.249.66.162 - - [07/Feb/2026:09:25:02 -0500] "GET /?goods/243047698 HTTP/1.1" 200 1779 "-" "Mozilla/5.0 (Linux; Android 6.0.1; Nexus 5X Build/MMB29P) AppleWebKit/537.36 (KHTML, like Gecko) Chrome/144.0.7559.132 Mobile Safari/537.36 (compatible; Googlebot/2.1; +http://www.google.com/bot.html)"
114.119.133.125 - - [07/Feb/2026:09:25:23 -0500] "GET /special/withdraw/158027778 HTTP/1.1" 404 1251 "https://authorankurjain.com/sitemap908.xml" "Mozilla/5.0 (Linux; Android 7.0;) AppleWebKit/537.36 (KHTML, like Gecko) Mobile Safari/537.36 (compatible; PetalBot;+https://webmaster.petalsearch.com/site/petalbot)"
114.119.157.54 - - [07/Feb/2026:09:27:18 -0500] "GET /special/with/292030774 HTTP/1.1" 404 1251 "https://authorankurjain.com/sitemap937.xml" "Mozilla/5.0 (Linux; Android 7.0;) AppleWebKit/537.36 (KHTML, like Gecko) Mobile Safari/537.36 (compatible; PetalBot;+https://webmaster.petalsearch.com/site/petalbot)"
114.119.154.6 - - [07/Feb/2026:09:29:09 -0500] "GET /special/with/264019140 HTTP/1.1" 404 1251 "https://authorankurjain.com/sitemap951.xml" "Mozilla/5.0 (Linux; Android 7.0;) AppleWebKit/537.36 (KHTML, like Gecko) Mobile Safari/537.36 (compatible; PetalBot;+https://webmaster.petalsearch.com/site/petalbot)"
114.119.155.13 - - [07/Feb/2026:09:31:05 -0500] "GET /special/with/262026584 HTTP/1.1" 404 1251 "https://authorankurjain.com/sitemap890.xml" "Mozilla/5.0 (Linux; Android 7.0;) AppleWebKit/537.36 (KHTML, like Gecko) Mobile Safari/537.36 (compatible; PetalBot;+https://webmaster.petalsearch.com/site/petalbot)"
66.249.66.162 - - [07/Feb/2026:09:32:40 -0500] "GET /?goods/222016351 HTTP/1.1" 200 1779 "-" "Mozilla/5.0 (Linux; Android 6.0.1; Nexus 5X Build/MMB29P) AppleWebKit/537.36 (KHTML, like Gecko) Chrome/144.0.7559.132 Mobile Safari/537.36 (compatible; Googlebot/2.1; +http://www.google.com/bot.html)"
114.119.133.125 - - [07/Feb/2026:09:32:56 -0500] "GET /special/with/221001911 HTTP/1.1" 404 1251 "https://authorankurjain.com/sitemap894.xml" "Mozilla/5.0 (Linux; Android 7.0;) AppleWebKit/537.36 (KHTML, like Gecko) Mobile Safari/537.36 (compatible; PetalBot;+https://webmaster.petalsearch.com/site/petalbot)"
114.119.136.160 - - [07/Feb/2026:09:34:50 -0500] "GET /special/with/088028000 HTTP/1.1" 404 1251 "https://authorankurjain.com/sitemap878.xml" "Mozilla/5.0 (Linux; Android 7.0;) AppleWebKit/537.36 (KHTML, like Gecko) Mobile Safari/537.36 (compatible; PetalBot;+https://webmaster.petalsearch.com/site/petalbot)"
114.119.142.125 - - [07/Feb/2026:09:36:44 -0500] "GET /special/wish/106037216 HTTP/1.1" 404 1251 "https://authorankurjain.com/sitemap988.xml" "Mozilla/5.0 (Linux; Android 7.0;) AppleWebKit/537.36 (KHTML, like Gecko) Mobile Safari/537.36 (compatible; PetalBot;+https://webmaster.petalsearch.com/site/petalbot)"
114.119.133.138 - - [07/Feb/2026:09:38:38 -0500] "GET /special/wish/051013299 HTTP/1.1" 404 1251 "https://authorankurjain.com/sitemap878.xml" "Mozilla/5.0 (Linux; Android 7.0;) AppleWebKit/537.36 (KHTML, like Gecko) Mobile Safari/537.36 (compatible; PetalBot;+https://webmaster.petalsearch.com/site/petalbot)"
66.249.66.32 - - [07/Feb/2026:09:38:56 -0500] "GET /?jp/158010913.html HTTP/1.1" 200 1779 "-" "Mozilla/5.0 (Linux; Android 6.0.1; Nexus 5X Build/MMB29P) AppleWebKit/537.36 (KHTML, like Gecko) Chrome/144.0.7559.132 Mobile Safari/537.36 (compatible; Googlebot/2.1; +http://www.google.com/bot.html)"
114.119.154.6 - - [07/Feb/2026:09:40:33 -0500] "GET /special/wise/141017013 HTTP/1.1" 404 1251 "https://authorankurjain.com/sitemap861.xml" "Mozilla/5.0 (Linux; Android 7.0;) AppleWebKit/537.36 (KHTML, like Gecko) Mobile Safari/537.36 (compatible; PetalBot;+https://webmaster.petalsearch.com/site/petalbot)"
114.119.137.38 - - [07/Feb/2026:09:42:26 -0500] "GET /special/wise/058016578 HTTP/1.1" 404 1251 "https://authorankurjain.com/sitemap954.xml" "Mozilla/5.0 (Linux; Android 7.0;) AppleWebKit/537.36 (KHTML, like Gecko) Mobile Safari/537.36 (compatible; PetalBot;+https://webmaster.petalsearch.com/site/petalbot)"
114.119.136.160 - - [07/Feb/2026:09:44:20 -0500] "GET /special/wisdom/248033040 HTTP/1.1" 404 1251 "https://authorankurjain.com/sitemap988.xml" "Mozilla/5.0 (Linux; Android 7.0;) AppleWebKit/537.36 (KHTML, like Gecko) Mobile Safari/537.36 (compatible; PetalBot;+https://webmaster.petalsearch.com/site/petalbot)"
114.119.137.38 - - [07/Feb/2026:09:46:13 -0500] "GET /special/wisdom/065048913 HTTP/1.1" 404 1251 "https://authorankurjain.com/sitemap890.xml" "Mozilla/5.0 (Linux; Android 7.0;) AppleWebKit/537.36 (KHTML, like Gecko) Mobile Safari/537.36 (compatible; PetalBot;+https://webmaster.petalsearch.com/site/petalbot)"
114.119.136.160 - - [07/Feb/2026:09:48:08 -0500] "GET /special/wisdom/029016949 HTTP/1.1" 404 1251 "https://authorankurjain.com/sitemap969.xml" "Mozilla/5.0 (Linux; Android 7.0;) AppleWebKit/537.36 (KHTML, like Gecko) Mobile Safari/537.36 (compatible; PetalBot;+https://webmaster.petalsearch.com/site/petalbot)"
114.119.133.138 - - [07/Feb/2026:09:50:07 -0500] "GET /special/wire/300034360 HTTP/1.1" 404 1251 "https://authorankurjain.com/sitemap894.xml" "Mozilla/5.0 (Linux; Android 7.0;) AppleWebKit/537.36 (KHTML, like Gecko) Mobile Safari/537.36 (compatible; PetalBot;+https://webmaster.petalsearch.com/site/petalbot)"
114.119.133.125 - - [07/Feb/2026:09:51:56 -0500] "GET /special/wire/230029258 HTTP/1.1" 404 1251 "https://authorankurjain.com/sitemap878.xml" "Mozilla/5.0 (Linux; Android 7.0;) AppleWebKit/537.36 (KHTML, like Gecko) Mobile Safari/537.36 (compatible; PetalBot;+https://webmaster.petalsearch.com/site/petalbot)"
114.119.133.125 - - [07/Feb/2026:09:53:51 -0500] "GET /special/wipe/238030736 HTTP/1.1" 404 1251 "https://authorankurjain.com/sitemap890.xml" "Mozilla/5.0 (Linux; Android 7.0;) AppleWebKit/537.36 (KHTML, like Gecko) Mobile Safari/537.36 (compatible; PetalBot;+https://webmaster.petalsearch.com/site/petalbot)"
114.119.133.138 - - [07/Feb/2026:09:55:44 -0500] "GET /special/wipe/234014478 HTTP/1.1" 404 1251 "https://authorankurjain.com/sitemap890.xml" "Mozilla/5.0 (Linux; Android 7.0;) AppleWebKit/537.36 (KHTML, like Gecko) Mobile Safari/537.36 (compatible; PetalBot;+https://webmaster.petalsearch.com/site/petalbot)"
114.119.136.160 - - [07/Feb/2026:09:57:39 -0500] "GET /special/wipe/161021769 HTTP/1.1" 404 1251 "https://authorankurjain.com/sitemap951.xml" "Mozilla/5.0 (Linux; Android 7.0;) AppleWebKit/537.36 (KHTML, like Gecko) Mobile Safari/537.36 (compatible; PetalBot;+https://webmaster.petalsearch.com/site/petalbot)"
114.119.137.38 - - [07/Feb/2026:09:59:32 -0500] "GET /special/wipe/083020851 HTTP/1.1" 404 1251 "https://authorankurjain.com/sitemap878.xml" "Mozilla/5.0 (Linux; Android 7.0;) AppleWebKit/537.36 (KHTML, like Gecko) Mobile Safari/537.36 (compatible; PetalBot;+https://webmaster.petalsearch.com/site/petalbot)"
114.119.133.125 - - [07/Feb/2026:10:01:26 -0500] "GET /special/winter/162028560 HTTP/1.1" 404 1251 "https://authorankurjain.com/sitemap908.xml" "Mozilla/5.0 (Linux; Android 7.0;) AppleWebKit/537.36 (KHTML, like Gecko) Mobile Safari/537.36 (compatible; PetalBot;+https://webmaster.petalsearch.com/site/petalbot)"
114.119.154.6 - - [07/Feb/2026:10:03:20 -0500] "GET /special/winter/125031365 HTTP/1.1" 404 1251 "https://authorankurjain.com/sitemap929.xml" "Mozilla/5.0 (Linux; Android 7.0;) AppleWebKit/537.36 (KHTML, like Gecko) Mobile Safari/537.36 (compatible; PetalBot;+https://webmaster.petalsearch.com/site/petalbot)"
114.119.142.125 - - [07/Feb/2026:10:05:16 -0500] "GET /special/winter/106001704 HTTP/1.1" 404 1251 "https://authorankurjain.com/sitemap937.xml" "Mozilla/5.0 (Linux; Android 7.0;) AppleWebKit/537.36 (KHTML, like Gecko) Mobile Safari/537.36 (compatible; PetalBot;+https://webmaster.petalsearch.com/site/petalbot)"
114.119.133.138 - - [07/Feb/2026:10:07:11 -0500] "GET /special/winter/050035334 HTTP/1.1" 404 1251 "https://authorankurjain.com/sitemap890.xml" "Mozilla/5.0 (Linux; Android 7.0;) AppleWebKit/537.36 (KHTML, like Gecko) Mobile Safari/537.36 (compatible; PetalBot;+https://webmaster.petalsearch.com/site/petalbot)"
114.119.133.125 - - [07/Feb/2026:10:09:02 -0500] "GET /special/winter/049044109 HTTP/1.1" 404 1251 "https://authorankurjain.com/sitemap929.xml" "Mozilla/5.0 (Linux; Android 7.0;) AppleWebKit/537.36 (KHTML, like Gecko) Mobile Safari/537.36 (compatible; PetalBot;+https://webmaster.petalsearch.com/site/petalbot)"
114.119.157.54 - - [07/Feb/2026:10:10:58 -0500] "GET /special/winter/038001100 HTTP/1.1" 404 1251 "https://authorankurjain.com/sitemap894.xml" "Mozilla/5.0 (Linux; Android 7.0;) AppleWebKit/537.36 (KHTML, like Gecko) Mobile Safari/537.36 (compatible; PetalBot;+https://webmaster.petalsearch.com/site/petalbot)"
114.119.155.13 - - [07/Feb/2026:10:12:50 -0500] "GET /special/winter/035035693 HTTP/1.1" 404 1251 "https://authorankurjain.com/sitemap879.xml" "Mozilla/5.0 (Linux; Android 7.0;) AppleWebKit/537.36 (KHTML, like Gecko) Mobile Safari/537.36 (compatible; PetalBot;+https://webmaster.petalsearch.com/site/petalbot)"
114.119.154.6 - - [07/Feb/2026:10:14:49 -0500] "GET /special/winner/290035944 HTTP/1.1" 404 1251 "https://authorankurjain.com/sitemap937.xml" "Mozilla/5.0 (Linux; Android 7.0;) AppleWebKit/537.36 (KHTML, like Gecko) Mobile Safari/537.36 (compatible; PetalBot;+https://webmaster.petalsearch.com/site/petalbot)"
114.119.133.138 - - [07/Feb/2026:10:16:37 -0500] "GET /special/winner/271048999 HTTP/1.1" 404 1251 "https://authorankurjain.com/sitemap870.xml" "Mozilla/5.0 (Linux; Android 7.0;) AppleWebKit/537.36 (KHTML, like Gecko) Mobile Safari/537.36 (compatible; PetalBot;+https://webmaster.petalsearch.com/site/petalbot)"
114.119.133.125 - - [07/Feb/2026:10:18:31 -0500] "GET /special/winner/269037509 HTTP/1.1" 404 1251 "https://authorankurjain.com/sitemap951.xml" "Mozilla/5.0 (Linux; Android 7.0;) AppleWebKit/537.36 (KHTML, like Gecko) Mobile Safari/537.36 (compatible; PetalBot;+https://webmaster.petalsearch.com/site/petalbot)"
114.119.157.54 - - [07/Feb/2026:10:20:26 -0500] "GET /special/winner/208015866 HTTP/1.1" 404 1251 "https://authorankurjain.com/sitemap870.xml" "Mozilla/5.0 (Linux; Android 7.0;) AppleWebKit/537.36 (KHTML, like Gecko) Mobile Safari/537.36 (compatible; PetalBot;+https://webmaster.petalsearch.com/site/petalbot)"
114.119.133.125 - - [07/Feb/2026:10:22:19 -0500] "GET /special/winner/154022520 HTTP/1.1" 404 1251 "https://authorankurjain.com/sitemap878.xml" "Mozilla/5.0 (Linux; Android 7.0;) AppleWebKit/537.36 (KHTML, like Gecko) Mobile Safari/537.36 (compatible; PetalBot;+https://webmaster.petalsearch.com/site/petalbot)"
114.119.136.160 - - [07/Feb/2026:10:24:18 -0500] "GET /special/winner/093022633 HTTP/1.1" 404 1251 "https://authorankurjain.com/sitemap873.xml" "Mozilla/5.0 (Linux; Android 7.0;) AppleWebKit/537.36 (KHTML, like Gecko) Mobile Safari/537.36 (compatible; PetalBot;+https://webmaster.petalsearch.com/site/petalbot)"
114.119.133.138 - - [07/Feb/2026:10:26:07 -0500] "GET /special/wing/202048338 HTTP/1.1" 404 1251 "https://authorankurjain.com/sitemap873.xml" "Mozilla/5.0 (Linux; Android 7.0;) AppleWebKit/537.36 (KHTML, like Gecko) Mobile Safari/537.36 (compatible; PetalBot;+https://webmaster.petalsearch.com/site/petalbot)"
114.119.155.13 - - [07/Feb/2026:10:28:01 -0500] "GET /special/wing/156023902 HTTP/1.1" 404 1251 "https://authorankurjain.com/sitemap878.xml" "Mozilla/5.0 (Linux; Android 7.0;) AppleWebKit/537.36 (KHTML, like Gecko) Mobile Safari/537.36 (compatible; PetalBot;+https://webmaster.petalsearch.com/site/petalbot)"
94.183.188.117 - - [07/Feb/2026:10:28:09 -0500] "GET /wp-json HTTP/1.1" 404 1251 "http://authorankurjain.com/wp-json" "Mozilla/5.0 (Macintosh; Intel Mac OS X 10_15_7) AppleWebKit/537.36 (KHTML, like Gecko) Chrome/131.0.0.0 Safari/537.36"
114.119.157.54 - - [07/Feb/2026:10:29:55 -0500] "GET /special/wing/149045679 HTTP/1.1" 404 1251 "https://authorankurjain.com/sitemap878.xml" "Mozilla/5.0 (Linux; Android 7.0;) AppleWebKit/537.36 (KHTML, like Gecko) Mobile Safari/537.36 (compatible; PetalBot;+https://webmaster.petalsearch.com/site/petalbot)"
94.183.188.117 - - [07/Feb/2026:10:30:11 -0500] "GET /?rest_route=/ HTTP/1.1" 200 2078 "http://authorankurjain.com/?rest_route=/" "Mozilla/5.0 (Windows NT 10.0; Win64; x64) AppleWebKit/537.36 (KHTML, like Gecko) Chrome/106.0.5249.119 Safari/537.36"
114.119.154.6 - - [07/Feb/2026:10:31:50 -0500] "GET /special/wine/158019196 HTTP/1.1" 404 1251 "https://authorankurjain.com/sitemap908.xml" "Mozilla/5.0 (Linux; Android 7.0;) AppleWebKit/537.36 (KHTML, like Gecko) Mobile Safari/537.36 (compatible; PetalBot;+https://webmaster.petalsearch.com/site/petalbot)"
114.119.154.6 - - [07/Feb/2026:10:33:43 -0500] "GET /special/wine/134023084 HTTP/1.1" 404 1251 "https://authorankurjain.com/sitemap894.xml" "Mozilla/5.0 (Linux; Android 7.0;) AppleWebKit/537.36 (KHTML, like Gecko) Mobile Safari/537.36 (compatible; PetalBot;+https://webmaster.petalsearch.com/site/petalbot)"
114.119.133.125 - - [07/Feb/2026:10:35:37 -0500] "GET /special/wine/134000550 HTTP/1.1" 404 1251 "https://authorankurjain.com/sitemap951.xml" "Mozilla/5.0 (Linux; Android 7.0;) AppleWebKit/537.36 (KHTML, like Gecko) Mobile Safari/537.36 (compatible; PetalBot;+https://webmaster.petalsearch.com/site/petalbot)"
114.119.137.38 - - [07/Feb/2026:10:37:34 -0500] "GET /special/window/255033631 HTTP/1.1" 404 1251 "https://authorankurjain.com/sitemap890.xml" "Mozilla/5.0 (Linux; Android 7.0;) AppleWebKit/537.36 (KHTML, like Gecko) Mobile Safari/537.36 (compatible; PetalBot;+https://webmaster.petalsearch.com/site/petalbot)"
114.119.155.13 - - [07/Feb/2026:10:39:27 -0500] "GET /special/window/245014635 HTTP/1.1" 404 1251 "https://authorankurjain.com/sitemap988.xml" "Mozilla/5.0 (Linux; Android 7.0;) AppleWebKit/537.36 (KHTML, like Gecko) Mobile Safari/537.36 (compatible; PetalBot;+https://webmaster.petalsearch.com/site/petalbot)"
114.119.133.138 - - [07/Feb/2026:10:41:20 -0500] "GET /special/window/114049068 HTTP/1.1" 404 1251 "https://authorankurjain.com/sitemap951.xml" "Mozilla/5.0 (Linux; Android 7.0;) AppleWebKit/537.36 (KHTML, like Gecko) Mobile Safari/537.36 (compatible; PetalBot;+https://webmaster.petalsearch.com/site/petalbot)"
114.119.133.125 - - [07/Feb/2026:10:43:13 -0500] "GET /special/window/090014522 HTTP/1.1" 404 1251 "https://authorankurjain.com/sitemap929.xml" "Mozilla/5.0 (Linux; Android 7.0;) AppleWebKit/537.36 (KHTML, like Gecko) Mobile Safari/537.36 (compatible; PetalBot;+https://webmaster.petalsearch.com/site/petalbot)"
104.210.140.131 - - [07/Feb/2026:10:44:04 -0500] "GET /robots.txt HTTP/1.1" 200 111 "-" "Mozilla/5.0 (Macintosh; Intel Mac OS X 10_15_7) AppleWebKit/537.36 (KHTML, like Gecko) Chrome/131.0.0.0 Safari/537.36; compatible; OAI-SearchBot/1.0; +https://openai.com/searchbot"
114.119.133.138 - - [07/Feb/2026:10:45:07 -0500] "GET /special/wind/274046610 HTTP/1.1" 404 1251 "https://authorankurjain.com/sitemap929.xml" "Mozilla/5.0 (Linux; Android 7.0;) AppleWebKit/537.36 (KHTML, like Gecko) Mobile Safari/537.36 (compatible; PetalBot;+https://webmaster.petalsearch.com/site/petalbot)"
114.119.137.38 - - [07/Feb/2026:10:47:01 -0500] "GET /special/wind/202032650 HTTP/1.1" 404 1251 "https://authorankurjain.com/sitemap879.xml" "Mozilla/5.0 (Linux; Android 7.0;) AppleWebKit/537.36 (KHTML, like Gecko) Mobile Safari/537.36 (compatible; PetalBot;+https://webmaster.petalsearch.com/site/petalbot)"
114.119.157.54 - - [07/Feb/2026:10:48:57 -0500] "GET /special/wind/169016689 HTTP/1.1" 404 1251 "https://authorankurjain.com/sitemap878.xml" "Mozilla/5.0 (Linux; Android 7.0;) AppleWebKit/537.36 (KHTML, like Gecko) Mobile Safari/537.36 (compatible; PetalBot;+https://webmaster.petalsearch.com/site/petalbot)"
114.119.154.6 - - [07/Feb/2026:10:50:50 -0500] "GET /special/wind/140045654 HTTP/1.1" 404 1251 "https://authorankurjain.com/sitemap890.xml" "Mozilla/5.0 (Linux; Android 7.0;) AppleWebKit/537.36 (KHTML, like Gecko) Mobile Safari/537.36 (compatible; PetalBot;+https://webmaster.petalsearch.com/site/petalbot)"
114.119.133.125 - - [07/Feb/2026:10:52:42 -0500] "GET /special/wind/136028120 HTTP/1.1" 404 1251 "https://authorankurjain.com/sitemap969.xml" "Mozilla/5.0 (Linux; Android 7.0;) AppleWebKit/537.36 (KHTML, like Gecko) Mobile Safari/537.36 (compatible; PetalBot;+https://webmaster.petalsearch.com/site/petalbot)"
114.119.137.38 - - [07/Feb/2026:10:54:36 -0500] "GET /special/wind/007035971 HTTP/1.1" 404 1251 "https://authorankurjain.com/sitemap937.xml" "Mozilla/5.0 (Linux; Android 7.0;) AppleWebKit/537.36 (KHTML, like Gecko) Mobile Safari/537.36 (compatible; PetalBot;+https://webmaster.petalsearch.com/site/petalbot)"
85.208.96.199 - - [07/Feb/2026:10:55:07 -0500] "GET /robots.txt HTTP/1.1" 200 135 "-" "Mozilla/5.0 (compatible; SemrushBot/7~bl; +http://www.semrush.com/bot.html)"
185.191.171.12 - - [07/Feb/2026:10:55:10 -0500] "GET / HTTP/1.1" 200 2078 "-" "Mozilla/5.0 (compatible; SemrushBot/7~bl; +http://www.semrush.com/bot.html)"
114.119.137.38 - - [07/Feb/2026:10:56:30 -0500] "GET /special/win/174014794 HTTP/1.1" 404 1251 "https://authorankurjain.com/sitemap870.xml" "Mozilla/5.0 (Linux; Android 7.0;) AppleWebKit/537.36 (KHTML, like Gecko) Mobile Safari/537.36 (compatible; PetalBot;+https://webmaster.petalsearch.com/site/petalbot)"
51.68.111.213 - - [07/Feb/2026:10:57:27 -0500] "GET /robots.txt HTTP/1.1" 200 111 "-" "Mozilla/5.0 (compatible; MJ12bot/v2.0.4; http://mj12bot.com/)"
51.68.111.213 - - [07/Feb/2026:10:57:27 -0500] "GET / HTTP/1.1" 200 1779 "-" "Mozilla/5.0 (compatible; MJ12bot/v2.0.4; http://mj12bot.com/)"
114.119.157.54 - - [07/Feb/2026:10:58:25 -0500] "GET /special/win/121007897 HTTP/1.1" 404 1251 "https://authorankurjain.com/sitemap894.xml" "Mozilla/5.0 (Linux; Android 7.0;) AppleWebKit/537.36 (KHTML, like Gecko) Mobile Safari/537.36 (compatible; PetalBot;+https://webmaster.petalsearch.com/site/petalbot)"
114.119.133.125 - - [07/Feb/2026:11:00:18 -0500] "GET /special/win/084033524 HTTP/1.1" 404 1251 "https://authorankurjain.com/sitemap879.xml" "Mozilla/5.0 (Linux; Android 7.0;) AppleWebKit/537.36 (KHTML, like Gecko) Mobile Safari/537.36 (compatible; PetalBot;+https://webmaster.petalsearch.com/site/petalbot)"
114.119.142.125 - - [07/Feb/2026:11:02:19 -0500] "GET /special/willingness/159022941 HTTP/1.1" 404 1251 "https://authorankurjain.com/sitemap929.xml" "Mozilla/5.0 (Linux; Android 7.0;) AppleWebKit/537.36 (KHTML, like Gecko) Mobile Safari/537.36 (compatible; PetalBot;+https://webmaster.petalsearch.com/site/petalbot)"
114.119.133.138 - - [07/Feb/2026:11:04:06 -0500] "GET /special/willingness/107024799 HTTP/1.1" 404 1251 "https://authorankurjain.com/sitemap954.xml" "Mozilla/5.0 (Linux; Android 7.0;) AppleWebKit/537.36 (KHTML, like Gecko) Mobile Safari/537.36 (compatible; PetalBot;+https://webmaster.petalsearch.com/site/petalbot)"
198.20.145.204 - - [07/Feb/2026:11:05:09 -0500] "GET / HTTP/1.0" 200 8115 "https://www.authorankurjain.com/" "Mozilla/5.0 (Windows NT 10.0; Win64; x64) AppleWebKit/537.36 (KHTML, like Gecko) Chrome/130.0.0.0 Safari/537.36"
198.20.145.204 - - [07/Feb/2026:11:05:09 -0500] "GET /wp-login.php HTTP/1.0" 500 0 "https://www.authorankurjain.com/wp-login.php" "Mozilla/5.0 (Windows NT 10.0; Win64; x64) AppleWebKit/537.36 (KHTML, like Gecko) Chrome/130.0.0.0 Safari/537.36"
198.20.145.204 - - [07/Feb/2026:11:05:11 -0500] "GET / HTTP/1.0" 200 8115 "https://www.authorankurjain.com/" "Mozilla/5.0 (Windows NT 10.0; Win64; x64) AppleWebKit/537.36 (KHTML, like Gecko) Chrome/130.0.0.0 Safari/537.36"
198.20.145.204 - - [07/Feb/2026:11:05:12 -0500] "GET / HTTP/1.0" 200 8115 "https://www.authorankurjain.com/" "Mozilla/5.0 (Windows NT 10.0; Win64; x64) AppleWebKit/537.36 (KHTML, like Gecko) Chrome/130.0.0.0 Safari/537.36"
114.119.133.138 - - [07/Feb/2026:11:06:00 -0500] "GET /special/willing/258007652 HTTP/1.1" 404 1251 "https://authorankurjain.com/sitemap890.xml" "Mozilla/5.0 (Linux; Android 7.0;) AppleWebKit/537.36 (KHTML, like Gecko) Mobile Safari/537.36 (compatible; PetalBot;+https://webmaster.petalsearch.com/site/petalbot)"
114.119.142.125 - - [07/Feb/2026:11:07:54 -0500] "GET /special/willing/255015159 HTTP/1.1" 404 1251 "https://authorankurjain.com/sitemap988.xml" "Mozilla/5.0 (Linux; Android 7.0;) AppleWebKit/537.36 (KHTML, like Gecko) Mobile Safari/537.36 (compatible; PetalBot;+https://webmaster.petalsearch.com/site/petalbot)"
114.119.137.38 - - [07/Feb/2026:11:09:47 -0500] "GET /special/willing/161035413 HTTP/1.1" 404 1251 "https://authorankurjain.com/sitemap937.xml" "Mozilla/5.0 (Linux; Android 7.0;) AppleWebKit/537.36 (KHTML, like Gecko) Mobile Safari/537.36 (compatible; PetalBot;+https://webmaster.petalsearch.com/site/petalbot)"
114.119.133.125 - - [07/Feb/2026:11:11:41 -0500] "GET /special/willing/137026433 HTTP/1.1" 404 1251 "https://authorankurjain.com/sitemap969.xml" "Mozilla/5.0 (Linux; Android 7.0;) AppleWebKit/537.36 (KHTML, like Gecko) Mobile Safari/537.36 (compatible; PetalBot;+https://webmaster.petalsearch.com/site/petalbot)"
114.119.137.38 - - [07/Feb/2026:11:13:37 -0500] "GET /special/willing/079019921 HTTP/1.1" 404 1251 "https://authorankurjain.com/sitemap951.xml" "Mozilla/5.0 (Linux; Android 7.0;) AppleWebKit/537.36 (KHTML, like Gecko) Mobile Safari/537.36 (compatible; PetalBot;+https://webmaster.petalsearch.com/site/petalbot)"
72.195.34.59 - - [07/Feb/2026:11:14:00 -0500] "GET / HTTP/1.0" 200 8111 "https://authorankurjain.com/" "Mozilla/5.0 (Windows NT 10.0; Win64; x64) AppleWebKit/537.36 (KHTML, like Gecko) Chrome/131.0.0.0 Safari/537.36 Avast/131.0.0.0"
114.119.137.38 - - [07/Feb/2026:11:15:29 -0500] "GET /special/will/298012388 HTTP/1.1" 404 1251 "https://authorankurjain.com/sitemap988.xml" "Mozilla/5.0 (Linux; Android 7.0;) AppleWebKit/537.36 (KHTML, like Gecko) Mobile Safari/537.36 (compatible; PetalBot;+https://webmaster.petalsearch.com/site/petalbot)"
114.119.136.160 - - [07/Feb/2026:11:17:22 -0500] "GET /special/will/276032288 HTTP/1.1" 404 1251 "https://authorankurjain.com/sitemap873.xml" "Mozilla/5.0 (Linux; Android 7.0;) AppleWebKit/537.36 (KHTML, like Gecko) Mobile Safari/537.36 (compatible; PetalBot;+https://webmaster.petalsearch.com/site/petalbot)"
114.119.137.38 - - [07/Feb/2026:11:19:17 -0500] "GET /special/will/272000104 HTTP/1.1" 404 1251 "https://authorankurjain.com/sitemap861.xml" "Mozilla/5.0 (Linux; Android 7.0;) AppleWebKit/537.36 (KHTML, like Gecko) Mobile Safari/537.36 (compatible; PetalBot;+https://webmaster.petalsearch.com/site/petalbot)"
114.119.154.6 - - [07/Feb/2026:11:21:12 -0500] "GET /special/will/227048175 HTTP/1.1" 404 1251 "https://authorankurjain.com/sitemap894.xml" "Mozilla/5.0 (Linux; Android 7.0;) AppleWebKit/537.36 (KHTML, like Gecko) Mobile Safari/537.36 (compatible; PetalBot;+https://webmaster.petalsearch.com/site/petalbot)"
