85.208.96.195 - - [07/Feb/2026:11:30:08 -0500] "GET /getid/162592zslyitems HTTP/1.1" 404 1251 "-" "Mozilla/5.0 (compatible; SemrushBot/7~bl; +http://www.semrush.com/bot.html)"
74.7.243.248 - - [07/Feb/2026:11:30:10 -0500] "GET /ctg/search/similarImageSearchResultView/?ctgItemCd=276714272794 HTTP/1.1" 404 1251 "https://blog.newkolkata.in/getidm53/272794jahtitems" "Mozilla/5.0 AppleWebKit/537.36 (KHTML, like Gecko; compatible; GPTBot/1.3; +https://openai.com/gptbot)"
37.120.156.194 - - [07/Feb/2026:11:30:10 -0500] "GET /favicon.ico HTTP/1.1" 404 1251 "https://blog.newkolkata.in/paypal-online-casinos-a-guide-for-online-gamblers/" "Mozilla/5.0 (Windows NT 10.0; Win64; x64) AppleWebKit/537.36 (KHTML, like Gecko) Chrome/143.0.0.0 Safari/537.36"
185.191.171.14 - - [07/Feb/2026:11:30:13 -0500] "GET /get/275158kairitems HTTP/1.1" 404 1251 "-" "Mozilla/5.0 (compatible; SemrushBot/7~bl; +http://www.semrush.com/bot.html)"
74.7.243.248 - - [07/Feb/2026:11:30:13 -0500] "GET /ctg/search/similarImageSearchResultView/?ctgItemCd=106989102983 HTTP/1.1" 404 1251 "https://blog.newkolkata.in/items/102983pcywtid.html" "Mozilla/5.0 AppleWebKit/537.36 (KHTML, like Gecko; compatible; GPTBot/1.3; +https://openai.com/gptbot)"
85.208.96.208 - - [07/Feb/2026:11:30:14 -0500] "GET /getidm1/109426zslyitems HTTP/1.1" 404 1251 "-" "Mozilla/5.0 (compatible; SemrushBot/7~bl; +http://www.semrush.com/bot.html)"
74.7.243.248 - - [07/Feb/2026:11:30:16 -0500] "GET /ctg/search/similarImageSearchResultView/?ctgItemCd=234701230625 HTTP/1.1" 404 1251 "https://blog.newkolkata.in/getid/230625ccoyitems.htm" "Mozilla/5.0 AppleWebKit/537.36 (KHTML, like Gecko; compatible; GPTBot/1.3; +https://openai.com/gptbot)"
185.191.171.6 - - [07/Feb/2026:11:30:18 -0500] "GET /getidm6/200386ccoyitems HTTP/1.1" 404 1251 "-" "Mozilla/5.0 (compatible; SemrushBot/7~bl; +http://www.semrush.com/bot.html)"
74.7.243.248 - - [07/Feb/2026:11:30:19 -0500] "GET /ctg/search/similarImageSearchResultView/?ctgItemCd=274466270751 HTTP/1.1" 404 1251 "https://blog.newkolkata.in/getid/270751ulgpitems" "Mozilla/5.0 AppleWebKit/537.36 (KHTML, like Gecko; compatible; GPTBot/1.3; +https://openai.com/gptbot)"
74.7.243.248 - - [07/Feb/2026:11:30:22 -0500] "GET /ctg/search/similarImageSearchResultView/?ctgItemCd=113587109578 HTTP/1.1" 404 1251 "https://blog.newkolkata.in/geti/109578pcywitems.htm" "Mozilla/5.0 AppleWebKit/537.36 (KHTML, like Gecko; compatible; GPTBot/1.3; +https://openai.com/gptbot)"
74.7.243.248 - - [07/Feb/2026:11:30:25 -0500] "GET /ctg/search/similarImageSearchResultView/?ctgItemCd=257911253802 HTTP/1.1" 404 1251 "https://blog.newkolkata.in/item/253802mvrvtidm80.html" "Mozilla/5.0 AppleWebKit/537.36 (KHTML, like Gecko; compatible; GPTBot/1.3; +https://openai.com/gptbot)"
185.191.171.4 - - [07/Feb/2026:11:30:26 -0500] "GET /geti/14047ccoyitems HTTP/1.1" 404 1251 "-" "Mozilla/5.0 (compatible; SemrushBot/7~bl; +http://www.semrush.com/bot.html)"
74.7.243.248 - - [07/Feb/2026:11:30:28 -0500] "GET /ctg/search/similarImageSearchResultView/?ctgItemCd=252775248654 HTTP/1.1" 404 1251 "https://blog.newkolkata.in/items/248654pcywtidm.html" "Mozilla/5.0 AppleWebKit/537.36 (KHTML, like Gecko; compatible; GPTBot/1.3; +https://openai.com/gptbot)"
185.191.171.19 - - [07/Feb/2026:11:30:30 -0500] "GET /getid/17080kairitems HTTP/1.1" 404 1251 "-" "Mozilla/5.0 (compatible; SemrushBot/7~bl; +http://www.semrush.com/bot.html)"
74.7.243.248 - - [07/Feb/2026:11:30:31 -0500] "GET /ctg/search/similarImageSearchResultView/?ctgItemCd=149379145879 HTTP/1.1" 404 1251 "https://blog.newkolkata.in/get/145879cejpitems" "Mozilla/5.0 AppleWebKit/537.36 (KHTML, like Gecko; compatible; GPTBot/1.3; +https://openai.com/gptbot)"
74.7.243.248 - - [07/Feb/2026:11:30:35 -0500] "GET /ctg/search/similarImageSearchResultView/?ctgItemCd=268179263780 HTTP/1.1" 404 1251 "https://blog.newkolkata.in/items/263780ccoytidm153401.html" "Mozilla/5.0 AppleWebKit/537.36 (KHTML, like Gecko; compatible; GPTBot/1.3; +https://openai.com/gptbot)"
74.7.243.248 - - [07/Feb/2026:11:30:38 -0500] "GET /ctg/search/similarImageSearchResultView/?ctgItemCd=200759196419 HTTP/1.1" 404 1251 "https://blog.newkolkata.in/getidm92/196419zslyitems.htm" "Mozilla/5.0 AppleWebKit/537.36 (KHTML, like Gecko; compatible; GPTBot/1.3; +https://openai.com/gptbot)"
141.8.183.238 - - [07/Feb/2026:11:30:39 -0500] "GET /paypal-online-casinos-a-guide-for-online-gamblers/ HTTP/1.1" 404 1251 "-" "Mozilla/5.0 (compatible; YandexBot/3.0; +http://yandex.com/bots)"
74.7.243.248 - - [07/Feb/2026:11:30:41 -0500] "GET /ctg/search/similarImageSearchResultView/?ctgItemCd=268975265002 HTTP/1.1" 404 1251 "https://blog.newkolkata.in/geti/265002ccoyitems.htm" "Mozilla/5.0 AppleWebKit/537.36 (KHTML, like Gecko; compatible; GPTBot/1.3; +https://openai.com/gptbot)"
74.7.243.248 - - [07/Feb/2026:11:30:44 -0500] "GET /ctg/search/similarImageSearchResultView/?ctgItemCd=271934268202 HTTP/1.1" 404 1251 "https://blog.newkolkata.in/getid/268202mvrvitems" "Mozilla/5.0 AppleWebKit/537.36 (KHTML, like Gecko; compatible; GPTBot/1.3; +https://openai.com/gptbot)"
74.7.243.248 - - [07/Feb/2026:11:30:47 -0500] "GET /ctg/search/similarImageSearchResultView/?ctgItemCd=166752162434 HTTP/1.1" 404 1251 "https://blog.newkolkata.in/items/162434pcywtidm4802.html" "Mozilla/5.0 AppleWebKit/537.36 (KHTML, like Gecko; compatible; GPTBot/1.3; +https://openai.com/gptbot)"
74.7.243.248 - - [07/Feb/2026:11:30:50 -0500] "GET /ctg/search/similarImageSearchResultView/?ctgItemCd=263870259560 HTTP/1.1" 404 1251 "https://blog.newkolkata.in/getidm37/259560ulgpitems.htm" "Mozilla/5.0 AppleWebKit/537.36 (KHTML, like Gecko; compatible; GPTBot/1.3; +https://openai.com/gptbot)"
85.208.96.198 - - [07/Feb/2026:11:30:50 -0500] "GET /items/78998jahttid.html HTTP/1.1" 404 1251 "-" "Mozilla/5.0 (compatible; SemrushBot/7~bl; +http://www.semrush.com/bot.html)"
74.7.243.248 - - [07/Feb/2026:11:30:53 -0500] "GET /ctg/search/similarImageSearchResultView/?ctgItemCd=205279201278 HTTP/1.1" 404 1251 "https://blog.newkolkata.in/getidm810/201278zslyitems" "Mozilla/5.0 AppleWebKit/537.36 (KHTML, like Gecko; compatible; GPTBot/1.3; +https://openai.com/gptbot)"
74.7.243.248 - - [07/Feb/2026:11:30:56 -0500] "GET /ctg/search/similarImageSearchResultView/?ctgItemCd=257586254095 HTTP/1.1" 404 1251 "https://blog.newkolkata.in/get/254095cejpitems" "Mozilla/5.0 AppleWebKit/537.36 (KHTML, like Gecko; compatible; GPTBot/1.3; +https://openai.com/gptbot)"
74.7.243.248 - - [07/Feb/2026:11:31:00 -0500] "GET /ctg/search/similarImageSearchResultView/?ctgItemCd=139415135071 HTTP/1.1" 404 1251 "https://blog.newkolkata.in/getidm393/135071sejmitems.htm" "Mozilla/5.0 AppleWebKit/537.36 (KHTML, like Gecko; compatible; GPTBot/1.3; +https://openai.com/gptbot)"
74.7.243.248 - - [07/Feb/2026:11:31:03 -0500] "GET /ctg/search/similarImageSearchResultView/?ctgItemCd=177685173811 HTTP/1.1" 404 1251 "https://blog.newkolkata.in/get/173811ccoyitems.htm" "Mozilla/5.0 AppleWebKit/537.36 (KHTML, like Gecko; compatible; GPTBot/1.3; +https://openai.com/gptbot)"
85.208.96.203 - - [07/Feb/2026:11:31:03 -0500] "GET /get/186046cejpitems HTTP/1.1" 404 1251 "-" "Mozilla/5.0 (compatible; SemrushBot/7~bl; +http://www.semrush.com/bot.html)"
74.7.243.248 - - [07/Feb/2026:11:31:06 -0500] "GET /ctg/search/similarImageSearchResultView/?ctgItemCd=178452174751 HTTP/1.1" 404 1251 "https://blog.newkolkata.in/getid/174751kairitems" "Mozilla/5.0 AppleWebKit/537.36 (KHTML, like Gecko; compatible; GPTBot/1.3; +https://openai.com/gptbot)"
74.7.243.248 - - [07/Feb/2026:11:31:09 -0500] "GET /ctg/search/similarImageSearchResultView/?ctgItemCd=172441168195 HTTP/1.1" 404 1251 "https://blog.newkolkata.in/getidm1/168195ccoyitems.htm" "Mozilla/5.0 AppleWebKit/537.36 (KHTML, like Gecko; compatible; GPTBot/1.3; +https://openai.com/gptbot)"
74.7.243.248 - - [07/Feb/2026:11:31:12 -0500] "GET /ctg/search/similarImageSearchResultView/?ctgItemCd=149577145767 HTTP/1.1" 404 1251 "https://blog.newkolkata.in/getidm/145767cejpitems" "Mozilla/5.0 AppleWebKit/537.36 (KHTML, like Gecko; compatible; GPTBot/1.3; +https://openai.com/gptbot)"
74.7.243.248 - - [07/Feb/2026:11:31:15 -0500] "GET /ctg/search/similarImageSearchResultView/?ctgItemCd=107485103633 HTTP/1.1" 404 1251 "https://blog.newkolkata.in/getidm8/103633cejpitems" "Mozilla/5.0 AppleWebKit/537.36 (KHTML, like Gecko; compatible; GPTBot/1.3; +https://openai.com/gptbot)"
74.7.243.248 - - [07/Feb/2026:11:31:19 -0500] "GET /ctg/search/similarImageSearchResultView/?ctgItemCd=108024104156 HTTP/1.1" 404 1251 "https://blog.newkolkata.in/getidm1/104156ulgpitems" "Mozilla/5.0 AppleWebKit/537.36 (KHTML, like Gecko; compatible; GPTBot/1.3; +https://openai.com/gptbot)"
74.7.243.248 - - [07/Feb/2026:11:31:22 -0500] "GET /ctg/search/similarImageSearchResultView/?ctgItemCd=122859118499 HTTP/1.1" 404 1251 "https://blog.newkolkata.in/items/118499cejptidm84575.html" "Mozilla/5.0 AppleWebKit/537.36 (KHTML, like Gecko; compatible; GPTBot/1.3; +https://openai.com/gptbot)"
74.7.243.248 - - [07/Feb/2026:11:31:25 -0500] "GET /ctg/search/similarImageSearchResultView/?ctgItemCd=139485135838 HTTP/1.1" 404 1251 "https://blog.newkolkata.in/geti/135838zslyitems" "Mozilla/5.0 AppleWebKit/537.36 (KHTML, like Gecko; compatible; GPTBot/1.3; +https://openai.com/gptbot)"
85.208.96.202 - - [07/Feb/2026:11:31:25 -0500] "GET /get/194806ccoyitems HTTP/1.1" 404 1251 "-" "Mozilla/5.0 (compatible; SemrushBot/7~bl; +http://www.semrush.com/bot.html)"
74.7.243.248 - - [07/Feb/2026:11:31:28 -0500] "GET /ctg/search/similarImageSearchResultView/?ctgItemCd=144397140294 HTTP/1.1" 404 1251 "https://blog.newkolkata.in/items/140294tjvftidm.html" "Mozilla/5.0 AppleWebKit/537.36 (KHTML, like Gecko; compatible; GPTBot/1.3; +https://openai.com/gptbot)"
74.7.243.248 - - [07/Feb/2026:11:31:31 -0500] "GET /ctg/search/similarImageSearchResultView/?ctgItemCd=242054238138 HTTP/1.1" 404 1251 "https://blog.newkolkata.in/getidm82/238138jahtitems" "Mozilla/5.0 AppleWebKit/537.36 (KHTML, like Gecko; compatible; GPTBot/1.3; +https://openai.com/gptbot)"
74.7.243.248 - - [07/Feb/2026:11:31:34 -0500] "GET /ctg/search/similarImageSearchResultView/?ctgItemCd=214316210350 HTTP/1.1" 404 1251 "https://blog.newkolkata.in/getidm666/210350sejmitems" "Mozilla/5.0 AppleWebKit/537.36 (KHTML, like Gecko; compatible; GPTBot/1.3; +https://openai.com/gptbot)"
74.7.243.248 - - [07/Feb/2026:11:31:37 -0500] "GET /ctg/search/similarImageSearchResultView/?ctgItemCd=241487237297 HTTP/1.1" 404 1251 "https://blog.newkolkata.in/getidm/237297jahtitems.htm" "Mozilla/5.0 AppleWebKit/537.36 (KHTML, like Gecko; compatible; GPTBot/1.3; +https://openai.com/gptbot)"
74.7.243.248 - - [07/Feb/2026:11:31:40 -0500] "GET /ctg/search/similarImageSearchResultView/?ctgItemCd=266415262904 HTTP/1.1" 404 1251 "https://blog.newkolkata.in/get/262904ulgpitems" "Mozilla/5.0 AppleWebKit/537.36 (KHTML, like Gecko; compatible; GPTBot/1.3; +https://openai.com/gptbot)"
185.191.171.3 - - [07/Feb/2026:11:31:42 -0500] "GET /getidm6/39874ccoyitems HTTP/1.1" 404 1251 "-" "Mozilla/5.0 (compatible; SemrushBot/7~bl; +http://www.semrush.com/bot.html)"
74.7.243.248 - - [07/Feb/2026:11:31:44 -0500] "GET /ctg/search/similarImageSearchResultView/?ctgItemCd=121885117931 HTTP/1.1" 404 1251 "https://blog.newkolkata.in/getidm620/117931cejpitems" "Mozilla/5.0 AppleWebKit/537.36 (KHTML, like Gecko; compatible; GPTBot/1.3; +https://openai.com/gptbot)"
74.7.243.248 - - [07/Feb/2026:11:31:47 -0500] "GET /ctg/search/similarImageSearchResultView/?ctgItemCd=160285156075 HTTP/1.1" 404 1251 "https://blog.newkolkata.in/items/156075ulgptidm90.html" "Mozilla/5.0 AppleWebKit/537.36 (KHTML, like Gecko; compatible; GPTBot/1.3; +https://openai.com/gptbot)"
185.191.171.18 - - [07/Feb/2026:11:31:49 -0500] "GET /getid/245512kairitems HTTP/1.1" 404 1251 "-" "Mozilla/5.0 (compatible; SemrushBot/7~bl; +http://www.semrush.com/bot.html)"
74.7.243.248 - - [07/Feb/2026:11:31:50 -0500] "GET /ctg/search/similarImageSearchResultView/?ctgItemCd=159479155403 HTTP/1.1" 404 1251 "https://blog.newkolkata.in/getid/155403ccoyitems.htm" "Mozilla/5.0 AppleWebKit/537.36 (KHTML, like Gecko; compatible; GPTBot/1.3; +https://openai.com/gptbot)"
74.7.243.248 - - [07/Feb/2026:11:31:53 -0500] "GET /ctg/search/similarImageSearchResultView/?ctgItemCd=267557263581 HTTP/1.1" 404 1251 "https://blog.newkolkata.in/getidm113/263581ulgpitems" "Mozilla/5.0 AppleWebKit/537.36 (KHTML, like Gecko; compatible; GPTBot/1.3; +https://openai.com/gptbot)"
74.7.243.248 - - [07/Feb/2026:11:31:56 -0500] "GET /ctg/search/similarImageSearchResultView/?ctgItemCd=234701231006 HTTP/1.1" 404 1251 "https://blog.newkolkata.in/getid/231006ccoyitems" "Mozilla/5.0 AppleWebKit/537.36 (KHTML, like Gecko; compatible; GPTBot/1.3; +https://openai.com/gptbot)"
74.7.243.248 - - [07/Feb/2026:11:31:59 -0500] "GET /ctg/search/similarImageSearchResultView/?ctgItemCd=261575257324 HTTP/1.1" 404 1251 "https://blog.newkolkata.in/getidm1/257324tjvfitems.htm" "Mozilla/5.0 AppleWebKit/537.36 (KHTML, like Gecko; compatible; GPTBot/1.3; +https://openai.com/gptbot)"
74.7.243.248 - - [07/Feb/2026:11:32:02 -0500] "GET /ctg/search/similarImageSearchResultView/?ctgItemCd=154258150751 HTTP/1.1" 404 1251 "https://blog.newkolkata.in/get/150751ulgpitems" "Mozilla/5.0 AppleWebKit/537.36 (KHTML, like Gecko; compatible; GPTBot/1.3; +https://openai.com/gptbot)"
74.7.243.248 - - [07/Feb/2026:11:32:05 -0500] "GET /ctg/search/similarImageSearchResultView/?ctgItemCd=221388217095 HTTP/1.1" 404 1251 "https://blog.newkolkata.in/getidm33/217095ccoyitems.htm" "Mozilla/5.0 AppleWebKit/537.36 (KHTML, like Gecko; compatible; GPTBot/1.3; +https://openai.com/gptbot)"
74.7.243.248 - - [07/Feb/2026:11:32:09 -0500] "GET /ctg/search/similarImageSearchResultView/?ctgItemCd=255859251744 HTTP/1.1" 404 1251 "https://blog.newkolkata.in/items/251744pcywtidm.html" "Mozilla/5.0 AppleWebKit/537.36 (KHTML, like Gecko; compatible; GPTBot/1.3; +https://openai.com/gptbot)"
74.7.243.248 - - [07/Feb/2026:11:32:12 -0500] "GET /ctg/search/similarImageSearchResultView/?ctgItemCd=219281214853 HTTP/1.1" 404 1251 "https://blog.newkolkata.in/items/214853ulgptidm676782.html" "Mozilla/5.0 AppleWebKit/537.36 (KHTML, like Gecko; compatible; GPTBot/1.3; +https://openai.com/gptbot)"
74.7.243.248 - - [07/Feb/2026:11:32:15 -0500] "GET /ctg/search/similarImageSearchResultView/?ctgItemCd=184294180277 HTTP/1.1" 404 1251 "https://blog.newkolkata.in/item/180277zslytidm.html" "Mozilla/5.0 AppleWebKit/537.36 (KHTML, like Gecko; compatible; GPTBot/1.3; +https://openai.com/gptbot)"
74.7.243.248 - - [07/Feb/2026:11:32:18 -0500] "GET /ctg/search/similarImageSearchResultView/?ctgItemCd=183803179556 HTTP/1.1" 404 1251 "https://blog.newkolkata.in/items/179556cejptidm704.html" "Mozilla/5.0 AppleWebKit/537.36 (KHTML, like Gecko; compatible; GPTBot/1.3; +https://openai.com/gptbot)"
74.7.243.248 - - [07/Feb/2026:11:32:22 -0500] "GET /ctg/search/similarImageSearchResultView/?ctgItemCd=242529238277 HTTP/1.1" 404 1251 "https://blog.newkolkata.in/getidm7/238277sejmitems.htm" "Mozilla/5.0 AppleWebKit/537.36 (KHTML, like Gecko; compatible; GPTBot/1.3; +https://openai.com/gptbot)"
85.208.96.193 - - [07/Feb/2026:11:32:24 -0500] "GET /getidm5/163882jahtitems HTTP/1.1" 404 1251 "-" "Mozilla/5.0 (compatible; SemrushBot/7~bl; +http://www.semrush.com/bot.html)"
74.7.243.248 - - [07/Feb/2026:11:32:25 -0500] "GET /ctg/search/similarImageSearchResultView/?ctgItemCd=218878214902 HTTP/1.1" 404 1251 "https://blog.newkolkata.in/geti/214902ccoyitems.htm" "Mozilla/5.0 AppleWebKit/537.36 (KHTML, like Gecko; compatible; GPTBot/1.3; +https://openai.com/gptbot)"
185.191.171.7 - - [07/Feb/2026:11:32:26 -0500] "GET /ite/320sejmtidm3.html HTTP/1.1" 404 1251 "-" "Mozilla/5.0 (compatible; SemrushBot/7~bl; +http://www.semrush.com/bot.html)"
85.208.96.202 - - [07/Feb/2026:11:32:28 -0500] "GET /geti/24171cejpitems.htm HTTP/1.1" 404 1251 "-" "Mozilla/5.0 (compatible; SemrushBot/7~bl; +http://www.semrush.com/bot.html)"
74.7.243.248 - - [07/Feb/2026:11:32:28 -0500] "GET /ctg/search/similarImageSearchResultView/?ctgItemCd=191335187260 HTTP/1.1" 404 1251 "https://blog.newkolkata.in/getid/187260jahtitems.htm" "Mozilla/5.0 AppleWebKit/537.36 (KHTML, like Gecko; compatible; GPTBot/1.3; +https://openai.com/gptbot)"
74.7.243.248 - - [07/Feb/2026:11:32:31 -0500] "GET /ctg/search/similarImageSearchResultView/?ctgItemCd=164176160150 HTTP/1.1" 404 1251 "https://blog.newkolkata.in/getidm6265/160150ulgpitems" "Mozilla/5.0 AppleWebKit/537.36 (KHTML, like Gecko; compatible; GPTBot/1.3; +https://openai.com/gptbot)"
74.7.243.248 - - [07/Feb/2026:11:32:34 -0500] "GET /ctg/search/similarImageSearchResultView/?ctgItemCd=138107133670 HTTP/1.1" 404 1251 "https://blog.newkolkata.in/items/133670pcywtidm769852.html" "Mozilla/5.0 AppleWebKit/537.36 (KHTML, like Gecko; compatible; GPTBot/1.3; +https://openai.com/gptbot)"
74.7.243.248 - - [07/Feb/2026:11:32:37 -0500] "GET /ctg/search/similarImageSearchResultView/?ctgItemCd=182534178477 HTTP/1.1" 404 1251 "https://blog.newkolkata.in/getidm4231/178477mvrvitems" "Mozilla/5.0 AppleWebKit/537.36 (KHTML, like Gecko; compatible; GPTBot/1.3; +https://openai.com/gptbot)"
74.7.243.248 - - [07/Feb/2026:11:32:40 -0500] "GET /ctg/search/similarImageSearchResultView/?ctgItemCd=185928182074 HTTP/1.1" 404 1251 "https://blog.newkolkata.in/getidm4/182074cejpitems" "Mozilla/5.0 AppleWebKit/537.36 (KHTML, like Gecko; compatible; GPTBot/1.3; +https://openai.com/gptbot)"
74.7.243.248 - - [07/Feb/2026:11:32:43 -0500] "GET /ctg/search/similarImageSearchResultView/?ctgItemCd=153224149212 HTTP/1.1" 404 1251 "https://blog.newkolkata.in/getidm4318/149212jahtitems" "Mozilla/5.0 AppleWebKit/537.36 (KHTML, like Gecko; compatible; GPTBot/1.3; +https://openai.com/gptbot)"
74.7.243.248 - - [07/Feb/2026:11:32:47 -0500] "GET /ctg/search/similarImageSearchResultView/?ctgItemCd=220816216738 HTTP/1.1" 404 1251 "https://blog.newkolkata.in/getid/216738kairitems.htm" "Mozilla/5.0 AppleWebKit/537.36 (KHTML, like Gecko; compatible; GPTBot/1.3; +https://openai.com/gptbot)"
74.7.243.248 - - [07/Feb/2026:11:32:50 -0500] "GET /ctg/search/similarImageSearchResultView/?ctgItemCd=131154127126 HTTP/1.1" 404 1251 "https://blog.newkolkata.in/getidm7945/127126ccoyitems" "Mozilla/5.0 AppleWebKit/537.36 (KHTML, like Gecko; compatible; GPTBot/1.3; +https://openai.com/gptbot)"
74.7.243.248 - - [07/Feb/2026:11:32:53 -0500] "GET /ctg/search/similarImageSearchResultView/?ctgItemCd=179955176079 HTTP/1.1" 404 1251 "https://blog.newkolkata.in/get/176079jahtitems.htm" "Mozilla/5.0 AppleWebKit/537.36 (KHTML, like Gecko; compatible; GPTBot/1.3; +https://openai.com/gptbot)"
74.7.243.248 - - [07/Feb/2026:11:32:56 -0500] "GET /ctg/search/similarImageSearchResultView/?ctgItemCd=130026126541 HTTP/1.1" 404 1251 "https://blog.newkolkata.in/get/126541cejpitems" "Mozilla/5.0 AppleWebKit/537.36 (KHTML, like Gecko; compatible; GPTBot/1.3; +https://openai.com/gptbot)"
85.208.96.207 - - [07/Feb/2026:11:32:59 -0500] "GET /getidm75/22147cejpitems HTTP/1.1" 404 1251 "-" "Mozilla/5.0 (compatible; SemrushBot/7~bl; +http://www.semrush.com/bot.html)"
74.7.243.248 - - [07/Feb/2026:11:32:59 -0500] "GET /ctg/search/similarImageSearchResultView/?ctgItemCd=107019103327 HTTP/1.1" 404 1251 "https://blog.newkolkata.in/getid/103327kairitems" "Mozilla/5.0 AppleWebKit/537.36 (KHTML, like Gecko; compatible; GPTBot/1.3; +https://openai.com/gptbot)"
85.208.96.195 - - [07/Feb/2026:11:33:02 -0500] "GET /getidm/120505ccoyitems HTTP/1.1" 404 1251 "-" "Mozilla/5.0 (compatible; SemrushBot/7~bl; +http://www.semrush.com/bot.html)"
74.7.243.248 - - [07/Feb/2026:11:33:02 -0500] "GET /ctg/search/similarImageSearchResultView/?ctgItemCd=188580184283 HTTP/1.1" 404 1251 "https://blog.newkolkata.in/items/184283kairtidm3840.html" "Mozilla/5.0 AppleWebKit/537.36 (KHTML, like Gecko; compatible; GPTBot/1.3; +https://openai.com/gptbot)"
74.7.243.248 - - [07/Feb/2026:11:33:06 -0500] "GET /ctg/search/similarImageSearchResultView/?ctgItemCd=165922161642 HTTP/1.1" 404 1251 "https://blog.newkolkata.in/getidm22/161642jahtitems.htm" "Mozilla/5.0 AppleWebKit/537.36 (KHTML, like Gecko; compatible; GPTBot/1.3; +https://openai.com/gptbot)"
74.7.243.248 - - [07/Feb/2026:11:33:09 -0500] "GET /ctg/search/similarImageSearchResultView/?ctgItemCd=270230266590 HTTP/1.1" 404 1251 "https://blog.newkolkata.in/geti/266590mvrvitems" "Mozilla/5.0 AppleWebKit/537.36 (KHTML, like Gecko; compatible; GPTBot/1.3; +https://openai.com/gptbot)"
185.191.171.11 - - [07/Feb/2026:11:33:10 -0500] "GET /geti/23436cejpitems.htm HTTP/1.1" 404 1251 "-" "Mozilla/5.0 (compatible; SemrushBot/7~bl; +http://www.semrush.com/bot.html)"
74.7.243.248 - - [07/Feb/2026:11:33:12 -0500] "GET /ctg/search/similarImageSearchResultView/?ctgItemCd=287716283465 HTTP/1.1" 404 1251 "https://blog.newkolkata.in/getidm8/283465ccoyitems.htm" "Mozilla/5.0 AppleWebKit/537.36 (KHTML, like Gecko; compatible; GPTBot/1.3; +https://openai.com/gptbot)"
74.7.243.248 - - [07/Feb/2026:11:33:15 -0500] "GET /ctg/search/similarImageSearchResultView/?ctgItemCd=284996280766 HTTP/1.1" 404 1251 "https://blog.newkolkata.in/ite/280766zslytidm718392.html" "Mozilla/5.0 AppleWebKit/537.36 (KHTML, like Gecko; compatible; GPTBot/1.3; +https://openai.com/gptbot)"
74.7.243.248 - - [07/Feb/2026:11:33:18 -0500] "GET /ctg/search/similarImageSearchResultView/?ctgItemCd=182950178971 HTTP/1.1" 404 1251 "https://blog.newkolkata.in/geti/178971cejpitems.htm" "Mozilla/5.0 AppleWebKit/537.36 (KHTML, like Gecko; compatible; GPTBot/1.3; +https://openai.com/gptbot)"
185.191.171.10 - - [07/Feb/2026:11:33:20 -0500] "GET /item/226886pcywtid.html HTTP/1.1" 404 1251 "-" "Mozilla/5.0 (compatible; SemrushBot/7~bl; +http://www.semrush.com/bot.html)"
74.7.243.248 - - [07/Feb/2026:11:33:21 -0500] "GET /ctg/search/similarImageSearchResultView/?ctgItemCd=214496210625 HTTP/1.1" 404 1251 "https://blog.newkolkata.in/getidm3/210625tjvfitems" "Mozilla/5.0 AppleWebKit/537.36 (KHTML, like Gecko; compatible; GPTBot/1.3; +https://openai.com/gptbot)"
74.7.243.248 - - [07/Feb/2026:11:33:24 -0500] "GET /ctg/search/similarImageSearchResultView/?ctgItemCd=119947115808 HTTP/1.1" 404 1251 "https://blog.newkolkata.in/items/115808cejptidm9.html" "Mozilla/5.0 AppleWebKit/537.36 (KHTML, like Gecko; compatible; GPTBot/1.3; +https://openai.com/gptbot)"
74.7.243.248 - - [07/Feb/2026:11:33:28 -0500] "GET /ctg/search/similarImageSearchResultView/?ctgItemCd=213058209077 HTTP/1.1" 404 1251 "https://blog.newkolkata.in/item/209077ccoytidm.html" "Mozilla/5.0 AppleWebKit/537.36 (KHTML, like Gecko; compatible; GPTBot/1.3; +https://openai.com/gptbot)"
74.7.243.248 - - [07/Feb/2026:11:33:31 -0500] "GET /ctg/search/similarImageSearchResultView/?ctgItemCd=160570156792 HTTP/1.1" 404 1251 "https://blog.newkolkata.in/ite/156792ulgptid.html" "Mozilla/5.0 AppleWebKit/537.36 (KHTML, like Gecko; compatible; GPTBot/1.3; +https://openai.com/gptbot)"
74.7.243.248 - - [07/Feb/2026:11:33:34 -0500] "GET /ctg/search/similarImageSearchResultView/?ctgItemCd=290808286897 HTTP/1.1" 404 1251 "https://blog.newkolkata.in/getidm2/286897mvrvitems" "Mozilla/5.0 AppleWebKit/537.36 (KHTML, like Gecko; compatible; GPTBot/1.3; +https://openai.com/gptbot)"
74.7.243.248 - - [07/Feb/2026:11:33:37 -0500] "GET /ctg/search/similarImageSearchResultView/?ctgItemCd=227046223182 HTTP/1.1" 404 1251 "https://blog.newkolkata.in/get/223182jahtitems.htm" "Mozilla/5.0 AppleWebKit/537.36 (KHTML, like Gecko; compatible; GPTBot/1.3; +https://openai.com/gptbot)"
74.7.243.248 - - [07/Feb/2026:11:33:40 -0500] "GET /ctg/search/similarImageSearchResultView/?ctgItemCd=172395168426 HTTP/1.1" 404 1251 "https://blog.newkolkata.in/getidm418/168426kairitems" "Mozilla/5.0 AppleWebKit/537.36 (KHTML, like Gecko; compatible; GPTBot/1.3; +https://openai.com/gptbot)"
85.208.96.202 - - [07/Feb/2026:11:33:42 -0500] "GET /get/40510jahtitems HTTP/1.1" 404 1251 "-" "Mozilla/5.0 (compatible; SemrushBot/7~bl; +http://www.semrush.com/bot.html)"
74.7.243.248 - - [07/Feb/2026:11:33:43 -0500] "GET /ctg/search/similarImageSearchResultView/?ctgItemCd=231547227399 HTTP/1.1" 404 1251 "https://blog.newkolkata.in/items/227399cejptidm9.html" "Mozilla/5.0 AppleWebKit/537.36 (KHTML, like Gecko; compatible; GPTBot/1.3; +https://openai.com/gptbot)"
74.7.243.248 - - [07/Feb/2026:11:33:46 -0500] "GET /ctg/search/similarImageSearchResultView/?ctgItemCd=177330173386 HTTP/1.1" 404 1251 "https://blog.newkolkata.in/getidm99/173386ulgpitems" "Mozilla/5.0 AppleWebKit/537.36 (KHTML, like Gecko; compatible; GPTBot/1.3; +https://openai.com/gptbot)"
74.7.243.248 - - [07/Feb/2026:11:33:50 -0500] "GET /ctg/search/similarImageSearchResultView/?ctgItemCd=123908120174 HTTP/1.1" 404 1251 "https://blog.newkolkata.in/getid/120174zslyitems" "Mozilla/5.0 AppleWebKit/537.36 (KHTML, like Gecko; compatible; GPTBot/1.3; +https://openai.com/gptbot)"
74.7.243.248 - - [07/Feb/2026:11:33:53 -0500] "GET /ctg/search/similarImageSearchResultView/?ctgItemCd=135124130804 HTTP/1.1" 404 1251 "https://blog.newkolkata.in/getidm131/130804cejpitems.htm" "Mozilla/5.0 AppleWebKit/537.36 (KHTML, like Gecko; compatible; GPTBot/1.3; +https://openai.com/gptbot)"
74.7.243.248 - - [07/Feb/2026:11:33:56 -0500] "GET /ctg/search/similarImageSearchResultView/?ctgItemCd=225526221809 HTTP/1.1" 404 1251 "https://blog.newkolkata.in/getid/221809tjvfitems" "Mozilla/5.0 AppleWebKit/537.36 (KHTML, like Gecko; compatible; GPTBot/1.3; +https://openai.com/gptbot)"
74.7.243.248 - - [07/Feb/2026:11:33:59 -0500] "GET /ctg/search/similarImageSearchResultView/?ctgItemCd=138056134183 HTTP/1.1" 404 1251 "https://blog.newkolkata.in/get/134183ccoyitems.htm" "Mozilla/5.0 AppleWebKit/537.36 (KHTML, like Gecko; compatible; GPTBot/1.3; +https://openai.com/gptbot)"
85.208.96.203 - - [07/Feb/2026:11:34:00 -0500] "GET /getidm/290209mvrvitems HTTP/1.1" 404 1251 "-" "Mozilla/5.0 (compatible; SemrushBot/7~bl; +http://www.semrush.com/bot.html)"
74.7.243.248 - - [07/Feb/2026:11:34:02 -0500] "GET /ctg/search/similarImageSearchResultView/?ctgItemCd=151678147681 HTTP/1.1" 404 1251 "https://blog.newkolkata.in/geti/147681tjvfitems.htm" "Mozilla/5.0 AppleWebKit/537.36 (KHTML, like Gecko; compatible; GPTBot/1.3; +https://openai.com/gptbot)"
74.7.243.248 - - [07/Feb/2026:11:34:05 -0500] "GET /ctg/search/similarImageSearchResultView/?ctgItemCd=243257238892 HTTP/1.1" 404 1251 "https://blog.newkolkata.in/items/238892kairtidm68078.html" "Mozilla/5.0 AppleWebKit/537.36 (KHTML, like Gecko; compatible; GPTBot/1.3; +https://openai.com/gptbot)"
74.7.243.248 - - [07/Feb/2026:11:34:08 -0500] "GET /ctg/search/similarImageSearchResultView/?ctgItemCd=163875159907 HTTP/1.1" 404 1251 "https://blog.newkolkata.in/getidm242/159907kairitems" "Mozilla/5.0 AppleWebKit/537.36 (KHTML, like Gecko; compatible; GPTBot/1.3; +https://openai.com/gptbot)"
74.7.243.248 - - [07/Feb/2026:11:34:11 -0500] "GET /ctg/search/similarImageSearchResultView/?ctgItemCd=168493164384 HTTP/1.1" 404 1251 "https://blog.newkolkata.in/items/164384tjvftidm.html" "Mozilla/5.0 AppleWebKit/537.36 (KHTML, like Gecko; compatible; GPTBot/1.3; +https://openai.com/gptbot)"
185.191.171.1 - - [07/Feb/2026:11:34:13 -0500] "GET /getid/304432pcywitems HTTP/1.1" 404 1251 "-" "Mozilla/5.0 (compatible; SemrushBot/7~bl; +http://www.semrush.com/bot.html)"
74.7.243.248 - - [07/Feb/2026:11:34:14 -0500] "GET /ctg/search/similarImageSearchResultView/?ctgItemCd=267149263653 HTTP/1.1" 404 1251 "https://blog.newkolkata.in/get/263653kairitems" "Mozilla/5.0 AppleWebKit/537.36 (KHTML, like Gecko; compatible; GPTBot/1.3; +https://openai.com/gptbot)"
74.7.243.248 - - [07/Feb/2026:11:34:18 -0500] "GET /ctg/search/similarImageSearchResultView/?ctgItemCd=118693114579 HTTP/1.1" 404 1251 "https://blog.newkolkata.in/getid/114579mvrvitems.htm" "Mozilla/5.0 AppleWebKit/537.36 (KHTML, like Gecko; compatible; GPTBot/1.3; +https://openai.com/gptbot)"
74.7.243.248 - - [07/Feb/2026:11:34:21 -0500] "GET /ctg/search/similarImageSearchResultView/?ctgItemCd=179812175577 HTTP/1.1" 404 1251 "https://blog.newkolkata.in/items/175577pcywtidm87.html" "Mozilla/5.0 AppleWebKit/537.36 (KHTML, like Gecko; compatible; GPTBot/1.3; +https://openai.com/gptbot)"
85.208.96.199 - - [07/Feb/2026:11:34:21 -0500] "GET /geti/166543zslyitems HTTP/1.1" 404 1251 "-" "Mozilla/5.0 (compatible; SemrushBot/7~bl; +http://www.semrush.com/bot.html)"
74.7.243.248 - - [07/Feb/2026:11:34:24 -0500] "GET /ctg/search/similarImageSearchResultView/?ctgItemCd=139606135585 HTTP/1.1" 404 1251 "https://blog.newkolkata.in/geti/135585zslyitems.htm" "Mozilla/5.0 AppleWebKit/537.36 (KHTML, like Gecko; compatible; GPTBot/1.3; +https://openai.com/gptbot)"
74.7.243.248 - - [07/Feb/2026:11:34:27 -0500] "GET /ctg/search/similarImageSearchResultView/?ctgItemCd=137426133734 HTTP/1.1" 404 1251 "https://blog.newkolkata.in/getid/133734cejpitems" "Mozilla/5.0 AppleWebKit/537.36 (KHTML, like Gecko; compatible; GPTBot/1.3; +https://openai.com/gptbot)"
74.7.243.248 - - [07/Feb/2026:11:34:30 -0500] "GET /ctg/search/similarImageSearchResultView/?ctgItemCd=262313258814 HTTP/1.1" 404 1251 "https://blog.newkolkata.in/get/258814kairitems" "Mozilla/5.0 AppleWebKit/537.36 (KHTML, like Gecko; compatible; GPTBot/1.3; +https://openai.com/gptbot)"
85.208.96.208 - - [07/Feb/2026:11:34:30 -0500] "GET /get/205029mvrvitems.htm HTTP/1.1" 404 1251 "-" "Mozilla/5.0 (compatible; SemrushBot/7~bl; +http://www.semrush.com/bot.html)"
85.208.96.201 - - [07/Feb/2026:11:34:32 -0500] "GET /geti/98647tjvfitems HTTP/1.1" 404 1251 "-" "Mozilla/5.0 (compatible; SemrushBot/7~bl; +http://www.semrush.com/bot.html)"
74.7.243.248 - - [07/Feb/2026:11:34:33 -0500] "GET /ctg/search/similarImageSearchResultView/?ctgItemCd=221378217552 HTTP/1.1" 404 1251 "https://blog.newkolkata.in/getidm/217552tjvfitems" "Mozilla/5.0 AppleWebKit/537.36 (KHTML, like Gecko; compatible; GPTBot/1.3; +https://openai.com/gptbot)"
85.208.96.193 - - [07/Feb/2026:11:34:33 -0500] "GET /geti/294ulgpitems.htm HTTP/1.1" 404 1251 "-" "Mozilla/5.0 (compatible; SemrushBot/7~bl; +http://www.semrush.com/bot.html)"
74.7.243.248 - - [07/Feb/2026:11:34:36 -0500] "GET /ctg/search/similarImageSearchResultView/?ctgItemCd=232074228105 HTTP/1.1" 404 1251 "https://blog.newkolkata.in/geti/228105jahtitems.htm" "Mozilla/5.0 AppleWebKit/537.36 (KHTML, like Gecko; compatible; GPTBot/1.3; +https://openai.com/gptbot)"
74.7.243.248 - - [07/Feb/2026:11:34:40 -0500] "GET /ctg/search/similarImageSearchResultView/?ctgItemCd=254392250392 HTTP/1.1" 404 1251 "https://blog.newkolkata.in/geti/250392pcywitems.htm" "Mozilla/5.0 AppleWebKit/537.36 (KHTML, like Gecko; compatible; GPTBot/1.3; +https://openai.com/gptbot)"
74.7.243.248 - - [07/Feb/2026:11:34:43 -0500] "GET /ctg/search/similarImageSearchResultView/?ctgItemCd=270818267296 HTTP/1.1" 404 1251 "https://blog.newkolkata.in/get/267296tjvfitems" "Mozilla/5.0 AppleWebKit/537.36 (KHTML, like Gecko; compatible; GPTBot/1.3; +https://openai.com/gptbot)"
74.7.243.248 - - [07/Feb/2026:11:34:46 -0500] "GET /ctg/search/similarImageSearchResultView/?ctgItemCd=154618150419 HTTP/1.1" 404 1251 "https://blog.newkolkata.in/getidm/150419tjvfitems.htm" "Mozilla/5.0 AppleWebKit/537.36 (KHTML, like Gecko; compatible; GPTBot/1.3; +https://openai.com/gptbot)"
74.7.243.248 - - [07/Feb/2026:11:34:49 -0500] "GET /ctg/search/similarImageSearchResultView/?ctgItemCd=209141205288 HTTP/1.1" 404 1251 "https://blog.newkolkata.in/getidm/205288zslyitems" "Mozilla/5.0 AppleWebKit/537.36 (KHTML, like Gecko; compatible; GPTBot/1.3; +https://openai.com/gptbot)"
185.191.171.9 - - [07/Feb/2026:11:34:50 -0500] "GET /ite/96695zslytidm.html HTTP/1.1" 404 1251 "-" "Mozilla/5.0 (compatible; SemrushBot/7~bl; +http://www.semrush.com/bot.html)"
74.7.243.248 - - [07/Feb/2026:11:34:52 -0500] "GET /ctg/search/similarImageSearchResultView/?ctgItemCd=164497160119 HTTP/1.1" 404 1251 "https://blog.newkolkata.in/getidm337/160119zslyitems.htm" "Mozilla/5.0 AppleWebKit/537.36 (KHTML, like Gecko; compatible; GPTBot/1.3; +https://openai.com/gptbot)"
185.191.171.16 - - [07/Feb/2026:11:34:52 -0500] "GET /get/104878ulgpitems HTTP/1.1" 404 1251 "-" "Mozilla/5.0 (compatible; SemrushBot/7~bl; +http://www.semrush.com/bot.html)"
85.208.96.212 - - [07/Feb/2026:11:34:54 -0500] "GET /get/165318ulgpitems.htm HTTP/1.1" 404 1251 "-" "Mozilla/5.0 (compatible; SemrushBot/7~bl; +http://www.semrush.com/bot.html)"
74.7.243.248 - - [07/Feb/2026:11:34:55 -0500] "GET /ctg/search/similarImageSearchResultView/?ctgItemCd=170736166543 HTTP/1.1" 404 1251 "https://blog.newkolkata.in/items/166543jahttidm53.html" "Mozilla/5.0 AppleWebKit/537.36 (KHTML, like Gecko; compatible; GPTBot/1.3; +https://openai.com/gptbot)"
74.7.243.248 - - [07/Feb/2026:11:34:59 -0500] "GET /ctg/search/similarImageSearchResultView/?ctgItemCd=178758174384 HTTP/1.1" 404 1251 "https://blog.newkolkata.in/getidm951/174384pcywitems.htm" "Mozilla/5.0 AppleWebKit/537.36 (KHTML, like Gecko; compatible; GPTBot/1.3; +https://openai.com/gptbot)"
74.7.243.248 - - [07/Feb/2026:11:35:02 -0500] "GET /ctg/search/similarImageSearchResultView/?ctgItemCd=192330188404 HTTP/1.1" 404 1251 "https://blog.newkolkata.in/getidm76/188404ccoyitems" "Mozilla/5.0 AppleWebKit/537.36 (KHTML, like Gecko; compatible; GPTBot/1.3; +https://openai.com/gptbot)"
74.7.243.248 - - [07/Feb/2026:11:35:05 -0500] "GET /ctg/search/similarImageSearchResultView/?ctgItemCd=224791220654 HTTP/1.1" 404 1251 "https://blog.newkolkata.in/items/220654kairtidm6.html" "Mozilla/5.0 AppleWebKit/537.36 (KHTML, like Gecko; compatible; GPTBot/1.3; +https://openai.com/gptbot)"
66.249.66.202 - - [07/Feb/2026:11:35:07 -0500] "GET /products.php?shop/suavify/bibliologies66786147645.html HTTP/1.1" 404 1251 "-" "Mozilla/5.0 (Linux; Android 6.0.1; Nexus 5X Build/MMB29P) AppleWebKit/537.36 (KHTML, like Gecko) Chrome/144.0.7559.132 Mobile Safari/537.36 (compatible; Googlebot/2.1; +http://www.google.com/bot.html)"
74.7.243.248 - - [07/Feb/2026:11:35:08 -0500] "GET /ctg/search/similarImageSearchResultView/?ctgItemCd=146453142540 HTTP/1.1" 404 1251 "https://blog.newkolkata.in/getidm54/142540ccoyitems" "Mozilla/5.0 AppleWebKit/537.36 (KHTML, like Gecko; compatible; GPTBot/1.3; +https://openai.com/gptbot)"
74.7.243.248 - - [07/Feb/2026:11:35:11 -0500] "GET /ctg/search/similarImageSearchResultView/?ctgItemCd=253992250066 HTTP/1.1" 404 1251 "https://blog.newkolkata.in/getidm25/250066tjvfitems" "Mozilla/5.0 AppleWebKit/537.36 (KHTML, like Gecko; compatible; GPTBot/1.3; +https://openai.com/gptbot)"
74.7.243.248 - - [07/Feb/2026:11:35:14 -0500] "GET /ctg/search/similarImageSearchResultView/?ctgItemCd=145200141123 HTTP/1.1" 404 1251 "https://blog.newkolkata.in/item/141123ccoytidm94.html" "Mozilla/5.0 AppleWebKit/537.36 (KHTML, like Gecko; compatible; GPTBot/1.3; +https://openai.com/gptbot)"
74.7.243.248 - - [07/Feb/2026:11:35:17 -0500] "GET /ctg/search/similarImageSearchResultView/?ctgItemCd=136092132410 HTTP/1.1" 404 1251 "https://blog.newkolkata.in/getid/132410cejpitems" "Mozilla/5.0 AppleWebKit/537.36 (KHTML, like Gecko; compatible; GPTBot/1.3; +https://openai.com/gptbot)"
74.7.243.248 - - [07/Feb/2026:11:35:21 -0500] "GET /ctg/search/similarImageSearchResultView/?ctgItemCd=265316261823 HTTP/1.1" 404 1251 "https://blog.newkolkata.in/get/261823kairitems" "Mozilla/5.0 AppleWebKit/537.36 (KHTML, like Gecko; compatible; GPTBot/1.3; +https://openai.com/gptbot)"
66.249.66.12 - - [07/Feb/2026:11:35:21 -0500] "GET /detail.php?products/6528483362 HTTP/1.1" 404 1251 "-" "Mozilla/5.0 (Linux; Android 6.0.1; Nexus 5X Build/MMB29P) AppleWebKit/537.36 (KHTML, like Gecko) Chrome/144.0.7559.132 Mobile Safari/537.36 (compatible; Googlebot/2.1; +http://www.google.com/bot.html)"
74.7.243.248 - - [07/Feb/2026:11:35:24 -0500] "GET /ctg/search/similarImageSearchResultView/?ctgItemCd=147789143595 HTTP/1.1" 404 1251 "https://blog.newkolkata.in/getidm/143595ccoyitems.htm" "Mozilla/5.0 AppleWebKit/537.36 (KHTML, like Gecko; compatible; GPTBot/1.3; +https://openai.com/gptbot)"
74.7.243.248 - - [07/Feb/2026:11:35:27 -0500] "GET /ctg/search/similarImageSearchResultView/?ctgItemCd=272510268188 HTTP/1.1" 404 1251 "https://blog.newkolkata.in/getidm14/268188pcywitems.htm" "Mozilla/5.0 AppleWebKit/537.36 (KHTML, like Gecko; compatible; GPTBot/1.3; +https://openai.com/gptbot)"
74.7.243.248 - - [07/Feb/2026:11:35:30 -0500] "GET /ctg/search/similarImageSearchResultView/?ctgItemCd=165912161727 HTTP/1.1" 404 1251 "https://blog.newkolkata.in/ite/161727sejmtidm177028.html" "Mozilla/5.0 AppleWebKit/537.36 (KHTML, like Gecko; compatible; GPTBot/1.3; +https://openai.com/gptbot)"
74.7.243.248 - - [07/Feb/2026:11:35:33 -0500] "GET /ctg/search/similarImageSearchResultView/?ctgItemCd=139476135257 HTTP/1.1" 404 1251 "https://blog.newkolkata.in/getidm/135257mvrvitems.htm" "Mozilla/5.0 AppleWebKit/537.36 (KHTML, like Gecko; compatible; GPTBot/1.3; +https://openai.com/gptbot)"
185.191.171.14 - - [07/Feb/2026:11:35:36 -0500] "GET /getid/45016jahtitems HTTP/1.1" 404 1251 "-" "Mozilla/5.0 (compatible; SemrushBot/7~bl; +http://www.semrush.com/bot.html)"
74.7.243.248 - - [07/Feb/2026:11:35:36 -0500] "GET /ctg/search/similarImageSearchResultView/?ctgItemCd=257909253875 HTTP/1.1" 404 1251 "https://blog.newkolkata.in/getidm8713/253875sejmitems" "Mozilla/5.0 AppleWebKit/537.36 (KHTML, like Gecko; compatible; GPTBot/1.3; +https://openai.com/gptbot)"
66.249.66.11 - - [07/Feb/2026:11:35:36 -0500] "GET /products.php?shop/underntide/muckthrift6678616631.html HTTP/1.1" 404 1251 "-" "Mozilla/5.0 (Linux; Android 6.0.1; Nexus 5X Build/MMB29P) AppleWebKit/537.36 (KHTML, like Gecko) Chrome/144.0.7559.132 Mobile Safari/537.36 (compatible; Googlebot/2.1; +http://www.google.com/bot.html)"
74.7.243.248 - - [07/Feb/2026:11:35:39 -0500] "GET /ctg/search/similarImageSearchResultView/?ctgItemCd=107054103462 HTTP/1.1" 404 1251 "https://blog.newkolkata.in/geti/103462kairitems" "Mozilla/5.0 AppleWebKit/537.36 (KHTML, like Gecko; compatible; GPTBot/1.3; +https://openai.com/gptbot)"
74.7.243.248 - - [07/Feb/2026:11:35:43 -0500] "GET /ctg/search/similarImageSearchResultView/?ctgItemCd=130695126865 HTTP/1.1" 404 1251 "https://blog.newkolkata.in/getidm/126865ulgpitems" "Mozilla/5.0 AppleWebKit/537.36 (KHTML, like Gecko; compatible; GPTBot/1.3; +https://openai.com/gptbot)"
185.191.171.13 - - [07/Feb/2026:11:35:43 -0500] "GET /getidm/209041sejmitems HTTP/1.1" 404 1251 "-" "Mozilla/5.0 (compatible; SemrushBot/7~bl; +http://www.semrush.com/bot.html)"
74.7.243.248 - - [07/Feb/2026:11:35:46 -0500] "GET /ctg/search/similarImageSearchResultView/?ctgItemCd=123525119238 HTTP/1.1" 404 1251 "https://blog.newkolkata.in/item/119238mvrvtidm68879.html" "Mozilla/5.0 AppleWebKit/537.36 (KHTML, like Gecko; compatible; GPTBot/1.3; +https://openai.com/gptbot)"
74.7.243.248 - - [07/Feb/2026:11:35:49 -0500] "GET /ctg/search/similarImageSearchResultView/?ctgItemCd=279430275156 HTTP/1.1" 404 1251 "https://blog.newkolkata.in/item/275156zslytidm30058.html" "Mozilla/5.0 AppleWebKit/537.36 (KHTML, like Gecko; compatible; GPTBot/1.3; +https://openai.com/gptbot)"
66.249.66.166 - - [07/Feb/2026:11:35:51 -0500] "GET /products.php?shop/aerobia/disorganization27226375593.html HTTP/1.1" 404 1251 "-" "Mozilla/5.0 (Linux; Android 6.0.1; Nexus 5X Build/MMB29P) AppleWebKit/537.36 (KHTML, like Gecko) Chrome/144.0.7559.132 Mobile Safari/537.36 (compatible; Googlebot/2.1; +http://www.google.com/bot.html)"
74.7.243.248 - - [07/Feb/2026:11:35:52 -0500] "GET /ctg/search/similarImageSearchResultView/?ctgItemCd=305205301199 HTTP/1.1" 404 1251 "https://blog.newkolkata.in/items/301199pcywtid.html" "Mozilla/5.0 AppleWebKit/537.36 (KHTML, like Gecko; compatible; GPTBot/1.3; +https://openai.com/gptbot)"
74.7.243.248 - - [07/Feb/2026:11:35:56 -0500] "GET /ctg/search/similarImageSearchResultView/?ctgItemCd=174520170613 HTTP/1.1" 404 1251 "https://blog.newkolkata.in/get/170613zslyitems.htm" "Mozilla/5.0 AppleWebKit/537.36 (KHTML, like Gecko; compatible; GPTBot/1.3; +https://openai.com/gptbot)"
74.7.243.248 - - [07/Feb/2026:11:35:59 -0500] "GET /ctg/search/similarImageSearchResultView/?ctgItemCd=248072243699 HTTP/1.1" 404 1251 "https://blog.newkolkata.in/getidm377/243699tjvfitems.htm" "Mozilla/5.0 AppleWebKit/537.36 (KHTML, like Gecko; compatible; GPTBot/1.3; +https://openai.com/gptbot)"
185.191.171.8 - - [07/Feb/2026:11:36:01 -0500] "GET /get/76362mvrvitems.htm HTTP/1.1" 404 1251 "-" "Mozilla/5.0 (compatible; SemrushBot/7~bl; +http://www.semrush.com/bot.html)"
74.7.243.248 - - [07/Feb/2026:11:36:02 -0500] "GET /ctg/search/similarImageSearchResultView/?ctgItemCd=271732267386 HTTP/1.1" 404 1251 "https://blog.newkolkata.in/items/267386zslytidm9006.html" "Mozilla/5.0 AppleWebKit/537.36 (KHTML, like Gecko; compatible; GPTBot/1.3; +https://openai.com/gptbot)"
74.7.243.248 - - [07/Feb/2026:11:36:05 -0500] "GET /ctg/search/similarImageSearchResultView/?ctgItemCd=154102149820 HTTP/1.1" 404 1251 "https://blog.newkolkata.in/getidm11/149820jahtitems.htm" "Mozilla/5.0 AppleWebKit/537.36 (KHTML, like Gecko; compatible; GPTBot/1.3; +https://openai.com/gptbot)"
66.249.66.75 - - [07/Feb/2026:11:36:05 -0500] "GET /ctg/search/similarImageSearchResultView/?ctgItemCd=4862544778 HTTP/1.1" 404 1251 "-" "Mozilla/5.0 (Linux; Android 6.0.1; Nexus 5X Build/MMB29P) AppleWebKit/537.36 (KHTML, like Gecko) Chrome/144.0.7559.132 Mobile Safari/537.36 (compatible; Googlebot/2.1; +http://www.google.com/bot.html)"
74.7.243.248 - - [07/Feb/2026:11:36:08 -0500] "GET /ctg/search/similarImageSearchResultView/?ctgItemCd=289371285107 HTTP/1.1" 404 1251 "https://blog.newkolkata.in/getidm5/285107pcywitems.htm" "Mozilla/5.0 AppleWebKit/537.36 (KHTML, like Gecko; compatible; GPTBot/1.3; +https://openai.com/gptbot)"
74.7.243.248 - - [07/Feb/2026:11:36:11 -0500] "GET /ctg/search/similarImageSearchResultView/?ctgItemCd=218677214974 HTTP/1.1" 404 1251 "https://blog.newkolkata.in/getid/214974kairitems" "Mozilla/5.0 AppleWebKit/537.36 (KHTML, like Gecko; compatible; GPTBot/1.3; +https://openai.com/gptbot)"
74.7.243.248 - - [07/Feb/2026:11:36:15 -0500] "GET /ctg/search/similarImageSearchResultView/?ctgItemCd=215667212056 HTTP/1.1" 404 1251 "https://blog.newkolkata.in/geti/212056tjvfitems" "Mozilla/5.0 AppleWebKit/537.36 (KHTML, like Gecko; compatible; GPTBot/1.3; +https://openai.com/gptbot)"
85.208.96.198 - - [07/Feb/2026:11:36:17 -0500] "GET /getidm73/72187sejmitems HTTP/1.1" 404 1251 "-" "Mozilla/5.0 (compatible; SemrushBot/7~bl; +http://www.semrush.com/bot.html)"
74.7.243.248 - - [07/Feb/2026:11:36:18 -0500] "GET /ctg/search/similarImageSearchResultView/?ctgItemCd=109433105355 HTTP/1.1" 404 1251 "https://blog.newkolkata.in/getid/105355sejmitems.htm" "Mozilla/5.0 AppleWebKit/537.36 (KHTML, like Gecko; compatible; GPTBot/1.3; +https://openai.com/gptbot)"
85.208.96.195 - - [07/Feb/2026:11:36:19 -0500] "GET /get/267766cejpitems HTTP/1.1" 404 1251 "-" "Mozilla/5.0 (compatible; SemrushBot/7~bl; +http://www.semrush.com/bot.html)"
66.249.66.74 - - [07/Feb/2026:11:36:20 -0500] "GET /detail.php?products/20444177669 HTTP/1.1" 404 1251 "-" "Mozilla/5.0 (Linux; Android 6.0.1; Nexus 5X Build/MMB29P) AppleWebKit/537.36 (KHTML, like Gecko) Chrome/144.0.7559.132 Mobile Safari/537.36 (compatible; Googlebot/2.1; +http://www.google.com/bot.html)"
74.7.243.248 - - [07/Feb/2026:11:36:21 -0500] "GET /ctg/search/similarImageSearchResultView/?ctgItemCd=277136273178 HTTP/1.1" 404 1251 "https://blog.newkolkata.in/getidm24/273178zslyitems" "Mozilla/5.0 AppleWebKit/537.36 (KHTML, like Gecko; compatible; GPTBot/1.3; +https://openai.com/gptbot)"
74.7.243.248 - - [07/Feb/2026:11:36:24 -0500] "GET /ctg/search/similarImageSearchResultView/?ctgItemCd=228399224356 HTTP/1.1" 404 1251 "https://blog.newkolkata.in/getidm9178/224356tjvfitems" "Mozilla/5.0 AppleWebKit/537.36 (KHTML, like Gecko; compatible; GPTBot/1.3; +https://openai.com/gptbot)"
185.191.171.13 - - [07/Feb/2026:11:36:25 -0500] "GET /ite/23375mvrvtidm.html HTTP/1.1" 404 1251 "-" "Mozilla/5.0 (compatible; SemrushBot/7~bl; +http://www.semrush.com/bot.html)"
74.7.243.248 - - [07/Feb/2026:11:36:27 -0500] "GET /ctg/search/similarImageSearchResultView/?ctgItemCd=288693284701 HTTP/1.1" 404 1251 "https://blog.newkolkata.in/geti/284701tjvfitems.htm" "Mozilla/5.0 AppleWebKit/537.36 (KHTML, like Gecko; compatible; GPTBot/1.3; +https://openai.com/gptbot)"
74.7.243.248 - - [07/Feb/2026:11:36:30 -0500] "GET /ctg/search/similarImageSearchResultView/?ctgItemCd=146358142175 HTTP/1.1" 404 1251 "https://blog.newkolkata.in/items/142175zslytidm8.html" "Mozilla/5.0 AppleWebKit/537.36 (KHTML, like Gecko; compatible; GPTBot/1.3; +https://openai.com/gptbot)"
74.7.243.248 - - [07/Feb/2026:11:36:34 -0500] "GET /ctg/search/similarImageSearchResultView/?ctgItemCd=174887170564 HTTP/1.1" 404 1251 "https://blog.newkolkata.in/items/170564ulgptidm8919.html" "Mozilla/5.0 AppleWebKit/537.36 (KHTML, like Gecko; compatible; GPTBot/1.3; +https://openai.com/gptbot)"
66.249.66.165 - - [07/Feb/2026:11:36:35 -0500] "GET /detail.php?products/6528416033 HTTP/1.1" 404 1251 "-" "Mozilla/5.0 (Linux; Android 6.0.1; Nexus 5X Build/MMB29P) AppleWebKit/537.36 (KHTML, like Gecko) Chrome/144.0.7559.132 Mobile Safari/537.36 (compatible; Googlebot/2.1; +http://www.google.com/bot.html)"
74.7.243.248 - - [07/Feb/2026:11:36:37 -0500] "GET /ctg/search/similarImageSearchResultView/?ctgItemCd=211305206970 HTTP/1.1" 404 1251 "https://blog.newkolkata.in/getidm322/206970kairitems.htm" "Mozilla/5.0 AppleWebKit/537.36 (KHTML, like Gecko; compatible; GPTBot/1.3; +https://openai.com/gptbot)"
74.7.243.248 - - [07/Feb/2026:11:36:40 -0500] "GET /ctg/search/similarImageSearchResultView/?ctgItemCd=173221169332 HTTP/1.1" 404 1251 "https://blog.newkolkata.in/get/169332tjvfitems.htm" "Mozilla/5.0 AppleWebKit/537.36 (KHTML, like Gecko; compatible; GPTBot/1.3; +https://openai.com/gptbot)"
74.7.243.248 - - [07/Feb/2026:11:36:43 -0500] "GET /ctg/search/similarImageSearchResultView/?ctgItemCd=139057134979 HTTP/1.1" 404 1251 "https://blog.newkolkata.in/getidm9689/134979mvrvitems" "Mozilla/5.0 AppleWebKit/537.36 (KHTML, like Gecko; compatible; GPTBot/1.3; +https://openai.com/gptbot)"
74.7.243.248 - - [07/Feb/2026:11:36:46 -0500] "GET /ctg/search/similarImageSearchResultView/?ctgItemCd=162939158727 HTTP/1.1" 404 1251 "https://blog.newkolkata.in/ite/158727pcywtidm915470.html" "Mozilla/5.0 AppleWebKit/537.36 (KHTML, like Gecko; compatible; GPTBot/1.3; +https://openai.com/gptbot)"
74.7.243.248 - - [07/Feb/2026:11:36:49 -0500] "GET /ctg/search/similarImageSearchResultView/?ctgItemCd=234635230290 HTTP/1.1" 404 1251 "https://blog.newkolkata.in/items/230290ccoytidm92106.html" "Mozilla/5.0 AppleWebKit/537.36 (KHTML, like Gecko; compatible; GPTBot/1.3; +https://openai.com/gptbot)"
74.7.243.248 - - [07/Feb/2026:11:36:52 -0500] "GET /ctg/search/similarImageSearchResultView/?ctgItemCd=182775178480 HTTP/1.1" 404 1251 "https://blog.newkolkata.in/getidm21/178480sejmitems.htm" "Mozilla/5.0 AppleWebKit/537.36 (KHTML, like Gecko; compatible; GPTBot/1.3; +https://openai.com/gptbot)"
74.7.243.248 - - [07/Feb/2026:11:36:55 -0500] "GET /ctg/search/similarImageSearchResultView/?ctgItemCd=207989203749 HTTP/1.1" 404 1251 "https://blog.newkolkata.in/getidm7/203749kairitems.htm" "Mozilla/5.0 AppleWebKit/537.36 (KHTML, like Gecko; compatible; GPTBot/1.3; +https://openai.com/gptbot)"
74.7.243.248 - - [07/Feb/2026:11:36:58 -0500] "GET /ctg/search/similarImageSearchResultView/?ctgItemCd=221094216731 HTTP/1.1" 404 1251 "https://blog.newkolkata.in/items/216731sejmtidm56884.html" "Mozilla/5.0 AppleWebKit/537.36 (KHTML, like Gecko; compatible; GPTBot/1.3; +https://openai.com/gptbot)"
74.7.243.248 - - [07/Feb/2026:11:37:02 -0500] "GET /ctg/search/similarImageSearchResultView/?ctgItemCd=269129264885 HTTP/1.1" 404 1251 "https://blog.newkolkata.in/getidm8/264885cejpitems.htm" "Mozilla/5.0 AppleWebKit/537.36 (KHTML, like Gecko; compatible; GPTBot/1.3; +https://openai.com/gptbot)"
74.7.243.248 - - [07/Feb/2026:11:37:05 -0500] "GET /ctg/search/similarImageSearchResultView/?ctgItemCd=231517228013 HTTP/1.1" 404 1251 "https://blog.newkolkata.in/get/228013ulgpitems" "Mozilla/5.0 AppleWebKit/537.36 (KHTML, like Gecko; compatible; GPTBot/1.3; +https://openai.com/gptbot)"
185.191.171.15 - - [07/Feb/2026:11:37:05 -0500] "GET /ite/255470cejptid.html HTTP/1.1" 404 1251 "-" "Mozilla/5.0 (compatible; SemrushBot/7~bl; +http://www.semrush.com/bot.html)"
74.7.243.248 - - [07/Feb/2026:11:37:08 -0500] "GET /ctg/search/similarImageSearchResultView/?ctgItemCd=275889271870 HTTP/1.1" 404 1251 "https://blog.newkolkata.in/geti/271870zslyitems.htm" "Mozilla/5.0 AppleWebKit/537.36 (KHTML, like Gecko; compatible; GPTBot/1.3; +https://openai.com/gptbot)"
74.7.243.248 - - [07/Feb/2026:11:37:11 -0500] "GET /ctg/search/similarImageSearchResultView/?ctgItemCd=181658177315 HTTP/1.1" 404 1251 "https://blog.newkolkata.in/getidm479/177315cejpitems.htm" "Mozilla/5.0 AppleWebKit/537.36 (KHTML, like Gecko; compatible; GPTBot/1.3; +https://openai.com/gptbot)"
74.7.243.248 - - [07/Feb/2026:11:37:14 -0500] "GET /ctg/search/similarImageSearchResultView/?ctgItemCd=242364238358 HTTP/1.1" 404 1251 "https://blog.newkolkata.in/item/238358pcywtidm.html" "Mozilla/5.0 AppleWebKit/537.36 (KHTML, like Gecko; compatible; GPTBot/1.3; +https://openai.com/gptbot)"
85.208.96.197 - - [07/Feb/2026:11:37:15 -0500] "GET /get/27358sejmitems HTTP/1.1" 404 1251 "-" "Mozilla/5.0 (compatible; SemrushBot/7~bl; +http://www.semrush.com/bot.html)"
74.7.243.248 - - [07/Feb/2026:11:37:18 -0500] "GET /ctg/search/similarImageSearchResultView/?ctgItemCd=225329221004 HTTP/1.1" 404 1251 "https://blog.newkolkata.in/getidm840/221004kairitems.htm" "Mozilla/5.0 AppleWebKit/537.36 (KHTML, like Gecko; compatible; GPTBot/1.3; +https://openai.com/gptbot)"
74.7.243.248 - - [07/Feb/2026:11:37:21 -0500] "GET /ctg/search/similarImageSearchResultView/?ctgItemCd=279723275856 HTTP/1.1" 404 1251 "https://blog.newkolkata.in/getidm1/275856kairitems" "Mozilla/5.0 AppleWebKit/537.36 (KHTML, like Gecko; compatible; GPTBot/1.3; +https://openai.com/gptbot)"
185.191.171.15 - - [07/Feb/2026:11:37:22 -0500] "GET /getidm5/69946ulgpitems HTTP/1.1" 404 1251 "-" "Mozilla/5.0 (compatible; SemrushBot/7~bl; +http://www.semrush.com/bot.html)"
