74.7.243.248 - - [07/Feb/2026:10:08:41 -0500] "GET /ctg/search/similarImageSearchResultView/?ctgItemCd=184368180626 HTTP/1.1" 404 1251 "https://blog.newkolkata.in/getid/180626zslyitems" "Mozilla/5.0 AppleWebKit/537.36 (KHTML, like Gecko; compatible; GPTBot/1.3; +https://openai.com/gptbot)"
185.191.171.1 - - [07/Feb/2026:10:08:44 -0500] "GET /geti/156703jahtitems HTTP/1.1" 404 1251 "-" "Mozilla/5.0 (compatible; SemrushBot/7~bl; +http://www.semrush.com/bot.html)"
74.7.243.248 - - [07/Feb/2026:10:08:44 -0500] "GET /ctg/search/similarImageSearchResultView/?ctgItemCd=140929137059 HTTP/1.1" 404 1251 "https://blog.newkolkata.in/getidm5/137059ccoyitems" "Mozilla/5.0 AppleWebKit/537.36 (KHTML, like Gecko; compatible; GPTBot/1.3; +https://openai.com/gptbot)"
74.7.243.248 - - [07/Feb/2026:10:08:47 -0500] "GET /ctg/search/similarImageSearchResultView/?ctgItemCd=243747239735 HTTP/1.1" 404 1251 "https://blog.newkolkata.in/items/239735pcywtid.html" "Mozilla/5.0 AppleWebKit/537.36 (KHTML, like Gecko; compatible; GPTBot/1.3; +https://openai.com/gptbot)"
85.208.96.202 - - [07/Feb/2026:10:08:47 -0500] "GET /getid/32944cejpitems HTTP/1.1" 404 1251 "-" "Mozilla/5.0 (compatible; SemrushBot/7~bl; +http://www.semrush.com/bot.html)"
85.208.96.200 - - [07/Feb/2026:10:08:49 -0500] "GET /item/118886ccoytid.html HTTP/1.1" 404 1251 "-" "Mozilla/5.0 (compatible; SemrushBot/7~bl; +http://www.semrush.com/bot.html)"
74.7.243.248 - - [07/Feb/2026:10:08:50 -0500] "GET /ctg/search/similarImageSearchResultView/?ctgItemCd=116584112499 HTTP/1.1" 404 1251 "https://blog.newkolkata.in/getid/112499sejmitems.htm" "Mozilla/5.0 AppleWebKit/537.36 (KHTML, like Gecko; compatible; GPTBot/1.3; +https://openai.com/gptbot)"
74.7.243.248 - - [07/Feb/2026:10:08:53 -0500] "GET /ctg/search/similarImageSearchResultView/?ctgItemCd=197658193374 HTTP/1.1" 404 1251 "https://blog.newkolkata.in/getidm6/193374zslyitems.htm" "Mozilla/5.0 AppleWebKit/537.36 (KHTML, like Gecko; compatible; GPTBot/1.3; +https://openai.com/gptbot)"
74.7.243.248 - - [07/Feb/2026:10:08:56 -0500] "GET /ctg/search/similarImageSearchResultView/?ctgItemCd=255198251017 HTTP/1.1" 404 1251 "https://blog.newkolkata.in/item/251017ccoytidm4355.html" "Mozilla/5.0 AppleWebKit/537.36 (KHTML, like Gecko; compatible; GPTBot/1.3; +https://openai.com/gptbot)"
74.7.243.248 - - [07/Feb/2026:10:09:00 -0500] "GET /ctg/search/similarImageSearchResultView/?ctgItemCd=234265230163 HTTP/1.1" 404 1251 "https://blog.newkolkata.in/getid/230163mvrvitems.htm" "Mozilla/5.0 AppleWebKit/537.36 (KHTML, like Gecko; compatible; GPTBot/1.3; +https://openai.com/gptbot)"
74.7.243.248 - - [07/Feb/2026:10:09:03 -0500] "GET /ctg/search/similarImageSearchResultView/?ctgItemCd=278396274904 HTTP/1.1" 404 1251 "https://blog.newkolkata.in/get/274904cejpitems" "Mozilla/5.0 AppleWebKit/537.36 (KHTML, like Gecko; compatible; GPTBot/1.3; +https://openai.com/gptbot)"
74.7.243.248 - - [07/Feb/2026:10:09:06 -0500] "GET /ctg/search/similarImageSearchResultView/?ctgItemCd=168763164957 HTTP/1.1" 404 1251 "https://blog.newkolkata.in/ite/164957zslytid.html" "Mozilla/5.0 AppleWebKit/537.36 (KHTML, like Gecko; compatible; GPTBot/1.3; +https://openai.com/gptbot)"
74.7.243.248 - - [07/Feb/2026:10:09:09 -0500] "GET /ctg/search/similarImageSearchResultView/?ctgItemCd=217480213518 HTTP/1.1" 404 1251 "https://blog.newkolkata.in/getidm576/213518cejpitems" "Mozilla/5.0 AppleWebKit/537.36 (KHTML, like Gecko; compatible; GPTBot/1.3; +https://openai.com/gptbot)"
74.7.243.248 - - [07/Feb/2026:10:09:12 -0500] "GET /ctg/search/similarImageSearchResultView/?ctgItemCd=144171140653 HTTP/1.1" 404 1251 "https://blog.newkolkata.in/get/140653pcywitems" "Mozilla/5.0 AppleWebKit/537.36 (KHTML, like Gecko; compatible; GPTBot/1.3; +https://openai.com/gptbot)"
74.7.243.248 - - [07/Feb/2026:10:09:16 -0500] "GET /ctg/search/similarImageSearchResultView/?ctgItemCd=174037169725 HTTP/1.1" 404 1251 "https://blog.newkolkata.in/items/169725jahttidm5669.html" "Mozilla/5.0 AppleWebKit/537.36 (KHTML, like Gecko; compatible; GPTBot/1.3; +https://openai.com/gptbot)"
74.7.243.248 - - [07/Feb/2026:10:09:19 -0500] "GET /ctg/search/similarImageSearchResultView/?ctgItemCd=255158251624 HTTP/1.1" 404 1251 "https://blog.newkolkata.in/get/251624zslyitems" "Mozilla/5.0 AppleWebKit/537.36 (KHTML, like Gecko; compatible; GPTBot/1.3; +https://openai.com/gptbot)"
74.7.243.248 - - [07/Feb/2026:10:09:22 -0500] "GET /ctg/search/similarImageSearchResultView/?ctgItemCd=196754192724 HTTP/1.1" 404 1251 "https://blog.newkolkata.in/getidm3008/192724ulgpitems" "Mozilla/5.0 AppleWebKit/537.36 (KHTML, like Gecko; compatible; GPTBot/1.3; +https://openai.com/gptbot)"
74.7.243.248 - - [07/Feb/2026:10:09:25 -0500] "GET /ctg/search/similarImageSearchResultView/?ctgItemCd=264497260563 HTTP/1.1" 404 1251 "https://blog.newkolkata.in/getidm39/260563tjvfitems" "Mozilla/5.0 AppleWebKit/537.36 (KHTML, like Gecko; compatible; GPTBot/1.3; +https://openai.com/gptbot)"
185.191.171.11 - - [07/Feb/2026:10:09:27 -0500] "GET /getid/58552jahtitems HTTP/1.1" 404 1251 "-" "Mozilla/5.0 (compatible; SemrushBot/7~bl; +http://www.semrush.com/bot.html)"
74.7.243.248 - - [07/Feb/2026:10:09:28 -0500] "GET /ctg/search/similarImageSearchResultView/?ctgItemCd=120416116234 HTTP/1.1" 404 1251 "https://blog.newkolkata.in/items/116234kairtidm32.html" "Mozilla/5.0 AppleWebKit/537.36 (KHTML, like Gecko; compatible; GPTBot/1.3; +https://openai.com/gptbot)"
185.191.171.14 - - [07/Feb/2026:10:09:30 -0500] "GET /geti/213727cejpitems HTTP/1.1" 404 1251 "-" "Mozilla/5.0 (compatible; SemrushBot/7~bl; +http://www.semrush.com/bot.html)"
74.7.243.248 - - [07/Feb/2026:10:09:31 -0500] "GET /ctg/search/similarImageSearchResultView/?ctgItemCd=237694233663 HTTP/1.1" 404 1251 "https://blog.newkolkata.in/item/233663ccoytidm4.html" "Mozilla/5.0 AppleWebKit/537.36 (KHTML, like Gecko; compatible; GPTBot/1.3; +https://openai.com/gptbot)"
85.208.96.194 - - [07/Feb/2026:10:09:33 -0500] "GET /getid/108136ccoyitems HTTP/1.1" 404 1251 "-" "Mozilla/5.0 (compatible; SemrushBot/7~bl; +http://www.semrush.com/bot.html)"
74.7.243.248 - - [07/Feb/2026:10:09:34 -0500] "GET /ctg/search/similarImageSearchResultView/?ctgItemCd=121040117439 HTTP/1.1" 404 1251 "https://blog.newkolkata.in/geti/117439jahtitems" "Mozilla/5.0 AppleWebKit/537.36 (KHTML, like Gecko; compatible; GPTBot/1.3; +https://openai.com/gptbot)"
74.7.243.248 - - [07/Feb/2026:10:09:38 -0500] "GET /ctg/search/similarImageSearchResultView/?ctgItemCd=214257209953 HTTP/1.1" 404 1251 "https://blog.newkolkata.in/items/209953kairtidm8471.html" "Mozilla/5.0 AppleWebKit/537.36 (KHTML, like Gecko; compatible; GPTBot/1.3; +https://openai.com/gptbot)"
74.7.243.248 - - [07/Feb/2026:10:09:41 -0500] "GET /ctg/search/similarImageSearchResultView/?ctgItemCd=199440195203 HTTP/1.1" 404 1251 "https://blog.newkolkata.in/item/195203ccoytidm17607.html" "Mozilla/5.0 AppleWebKit/537.36 (KHTML, like Gecko; compatible; GPTBot/1.3; +https://openai.com/gptbot)"
74.7.243.248 - - [07/Feb/2026:10:09:44 -0500] "GET /ctg/search/similarImageSearchResultView/?ctgItemCd=206872202953 HTTP/1.1" 404 1251 "https://blog.newkolkata.in/getidm72/202953sejmitems" "Mozilla/5.0 AppleWebKit/537.36 (KHTML, like Gecko; compatible; GPTBot/1.3; +https://openai.com/gptbot)"
74.7.243.248 - - [07/Feb/2026:10:09:47 -0500] "GET /ctg/search/similarImageSearchResultView/?ctgItemCd=133122128894 HTTP/1.1" 404 1251 "https://blog.newkolkata.in/getidm/128894mvrvitems.htm" "Mozilla/5.0 AppleWebKit/537.36 (KHTML, like Gecko; compatible; GPTBot/1.3; +https://openai.com/gptbot)"
85.208.96.212 - - [07/Feb/2026:10:09:48 -0500] "GET /get/195621pcywitems.htm HTTP/1.1" 404 1251 "-" "Mozilla/5.0 (compatible; SemrushBot/7~bl; +http://www.semrush.com/bot.html)"
74.7.243.248 - - [07/Feb/2026:10:09:50 -0500] "GET /ctg/search/similarImageSearchResultView/?ctgItemCd=181082177193 HTTP/1.1" 404 1251 "https://blog.newkolkata.in/getidm9/177193tjvfitems" "Mozilla/5.0 AppleWebKit/537.36 (KHTML, like Gecko; compatible; GPTBot/1.3; +https://openai.com/gptbot)"
74.7.243.248 - - [07/Feb/2026:10:09:53 -0500] "GET /ctg/search/similarImageSearchResultView/?ctgItemCd=191741187873 HTTP/1.1" 404 1251 "https://blog.newkolkata.in/getidm1/187873jahtitems" "Mozilla/5.0 AppleWebKit/537.36 (KHTML, like Gecko; compatible; GPTBot/1.3; +https://openai.com/gptbot)"
74.7.243.248 - - [07/Feb/2026:10:09:56 -0500] "GET /ctg/search/similarImageSearchResultView/?ctgItemCd=276440272545 HTTP/1.1" 404 1251 "https://blog.newkolkata.in/getidm1/272545mvrvitems" "Mozilla/5.0 AppleWebKit/537.36 (KHTML, like Gecko; compatible; GPTBot/1.3; +https://openai.com/gptbot)"
74.7.243.248 - - [07/Feb/2026:10:09:59 -0500] "GET /ctg/search/similarImageSearchResultView/?ctgItemCd=108842104862 HTTP/1.1" 404 1251 "https://blog.newkolkata.in/geti/104862sejmitems.htm" "Mozilla/5.0 AppleWebKit/537.36 (KHTML, like Gecko; compatible; GPTBot/1.3; +https://openai.com/gptbot)"
74.7.243.248 - - [07/Feb/2026:10:10:03 -0500] "GET /ctg/search/similarImageSearchResultView/?ctgItemCd=275510271695 HTTP/1.1" 404 1251 "https://blog.newkolkata.in/getidm/271695kairitems" "Mozilla/5.0 AppleWebKit/537.36 (KHTML, like Gecko; compatible; GPTBot/1.3; +https://openai.com/gptbot)"
74.7.243.248 - - [07/Feb/2026:10:10:06 -0500] "GET /ctg/search/similarImageSearchResultView/?ctgItemCd=211087207250 HTTP/1.1" 404 1251 "https://blog.newkolkata.in/getidm/207250mvrvitems" "Mozilla/5.0 AppleWebKit/537.36 (KHTML, like Gecko; compatible; GPTBot/1.3; +https://openai.com/gptbot)"
74.7.243.248 - - [07/Feb/2026:10:10:09 -0500] "GET /ctg/search/similarImageSearchResultView/?ctgItemCd=250084246385 HTTP/1.1" 404 1251 "https://blog.newkolkata.in/getid/246385cejpitems" "Mozilla/5.0 AppleWebKit/537.36 (KHTML, like Gecko; compatible; GPTBot/1.3; +https://openai.com/gptbot)"
185.191.171.1 - - [07/Feb/2026:10:10:10 -0500] "GET /geti/70015pcywitems HTTP/1.1" 404 1251 "-" "Mozilla/5.0 (compatible; SemrushBot/7~bl; +http://www.semrush.com/bot.html)"
74.7.243.248 - - [07/Feb/2026:10:10:12 -0500] "GET /ctg/search/similarImageSearchResultView/?ctgItemCd=276384272496 HTTP/1.1" 404 1251 "https://blog.newkolkata.in/getidm8/272496ulgpitems" "Mozilla/5.0 AppleWebKit/537.36 (KHTML, like Gecko; compatible; GPTBot/1.3; +https://openai.com/gptbot)"
185.191.171.7 - - [07/Feb/2026:10:10:13 -0500] "GET /ite/141350cejptid.html HTTP/1.1" 404 1251 "-" "Mozilla/5.0 (compatible; SemrushBot/7~bl; +http://www.semrush.com/bot.html)"
74.7.243.248 - - [07/Feb/2026:10:10:15 -0500] "GET /ctg/search/similarImageSearchResultView/?ctgItemCd=224136219950 HTTP/1.1" 404 1251 "https://blog.newkolkata.in/getidm/219950jahtitems.htm" "Mozilla/5.0 AppleWebKit/537.36 (KHTML, like Gecko; compatible; GPTBot/1.3; +https://openai.com/gptbot)"
74.7.243.248 - - [07/Feb/2026:10:10:18 -0500] "GET /ctg/search/similarImageSearchResultView/?ctgItemCd=200417196371 HTTP/1.1" 404 1251 "https://blog.newkolkata.in/getidm4858/196371ulgpitems" "Mozilla/5.0 AppleWebKit/537.36 (KHTML, like Gecko; compatible; GPTBot/1.3; +https://openai.com/gptbot)"
74.7.243.248 - - [07/Feb/2026:10:10:21 -0500] "GET /ctg/search/similarImageSearchResultView/?ctgItemCd=196950193414 HTTP/1.1" 404 1251 "https://blog.newkolkata.in/get/193414zslyitems" "Mozilla/5.0 AppleWebKit/537.36 (KHTML, like Gecko; compatible; GPTBot/1.3; +https://openai.com/gptbot)"
74.7.243.248 - - [07/Feb/2026:10:10:24 -0500] "GET /ctg/search/similarImageSearchResultView/?ctgItemCd=148899144607 HTTP/1.1" 404 1251 "https://blog.newkolkata.in/getidm68/144607kairitems.htm" "Mozilla/5.0 AppleWebKit/537.36 (KHTML, like Gecko; compatible; GPTBot/1.3; +https://openai.com/gptbot)"
74.7.243.248 - - [07/Feb/2026:10:10:27 -0500] "GET /ctg/search/similarImageSearchResultView/?ctgItemCd=114272110168 HTTP/1.1" 404 1251 "https://blog.newkolkata.in/getid/110168mvrvitems.htm" "Mozilla/5.0 AppleWebKit/537.36 (KHTML, like Gecko; compatible; GPTBot/1.3; +https://openai.com/gptbot)"
74.7.243.248 - - [07/Feb/2026:10:10:30 -0500] "GET /ctg/search/similarImageSearchResultView/?ctgItemCd=105403101432 HTTP/1.1" 404 1251 "https://blog.newkolkata.in/ite/101432ulgptidm16.html" "Mozilla/5.0 AppleWebKit/537.36 (KHTML, like Gecko; compatible; GPTBot/1.3; +https://openai.com/gptbot)"
74.7.243.248 - - [07/Feb/2026:10:10:34 -0500] "GET /ctg/search/similarImageSearchResultView/?ctgItemCd=179662175574 HTTP/1.1" 404 1251 "https://blog.newkolkata.in/items/175574cejptidm.html" "Mozilla/5.0 AppleWebKit/537.36 (KHTML, like Gecko; compatible; GPTBot/1.3; +https://openai.com/gptbot)"
74.7.243.248 - - [07/Feb/2026:10:10:37 -0500] "GET /ctg/search/similarImageSearchResultView/?ctgItemCd=209165205354 HTTP/1.1" 404 1251 "https://blog.newkolkata.in/getidm/205354ccoyitems" "Mozilla/5.0 AppleWebKit/537.36 (KHTML, like Gecko; compatible; GPTBot/1.3; +https://openai.com/gptbot)"
74.7.243.248 - - [07/Feb/2026:10:10:40 -0500] "GET /ctg/search/similarImageSearchResultView/?ctgItemCd=198962194865 HTTP/1.1" 404 1251 "https://blog.newkolkata.in/items/194865jahttidm.html" "Mozilla/5.0 AppleWebKit/537.36 (KHTML, like Gecko; compatible; GPTBot/1.3; +https://openai.com/gptbot)"
74.7.243.248 - - [07/Feb/2026:10:10:43 -0500] "GET /ctg/search/similarImageSearchResultView/?ctgItemCd=216092212107 HTTP/1.1" 404 1251 "https://blog.newkolkata.in/getidm492/212107pcywitems" "Mozilla/5.0 AppleWebKit/537.36 (KHTML, like Gecko; compatible; GPTBot/1.3; +https://openai.com/gptbot)"
85.208.96.210 - - [07/Feb/2026:10:10:45 -0500] "GET /get/115149kairitems.htm HTTP/1.1" 404 1251 "-" "Mozilla/5.0 (compatible; SemrushBot/7~bl; +http://www.semrush.com/bot.html)"
74.7.243.248 - - [07/Feb/2026:10:10:46 -0500] "GET /ctg/search/similarImageSearchResultView/?ctgItemCd=129304125337 HTTP/1.1" 404 1251 "https://blog.newkolkata.in/geti/125337cejpitems.htm" "Mozilla/5.0 AppleWebKit/537.36 (KHTML, like Gecko; compatible; GPTBot/1.3; +https://openai.com/gptbot)"
74.7.243.248 - - [07/Feb/2026:10:10:49 -0500] "GET /ctg/search/similarImageSearchResultView/?ctgItemCd=237960234102 HTTP/1.1" 404 1251 "https://blog.newkolkata.in/get/234102kairitems.htm" "Mozilla/5.0 AppleWebKit/537.36 (KHTML, like Gecko; compatible; GPTBot/1.3; +https://openai.com/gptbot)"
74.7.243.248 - - [07/Feb/2026:10:10:52 -0500] "GET /ctg/search/similarImageSearchResultView/?ctgItemCd=130561126532 HTTP/1.1" 404 1251 "https://blog.newkolkata.in/getidm6631/126532ulgpitems" "Mozilla/5.0 AppleWebKit/537.36 (KHTML, like Gecko; compatible; GPTBot/1.3; +https://openai.com/gptbot)"
85.208.96.195 - - [07/Feb/2026:10:10:53 -0500] "GET /geti/72463ulgpitems HTTP/1.1" 404 1251 "-" "Mozilla/5.0 (compatible; SemrushBot/7~bl; +http://www.semrush.com/bot.html)"
74.7.243.248 - - [07/Feb/2026:10:10:56 -0500] "GET /ctg/search/similarImageSearchResultView/?ctgItemCd=283523279450 HTTP/1.1" 404 1251 "https://blog.newkolkata.in/getid/279450cejpitems.htm" "Mozilla/5.0 AppleWebKit/537.36 (KHTML, like Gecko; compatible; GPTBot/1.3; +https://openai.com/gptbot)"
74.7.243.248 - - [07/Feb/2026:10:10:59 -0500] "GET /ctg/search/similarImageSearchResultView/?ctgItemCd=277201273329 HTTP/1.1" 404 1251 "https://blog.newkolkata.in/get/273329kairitems.htm" "Mozilla/5.0 AppleWebKit/537.36 (KHTML, like Gecko; compatible; GPTBot/1.3; +https://openai.com/gptbot)"
74.7.243.248 - - [07/Feb/2026:10:11:02 -0500] "GET /ctg/search/similarImageSearchResultView/?ctgItemCd=246245242309 HTTP/1.1" 404 1251 "https://blog.newkolkata.in/getidm97/242309tjvfitems" "Mozilla/5.0 AppleWebKit/537.36 (KHTML, like Gecko; compatible; GPTBot/1.3; +https://openai.com/gptbot)"
74.7.243.248 - - [07/Feb/2026:10:11:05 -0500] "GET /ctg/search/similarImageSearchResultView/?ctgItemCd=189834185466 HTTP/1.1" 404 1251 "https://blog.newkolkata.in/getidm870/185466tjvfitems.htm" "Mozilla/5.0 AppleWebKit/537.36 (KHTML, like Gecko; compatible; GPTBot/1.3; +https://openai.com/gptbot)"
74.7.243.248 - - [07/Feb/2026:10:11:08 -0500] "GET /ctg/search/similarImageSearchResultView/?ctgItemCd=144050139686 HTTP/1.1" 404 1251 "https://blog.newkolkata.in/getidm658/139686sejmitems.htm" "Mozilla/5.0 AppleWebKit/537.36 (KHTML, like Gecko; compatible; GPTBot/1.3; +https://openai.com/gptbot)"
74.7.243.248 - - [07/Feb/2026:10:11:11 -0500] "GET /ctg/search/similarImageSearchResultView/?ctgItemCd=218293214334 HTTP/1.1" 404 1251 "https://blog.newkolkata.in/getidm265/214334kairitems" "Mozilla/5.0 AppleWebKit/537.36 (KHTML, like Gecko; compatible; GPTBot/1.3; +https://openai.com/gptbot)"
74.7.243.248 - - [07/Feb/2026:10:11:14 -0500] "GET /ctg/search/similarImageSearchResultView/?ctgItemCd=219017215082 HTTP/1.1" 404 1251 "https://blog.newkolkata.in/ite/215082pcywtidm1.html" "Mozilla/5.0 AppleWebKit/537.36 (KHTML, like Gecko; compatible; GPTBot/1.3; +https://openai.com/gptbot)"
74.7.243.248 - - [07/Feb/2026:10:11:17 -0500] "GET /ctg/search/similarImageSearchResultView/?ctgItemCd=264565260275 HTTP/1.1" 404 1251 "https://blog.newkolkata.in/getidm57/260275jahtitems.htm" "Mozilla/5.0 AppleWebKit/537.36 (KHTML, like Gecko; compatible; GPTBot/1.3; +https://openai.com/gptbot)"
74.7.243.248 - - [07/Feb/2026:10:11:21 -0500] "GET /ctg/search/similarImageSearchResultView/?ctgItemCd=174649171046 HTTP/1.1" 404 1251 "https://blog.newkolkata.in/geti/171046sejmitems" "Mozilla/5.0 AppleWebKit/537.36 (KHTML, like Gecko; compatible; GPTBot/1.3; +https://openai.com/gptbot)"
74.7.243.248 - - [07/Feb/2026:10:11:24 -0500] "GET /ctg/search/similarImageSearchResultView/?ctgItemCd=172892169154 HTTP/1.1" 404 1251 "https://blog.newkolkata.in/getid/169154mvrvitems" "Mozilla/5.0 AppleWebKit/537.36 (KHTML, like Gecko; compatible; GPTBot/1.3; +https://openai.com/gptbot)"
85.208.96.197 - - [07/Feb/2026:10:11:26 -0500] "GET /get/98748tjvfitems.htm HTTP/1.1" 404 1251 "-" "Mozilla/5.0 (compatible; SemrushBot/7~bl; +http://www.semrush.com/bot.html)"
74.7.243.248 - - [07/Feb/2026:10:11:27 -0500] "GET /ctg/search/similarImageSearchResultView/?ctgItemCd=139930136216 HTTP/1.1" 404 1251 "https://blog.newkolkata.in/getid/136216tjvfitems" "Mozilla/5.0 AppleWebKit/537.36 (KHTML, like Gecko; compatible; GPTBot/1.3; +https://openai.com/gptbot)"
85.208.96.206 - - [07/Feb/2026:10:11:29 -0500] "GET /getidm2/64810sejmitems HTTP/1.1" 404 1251 "-" "Mozilla/5.0 (compatible; SemrushBot/7~bl; +http://www.semrush.com/bot.html)"
74.7.243.248 - - [07/Feb/2026:10:11:30 -0500] "GET /ctg/search/similarImageSearchResultView/?ctgItemCd=154602150367 HTTP/1.1" 404 1251 "https://blog.newkolkata.in/getidm5/150367kairitems.htm" "Mozilla/5.0 AppleWebKit/537.36 (KHTML, like Gecko; compatible; GPTBot/1.3; +https://openai.com/gptbot)"
74.7.243.248 - - [07/Feb/2026:10:11:33 -0500] "GET /ctg/search/similarImageSearchResultView/?ctgItemCd=127052122863 HTTP/1.1" 404 1251 "https://blog.newkolkata.in/items/122863jahttidm52.html" "Mozilla/5.0 AppleWebKit/537.36 (KHTML, like Gecko; compatible; GPTBot/1.3; +https://openai.com/gptbot)"
74.7.243.248 - - [07/Feb/2026:10:11:36 -0500] "GET /ctg/search/similarImageSearchResultView/?ctgItemCd=202982199060 HTTP/1.1" 404 1251 "https://blog.newkolkata.in/getidm45/199060ccoyitems" "Mozilla/5.0 AppleWebKit/537.36 (KHTML, like Gecko; compatible; GPTBot/1.3; +https://openai.com/gptbot)"
74.7.243.248 - - [07/Feb/2026:10:11:39 -0500] "GET /ctg/search/similarImageSearchResultView/?ctgItemCd=128359124744 HTTP/1.1" 404 1251 "https://blog.newkolkata.in/geti/124744ulgpitems" "Mozilla/5.0 AppleWebKit/537.36 (KHTML, like Gecko; compatible; GPTBot/1.3; +https://openai.com/gptbot)"
185.191.171.16 - - [07/Feb/2026:10:11:40 -0500] "GET /get/99126ccoyitems.htm HTTP/1.1" 404 1251 "-" "Mozilla/5.0 (compatible; SemrushBot/7~bl; +http://www.semrush.com/bot.html)"
74.7.243.248 - - [07/Feb/2026:10:11:43 -0500] "GET /ctg/search/similarImageSearchResultView/?ctgItemCd=136635132895 HTTP/1.1" 404 1251 "https://blog.newkolkata.in/getid/132895mvrvitems" "Mozilla/5.0 AppleWebKit/537.36 (KHTML, like Gecko; compatible; GPTBot/1.3; +https://openai.com/gptbot)"
85.208.96.211 - - [07/Feb/2026:10:11:46 -0500] "GET /getidm/8929jahtitems HTTP/1.1" 404 1251 "-" "Mozilla/5.0 (compatible; SemrushBot/7~bl; +http://www.semrush.com/bot.html)"
74.7.243.248 - - [07/Feb/2026:10:11:46 -0500] "GET /ctg/search/similarImageSearchResultView/?ctgItemCd=114272110259 HTTP/1.1" 404 1251 "https://blog.newkolkata.in/getidm4511/110259ccoyitems" "Mozilla/5.0 AppleWebKit/537.36 (KHTML, like Gecko; compatible; GPTBot/1.3; +https://openai.com/gptbot)"
74.7.243.248 - - [07/Feb/2026:10:11:49 -0500] "GET /ctg/search/similarImageSearchResultView/?ctgItemCd=171252166956 HTTP/1.1" 404 1251 "https://blog.newkolkata.in/getidm39/166956cejpitems.htm" "Mozilla/5.0 AppleWebKit/537.36 (KHTML, like Gecko; compatible; GPTBot/1.3; +https://openai.com/gptbot)"
74.7.243.248 - - [07/Feb/2026:10:11:52 -0500] "GET /ctg/search/similarImageSearchResultView/?ctgItemCd=255997252160 HTTP/1.1" 404 1251 "https://blog.newkolkata.in/getidm/252160mvrvitems" "Mozilla/5.0 AppleWebKit/537.36 (KHTML, like Gecko; compatible; GPTBot/1.3; +https://openai.com/gptbot)"
74.7.243.248 - - [07/Feb/2026:10:11:55 -0500] "GET /ctg/search/similarImageSearchResultView/?ctgItemCd=127873123851 HTTP/1.1" 404 1251 "https://blog.newkolkata.in/ite/123851kairtidm783.html" "Mozilla/5.0 AppleWebKit/537.36 (KHTML, like Gecko; compatible; GPTBot/1.3; +https://openai.com/gptbot)"
185.191.171.4 - - [07/Feb/2026:10:11:57 -0500] "GET /get/243921ulgpitems.htm HTTP/1.1" 404 1251 "-" "Mozilla/5.0 (compatible; SemrushBot/7~bl; +http://www.semrush.com/bot.html)"
74.7.243.248 - - [07/Feb/2026:10:11:58 -0500] "GET /ctg/search/similarImageSearchResultView/?ctgItemCd=284712280383 HTTP/1.1" 404 1251 "https://blog.newkolkata.in/item/280383mvrvtidm478373.html" "Mozilla/5.0 AppleWebKit/537.36 (KHTML, like Gecko; compatible; GPTBot/1.3; +https://openai.com/gptbot)"
74.7.243.248 - - [07/Feb/2026:10:12:02 -0500] "GET /ctg/search/similarImageSearchResultView/?ctgItemCd=136745132758 HTTP/1.1" 404 1251 "https://blog.newkolkata.in/getidm726/132758ulgpitems" "Mozilla/5.0 AppleWebKit/537.36 (KHTML, like Gecko; compatible; GPTBot/1.3; +https://openai.com/gptbot)"
74.7.243.248 - - [07/Feb/2026:10:12:05 -0500] "GET /ctg/search/similarImageSearchResultView/?ctgItemCd=225839221580 HTTP/1.1" 404 1251 "https://blog.newkolkata.in/items/221580tjvftidm293.html" "Mozilla/5.0 AppleWebKit/537.36 (KHTML, like Gecko; compatible; GPTBot/1.3; +https://openai.com/gptbot)"
74.7.243.248 - - [07/Feb/2026:10:12:08 -0500] "GET /ctg/search/similarImageSearchResultView/?ctgItemCd=170135166534 HTTP/1.1" 404 1251 "https://blog.newkolkata.in/geti/166534jahtitems" "Mozilla/5.0 AppleWebKit/537.36 (KHTML, like Gecko; compatible; GPTBot/1.3; +https://openai.com/gptbot)"
74.7.243.248 - - [07/Feb/2026:10:12:11 -0500] "GET /ctg/search/similarImageSearchResultView/?ctgItemCd=204567200872 HTTP/1.1" 404 1251 "https://blog.newkolkata.in/getid/200872kairitems" "Mozilla/5.0 AppleWebKit/537.36 (KHTML, like Gecko; compatible; GPTBot/1.3; +https://openai.com/gptbot)"
74.7.243.248 - - [07/Feb/2026:10:12:14 -0500] "GET /ctg/search/similarImageSearchResultView/?ctgItemCd=218274214543 HTTP/1.1" 404 1251 "https://blog.newkolkata.in/getid/214543mvrvitems" "Mozilla/5.0 AppleWebKit/537.36 (KHTML, like Gecko; compatible; GPTBot/1.3; +https://openai.com/gptbot)"
74.7.243.248 - - [07/Feb/2026:10:12:18 -0500] "GET /ctg/search/similarImageSearchResultView/?ctgItemCd=286175281815 HTTP/1.1" 404 1251 "https://blog.newkolkata.in/getidm761/281815ulgpitems.htm" "Mozilla/5.0 AppleWebKit/537.36 (KHTML, like Gecko; compatible; GPTBot/1.3; +https://openai.com/gptbot)"
74.7.243.248 - - [07/Feb/2026:10:12:21 -0500] "GET /ctg/search/similarImageSearchResultView/?ctgItemCd=253513249256 HTTP/1.1" 404 1251 "https://blog.newkolkata.in/getidm2/249256tjvfitems.htm" "Mozilla/5.0 AppleWebKit/537.36 (KHTML, like Gecko; compatible; GPTBot/1.3; +https://openai.com/gptbot)"
74.7.243.248 - - [07/Feb/2026:10:12:24 -0500] "GET /ctg/search/similarImageSearchResultView/?ctgItemCd=270558266537 HTTP/1.1" 404 1251 "https://blog.newkolkata.in/ite/266537cejptidm643.html" "Mozilla/5.0 AppleWebKit/537.36 (KHTML, like Gecko; compatible; GPTBot/1.3; +https://openai.com/gptbot)"
85.208.96.202 - - [07/Feb/2026:10:12:26 -0500] "GET /get/117646tjvfitems HTTP/1.1" 404 1251 "-" "Mozilla/5.0 (compatible; SemrushBot/7~bl; +http://www.semrush.com/bot.html)"
74.7.243.248 - - [07/Feb/2026:10:12:27 -0500] "GET /ctg/search/similarImageSearchResultView/?ctgItemCd=112932108989 HTTP/1.1" 404 1251 "https://blog.newkolkata.in/getidm44/108989tjvfitems" "Mozilla/5.0 AppleWebKit/537.36 (KHTML, like Gecko; compatible; GPTBot/1.3; +https://openai.com/gptbot)"
185.191.171.3 - - [07/Feb/2026:10:12:28 -0500] "GET /getid/6672cejpitems.htm HTTP/1.1" 404 1251 "-" "Mozilla/5.0 (compatible; SemrushBot/7~bl; +http://www.semrush.com/bot.html)"
74.7.243.248 - - [07/Feb/2026:10:12:30 -0500] "GET /ctg/search/similarImageSearchResultView/?ctgItemCd=306788303272 HTTP/1.1" 404 1251 "https://blog.newkolkata.in/get/303272pcywitems" "Mozilla/5.0 AppleWebKit/537.36 (KHTML, like Gecko; compatible; GPTBot/1.3; +https://openai.com/gptbot)"
185.191.171.9 - - [07/Feb/2026:10:12:31 -0500] "GET /getidm2/190258ulgpitems HTTP/1.1" 404 1251 "-" "Mozilla/5.0 (compatible; SemrushBot/7~bl; +http://www.semrush.com/bot.html)"
74.7.243.248 - - [07/Feb/2026:10:12:33 -0500] "GET /ctg/search/similarImageSearchResultView/?ctgItemCd=168574164219 HTTP/1.1" 404 1251 "https://blog.newkolkata.in/items/164219jahttidm94087.html" "Mozilla/5.0 AppleWebKit/537.36 (KHTML, like Gecko; compatible; GPTBot/1.3; +https://openai.com/gptbot)"
185.191.171.17 - - [07/Feb/2026:10:12:34 -0500] "GET /get/206902sejmitems HTTP/1.1" 404 1251 "-" "Mozilla/5.0 (compatible; SemrushBot/7~bl; +http://www.semrush.com/bot.html)"
74.7.243.248 - - [07/Feb/2026:10:12:37 -0500] "GET /ctg/search/similarImageSearchResultView/?ctgItemCd=184202180593 HTTP/1.1" 404 1251 "https://blog.newkolkata.in/geti/180593ccoyitems" "Mozilla/5.0 AppleWebKit/537.36 (KHTML, like Gecko; compatible; GPTBot/1.3; +https://openai.com/gptbot)"
74.7.243.248 - - [07/Feb/2026:10:12:40 -0500] "GET /ctg/search/similarImageSearchResultView/?ctgItemCd=136495132775 HTTP/1.1" 404 1251 "https://blog.newkolkata.in/getid/132775tjvfitems" "Mozilla/5.0 AppleWebKit/537.36 (KHTML, like Gecko; compatible; GPTBot/1.3; +https://openai.com/gptbot)"
74.7.243.248 - - [07/Feb/2026:10:12:43 -0500] "GET /ctg/search/similarImageSearchResultView/?ctgItemCd=267032262683 HTTP/1.1" 404 1251 "https://blog.newkolkata.in/getidm910/262683sejmitems.htm" "Mozilla/5.0 AppleWebKit/537.36 (KHTML, like Gecko; compatible; GPTBot/1.3; +https://openai.com/gptbot)"
74.7.243.248 - - [07/Feb/2026:10:12:46 -0500] "GET /ctg/search/similarImageSearchResultView/?ctgItemCd=208510204910 HTTP/1.1" 404 1251 "https://blog.newkolkata.in/geti/204910sejmitems" "Mozilla/5.0 AppleWebKit/537.36 (KHTML, like Gecko; compatible; GPTBot/1.3; +https://openai.com/gptbot)"
74.7.243.248 - - [07/Feb/2026:10:12:49 -0500] "GET /ctg/search/similarImageSearchResultView/?ctgItemCd=216489212534 HTTP/1.1" 404 1251 "https://blog.newkolkata.in/getidm414/212534kairitems" "Mozilla/5.0 AppleWebKit/537.36 (KHTML, like Gecko; compatible; GPTBot/1.3; +https://openai.com/gptbot)"
85.208.96.196 - - [07/Feb/2026:10:12:50 -0500] "GET /getidm/269089sejmitems HTTP/1.1" 404 1251 "-" "Mozilla/5.0 (compatible; SemrushBot/7~bl; +http://www.semrush.com/bot.html)"
74.7.243.248 - - [07/Feb/2026:10:12:52 -0500] "GET /ctg/search/similarImageSearchResultView/?ctgItemCd=303260299439 HTTP/1.1" 404 1251 "https://blog.newkolkata.in/getidm/299439kairitems" "Mozilla/5.0 AppleWebKit/537.36 (KHTML, like Gecko; compatible; GPTBot/1.3; +https://openai.com/gptbot)"
85.208.96.206 - - [07/Feb/2026:10:12:53 -0500] "GET /getidm/65929ulgpitems HTTP/1.1" 404 1251 "-" "Mozilla/5.0 (compatible; SemrushBot/7~bl; +http://www.semrush.com/bot.html)"
74.7.243.248 - - [07/Feb/2026:10:12:56 -0500] "GET /ctg/search/similarImageSearchResultView/?ctgItemCd=195028190730 HTTP/1.1" 404 1251 "https://blog.newkolkata.in/items/190730jahttidm7483.html" "Mozilla/5.0 AppleWebKit/537.36 (KHTML, like Gecko; compatible; GPTBot/1.3; +https://openai.com/gptbot)"
85.208.96.200 - - [07/Feb/2026:10:12:59 -0500] "GET /getid/121240tjvfitems HTTP/1.1" 404 1251 "-" "Mozilla/5.0 (compatible; SemrushBot/7~bl; +http://www.semrush.com/bot.html)"
74.7.243.248 - - [07/Feb/2026:10:12:59 -0500] "GET /ctg/search/similarImageSearchResultView/?ctgItemCd=196807192560 HTTP/1.1" 404 1251 "https://blog.newkolkata.in/getidm9/192560ccoyitems.htm" "Mozilla/5.0 AppleWebKit/537.36 (KHTML, like Gecko; compatible; GPTBot/1.3; +https://openai.com/gptbot)"
74.7.243.248 - - [07/Feb/2026:10:13:02 -0500] "GET /ctg/search/similarImageSearchResultView/?ctgItemCd=260511256503 HTTP/1.1" 404 1251 "https://blog.newkolkata.in/geti/256503mvrvitems.htm" "Mozilla/5.0 AppleWebKit/537.36 (KHTML, like Gecko; compatible; GPTBot/1.3; +https://openai.com/gptbot)"
74.7.243.248 - - [07/Feb/2026:10:13:05 -0500] "GET /ctg/search/similarImageSearchResultView/?ctgItemCd=261097257127 HTTP/1.1" 404 1251 "https://blog.newkolkata.in/geti/257127cejpitems.htm" "Mozilla/5.0 AppleWebKit/537.36 (KHTML, like Gecko; compatible; GPTBot/1.3; +https://openai.com/gptbot)"
74.7.243.248 - - [07/Feb/2026:10:13:08 -0500] "GET /ctg/search/similarImageSearchResultView/?ctgItemCd=152764148566 HTTP/1.1" 404 1251 "https://blog.newkolkata.in/getidm/148566sejmitems.htm" "Mozilla/5.0 AppleWebKit/537.36 (KHTML, like Gecko; compatible; GPTBot/1.3; +https://openai.com/gptbot)"
74.7.243.248 - - [07/Feb/2026:10:13:11 -0500] "GET /ctg/search/similarImageSearchResultView/?ctgItemCd=175935171843 HTTP/1.1" 404 1251 "https://blog.newkolkata.in/item/171843tjvftidm31.html" "Mozilla/5.0 AppleWebKit/537.36 (KHTML, like Gecko; compatible; GPTBot/1.3; +https://openai.com/gptbot)"
74.7.243.248 - - [07/Feb/2026:10:13:15 -0500] "GET /ctg/search/similarImageSearchResultView/?ctgItemCd=139088135454 HTTP/1.1" 404 1251 "https://blog.newkolkata.in/geti/135454mvrvitems" "Mozilla/5.0 AppleWebKit/537.36 (KHTML, like Gecko; compatible; GPTBot/1.3; +https://openai.com/gptbot)"
74.7.243.248 - - [07/Feb/2026:10:13:18 -0500] "GET /ctg/search/similarImageSearchResultView/?ctgItemCd=227950223918 HTTP/1.1" 404 1251 "https://blog.newkolkata.in/getidm9670/223918sejmitems" "Mozilla/5.0 AppleWebKit/537.36 (KHTML, like Gecko; compatible; GPTBot/1.3; +https://openai.com/gptbot)"
207.46.13.150 - - [07/Feb/2026:10:13:18 -0500] "GET /items/161015cejptidm6.html HTTP/1.1" 404 1251 "-" "Mozilla/5.0 AppleWebKit/537.36 (KHTML, like Gecko; compatible; bingbot/2.0; +http://www.bing.com/bingbot.htm) Chrome/116.0.1938.76 Safari/537.36"
74.7.243.248 - - [07/Feb/2026:10:13:21 -0500] "GET /ctg/search/similarImageSearchResultView/?ctgItemCd=267046263552 HTTP/1.1" 404 1251 "https://blog.newkolkata.in/get/263552kairitems" "Mozilla/5.0 AppleWebKit/537.36 (KHTML, like Gecko; compatible; GPTBot/1.3; +https://openai.com/gptbot)"
74.7.243.248 - - [07/Feb/2026:10:13:24 -0500] "GET /ctg/search/similarImageSearchResultView/?ctgItemCd=246436242573 HTTP/1.1" 404 1251 "https://blog.newkolkata.in/item/242573kairtid.html" "Mozilla/5.0 AppleWebKit/537.36 (KHTML, like Gecko; compatible; GPTBot/1.3; +https://openai.com/gptbot)"
74.7.243.248 - - [07/Feb/2026:10:13:27 -0500] "GET /ctg/search/similarImageSearchResultView/?ctgItemCd=194895190789 HTTP/1.1" 404 1251 "https://blog.newkolkata.in/items/190789sejmtidm.html" "Mozilla/5.0 AppleWebKit/537.36 (KHTML, like Gecko; compatible; GPTBot/1.3; +https://openai.com/gptbot)"
185.191.171.3 - - [07/Feb/2026:10:13:28 -0500] "GET /get/173422ulgpitems HTTP/1.1" 404 1251 "-" "Mozilla/5.0 (compatible; SemrushBot/7~bl; +http://www.semrush.com/bot.html)"
74.7.243.248 - - [07/Feb/2026:10:13:30 -0500] "GET /ctg/search/similarImageSearchResultView/?ctgItemCd=184865180872 HTTP/1.1" 404 1251 "https://blog.newkolkata.in/ite/180872tjvftidm39.html" "Mozilla/5.0 AppleWebKit/537.36 (KHTML, like Gecko; compatible; GPTBot/1.3; +https://openai.com/gptbot)"
74.7.243.248 - - [07/Feb/2026:10:13:33 -0500] "GET /ctg/search/similarImageSearchResultView/?ctgItemCd=179197175384 HTTP/1.1" 404 1251 "https://blog.newkolkata.in/getidm/175384jahtitems" "Mozilla/5.0 AppleWebKit/537.36 (KHTML, like Gecko; compatible; GPTBot/1.3; +https://openai.com/gptbot)"
74.7.243.248 - - [07/Feb/2026:10:13:37 -0500] "GET /ctg/search/similarImageSearchResultView/?ctgItemCd=319574315736 HTTP/1.1" 404 1251 "https://blog.newkolkata.in/getidm/315736pcywitems" "Mozilla/5.0 AppleWebKit/537.36 (KHTML, like Gecko; compatible; GPTBot/1.3; +https://openai.com/gptbot)"
185.191.171.7 - - [07/Feb/2026:10:13:37 -0500] "GET /get/78166mvrvitems HTTP/1.1" 404 1251 "-" "Mozilla/5.0 (compatible; SemrushBot/7~bl; +http://www.semrush.com/bot.html)"
185.191.171.4 - - [07/Feb/2026:10:13:39 -0500] "GET /get/25773kairitems.htm HTTP/1.1" 404 1251 "-" "Mozilla/5.0 (compatible; SemrushBot/7~bl; +http://www.semrush.com/bot.html)"
74.7.243.248 - - [07/Feb/2026:10:13:40 -0500] "GET /ctg/search/similarImageSearchResultView/?ctgItemCd=151012146934 HTTP/1.1" 404 1251 "https://blog.newkolkata.in/getid/146934jahtitems.htm" "Mozilla/5.0 AppleWebKit/537.36 (KHTML, like Gecko; compatible; GPTBot/1.3; +https://openai.com/gptbot)"
74.7.243.248 - - [07/Feb/2026:10:13:43 -0500] "GET /ctg/search/similarImageSearchResultView/?ctgItemCd=242007237812 HTTP/1.1" 404 1251 "https://blog.newkolkata.in/item/237812ulgptidm3218.html" "Mozilla/5.0 AppleWebKit/537.36 (KHTML, like Gecko; compatible; GPTBot/1.3; +https://openai.com/gptbot)"
74.7.243.248 - - [07/Feb/2026:10:13:46 -0500] "GET /ctg/search/similarImageSearchResultView/?ctgItemCd=283280279103 HTTP/1.1" 404 1251 "https://blog.newkolkata.in/getidm/279103cejpitems.htm" "Mozilla/5.0 AppleWebKit/537.36 (KHTML, like Gecko; compatible; GPTBot/1.3; +https://openai.com/gptbot)"
74.7.243.248 - - [07/Feb/2026:10:13:49 -0500] "GET /ctg/search/similarImageSearchResultView/?ctgItemCd=263418259773 HTTP/1.1" 404 1251 "https://blog.newkolkata.in/geti/259773mvrvitems" "Mozilla/5.0 AppleWebKit/537.36 (KHTML, like Gecko; compatible; GPTBot/1.3; +https://openai.com/gptbot)"
74.7.243.248 - - [07/Feb/2026:10:13:52 -0500] "GET /ctg/search/similarImageSearchResultView/?ctgItemCd=174404170129 HTTP/1.1" 404 1251 "https://blog.newkolkata.in/items/170129pcywtidm595.html" "Mozilla/5.0 AppleWebKit/537.36 (KHTML, like Gecko; compatible; GPTBot/1.3; +https://openai.com/gptbot)"
74.7.243.248 - - [07/Feb/2026:10:13:55 -0500] "GET /ctg/search/similarImageSearchResultView/?ctgItemCd=110548106443 HTTP/1.1" 404 1251 "https://blog.newkolkata.in/getid/106443mvrvitems.htm" "Mozilla/5.0 AppleWebKit/537.36 (KHTML, like Gecko; compatible; GPTBot/1.3; +https://openai.com/gptbot)"
185.191.171.13 - - [07/Feb/2026:10:13:55 -0500] "GET /getidm/127945tjvfitems HTTP/1.1" 404 1251 "-" "Mozilla/5.0 (compatible; SemrushBot/7~bl; +http://www.semrush.com/bot.html)"
74.7.243.248 - - [07/Feb/2026:10:13:58 -0500] "GET /ctg/search/similarImageSearchResultView/?ctgItemCd=241908237868 HTTP/1.1" 404 1251 "https://blog.newkolkata.in/getidm6006/237868ulgpitems" "Mozilla/5.0 AppleWebKit/537.36 (KHTML, like Gecko; compatible; GPTBot/1.3; +https://openai.com/gptbot)"
74.7.243.248 - - [07/Feb/2026:10:14:02 -0500] "GET /ctg/search/similarImageSearchResultView/?ctgItemCd=182490178580 HTTP/1.1" 404 1251 "https://blog.newkolkata.in/getidm5/178580zslyitems" "Mozilla/5.0 AppleWebKit/537.36 (KHTML, like Gecko; compatible; GPTBot/1.3; +https://openai.com/gptbot)"
185.191.171.8 - - [07/Feb/2026:10:14:05 -0500] "GET /get/46395mvrvitems.htm HTTP/1.1" 404 1251 "-" "Mozilla/5.0 (compatible; SemrushBot/7~bl; +http://www.semrush.com/bot.html)"
74.7.243.248 - - [07/Feb/2026:10:14:05 -0500] "GET /ctg/search/similarImageSearchResultView/?ctgItemCd=167866163574 HTTP/1.1" 404 1251 "https://blog.newkolkata.in/getidm87/163574cejpitems.htm" "Mozilla/5.0 AppleWebKit/537.36 (KHTML, like Gecko; compatible; GPTBot/1.3; +https://openai.com/gptbot)"
74.7.243.248 - - [07/Feb/2026:10:14:08 -0500] "GET /ctg/search/similarImageSearchResultView/?ctgItemCd=278603274854 HTTP/1.1" 404 1251 "https://blog.newkolkata.in/getid/274854zslyitems" "Mozilla/5.0 AppleWebKit/537.36 (KHTML, like Gecko; compatible; GPTBot/1.3; +https://openai.com/gptbot)"
74.7.243.248 - - [07/Feb/2026:10:14:11 -0500] "GET /ctg/search/similarImageSearchResultView/?ctgItemCd=196487192341 HTTP/1.1" 404 1251 "https://blog.newkolkata.in/ite/192341pcywtidm43704.html" "Mozilla/5.0 AppleWebKit/537.36 (KHTML, like Gecko; compatible; GPTBot/1.3; +https://openai.com/gptbot)"
85.208.96.196 - - [07/Feb/2026:10:14:14 -0500] "GET /getid/193240cejpitems HTTP/1.1" 404 1251 "-" "Mozilla/5.0 (compatible; SemrushBot/7~bl; +http://www.semrush.com/bot.html)"
74.7.243.248 - - [07/Feb/2026:10:14:14 -0500] "GET /ctg/search/similarImageSearchResultView/?ctgItemCd=145158140829 HTTP/1.1" 404 1251 "https://blog.newkolkata.in/items/140829ulgptidm8888.html" "Mozilla/5.0 AppleWebKit/537.36 (KHTML, like Gecko; compatible; GPTBot/1.3; +https://openai.com/gptbot)"
74.7.243.248 - - [07/Feb/2026:10:14:18 -0500] "GET /ctg/search/similarImageSearchResultView/?ctgItemCd=177279173386 HTTP/1.1" 404 1251 "https://blog.newkolkata.in/get/173386tjvfitems.htm" "Mozilla/5.0 AppleWebKit/537.36 (KHTML, like Gecko; compatible; GPTBot/1.3; +https://openai.com/gptbot)"
74.7.243.248 - - [07/Feb/2026:10:14:21 -0500] "GET /ctg/search/similarImageSearchResultView/?ctgItemCd=257829253430 HTTP/1.1" 404 1251 "https://blog.newkolkata.in/items/253430kairtidm606909.html" "Mozilla/5.0 AppleWebKit/537.36 (KHTML, like Gecko; compatible; GPTBot/1.3; +https://openai.com/gptbot)"
74.7.243.248 - - [07/Feb/2026:10:14:24 -0500] "GET /ctg/search/similarImageSearchResultView/?ctgItemCd=254741250765 HTTP/1.1" 404 1251 "https://blog.newkolkata.in/geti/250765jahtitems.htm" "Mozilla/5.0 AppleWebKit/537.36 (KHTML, like Gecko; compatible; GPTBot/1.3; +https://openai.com/gptbot)"
74.7.243.248 - - [07/Feb/2026:10:14:27 -0500] "GET /ctg/search/similarImageSearchResultView/?ctgItemCd=250794246571 HTTP/1.1" 404 1251 "https://blog.newkolkata.in/ite/246571zslytidm925092.html" "Mozilla/5.0 AppleWebKit/537.36 (KHTML, like Gecko; compatible; GPTBot/1.3; +https://openai.com/gptbot)"
74.7.243.248 - - [07/Feb/2026:10:14:30 -0500] "GET /ctg/search/similarImageSearchResultView/?ctgItemCd=257270253396 HTTP/1.1" 404 1251 "https://blog.newkolkata.in/get/253396kairitems.htm" "Mozilla/5.0 AppleWebKit/537.36 (KHTML, like Gecko; compatible; GPTBot/1.3; +https://openai.com/gptbot)"
74.7.243.248 - - [07/Feb/2026:10:14:33 -0500] "GET /ctg/search/similarImageSearchResultView/?ctgItemCd=208669204764 HTTP/1.1" 404 1251 "https://blog.newkolkata.in/get/204764mvrvitems.htm" "Mozilla/5.0 AppleWebKit/537.36 (KHTML, like Gecko; compatible; GPTBot/1.3; +https://openai.com/gptbot)"
74.7.243.248 - - [07/Feb/2026:10:14:37 -0500] "GET /ctg/search/similarImageSearchResultView/?ctgItemCd=208171204680 HTTP/1.1" 404 1251 "https://blog.newkolkata.in/get/204680jahtitems" "Mozilla/5.0 AppleWebKit/537.36 (KHTML, like Gecko; compatible; GPTBot/1.3; +https://openai.com/gptbot)"
74.7.243.248 - - [07/Feb/2026:10:14:40 -0500] "GET /ctg/search/similarImageSearchResultView/?ctgItemCd=170672166505 HTTP/1.1" 404 1251 "https://blog.newkolkata.in/items/166505pcywtidm4.html" "Mozilla/5.0 AppleWebKit/537.36 (KHTML, like Gecko; compatible; GPTBot/1.3; +https://openai.com/gptbot)"
74.7.243.248 - - [07/Feb/2026:10:14:43 -0500] "GET /ctg/search/similarImageSearchResultView/?ctgItemCd=216471212553 HTTP/1.1" 404 1251 "https://blog.newkolkata.in/getidm66/212553ccoyitems" "Mozilla/5.0 AppleWebKit/537.36 (KHTML, like Gecko; compatible; GPTBot/1.3; +https://openai.com/gptbot)"
74.7.243.248 - - [07/Feb/2026:10:14:46 -0500] "GET /ctg/search/similarImageSearchResultView/?ctgItemCd=153302149705 HTTP/1.1" 404 1251 "https://blog.newkolkata.in/geti/149705cejpitems" "Mozilla/5.0 AppleWebKit/537.36 (KHTML, like Gecko; compatible; GPTBot/1.3; +https://openai.com/gptbot)"
185.191.171.15 - - [07/Feb/2026:10:14:47 -0500] "GET /item/65831cejptidm.html HTTP/1.1" 404 1251 "-" "Mozilla/5.0 (compatible; SemrushBot/7~bl; +http://www.semrush.com/bot.html)"
74.7.243.248 - - [07/Feb/2026:10:14:49 -0500] "GET /ctg/search/similarImageSearchResultView/?ctgItemCd=156568152399 HTTP/1.1" 404 1251 "https://blog.newkolkata.in/items/152399tjvftidm9.html" "Mozilla/5.0 AppleWebKit/537.36 (KHTML, like Gecko; compatible; GPTBot/1.3; +https://openai.com/gptbot)"
74.7.243.248 - - [07/Feb/2026:10:14:53 -0500] "GET /ctg/search/similarImageSearchResultView/?ctgItemCd=250467246167 HTTP/1.1" 404 1251 "https://blog.newkolkata.in/getidm83/246167ccoyitems.htm" "Mozilla/5.0 AppleWebKit/537.36 (KHTML, like Gecko; compatible; GPTBot/1.3; +https://openai.com/gptbot)"
74.7.243.248 - - [07/Feb/2026:10:14:56 -0500] "GET /ctg/search/similarImageSearchResultView/?ctgItemCd=285436281160 HTTP/1.1" 404 1251 "https://blog.newkolkata.in/getidm7/281160zslyitems.htm" "Mozilla/5.0 AppleWebKit/537.36 (KHTML, like Gecko; compatible; GPTBot/1.3; +https://openai.com/gptbot)"
74.7.243.248 - - [07/Feb/2026:10:14:59 -0500] "GET /ctg/search/similarImageSearchResultView/?ctgItemCd=138377134186 HTTP/1.1" 404 1251 "https://blog.newkolkata.in/getidm/134186sejmitems.htm" "Mozilla/5.0 AppleWebKit/537.36 (KHTML, like Gecko; compatible; GPTBot/1.3; +https://openai.com/gptbot)"
74.7.243.248 - - [07/Feb/2026:10:15:02 -0500] "GET /ctg/search/similarImageSearchResultView/?ctgItemCd=201944197604 HTTP/1.1" 404 1251 "https://blog.newkolkata.in/getidm617/197604cejpitems.htm" "Mozilla/5.0 AppleWebKit/537.36 (KHTML, like Gecko; compatible; GPTBot/1.3; +https://openai.com/gptbot)"
74.7.243.248 - - [07/Feb/2026:10:15:05 -0500] "GET /ctg/search/similarImageSearchResultView/?ctgItemCd=153409149217 HTTP/1.1" 404 1251 "https://blog.newkolkata.in/getidm/149217sejmitems.htm" "Mozilla/5.0 AppleWebKit/537.36 (KHTML, like Gecko; compatible; GPTBot/1.3; +https://openai.com/gptbot)"
74.7.243.248 - - [07/Feb/2026:10:15:09 -0500] "GET /ctg/search/similarImageSearchResultView/?ctgItemCd=120477116125 HTTP/1.1" 404 1251 "https://blog.newkolkata.in/getidm654/116125ulgpitems.htm" "Mozilla/5.0 AppleWebKit/537.36 (KHTML, like Gecko; compatible; GPTBot/1.3; +https://openai.com/gptbot)"
74.7.243.248 - - [07/Feb/2026:10:15:12 -0500] "GET /ctg/search/similarImageSearchResultView/?ctgItemCd=170228166146 HTTP/1.1" 404 1251 "https://blog.newkolkata.in/getid/166146ccoyitems.htm" "Mozilla/5.0 AppleWebKit/537.36 (KHTML, like Gecko; compatible; GPTBot/1.3; +https://openai.com/gptbot)"
74.7.243.248 - - [07/Feb/2026:10:15:15 -0500] "GET /ctg/search/similarImageSearchResultView/?ctgItemCd=247399243510 HTTP/1.1" 404 1251 "https://blog.newkolkata.in/get/243510pcywitems.htm" "Mozilla/5.0 AppleWebKit/537.36 (KHTML, like Gecko; compatible; GPTBot/1.3; +https://openai.com/gptbot)"
85.208.96.206 - - [07/Feb/2026:10:15:18 -0500] "GET /geti/56287kairitems HTTP/1.1" 404 1251 "-" "Mozilla/5.0 (compatible; SemrushBot/7~bl; +http://www.semrush.com/bot.html)"
74.7.243.248 - - [07/Feb/2026:10:15:18 -0500] "GET /ctg/search/similarImageSearchResultView/?ctgItemCd=280114276042 HTTP/1.1" 404 1251 "https://blog.newkolkata.in/getid/276042kairitems.htm" "Mozilla/5.0 AppleWebKit/537.36 (KHTML, like Gecko; compatible; GPTBot/1.3; +https://openai.com/gptbot)"
74.7.243.248 - - [07/Feb/2026:10:15:22 -0500] "GET /ctg/search/similarImageSearchResultView/?ctgItemCd=209099204836 HTTP/1.1" 404 1251 "https://blog.newkolkata.in/item/204836pcywtidm45419.html" "Mozilla/5.0 AppleWebKit/537.36 (KHTML, like Gecko; compatible; GPTBot/1.3; +https://openai.com/gptbot)"
74.7.243.248 - - [07/Feb/2026:10:15:25 -0500] "GET /ctg/search/similarImageSearchResultView/?ctgItemCd=213775209962 HTTP/1.1" 404 1251 "https://blog.newkolkata.in/getidm/209962jahtitems" "Mozilla/5.0 AppleWebKit/537.36 (KHTML, like Gecko; compatible; GPTBot/1.3; +https://openai.com/gptbot)"
74.7.243.248 - - [07/Feb/2026:10:15:28 -0500] "GET /ctg/search/similarImageSearchResultView/?ctgItemCd=126926123194 HTTP/1.1" 404 1251 "https://blog.newkolkata.in/getid/123194mvrvitems" "Mozilla/5.0 AppleWebKit/537.36 (KHTML, like Gecko; compatible; GPTBot/1.3; +https://openai.com/gptbot)"
74.7.243.248 - - [07/Feb/2026:10:15:31 -0500] "GET /ctg/search/similarImageSearchResultView/?ctgItemCd=194568190422 HTTP/1.1" 404 1251 "https://blog.newkolkata.in/ite/190422tjvftidm37559.html" "Mozilla/5.0 AppleWebKit/537.36 (KHTML, like Gecko; compatible; GPTBot/1.3; +https://openai.com/gptbot)"
85.208.96.199 - - [07/Feb/2026:10:15:31 -0500] "GET /get/270087jahtitems.htm HTTP/1.1" 404 1251 "-" "Mozilla/5.0 (compatible; SemrushBot/7~bl; +http://www.semrush.com/bot.html)"
185.191.171.13 - - [07/Feb/2026:10:15:33 -0500] "GET /getidm/178782ccoyitems.htm HTTP/1.1" 404 1251 "-" "Mozilla/5.0 (compatible; SemrushBot/7~bl; +http://www.semrush.com/bot.html)"
74.7.243.248 - - [07/Feb/2026:10:15:34 -0500] "GET /ctg/search/similarImageSearchResultView/?ctgItemCd=176063172138 HTTP/1.1" 404 1251 "https://blog.newkolkata.in/getidm69/172138ccoyitems" "Mozilla/5.0 AppleWebKit/537.36 (KHTML, like Gecko; compatible; GPTBot/1.3; +https://openai.com/gptbot)"
185.191.171.13 - - [07/Feb/2026:10:15:37 -0500] "GET /getidm/793tjvfitems HTTP/1.1" 404 1251 "-" "Mozilla/5.0 (compatible; SemrushBot/7~bl; +http://www.semrush.com/bot.html)"
74.7.243.248 - - [07/Feb/2026:10:15:37 -0500] "GET /ctg/search/similarImageSearchResultView/?ctgItemCd=198423194438 HTTP/1.1" 404 1251 "https://blog.newkolkata.in/item/194438ccoytidm.html" "Mozilla/5.0 AppleWebKit/537.36 (KHTML, like Gecko; compatible; GPTBot/1.3; +https://openai.com/gptbot)"
74.7.243.248 - - [07/Feb/2026:10:15:40 -0500] "GET /ctg/search/similarImageSearchResultView/?ctgItemCd=264521260546 HTTP/1.1" 404 1251 "https://blog.newkolkata.in/ite/260546sejmtidm44.html" "Mozilla/5.0 AppleWebKit/537.36 (KHTML, like Gecko; compatible; GPTBot/1.3; +https://openai.com/gptbot)"
74.7.243.248 - - [07/Feb/2026:10:15:44 -0500] "GET /ctg/search/similarImageSearchResultView/?ctgItemCd=175172171303 HTTP/1.1" 404 1251 "https://blog.newkolkata.in/get/171303sejmitems.htm" "Mozilla/5.0 AppleWebKit/537.36 (KHTML, like Gecko; compatible; GPTBot/1.3; +https://openai.com/gptbot)"
74.7.243.248 - - [07/Feb/2026:10:15:47 -0500] "GET /ctg/search/similarImageSearchResultView/?ctgItemCd=139359135248 HTTP/1.1" 404 1251 "https://blog.newkolkata.in/item/135248pcywtidm69.html" "Mozilla/5.0 AppleWebKit/537.36 (KHTML, like Gecko; compatible; GPTBot/1.3; +https://openai.com/gptbot)"
74.7.243.248 - - [07/Feb/2026:10:15:50 -0500] "GET /ctg/search/similarImageSearchResultView/?ctgItemCd=272647268650 HTTP/1.1" 404 1251 "https://blog.newkolkata.in/getidm499/268650tjvfitems" "Mozilla/5.0 AppleWebKit/537.36 (KHTML, like Gecko; compatible; GPTBot/1.3; +https://openai.com/gptbot)"
74.7.243.248 - - [07/Feb/2026:10:15:53 -0500] "GET /ctg/search/similarImageSearchResultView/?ctgItemCd=293887289766 HTTP/1.1" 404 1251 "https://blog.newkolkata.in/items/289766tjvftidm.html" "Mozilla/5.0 AppleWebKit/537.36 (KHTML, like Gecko; compatible; GPTBot/1.3; +https://openai.com/gptbot)"
74.7.243.248 - - [07/Feb/2026:10:15:56 -0500] "GET /ctg/search/similarImageSearchResultView/?ctgItemCd=126575122372 HTTP/1.1" 404 1251 "https://blog.newkolkata.in/item/122372tjvftidm9791.html" "Mozilla/5.0 AppleWebKit/537.36 (KHTML, like Gecko; compatible; GPTBot/1.3; +https://openai.com/gptbot)"
185.191.171.9 - - [07/Feb/2026:10:15:59 -0500] "GET /getidm7/68194cejpitems HTTP/1.1" 404 1251 "-" "Mozilla/5.0 (compatible; SemrushBot/7~bl; +http://www.semrush.com/bot.html)"
74.7.243.248 - - [07/Feb/2026:10:15:59 -0500] "GET /ctg/search/similarImageSearchResultView/?ctgItemCd=288199284193 HTTP/1.1" 404 1251 "https://blog.newkolkata.in/geti/284193pcywitems.htm" "Mozilla/5.0 AppleWebKit/537.36 (KHTML, like Gecko; compatible; GPTBot/1.3; +https://openai.com/gptbot)"
74.7.243.248 - - [07/Feb/2026:10:16:02 -0500] "GET /ctg/search/similarImageSearchResultView/?ctgItemCd=183214179324 HTTP/1.1" 404 1251 "https://blog.newkolkata.in/getidm3/179324pcywitems" "Mozilla/5.0 AppleWebKit/537.36 (KHTML, like Gecko; compatible; GPTBot/1.3; +https://openai.com/gptbot)"
74.7.243.248 - - [07/Feb/2026:10:16:05 -0500] "GET /ctg/search/similarImageSearchResultView/?ctgItemCd=252177248241 HTTP/1.1" 404 1251 "https://blog.newkolkata.in/getidm42/248241pcywitems" "Mozilla/5.0 AppleWebKit/537.36 (KHTML, like Gecko; compatible; GPTBot/1.3; +https://openai.com/gptbot)"
85.208.96.208 - - [07/Feb/2026:10:16:05 -0500] "GET /getidm2/50434tjvfitems HTTP/1.1" 404 1251 "-" "Mozilla/5.0 (compatible; SemrushBot/7~bl; +http://www.semrush.com/bot.html)"
74.7.243.248 - - [07/Feb/2026:10:16:08 -0500] "GET /ctg/search/similarImageSearchResultView/?ctgItemCd=193374189096 HTTP/1.1" 404 1251 "https://blog.newkolkata.in/getidm1/189096mvrvitems.htm" "Mozilla/5.0 AppleWebKit/537.36 (KHTML, like Gecko; compatible; GPTBot/1.3; +https://openai.com/gptbot)"
74.7.243.248 - - [07/Feb/2026:10:16:11 -0500] "GET /ctg/search/similarImageSearchResultView/?ctgItemCd=142119137990 HTTP/1.1" 404 1251 "https://blog.newkolkata.in/items/137990mvrvtidm.html" "Mozilla/5.0 AppleWebKit/537.36 (KHTML, like Gecko; compatible; GPTBot/1.3; +https://openai.com/gptbot)"
74.7.243.248 - - [07/Feb/2026:10:16:14 -0500] "GET /ctg/search/similarImageSearchResultView/?ctgItemCd=253775249439 HTTP/1.1" 404 1251 "https://blog.newkolkata.in/getidm24/249439zslyitems.htm" "Mozilla/5.0 AppleWebKit/537.36 (KHTML, like Gecko; compatible; GPTBot/1.3; +https://openai.com/gptbot)"
74.7.243.248 - - [07/Feb/2026:10:16:18 -0500] "GET /ctg/search/similarImageSearchResultView/?ctgItemCd=231329227456 HTTP/1.1" 404 1251 "https://blog.newkolkata.in/ite/227456ccoytidm.html" "Mozilla/5.0 AppleWebKit/537.36 (KHTML, like Gecko; compatible; GPTBot/1.3; +https://openai.com/gptbot)"
74.7.243.248 - - [07/Feb/2026:10:16:21 -0500] "GET /ctg/search/similarImageSearchResultView/?ctgItemCd=238103233745 HTTP/1.1" 404 1251 "https://blog.newkolkata.in/getidm263/233745tjvfitems.htm" "Mozilla/5.0 AppleWebKit/537.36 (KHTML, like Gecko; compatible; GPTBot/1.3; +https://openai.com/gptbot)"
