74.7.243.248 - - [07/Feb/2026:08:07:36 -0500] "GET /ctg/search/similarImageSearchResultView/?ctgItemCd=207555203591 HTTP/1.1" 404 1251 "https://blog.newkolkata.in/item/203591cejptidm.html" "Mozilla/5.0 AppleWebKit/537.36 (KHTML, like Gecko; compatible; GPTBot/1.3; +https://openai.com/gptbot)"
74.7.243.248 - - [07/Feb/2026:08:07:39 -0500] "GET /ctg/search/similarImageSearchResultView/?ctgItemCd=248035244423 HTTP/1.1" 404 1251 "https://blog.newkolkata.in/geti/244423ulgpitems" "Mozilla/5.0 AppleWebKit/537.36 (KHTML, like Gecko; compatible; GPTBot/1.3; +https://openai.com/gptbot)"
85.208.96.199 - - [07/Feb/2026:08:07:41 -0500] "GET /ite/259415kairtidm.html HTTP/1.1" 404 1251 "-" "Mozilla/5.0 (compatible; SemrushBot/7~bl; +http://www.semrush.com/bot.html)"
74.7.243.248 - - [07/Feb/2026:08:07:42 -0500] "GET /ctg/search/similarImageSearchResultView/?ctgItemCd=243895239994 HTTP/1.1" 404 1251 "https://blog.newkolkata.in/get/239994tjvfitems.htm" "Mozilla/5.0 AppleWebKit/537.36 (KHTML, like Gecko; compatible; GPTBot/1.3; +https://openai.com/gptbot)"
74.7.243.248 - - [07/Feb/2026:08:07:45 -0500] "GET /ctg/search/similarImageSearchResultView/?ctgItemCd=190002186304 HTTP/1.1" 404 1251 "https://blog.newkolkata.in/getid/186304jahtitems" "Mozilla/5.0 AppleWebKit/537.36 (KHTML, like Gecko; compatible; GPTBot/1.3; +https://openai.com/gptbot)"
74.7.243.248 - - [07/Feb/2026:08:07:48 -0500] "GET /ctg/search/similarImageSearchResultView/?ctgItemCd=192610188872 HTTP/1.1" 404 1251 "https://blog.newkolkata.in/getid/188872pcywitems" "Mozilla/5.0 AppleWebKit/537.36 (KHTML, like Gecko; compatible; GPTBot/1.3; +https://openai.com/gptbot)"
185.191.171.13 - - [07/Feb/2026:08:07:49 -0500] "GET /get/167670cejpitems.htm HTTP/1.1" 404 1251 "-" "Mozilla/5.0 (compatible; SemrushBot/7~bl; +http://www.semrush.com/bot.html)"
85.208.96.207 - - [07/Feb/2026:08:07:51 -0500] "GET /getidm/260833mvrvitems HTTP/1.1" 404 1251 "-" "Mozilla/5.0 (compatible; SemrushBot/7~bl; +http://www.semrush.com/bot.html)"
74.7.243.248 - - [07/Feb/2026:08:07:51 -0500] "GET /ctg/search/similarImageSearchResultView/?ctgItemCd=270778266624 HTTP/1.1" 404 1251 "https://blog.newkolkata.in/items/266624ccoytidm9.html" "Mozilla/5.0 AppleWebKit/537.36 (KHTML, like Gecko; compatible; GPTBot/1.3; +https://openai.com/gptbot)"
74.7.243.248 - - [07/Feb/2026:08:07:54 -0500] "GET /ctg/search/similarImageSearchResultView/?ctgItemCd=137285133363 HTTP/1.1" 404 1251 "https://blog.newkolkata.in/getidm14/133363ulgpitems" "Mozilla/5.0 AppleWebKit/537.36 (KHTML, like Gecko; compatible; GPTBot/1.3; +https://openai.com/gptbot)"
185.191.171.16 - - [07/Feb/2026:08:07:56 -0500] "GET /get/253035sejmitems.htm HTTP/1.1" 404 1251 "-" "Mozilla/5.0 (compatible; SemrushBot/7~bl; +http://www.semrush.com/bot.html)"
74.7.243.248 - - [07/Feb/2026:08:07:57 -0500] "GET /ctg/search/similarImageSearchResultView/?ctgItemCd=166680162739 HTTP/1.1" 404 1251 "https://blog.newkolkata.in/getidm85/162739tjvfitems" "Mozilla/5.0 AppleWebKit/537.36 (KHTML, like Gecko; compatible; GPTBot/1.3; +https://openai.com/gptbot)"
85.208.96.199 - - [07/Feb/2026:08:08:00 -0500] "GET /getidm/284305kairitems HTTP/1.1" 404 1251 "-" "Mozilla/5.0 (compatible; SemrushBot/7~bl; +http://www.semrush.com/bot.html)"
74.7.243.248 - - [07/Feb/2026:08:08:01 -0500] "GET /ctg/search/similarImageSearchResultView/?ctgItemCd=244459240471 HTTP/1.1" 404 1251 "https://blog.newkolkata.in/geti/240471tjvfitems.htm" "Mozilla/5.0 AppleWebKit/537.36 (KHTML, like Gecko; compatible; GPTBot/1.3; +https://openai.com/gptbot)"
185.191.171.13 - - [07/Feb/2026:08:08:03 -0500] "GET /getidm2/240898cejpitems HTTP/1.1" 404 1251 "-" "Mozilla/5.0 (compatible; SemrushBot/7~bl; +http://www.semrush.com/bot.html)"
74.7.243.248 - - [07/Feb/2026:08:08:04 -0500] "GET /ctg/search/similarImageSearchResultView/?ctgItemCd=148358144490 HTTP/1.1" 404 1251 "https://blog.newkolkata.in/getidm5/144490sejmitems" "Mozilla/5.0 AppleWebKit/537.36 (KHTML, like Gecko; compatible; GPTBot/1.3; +https://openai.com/gptbot)"
74.7.243.248 - - [07/Feb/2026:08:08:07 -0500] "GET /ctg/search/similarImageSearchResultView/?ctgItemCd=137411133498 HTTP/1.1" 404 1251 "https://blog.newkolkata.in/getidm9/133498zslyitems" "Mozilla/5.0 AppleWebKit/537.36 (KHTML, like Gecko; compatible; GPTBot/1.3; +https://openai.com/gptbot)"
74.7.243.248 - - [07/Feb/2026:08:08:10 -0500] "GET /ctg/search/similarImageSearchResultView/?ctgItemCd=222747218948 HTTP/1.1" 404 1251 "https://blog.newkolkata.in/ite/218948mvrvtid.html" "Mozilla/5.0 AppleWebKit/537.36 (KHTML, like Gecko; compatible; GPTBot/1.3; +https://openai.com/gptbot)"
74.7.243.248 - - [07/Feb/2026:08:08:13 -0500] "GET /ctg/search/similarImageSearchResultView/?ctgItemCd=258143254440 HTTP/1.1" 404 1251 "https://blog.newkolkata.in/getid/254440sejmitems" "Mozilla/5.0 AppleWebKit/537.36 (KHTML, like Gecko; compatible; GPTBot/1.3; +https://openai.com/gptbot)"
74.7.243.248 - - [07/Feb/2026:08:08:16 -0500] "GET /ctg/search/similarImageSearchResultView/?ctgItemCd=231765227774 HTTP/1.1" 404 1251 "https://blog.newkolkata.in/items/227774ccoytid.html" "Mozilla/5.0 AppleWebKit/537.36 (KHTML, like Gecko; compatible; GPTBot/1.3; +https://openai.com/gptbot)"
74.7.243.248 - - [07/Feb/2026:08:08:20 -0500] "GET /ctg/search/similarImageSearchResultView/?ctgItemCd=216999212658 HTTP/1.1" 404 1251 "https://blog.newkolkata.in/getidm670/212658kairitems.htm" "Mozilla/5.0 AppleWebKit/537.36 (KHTML, like Gecko; compatible; GPTBot/1.3; +https://openai.com/gptbot)"
74.7.243.248 - - [07/Feb/2026:08:08:23 -0500] "GET /ctg/search/similarImageSearchResultView/?ctgItemCd=222470218166 HTTP/1.1" 404 1251 "https://blog.newkolkata.in/getidm79/218166sejmitems.htm" "Mozilla/5.0 AppleWebKit/537.36 (KHTML, like Gecko; compatible; GPTBot/1.3; +https://openai.com/gptbot)"
85.208.96.199 - - [07/Feb/2026:08:08:23 -0500] "GET /getid/268576cejpitems HTTP/1.1" 404 1251 "-" "Mozilla/5.0 (compatible; SemrushBot/7~bl; +http://www.semrush.com/bot.html)"
185.191.171.11 - - [07/Feb/2026:08:08:26 -0500] "GET /geti/71575ccoyitems HTTP/1.1" 404 1251 "-" "Mozilla/5.0 (compatible; SemrushBot/7~bl; +http://www.semrush.com/bot.html)"
74.7.243.248 - - [07/Feb/2026:08:08:26 -0500] "GET /ctg/search/similarImageSearchResultView/?ctgItemCd=183243178999 HTTP/1.1" 404 1251 "https://blog.newkolkata.in/items/178999pcywtidm85.html" "Mozilla/5.0 AppleWebKit/537.36 (KHTML, like Gecko; compatible; GPTBot/1.3; +https://openai.com/gptbot)"
74.7.243.248 - - [07/Feb/2026:08:08:29 -0500] "GET /ctg/search/similarImageSearchResultView/?ctgItemCd=120371116298 HTTP/1.1" 404 1251 "https://blog.newkolkata.in/getid/116298cejpitems.htm" "Mozilla/5.0 AppleWebKit/537.36 (KHTML, like Gecko; compatible; GPTBot/1.3; +https://openai.com/gptbot)"
74.7.243.248 - - [07/Feb/2026:08:08:32 -0500] "GET /ctg/search/similarImageSearchResultView/?ctgItemCd=152072147774 HTTP/1.1" 404 1251 "https://blog.newkolkata.in/getidm89/147774cejpitems.htm" "Mozilla/5.0 AppleWebKit/537.36 (KHTML, like Gecko; compatible; GPTBot/1.3; +https://openai.com/gptbot)"
74.7.243.248 - - [07/Feb/2026:08:08:35 -0500] "GET /ctg/search/similarImageSearchResultView/?ctgItemCd=226148221999 HTTP/1.1" 404 1251 "https://blog.newkolkata.in/items/221999jahttidm5.html" "Mozilla/5.0 AppleWebKit/537.36 (KHTML, like Gecko; compatible; GPTBot/1.3; +https://openai.com/gptbot)"
74.7.243.248 - - [07/Feb/2026:08:08:38 -0500] "GET /ctg/search/similarImageSearchResultView/?ctgItemCd=159026155533 HTTP/1.1" 404 1251 "https://blog.newkolkata.in/get/155533kairitems" "Mozilla/5.0 AppleWebKit/537.36 (KHTML, like Gecko; compatible; GPTBot/1.3; +https://openai.com/gptbot)"
85.208.96.196 - - [07/Feb/2026:08:08:40 -0500] "GET /getid/146896ulgpitems HTTP/1.1" 404 1251 "-" "Mozilla/5.0 (compatible; SemrushBot/7~bl; +http://www.semrush.com/bot.html)"
74.7.243.248 - - [07/Feb/2026:08:08:42 -0500] "GET /ctg/search/similarImageSearchResultView/?ctgItemCd=112442108555 HTTP/1.1" 404 1251 "https://blog.newkolkata.in/get/108555ulgpitems.htm" "Mozilla/5.0 AppleWebKit/537.36 (KHTML, like Gecko; compatible; GPTBot/1.3; +https://openai.com/gptbot)"
74.7.243.248 - - [07/Feb/2026:08:08:45 -0500] "GET /ctg/search/similarImageSearchResultView/?ctgItemCd=192226188072 HTTP/1.1" 404 1251 "https://blog.newkolkata.in/items/188072sejmtidm8.html" "Mozilla/5.0 AppleWebKit/537.36 (KHTML, like Gecko; compatible; GPTBot/1.3; +https://openai.com/gptbot)"
74.7.243.248 - - [07/Feb/2026:08:08:48 -0500] "GET /ctg/search/similarImageSearchResultView/?ctgItemCd=163000158777 HTTP/1.1" 404 1251 "https://blog.newkolkata.in/items/158777tjvftidm18.html" "Mozilla/5.0 AppleWebKit/537.36 (KHTML, like Gecko; compatible; GPTBot/1.3; +https://openai.com/gptbot)"
74.7.243.248 - - [07/Feb/2026:08:08:51 -0500] "GET /ctg/search/similarImageSearchResultView/?ctgItemCd=311128307396 HTTP/1.1" 404 1251 "https://blog.newkolkata.in/getid/307396pcywitems" "Mozilla/5.0 AppleWebKit/537.36 (KHTML, like Gecko; compatible; GPTBot/1.3; +https://openai.com/gptbot)"
74.7.243.248 - - [07/Feb/2026:08:08:54 -0500] "GET /ctg/search/similarImageSearchResultView/?ctgItemCd=191611187258 HTTP/1.1" 404 1251 "https://blog.newkolkata.in/items/187258kairtidm71703.html" "Mozilla/5.0 AppleWebKit/537.36 (KHTML, like Gecko; compatible; GPTBot/1.3; +https://openai.com/gptbot)"
74.7.243.248 - - [07/Feb/2026:08:08:57 -0500] "GET /ctg/search/similarImageSearchResultView/?ctgItemCd=199976196254 HTTP/1.1" 404 1251 "https://blog.newkolkata.in/getid/196254tjvfitems" "Mozilla/5.0 AppleWebKit/537.36 (KHTML, like Gecko; compatible; GPTBot/1.3; +https://openai.com/gptbot)"
74.7.243.248 - - [07/Feb/2026:08:09:00 -0500] "GET /ctg/search/similarImageSearchResultView/?ctgItemCd=207367203555 HTTP/1.1" 404 1251 "https://blog.newkolkata.in/getidm/203555ccoyitems" "Mozilla/5.0 AppleWebKit/537.36 (KHTML, like Gecko; compatible; GPTBot/1.3; +https://openai.com/gptbot)"
74.7.243.248 - - [07/Feb/2026:08:09:03 -0500] "GET /ctg/search/similarImageSearchResultView/?ctgItemCd=111476107409 HTTP/1.1" 404 1251 "https://blog.newkolkata.in/getid/107409cejpitems.htm" "Mozilla/5.0 AppleWebKit/537.36 (KHTML, like Gecko; compatible; GPTBot/1.3; +https://openai.com/gptbot)"
74.7.243.248 - - [07/Feb/2026:08:09:06 -0500] "GET /ctg/search/similarImageSearchResultView/?ctgItemCd=184666180795 HTTP/1.1" 404 1251 "https://blog.newkolkata.in/get/180795cejpitems.htm" "Mozilla/5.0 AppleWebKit/537.36 (KHTML, like Gecko; compatible; GPTBot/1.3; +https://openai.com/gptbot)"
74.7.243.248 - - [07/Feb/2026:08:09:10 -0500] "GET /ctg/search/similarImageSearchResultView/?ctgItemCd=111425107264 HTTP/1.1" 404 1251 "https://blog.newkolkata.in/items/107264pcywtidm1.html" "Mozilla/5.0 AppleWebKit/537.36 (KHTML, like Gecko; compatible; GPTBot/1.3; +https://openai.com/gptbot)"
74.7.243.248 - - [07/Feb/2026:08:09:13 -0500] "GET /ctg/search/similarImageSearchResultView/?ctgItemCd=231702227649 HTTP/1.1" 404 1251 "https://blog.newkolkata.in/ite/227649tjvftidm875.html" "Mozilla/5.0 AppleWebKit/537.36 (KHTML, like Gecko; compatible; GPTBot/1.3; +https://openai.com/gptbot)"
185.191.171.10 - - [07/Feb/2026:08:09:13 -0500] "GET /getid/268960tjvfitems HTTP/1.1" 404 1251 "-" "Mozilla/5.0 (compatible; SemrushBot/7~bl; +http://www.semrush.com/bot.html)"
74.7.243.248 - - [07/Feb/2026:08:09:16 -0500] "GET /ctg/search/similarImageSearchResultView/?ctgItemCd=237114233305 HTTP/1.1" 404 1251 "https://blog.newkolkata.in/getidm/233305sejmitems" "Mozilla/5.0 AppleWebKit/537.36 (KHTML, like Gecko; compatible; GPTBot/1.3; +https://openai.com/gptbot)"
74.7.243.248 - - [07/Feb/2026:08:09:19 -0500] "GET /ctg/search/similarImageSearchResultView/?ctgItemCd=120555116219 HTTP/1.1" 404 1251 "https://blog.newkolkata.in/items/116219mvrvtidm5676.html" "Mozilla/5.0 AppleWebKit/537.36 (KHTML, like Gecko; compatible; GPTBot/1.3; +https://openai.com/gptbot)"
74.7.243.248 - - [07/Feb/2026:08:09:22 -0500] "GET /ctg/search/similarImageSearchResultView/?ctgItemCd=256664253164 HTTP/1.1" 404 1251 "https://blog.newkolkata.in/get/253164sejmitems" "Mozilla/5.0 AppleWebKit/537.36 (KHTML, like Gecko; compatible; GPTBot/1.3; +https://openai.com/gptbot)"
74.7.243.248 - - [07/Feb/2026:08:09:26 -0500] "GET /ctg/search/similarImageSearchResultView/?ctgItemCd=120791116875 HTTP/1.1" 404 1251 "https://blog.newkolkata.in/getidm43/116875kairitems" "Mozilla/5.0 AppleWebKit/537.36 (KHTML, like Gecko; compatible; GPTBot/1.3; +https://openai.com/gptbot)"
185.191.171.2 - - [07/Feb/2026:08:09:27 -0500] "GET /items/36854ccoytid.html HTTP/1.1" 404 1251 "-" "Mozilla/5.0 (compatible; SemrushBot/7~bl; +http://www.semrush.com/bot.html)"
74.7.243.248 - - [07/Feb/2026:08:09:29 -0500] "GET /ctg/search/similarImageSearchResultView/?ctgItemCd=194605190888 HTTP/1.1" 404 1251 "https://blog.newkolkata.in/getid/190888ccoyitems" "Mozilla/5.0 AppleWebKit/537.36 (KHTML, like Gecko; compatible; GPTBot/1.3; +https://openai.com/gptbot)"
74.7.243.248 - - [07/Feb/2026:08:09:32 -0500] "GET /ctg/search/similarImageSearchResultView/?ctgItemCd=231732227846 HTTP/1.1" 404 1251 "https://blog.newkolkata.in/item/227846ulgptid.html" "Mozilla/5.0 AppleWebKit/537.36 (KHTML, like Gecko; compatible; GPTBot/1.3; +https://openai.com/gptbot)"
74.7.243.248 - - [07/Feb/2026:08:09:35 -0500] "GET /ctg/search/similarImageSearchResultView/?ctgItemCd=213889210006 HTTP/1.1" 404 1251 "https://blog.newkolkata.in/get/210006pcywitems.htm" "Mozilla/5.0 AppleWebKit/537.36 (KHTML, like Gecko; compatible; GPTBot/1.3; +https://openai.com/gptbot)"
74.7.243.248 - - [07/Feb/2026:08:09:38 -0500] "GET /ctg/search/similarImageSearchResultView/?ctgItemCd=258880254856 HTTP/1.1" 404 1251 "https://blog.newkolkata.in/geti/254856zslyitems.htm" "Mozilla/5.0 AppleWebKit/537.36 (KHTML, like Gecko; compatible; GPTBot/1.3; +https://openai.com/gptbot)"
85.208.96.199 - - [07/Feb/2026:08:09:38 -0500] "GET /getidm/201649pcywitems HTTP/1.1" 404 1251 "-" "Mozilla/5.0 (compatible; SemrushBot/7~bl; +http://www.semrush.com/bot.html)"
74.7.243.248 - - [07/Feb/2026:08:09:41 -0500] "GET /ctg/search/similarImageSearchResultView/?ctgItemCd=241422237601 HTTP/1.1" 404 1251 "https://blog.newkolkata.in/getidm/237601ulgpitems" "Mozilla/5.0 AppleWebKit/537.36 (KHTML, like Gecko; compatible; GPTBot/1.3; +https://openai.com/gptbot)"
74.7.243.248 - - [07/Feb/2026:08:09:45 -0500] "GET /ctg/search/similarImageSearchResultView/?ctgItemCd=108678104441 HTTP/1.1" 404 1251 "https://blog.newkolkata.in/getidm8/104441ccoyitems.htm" "Mozilla/5.0 AppleWebKit/537.36 (KHTML, like Gecko; compatible; GPTBot/1.3; +https://openai.com/gptbot)"
74.7.243.248 - - [07/Feb/2026:08:09:48 -0500] "GET /ctg/search/similarImageSearchResultView/?ctgItemCd=274243269993 HTTP/1.1" 404 1251 "https://blog.newkolkata.in/items/269993zslytidm90.html" "Mozilla/5.0 AppleWebKit/537.36 (KHTML, like Gecko; compatible; GPTBot/1.3; +https://openai.com/gptbot)"
74.7.243.248 - - [07/Feb/2026:08:09:51 -0500] "GET /ctg/search/similarImageSearchResultView/?ctgItemCd=186000182296 HTTP/1.1" 404 1251 "https://blog.newkolkata.in/getid/182296jahtitems" "Mozilla/5.0 AppleWebKit/537.36 (KHTML, like Gecko; compatible; GPTBot/1.3; +https://openai.com/gptbot)"
74.7.243.248 - - [07/Feb/2026:08:09:54 -0500] "GET /ctg/search/similarImageSearchResultView/?ctgItemCd=115639111904 HTTP/1.1" 404 1251 "https://blog.newkolkata.in/getid/111904zslyitems" "Mozilla/5.0 AppleWebKit/537.36 (KHTML, like Gecko; compatible; GPTBot/1.3; +https://openai.com/gptbot)"
74.7.243.248 - - [07/Feb/2026:08:09:58 -0500] "GET /ctg/search/similarImageSearchResultView/?ctgItemCd=213822209789 HTTP/1.1" 404 1251 "https://blog.newkolkata.in/items/209789zslytid.html" "Mozilla/5.0 AppleWebKit/537.36 (KHTML, like Gecko; compatible; GPTBot/1.3; +https://openai.com/gptbot)"
74.7.243.248 - - [07/Feb/2026:08:10:01 -0500] "GET /ctg/search/similarImageSearchResultView/?ctgItemCd=213980209777 HTTP/1.1" 404 1251 "https://blog.newkolkata.in/items/209777kairtidm29.html" "Mozilla/5.0 AppleWebKit/537.36 (KHTML, like Gecko; compatible; GPTBot/1.3; +https://openai.com/gptbot)"
74.7.243.248 - - [07/Feb/2026:08:10:04 -0500] "GET /ctg/search/similarImageSearchResultView/?ctgItemCd=225957222430 HTTP/1.1" 404 1251 "https://blog.newkolkata.in/get/222430zslyitems" "Mozilla/5.0 AppleWebKit/537.36 (KHTML, like Gecko; compatible; GPTBot/1.3; +https://openai.com/gptbot)"
85.208.96.208 - - [07/Feb/2026:08:10:05 -0500] "GET /ite/21230zslytid.html HTTP/1.1" 404 1251 "-" "Mozilla/5.0 (compatible; SemrushBot/7~bl; +http://www.semrush.com/bot.html)"
74.7.243.248 - - [07/Feb/2026:08:10:07 -0500] "GET /ctg/search/similarImageSearchResultView/?ctgItemCd=280322276035 HTTP/1.1" 404 1251 "https://blog.newkolkata.in/items/276035zslytidm931.html" "Mozilla/5.0 AppleWebKit/537.36 (KHTML, like Gecko; compatible; GPTBot/1.3; +https://openai.com/gptbot)"
85.208.96.204 - - [07/Feb/2026:08:10:08 -0500] "GET /get/5508jahtitems.htm HTTP/1.1" 404 1251 "-" "Mozilla/5.0 (compatible; SemrushBot/7~bl; +http://www.semrush.com/bot.html)"
74.7.243.248 - - [07/Feb/2026:08:10:10 -0500] "GET /ctg/search/similarImageSearchResultView/?ctgItemCd=193087188834 HTTP/1.1" 404 1251 "https://blog.newkolkata.in/items/188834jahttidm661.html" "Mozilla/5.0 AppleWebKit/537.36 (KHTML, like Gecko; compatible; GPTBot/1.3; +https://openai.com/gptbot)"
74.7.243.248 - - [07/Feb/2026:08:10:13 -0500] "GET /ctg/search/similarImageSearchResultView/?ctgItemCd=293006288881 HTTP/1.1" 404 1251 "https://blog.newkolkata.in/item/288881mvrvtidm36.html" "Mozilla/5.0 AppleWebKit/537.36 (KHTML, like Gecko; compatible; GPTBot/1.3; +https://openai.com/gptbot)"
74.7.243.248 - - [07/Feb/2026:08:10:16 -0500] "GET /ctg/search/similarImageSearchResultView/?ctgItemCd=222071217854 HTTP/1.1" 404 1251 "https://blog.newkolkata.in/items/217854ulgptidm49.html" "Mozilla/5.0 AppleWebKit/537.36 (KHTML, like Gecko; compatible; GPTBot/1.3; +https://openai.com/gptbot)"
74.7.243.248 - - [07/Feb/2026:08:10:19 -0500] "GET /ctg/search/similarImageSearchResultView/?ctgItemCd=168999165129 HTTP/1.1" 404 1251 "https://blog.newkolkata.in/get/165129jahtitems.htm" "Mozilla/5.0 AppleWebKit/537.36 (KHTML, like Gecko; compatible; GPTBot/1.3; +https://openai.com/gptbot)"
74.7.243.248 - - [07/Feb/2026:08:10:22 -0500] "GET /ctg/search/similarImageSearchResultView/?ctgItemCd=242111238273 HTTP/1.1" 404 1251 "https://blog.newkolkata.in/getidm/238273pcywitems" "Mozilla/5.0 AppleWebKit/537.36 (KHTML, like Gecko; compatible; GPTBot/1.3; +https://openai.com/gptbot)"
74.7.243.248 - - [07/Feb/2026:08:10:25 -0500] "GET /ctg/search/similarImageSearchResultView/?ctgItemCd=128311124097 HTTP/1.1" 404 1251 "https://blog.newkolkata.in/items/124097tjvftidm57.html" "Mozilla/5.0 AppleWebKit/537.36 (KHTML, like Gecko; compatible; GPTBot/1.3; +https://openai.com/gptbot)"
74.7.243.248 - - [07/Feb/2026:08:10:29 -0500] "GET /ctg/search/similarImageSearchResultView/?ctgItemCd=111238107375 HTTP/1.1" 404 1251 "https://blog.newkolkata.in/ite/107375kairtidm.html" "Mozilla/5.0 AppleWebKit/537.36 (KHTML, like Gecko; compatible; GPTBot/1.3; +https://openai.com/gptbot)"
74.7.243.248 - - [07/Feb/2026:08:10:32 -0500] "GET /ctg/search/similarImageSearchResultView/?ctgItemCd=124624120555 HTTP/1.1" 404 1251 "https://blog.newkolkata.in/getid/120555kairitems.htm" "Mozilla/5.0 AppleWebKit/537.36 (KHTML, like Gecko; compatible; GPTBot/1.3; +https://openai.com/gptbot)"
74.7.243.248 - - [07/Feb/2026:08:10:35 -0500] "GET /ctg/search/similarImageSearchResultView/?ctgItemCd=162888158599 HTTP/1.1" 404 1251 "https://blog.newkolkata.in/item/158599zslytidm11774.html" "Mozilla/5.0 AppleWebKit/537.36 (KHTML, like Gecko; compatible; GPTBot/1.3; +https://openai.com/gptbot)"
74.7.243.248 - - [07/Feb/2026:08:10:38 -0500] "GET /ctg/search/similarImageSearchResultView/?ctgItemCd=231582227709 HTTP/1.1" 404 1251 "https://blog.newkolkata.in/get/227709jahtitems.htm" "Mozilla/5.0 AppleWebKit/537.36 (KHTML, like Gecko; compatible; GPTBot/1.3; +https://openai.com/gptbot)"
85.208.96.202 - - [07/Feb/2026:08:10:40 -0500] "GET /get/315972pcywitems.htm HTTP/1.1" 404 1251 "-" "Mozilla/5.0 (compatible; SemrushBot/7~bl; +http://www.semrush.com/bot.html)"
74.7.243.248 - - [07/Feb/2026:08:10:41 -0500] "GET /ctg/search/similarImageSearchResultView/?ctgItemCd=225762221538 HTTP/1.1" 404 1251 "https://blog.newkolkata.in/getidm/221538zslyitems.htm" "Mozilla/5.0 AppleWebKit/537.36 (KHTML, like Gecko; compatible; GPTBot/1.3; +https://openai.com/gptbot)"
74.7.243.248 - - [07/Feb/2026:08:10:44 -0500] "GET /ctg/search/similarImageSearchResultView/?ctgItemCd=179611175409 HTTP/1.1" 404 1251 "https://blog.newkolkata.in/items/175409ccoytidm63.html" "Mozilla/5.0 AppleWebKit/537.36 (KHTML, like Gecko; compatible; GPTBot/1.3; +https://openai.com/gptbot)"
185.191.171.2 - - [07/Feb/2026:08:10:46 -0500] "GET /get/78766mvrvitems HTTP/1.1" 404 1251 "-" "Mozilla/5.0 (compatible; SemrushBot/7~bl; +http://www.semrush.com/bot.html)"
74.7.243.248 - - [07/Feb/2026:08:10:47 -0500] "GET /ctg/search/similarImageSearchResultView/?ctgItemCd=202831198883 HTTP/1.1" 404 1251 "https://blog.newkolkata.in/getidm65/198883tjvfitems" "Mozilla/5.0 AppleWebKit/537.36 (KHTML, like Gecko; compatible; GPTBot/1.3; +https://openai.com/gptbot)"
74.7.243.248 - - [07/Feb/2026:08:10:50 -0500] "GET /ctg/search/similarImageSearchResultView/?ctgItemCd=207809203444 HTTP/1.1" 404 1251 "https://blog.newkolkata.in/items/203444sejmtidm89919.html" "Mozilla/5.0 AppleWebKit/537.36 (KHTML, like Gecko; compatible; GPTBot/1.3; +https://openai.com/gptbot)"
185.191.171.7 - - [07/Feb/2026:08:10:50 -0500] "GET /geti/149839zslyitems HTTP/1.1" 404 1251 "-" "Mozilla/5.0 (compatible; SemrushBot/7~bl; +http://www.semrush.com/bot.html)"
74.7.243.248 - - [07/Feb/2026:08:10:53 -0500] "GET /ctg/search/similarImageSearchResultView/?ctgItemCd=200444196609 HTTP/1.1" 404 1251 "https://blog.newkolkata.in/getidm/196609tjvfitems" "Mozilla/5.0 AppleWebKit/537.36 (KHTML, like Gecko; compatible; GPTBot/1.3; +https://openai.com/gptbot)"
74.7.243.248 - - [07/Feb/2026:08:10:57 -0500] "GET /ctg/search/similarImageSearchResultView/?ctgItemCd=170608166675 HTTP/1.1" 404 1251 "https://blog.newkolkata.in/getidm59/166675ccoyitems" "Mozilla/5.0 AppleWebKit/537.36 (KHTML, like Gecko; compatible; GPTBot/1.3; +https://openai.com/gptbot)"
74.7.243.248 - - [07/Feb/2026:08:11:00 -0500] "GET /ctg/search/similarImageSearchResultView/?ctgItemCd=222766218774 HTTP/1.1" 404 1251 "https://blog.newkolkata.in/items/218774sejmtid.html" "Mozilla/5.0 AppleWebKit/537.36 (KHTML, like Gecko; compatible; GPTBot/1.3; +https://openai.com/gptbot)"
74.7.243.248 - - [07/Feb/2026:08:11:03 -0500] "GET /ctg/search/similarImageSearchResultView/?ctgItemCd=125553122070 HTTP/1.1" 404 1251 "https://blog.newkolkata.in/get/122070kairitems" "Mozilla/5.0 AppleWebKit/537.36 (KHTML, like Gecko; compatible; GPTBot/1.3; +https://openai.com/gptbot)"
74.7.243.248 - - [07/Feb/2026:08:11:06 -0500] "GET /ctg/search/similarImageSearchResultView/?ctgItemCd=261112257003 HTTP/1.1" 404 1251 "https://blog.newkolkata.in/items/257003pcywtidm.html" "Mozilla/5.0 AppleWebKit/537.36 (KHTML, like Gecko; compatible; GPTBot/1.3; +https://openai.com/gptbot)"
74.7.243.248 - - [07/Feb/2026:08:11:09 -0500] "GET /ctg/search/similarImageSearchResultView/?ctgItemCd=167938164000 HTTP/1.1" 404 1251 "https://blog.newkolkata.in/ite/164000mvrvtidm3.html" "Mozilla/5.0 AppleWebKit/537.36 (KHTML, like Gecko; compatible; GPTBot/1.3; +https://openai.com/gptbot)"
74.7.243.248 - - [07/Feb/2026:08:11:12 -0500] "GET /ctg/search/similarImageSearchResultView/?ctgItemCd=204089199904 HTTP/1.1" 404 1251 "https://blog.newkolkata.in/items/199904mvrvtidm5.html" "Mozilla/5.0 AppleWebKit/537.36 (KHTML, like Gecko; compatible; GPTBot/1.3; +https://openai.com/gptbot)"
74.7.243.248 - - [07/Feb/2026:08:11:15 -0500] "GET /ctg/search/similarImageSearchResultView/?ctgItemCd=272223268715 HTTP/1.1" 404 1251 "https://blog.newkolkata.in/get/268715sejmitems" "Mozilla/5.0 AppleWebKit/537.36 (KHTML, like Gecko; compatible; GPTBot/1.3; +https://openai.com/gptbot)"
74.7.243.248 - - [07/Feb/2026:08:11:18 -0500] "GET /ctg/search/similarImageSearchResultView/?ctgItemCd=123821119875 HTTP/1.1" 404 1251 "https://blog.newkolkata.in/getidm89/119875ulgpitems" "Mozilla/5.0 AppleWebKit/537.36 (KHTML, like Gecko; compatible; GPTBot/1.3; +https://openai.com/gptbot)"
74.7.243.248 - - [07/Feb/2026:08:11:22 -0500] "GET /ctg/search/similarImageSearchResultView/?ctgItemCd=204123199929 HTTP/1.1" 404 1251 "https://blog.newkolkata.in/getidm/199929cejpitems.htm" "Mozilla/5.0 AppleWebKit/537.36 (KHTML, like Gecko; compatible; GPTBot/1.3; +https://openai.com/gptbot)"
74.7.243.248 - - [07/Feb/2026:08:11:25 -0500] "GET /ctg/search/similarImageSearchResultView/?ctgItemCd=114861110947 HTTP/1.1" 404 1251 "https://blog.newkolkata.in/getidm12/110947sejmitems" "Mozilla/5.0 AppleWebKit/537.36 (KHTML, like Gecko; compatible; GPTBot/1.3; +https://openai.com/gptbot)"
185.191.171.18 - - [07/Feb/2026:08:11:25 -0500] "GET /geti/13447ulgpitems HTTP/1.1" 404 1251 "-" "Mozilla/5.0 (compatible; SemrushBot/7~bl; +http://www.semrush.com/bot.html)"
185.191.171.16 - - [07/Feb/2026:08:11:28 -0500] "GET /getidm/162865zslyitems HTTP/1.1" 404 1251 "-" "Mozilla/5.0 (compatible; SemrushBot/7~bl; +http://www.semrush.com/bot.html)"
74.7.243.248 - - [07/Feb/2026:08:11:28 -0500] "GET /ctg/search/similarImageSearchResultView/?ctgItemCd=121681117339 HTTP/1.1" 404 1251 "https://blog.newkolkata.in/getidm167/117339jahtitems.htm" "Mozilla/5.0 AppleWebKit/537.36 (KHTML, like Gecko; compatible; GPTBot/1.3; +https://openai.com/gptbot)"
185.191.171.12 - - [07/Feb/2026:08:11:31 -0500] "GET /items/76718cejptid.html HTTP/1.1" 404 1251 "-" "Mozilla/5.0 (compatible; SemrushBot/7~bl; +http://www.semrush.com/bot.html)"
74.7.243.248 - - [07/Feb/2026:08:11:31 -0500] "GET /ctg/search/similarImageSearchResultView/?ctgItemCd=149992145808 HTTP/1.1" 404 1251 "https://blog.newkolkata.in/items/145808zslytidm3.html" "Mozilla/5.0 AppleWebKit/537.36 (KHTML, like Gecko; compatible; GPTBot/1.3; +https://openai.com/gptbot)"
74.7.243.248 - - [07/Feb/2026:08:11:34 -0500] "GET /ctg/search/similarImageSearchResultView/?ctgItemCd=201444197902 HTTP/1.1" 404 1251 "https://blog.newkolkata.in/get/197902zslyitems" "Mozilla/5.0 AppleWebKit/537.36 (KHTML, like Gecko; compatible; GPTBot/1.3; +https://openai.com/gptbot)"
74.7.243.248 - - [07/Feb/2026:08:11:37 -0500] "GET /ctg/search/similarImageSearchResultView/?ctgItemCd=222016217919 HTTP/1.1" 404 1251 "https://blog.newkolkata.in/ite/217919tjvftidm7370.html" "Mozilla/5.0 AppleWebKit/537.36 (KHTML, like Gecko; compatible; GPTBot/1.3; +https://openai.com/gptbot)"
74.7.243.248 - - [07/Feb/2026:08:11:41 -0500] "GET /ctg/search/similarImageSearchResultView/?ctgItemCd=214822210776 HTTP/1.1" 404 1251 "https://blog.newkolkata.in/item/210776tjvftidm7.html" "Mozilla/5.0 AppleWebKit/537.36 (KHTML, like Gecko; compatible; GPTBot/1.3; +https://openai.com/gptbot)"
74.7.243.248 - - [07/Feb/2026:08:11:44 -0500] "GET /ctg/search/similarImageSearchResultView/?ctgItemCd=154268150000 HTTP/1.1" 404 1251 "https://blog.newkolkata.in/getidm38/150000cejpitems.htm" "Mozilla/5.0 AppleWebKit/537.36 (KHTML, like Gecko; compatible; GPTBot/1.3; +https://openai.com/gptbot)"
185.191.171.6 - - [07/Feb/2026:08:11:44 -0500] "GET /getidm/198039pcywitems.htm HTTP/1.1" 404 1251 "-" "Mozilla/5.0 (compatible; SemrushBot/7~bl; +http://www.semrush.com/bot.html)"
74.7.243.248 - - [07/Feb/2026:08:11:47 -0500] "GET /ctg/search/similarImageSearchResultView/?ctgItemCd=280853276663 HTTP/1.1" 404 1251 "https://blog.newkolkata.in/getidm/276663kairitems.htm" "Mozilla/5.0 AppleWebKit/537.36 (KHTML, like Gecko; compatible; GPTBot/1.3; +https://openai.com/gptbot)"
74.7.243.248 - - [07/Feb/2026:08:11:50 -0500] "GET /ctg/search/similarImageSearchResultView/?ctgItemCd=203855200017 HTTP/1.1" 404 1251 "https://blog.newkolkata.in/getidm/200017zslyitems" "Mozilla/5.0 AppleWebKit/537.36 (KHTML, like Gecko; compatible; GPTBot/1.3; +https://openai.com/gptbot)"
85.208.96.197 - - [07/Feb/2026:08:11:50 -0500] "GET /get/34846pcywitems HTTP/1.1" 404 1251 "-" "Mozilla/5.0 (compatible; SemrushBot/7~bl; +http://www.semrush.com/bot.html)"
85.208.96.210 - - [07/Feb/2026:08:11:52 -0500] "GET /getidm/202105jahtitems HTTP/1.1" 404 1251 "-" "Mozilla/5.0 (compatible; SemrushBot/7~bl; +http://www.semrush.com/bot.html)"
74.7.243.248 - - [07/Feb/2026:08:11:53 -0500] "GET /ctg/search/similarImageSearchResultView/?ctgItemCd=103584100078 HTTP/1.1" 404 1251 "https://blog.newkolkata.in/get/100078tjvfitems" "Mozilla/5.0 AppleWebKit/537.36 (KHTML, like Gecko; compatible; GPTBot/1.3; +https://openai.com/gptbot)"
74.7.243.248 - - [07/Feb/2026:08:11:56 -0500] "GET /ctg/search/similarImageSearchResultView/?ctgItemCd=233353229017 HTTP/1.1" 404 1251 "https://blog.newkolkata.in/getidm425/229017jahtitems.htm" "Mozilla/5.0 AppleWebKit/537.36 (KHTML, like Gecko; compatible; GPTBot/1.3; +https://openai.com/gptbot)"
85.208.96.209 - - [07/Feb/2026:08:11:58 -0500] "GET /get/211510sejmitems HTTP/1.1" 404 1251 "-" "Mozilla/5.0 (compatible; SemrushBot/7~bl; +http://www.semrush.com/bot.html)"
74.7.243.248 - - [07/Feb/2026:08:11:59 -0500] "GET /ctg/search/similarImageSearchResultView/?ctgItemCd=159481155568 HTTP/1.1" 404 1251 "https://blog.newkolkata.in/item/155568zslytid.html" "Mozilla/5.0 AppleWebKit/537.36 (KHTML, like Gecko; compatible; GPTBot/1.3; +https://openai.com/gptbot)"
185.191.171.11 - - [07/Feb/2026:08:12:02 -0500] "GET /getid/84400cejpitems HTTP/1.1" 404 1251 "-" "Mozilla/5.0 (compatible; SemrushBot/7~bl; +http://www.semrush.com/bot.html)"
74.7.243.248 - - [07/Feb/2026:08:12:02 -0500] "GET /ctg/search/similarImageSearchResultView/?ctgItemCd=204186199922 HTTP/1.1" 404 1251 "https://blog.newkolkata.in/items/199922sejmtidm781.html" "Mozilla/5.0 AppleWebKit/537.36 (KHTML, like Gecko; compatible; GPTBot/1.3; +https://openai.com/gptbot)"
85.208.96.202 - - [07/Feb/2026:08:12:03 -0500] "GET /get/240960tjvfitems.htm HTTP/1.1" 404 1251 "-" "Mozilla/5.0 (compatible; SemrushBot/7~bl; +http://www.semrush.com/bot.html)"
74.7.243.248 - - [07/Feb/2026:08:12:05 -0500] "GET /ctg/search/similarImageSearchResultView/?ctgItemCd=203655199912 HTTP/1.1" 404 1251 "https://blog.newkolkata.in/getid/199912mvrvitems" "Mozilla/5.0 AppleWebKit/537.36 (KHTML, like Gecko; compatible; GPTBot/1.3; +https://openai.com/gptbot)"
74.7.243.248 - - [07/Feb/2026:08:12:08 -0500] "GET /ctg/search/similarImageSearchResultView/?ctgItemCd=222280218463 HTTP/1.1" 404 1251 "https://blog.newkolkata.in/getidm/218463sejmitems" "Mozilla/5.0 AppleWebKit/537.36 (KHTML, like Gecko; compatible; GPTBot/1.3; +https://openai.com/gptbot)"
74.7.243.248 - - [07/Feb/2026:08:12:12 -0500] "GET /ctg/search/similarImageSearchResultView/?ctgItemCd=194515190666 HTTP/1.1" 404 1251 "https://blog.newkolkata.in/getidm/190666mvrvitems" "Mozilla/5.0 AppleWebKit/537.36 (KHTML, like Gecko; compatible; GPTBot/1.3; +https://openai.com/gptbot)"
74.7.243.248 - - [07/Feb/2026:08:12:15 -0500] "GET /ctg/search/similarImageSearchResultView/?ctgItemCd=210722206690 HTTP/1.1" 404 1251 "https://blog.newkolkata.in/ite/206690tjvftidm150.html" "Mozilla/5.0 AppleWebKit/537.36 (KHTML, like Gecko; compatible; GPTBot/1.3; +https://openai.com/gptbot)"
74.7.243.248 - - [07/Feb/2026:08:12:18 -0500] "GET /ctg/search/similarImageSearchResultView/?ctgItemCd=111047107059 HTTP/1.1" 404 1251 "https://blog.newkolkata.in/getidm117/107059pcywitems" "Mozilla/5.0 AppleWebKit/537.36 (KHTML, like Gecko; compatible; GPTBot/1.3; +https://openai.com/gptbot)"
74.7.243.248 - - [07/Feb/2026:08:12:21 -0500] "GET /ctg/search/similarImageSearchResultView/?ctgItemCd=204258199938 HTTP/1.1" 404 1251 "https://blog.newkolkata.in/getidm24/199938tjvfitems.htm" "Mozilla/5.0 AppleWebKit/537.36 (KHTML, like Gecko; compatible; GPTBot/1.3; +https://openai.com/gptbot)"
74.7.243.248 - - [07/Feb/2026:08:12:24 -0500] "GET /ctg/search/similarImageSearchResultView/?ctgItemCd=240009236518 HTTP/1.1" 404 1251 "https://blog.newkolkata.in/get/236518cejpitems" "Mozilla/5.0 AppleWebKit/537.36 (KHTML, like Gecko; compatible; GPTBot/1.3; +https://openai.com/gptbot)"
185.191.171.7 - - [07/Feb/2026:08:12:26 -0500] "GET /geti/225031tjvfitems HTTP/1.1" 404 1251 "-" "Mozilla/5.0 (compatible; SemrushBot/7~bl; +http://www.semrush.com/bot.html)"
74.7.243.248 - - [07/Feb/2026:08:12:28 -0500] "GET /ctg/search/similarImageSearchResultView/?ctgItemCd=124081119873 HTTP/1.1" 404 1251 "https://blog.newkolkata.in/items/119873sejmtidm92.html" "Mozilla/5.0 AppleWebKit/537.36 (KHTML, like Gecko; compatible; GPTBot/1.3; +https://openai.com/gptbot)"
74.7.243.248 - - [07/Feb/2026:08:12:31 -0500] "GET /ctg/search/similarImageSearchResultView/?ctgItemCd=248779244459 HTTP/1.1" 404 1251 "https://blog.newkolkata.in/items/244459sejmtidm9685.html" "Mozilla/5.0 AppleWebKit/537.36 (KHTML, like Gecko; compatible; GPTBot/1.3; +https://openai.com/gptbot)"
74.7.243.248 - - [07/Feb/2026:08:12:34 -0500] "GET /ctg/search/similarImageSearchResultView/?ctgItemCd=222574218591 HTTP/1.1" 404 1251 "https://blog.newkolkata.in/item/218591sejmtidm.html" "Mozilla/5.0 AppleWebKit/537.36 (KHTML, like Gecko; compatible; GPTBot/1.3; +https://openai.com/gptbot)"
74.7.243.248 - - [07/Feb/2026:08:12:37 -0500] "GET /ctg/search/similarImageSearchResultView/?ctgItemCd=269111265243 HTTP/1.1" 404 1251 "https://blog.newkolkata.in/get/265243jahtitems.htm" "Mozilla/5.0 AppleWebKit/537.36 (KHTML, like Gecko; compatible; GPTBot/1.3; +https://openai.com/gptbot)"
185.191.171.9 - - [07/Feb/2026:08:12:38 -0500] "GET /geti/24799kairitems HTTP/1.1" 404 1251 "-" "Mozilla/5.0 (compatible; SemrushBot/7~bl; +http://www.semrush.com/bot.html)"
74.7.243.248 - - [07/Feb/2026:08:12:40 -0500] "GET /ctg/search/similarImageSearchResultView/?ctgItemCd=115062111439 HTTP/1.1" 404 1251 "https://blog.newkolkata.in/geti/111439pcywitems" "Mozilla/5.0 AppleWebKit/537.36 (KHTML, like Gecko; compatible; GPTBot/1.3; +https://openai.com/gptbot)"
74.7.243.248 - - [07/Feb/2026:08:12:44 -0500] "GET /ctg/search/similarImageSearchResultView/?ctgItemCd=222368218177 HTTP/1.1" 404 1251 "https://blog.newkolkata.in/items/218177cejptidm37.html" "Mozilla/5.0 AppleWebKit/537.36 (KHTML, like Gecko; compatible; GPTBot/1.3; +https://openai.com/gptbot)"
74.7.243.248 - - [07/Feb/2026:08:12:47 -0500] "GET /ctg/search/similarImageSearchResultView/?ctgItemCd=200311196489 HTTP/1.1" 404 1251 "https://blog.newkolkata.in/getidm/196489kairitems" "Mozilla/5.0 AppleWebKit/537.36 (KHTML, like Gecko; compatible; GPTBot/1.3; +https://openai.com/gptbot)"
74.7.243.248 - - [07/Feb/2026:08:12:50 -0500] "GET /ctg/search/similarImageSearchResultView/?ctgItemCd=234993231000 HTTP/1.1" 404 1251 "https://blog.newkolkata.in/geti/231000mvrvitems.htm" "Mozilla/5.0 AppleWebKit/537.36 (KHTML, like Gecko; compatible; GPTBot/1.3; +https://openai.com/gptbot)"
74.7.243.248 - - [07/Feb/2026:08:12:53 -0500] "GET /ctg/search/similarImageSearchResultView/?ctgItemCd=137420133376 HTTP/1.1" 404 1251 "https://blog.newkolkata.in/item/133376ulgptidm7.html" "Mozilla/5.0 AppleWebKit/537.36 (KHTML, like Gecko; compatible; GPTBot/1.3; +https://openai.com/gptbot)"
74.7.243.248 - - [07/Feb/2026:08:12:56 -0500] "GET /ctg/search/similarImageSearchResultView/?ctgItemCd=231692227848 HTTP/1.1" 404 1251 "https://blog.newkolkata.in/getidm/227848pcywitems" "Mozilla/5.0 AppleWebKit/537.36 (KHTML, like Gecko; compatible; GPTBot/1.3; +https://openai.com/gptbot)"
74.7.243.248 - - [07/Feb/2026:08:12:59 -0500] "GET /ctg/search/similarImageSearchResultView/?ctgItemCd=193120188897 HTTP/1.1" 404 1251 "https://blog.newkolkata.in/items/188897sejmtidm59.html" "Mozilla/5.0 AppleWebKit/537.36 (KHTML, like Gecko; compatible; GPTBot/1.3; +https://openai.com/gptbot)"
185.191.171.6 - - [07/Feb/2026:08:13:02 -0500] "GET /getidm7/236938zslyitems HTTP/1.1" 404 1251 "-" "Mozilla/5.0 (compatible; SemrushBot/7~bl; +http://www.semrush.com/bot.html)"
74.7.243.248 - - [07/Feb/2026:08:13:02 -0500] "GET /ctg/search/similarImageSearchResultView/?ctgItemCd=222880219073 HTTP/1.1" 404 1251 "https://blog.newkolkata.in/getidm/219073jahtitems" "Mozilla/5.0 AppleWebKit/537.36 (KHTML, like Gecko; compatible; GPTBot/1.3; +https://openai.com/gptbot)"
74.7.243.248 - - [07/Feb/2026:08:13:06 -0500] "GET /ctg/search/similarImageSearchResultView/?ctgItemCd=204087199928 HTTP/1.1" 404 1251 "https://blog.newkolkata.in/items/199928sejmtidm1.html" "Mozilla/5.0 AppleWebKit/537.36 (KHTML, like Gecko; compatible; GPTBot/1.3; +https://openai.com/gptbot)"
74.7.243.248 - - [07/Feb/2026:08:13:09 -0500] "GET /ctg/search/similarImageSearchResultView/?ctgItemCd=283075278885 HTTP/1.1" 404 1251 "https://blog.newkolkata.in/ite/278885ccoytidm951200.html" "Mozilla/5.0 AppleWebKit/537.36 (KHTML, like Gecko; compatible; GPTBot/1.3; +https://openai.com/gptbot)"
74.7.243.248 - - [07/Feb/2026:08:13:12 -0500] "GET /ctg/search/similarImageSearchResultView/?ctgItemCd=200019195648 HTTP/1.1" 404 1251 "https://blog.newkolkata.in/getidm681/195648tjvfitems.htm" "Mozilla/5.0 AppleWebKit/537.36 (KHTML, like Gecko; compatible; GPTBot/1.3; +https://openai.com/gptbot)"
185.191.171.3 - - [07/Feb/2026:08:13:12 -0500] "GET /getidm/219409ulgpitems HTTP/1.1" 404 1251 "-" "Mozilla/5.0 (compatible; SemrushBot/7~bl; +http://www.semrush.com/bot.html)"
74.7.243.248 - - [07/Feb/2026:08:13:15 -0500] "GET /ctg/search/similarImageSearchResultView/?ctgItemCd=117361113490 HTTP/1.1" 404 1251 "https://blog.newkolkata.in/get/113490ccoyitems.htm" "Mozilla/5.0 AppleWebKit/537.36 (KHTML, like Gecko; compatible; GPTBot/1.3; +https://openai.com/gptbot)"
74.7.243.248 - - [07/Feb/2026:08:13:18 -0500] "GET /ctg/search/similarImageSearchResultView/?ctgItemCd=139411135422 HTTP/1.1" 404 1251 "https://blog.newkolkata.in/items/135422ulgptid.html" "Mozilla/5.0 AppleWebKit/537.36 (KHTML, like Gecko; compatible; GPTBot/1.3; +https://openai.com/gptbot)"
74.7.243.248 - - [07/Feb/2026:08:13:21 -0500] "GET /ctg/search/similarImageSearchResultView/?ctgItemCd=303787299990 HTTP/1.1" 404 1251 "https://blog.newkolkata.in/ite/299990pcywtid.html" "Mozilla/5.0 AppleWebKit/537.36 (KHTML, like Gecko; compatible; GPTBot/1.3; +https://openai.com/gptbot)"
74.7.243.248 - - [07/Feb/2026:08:13:24 -0500] "GET /ctg/search/similarImageSearchResultView/?ctgItemCd=241287237776 HTTP/1.1" 404 1251 "https://blog.newkolkata.in/get/237776sejmitems" "Mozilla/5.0 AppleWebKit/537.36 (KHTML, like Gecko; compatible; GPTBot/1.3; +https://openai.com/gptbot)"
74.7.243.248 - - [07/Feb/2026:08:13:28 -0500] "GET /ctg/search/similarImageSearchResultView/?ctgItemCd=122256117915 HTTP/1.1" 404 1251 "https://blog.newkolkata.in/getidm670/117915jahtitems.htm" "Mozilla/5.0 AppleWebKit/537.36 (KHTML, like Gecko; compatible; GPTBot/1.3; +https://openai.com/gptbot)"
74.7.243.248 - - [07/Feb/2026:08:13:31 -0500] "GET /ctg/search/similarImageSearchResultView/?ctgItemCd=151117147630 HTTP/1.1" 404 1251 "https://blog.newkolkata.in/get/147630cejpitems" "Mozilla/5.0 AppleWebKit/537.36 (KHTML, like Gecko; compatible; GPTBot/1.3; +https://openai.com/gptbot)"
74.7.243.248 - - [07/Feb/2026:08:13:34 -0500] "GET /ctg/search/similarImageSearchResultView/?ctgItemCd=240422236413 HTTP/1.1" 404 1251 "https://blog.newkolkata.in/getidm3046/236413jahtitems" "Mozilla/5.0 AppleWebKit/537.36 (KHTML, like Gecko; compatible; GPTBot/1.3; +https://openai.com/gptbot)"
74.7.243.248 - - [07/Feb/2026:08:13:37 -0500] "GET /ctg/search/similarImageSearchResultView/?ctgItemCd=218880214454 HTTP/1.1" 404 1251 "https://blog.newkolkata.in/items/214454tjvftidm575666.html" "Mozilla/5.0 AppleWebKit/537.36 (KHTML, like Gecko; compatible; GPTBot/1.3; +https://openai.com/gptbot)"
66.249.66.43 - - [07/Feb/2026:08:13:39 -0500] "GET /robots.txt HTTP/1.1" 200 281 "-" "Mozilla/5.0 (compatible; Googlebot/2.1; +http://www.google.com/bot.html)"
74.7.243.248 - - [07/Feb/2026:08:13:40 -0500] "GET /ctg/search/similarImageSearchResultView/?ctgItemCd=230732226440 HTTP/1.1" 404 1251 "https://blog.newkolkata.in/getidm83/226440ccoyitems.htm" "Mozilla/5.0 AppleWebKit/537.36 (KHTML, like Gecko; compatible; GPTBot/1.3; +https://openai.com/gptbot)"
85.208.96.201 - - [07/Feb/2026:08:13:40 -0500] "GET /geti/126727tjvfitems HTTP/1.1" 404 1251 "-" "Mozilla/5.0 (compatible; SemrushBot/7~bl; +http://www.semrush.com/bot.html)"
74.7.243.248 - - [07/Feb/2026:08:13:43 -0500] "GET /ctg/search/similarImageSearchResultView/?ctgItemCd=171444167249 HTTP/1.1" 404 1251 "https://blog.newkolkata.in/items/167249jahttidm24.html" "Mozilla/5.0 AppleWebKit/537.36 (KHTML, like Gecko; compatible; GPTBot/1.3; +https://openai.com/gptbot)"
74.7.243.248 - - [07/Feb/2026:08:13:46 -0500] "GET /ctg/search/similarImageSearchResultView/?ctgItemCd=243000239483 HTTP/1.1" 404 1251 "https://blog.newkolkata.in/get/239483ulgpitems" "Mozilla/5.0 AppleWebKit/537.36 (KHTML, like Gecko; compatible; GPTBot/1.3; +https://openai.com/gptbot)"
74.7.243.248 - - [07/Feb/2026:08:13:49 -0500] "GET /ctg/search/similarImageSearchResultView/?ctgItemCd=259111254907 HTTP/1.1" 404 1251 "https://blog.newkolkata.in/getidm/254907ulgpitems.htm" "Mozilla/5.0 AppleWebKit/537.36 (KHTML, like Gecko; compatible; GPTBot/1.3; +https://openai.com/gptbot)"
74.7.243.248 - - [07/Feb/2026:08:13:52 -0500] "GET /ctg/search/similarImageSearchResultView/?ctgItemCd=203335199144 HTTP/1.1" 404 1251 "https://blog.newkolkata.in/items/199144zslytidm8.html" "Mozilla/5.0 AppleWebKit/537.36 (KHTML, like Gecko; compatible; GPTBot/1.3; +https://openai.com/gptbot)"
85.208.96.212 - - [07/Feb/2026:08:13:54 -0500] "GET /getidm6/15562tjvfitems HTTP/1.1" 404 1251 "-" "Mozilla/5.0 (compatible; SemrushBot/7~bl; +http://www.semrush.com/bot.html)"
74.7.243.248 - - [07/Feb/2026:08:13:55 -0500] "GET /ctg/search/similarImageSearchResultView/?ctgItemCd=133372129366 HTTP/1.1" 404 1251 "https://blog.newkolkata.in/geti/129366pcywitems.htm" "Mozilla/5.0 AppleWebKit/537.36 (KHTML, like Gecko; compatible; GPTBot/1.3; +https://openai.com/gptbot)"
74.7.243.248 - - [07/Feb/2026:08:13:59 -0500] "GET /ctg/search/similarImageSearchResultView/?ctgItemCd=115862111570 HTTP/1.1" 404 1251 "https://blog.newkolkata.in/getidm59/111570ccoyitems.htm" "Mozilla/5.0 AppleWebKit/537.36 (KHTML, like Gecko; compatible; GPTBot/1.3; +https://openai.com/gptbot)"
74.7.243.248 - - [07/Feb/2026:08:14:02 -0500] "GET /ctg/search/similarImageSearchResultView/?ctgItemCd=270322266439 HTTP/1.1" 404 1251 "https://blog.newkolkata.in/get/266439ccoyitems.htm" "Mozilla/5.0 AppleWebKit/537.36 (KHTML, like Gecko; compatible; GPTBot/1.3; +https://openai.com/gptbot)"
74.7.243.248 - - [07/Feb/2026:08:14:05 -0500] "GET /ctg/search/similarImageSearchResultView/?ctgItemCd=123767119990 HTTP/1.1" 404 1251 "https://blog.newkolkata.in/ite/119990ulgptid.html" "Mozilla/5.0 AppleWebKit/537.36 (KHTML, like Gecko; compatible; GPTBot/1.3; +https://openai.com/gptbot)"
74.7.243.248 - - [07/Feb/2026:08:14:08 -0500] "GET /ctg/search/similarImageSearchResultView/?ctgItemCd=322267318056 HTTP/1.1" 404 1251 "https://blog.newkolkata.in/getidm/318056pcywitems.htm" "Mozilla/5.0 AppleWebKit/537.36 (KHTML, like Gecko; compatible; GPTBot/1.3; +https://openai.com/gptbot)"
74.7.243.248 - - [07/Feb/2026:08:14:11 -0500] "GET /ctg/search/similarImageSearchResultView/?ctgItemCd=116354112226 HTTP/1.1" 404 1251 "https://blog.newkolkata.in/item/112226ccoytidm572.html" "Mozilla/5.0 AppleWebKit/537.36 (KHTML, like Gecko; compatible; GPTBot/1.3; +https://openai.com/gptbot)"
85.208.96.208 - - [07/Feb/2026:08:14:11 -0500] "GET /geti/1239mvrvitems.htm HTTP/1.1" 404 1251 "-" "Mozilla/5.0 (compatible; SemrushBot/7~bl; +http://www.semrush.com/bot.html)"
85.208.96.200 - - [07/Feb/2026:08:14:13 -0500] "GET /ite/30800cejptidm4.html HTTP/1.1" 404 1251 "-" "Mozilla/5.0 (compatible; SemrushBot/7~bl; +http://www.semrush.com/bot.html)"
74.7.243.248 - - [07/Feb/2026:08:14:14 -0500] "GET /ctg/search/similarImageSearchResultView/?ctgItemCd=235777231782 HTTP/1.1" 404 1251 "https://blog.newkolkata.in/items/231782ulgptid.html" "Mozilla/5.0 AppleWebKit/537.36 (KHTML, like Gecko; compatible; GPTBot/1.3; +https://openai.com/gptbot)"
74.7.243.248 - - [07/Feb/2026:08:14:17 -0500] "GET /ctg/search/similarImageSearchResultView/?ctgItemCd=202000197597 HTTP/1.1" 404 1251 "https://blog.newkolkata.in/items/197597kairtidm263020.html" "Mozilla/5.0 AppleWebKit/537.36 (KHTML, like Gecko; compatible; GPTBot/1.3; +https://openai.com/gptbot)"
74.7.243.248 - - [07/Feb/2026:08:14:21 -0500] "GET /ctg/search/similarImageSearchResultView/?ctgItemCd=222372218486 HTTP/1.1" 404 1251 "https://blog.newkolkata.in/item/218486ulgptid.html" "Mozilla/5.0 AppleWebKit/537.36 (KHTML, like Gecko; compatible; GPTBot/1.3; +https://openai.com/gptbot)"
74.7.243.248 - - [07/Feb/2026:08:14:24 -0500] "GET /ctg/search/similarImageSearchResultView/?ctgItemCd=250833246662 HTTP/1.1" 404 1251 "https://blog.newkolkata.in/items/246662pcywtidm5.html" "Mozilla/5.0 AppleWebKit/537.36 (KHTML, like Gecko; compatible; GPTBot/1.3; +https://openai.com/gptbot)"
74.7.243.248 - - [07/Feb/2026:08:14:27 -0500] "GET /ctg/search/similarImageSearchResultView/?ctgItemCd=175555171639 HTTP/1.1" 404 1251 "https://blog.newkolkata.in/get/171639zslyitems.htm" "Mozilla/5.0 AppleWebKit/537.36 (KHTML, like Gecko; compatible; GPTBot/1.3; +https://openai.com/gptbot)"
74.7.243.248 - - [07/Feb/2026:08:14:30 -0500] "GET /ctg/search/similarImageSearchResultView/?ctgItemCd=110827106666 HTTP/1.1" 404 1251 "https://blog.newkolkata.in/ite/106666tjvftidm75799.html" "Mozilla/5.0 AppleWebKit/537.36 (KHTML, like Gecko; compatible; GPTBot/1.3; +https://openai.com/gptbot)"
74.7.243.248 - - [07/Feb/2026:08:14:33 -0500] "GET /ctg/search/similarImageSearchResultView/?ctgItemCd=281698277706 HTTP/1.1" 404 1251 "https://blog.newkolkata.in/items/277706sejmtid.html" "Mozilla/5.0 AppleWebKit/537.36 (KHTML, like Gecko; compatible; GPTBot/1.3; +https://openai.com/gptbot)"
74.7.243.248 - - [07/Feb/2026:08:14:36 -0500] "GET /ctg/search/similarImageSearchResultView/?ctgItemCd=115289111602 HTTP/1.1" 404 1251 "https://blog.newkolkata.in/getid/111602kairitems" "Mozilla/5.0 AppleWebKit/537.36 (KHTML, like Gecko; compatible; GPTBot/1.3; +https://openai.com/gptbot)"
74.7.243.248 - - [07/Feb/2026:08:14:39 -0500] "GET /ctg/search/similarImageSearchResultView/?ctgItemCd=153334148972 HTTP/1.1" 404 1251 "https://blog.newkolkata.in/getidm710/148972tjvfitems.htm" "Mozilla/5.0 AppleWebKit/537.36 (KHTML, like Gecko; compatible; GPTBot/1.3; +https://openai.com/gptbot)"
74.7.243.248 - - [07/Feb/2026:08:14:42 -0500] "GET /ctg/search/similarImageSearchResultView/?ctgItemCd=299908296274 HTTP/1.1" 404 1251 "https://blog.newkolkata.in/geti/296274pcywitems" "Mozilla/5.0 AppleWebKit/537.36 (KHTML, like Gecko; compatible; GPTBot/1.3; +https://openai.com/gptbot)"
185.191.171.16 - - [07/Feb/2026:08:14:45 -0500] "GET /geti/238783zslyitems HTTP/1.1" 404 1251 "-" "Mozilla/5.0 (compatible; SemrushBot/7~bl; +http://www.semrush.com/bot.html)"
74.7.243.248 - - [07/Feb/2026:08:14:45 -0500] "GET /ctg/search/similarImageSearchResultView/?ctgItemCd=115620111434 HTTP/1.1" 404 1251 "https://blog.newkolkata.in/items/111434kairtidm57.html" "Mozilla/5.0 AppleWebKit/537.36 (KHTML, like Gecko; compatible; GPTBot/1.3; +https://openai.com/gptbot)"
74.7.243.248 - - [07/Feb/2026:08:14:49 -0500] "GET /ctg/search/similarImageSearchResultView/?ctgItemCd=111350106974 HTTP/1.1" 404 1251 "https://blog.newkolkata.in/getidm243/106974mvrvitems.htm" "Mozilla/5.0 AppleWebKit/537.36 (KHTML, like Gecko; compatible; GPTBot/1.3; +https://openai.com/gptbot)"
74.7.243.248 - - [07/Feb/2026:08:14:52 -0500] "GET /ctg/search/similarImageSearchResultView/?ctgItemCd=183236179222 HTTP/1.1" 404 1251 "https://blog.newkolkata.in/items/179222mvrvtid.html" "Mozilla/5.0 AppleWebKit/537.36 (KHTML, like Gecko; compatible; GPTBot/1.3; +https://openai.com/gptbot)"
74.7.243.248 - - [07/Feb/2026:08:14:55 -0500] "GET /ctg/search/similarImageSearchResultView/?ctgItemCd=274162270008 HTTP/1.1" 404 1251 "https://blog.newkolkata.in/items/270008tjvftidm6.html" "Mozilla/5.0 AppleWebKit/537.36 (KHTML, like Gecko; compatible; GPTBot/1.3; +https://openai.com/gptbot)"
185.191.171.9 - - [07/Feb/2026:08:14:57 -0500] "GET /get/254862jahtitems.htm HTTP/1.1" 404 1251 "-" "Mozilla/5.0 (compatible; SemrushBot/7~bl; +http://www.semrush.com/bot.html)"
74.7.243.248 - - [07/Feb/2026:08:14:58 -0500] "GET /ctg/search/similarImageSearchResultView/?ctgItemCd=220894216777 HTTP/1.1" 404 1251 "https://blog.newkolkata.in/getid/216777mvrvitems.htm" "Mozilla/5.0 AppleWebKit/537.36 (KHTML, like Gecko; compatible; GPTBot/1.3; +https://openai.com/gptbot)"
85.208.96.198 - - [07/Feb/2026:08:14:58 -0500] "GET /ite/37310cejptid.html HTTP/1.1" 404 1251 "-" "Mozilla/5.0 (compatible; SemrushBot/7~bl; +http://www.semrush.com/bot.html)"
74.7.243.248 - - [07/Feb/2026:08:15:01 -0500] "GET /ctg/search/similarImageSearchResultView/?ctgItemCd=160011155793 HTTP/1.1" 404 1251 "https://blog.newkolkata.in/getidm/155793pcywitems.htm" "Mozilla/5.0 AppleWebKit/537.36 (KHTML, like Gecko; compatible; GPTBot/1.3; +https://openai.com/gptbot)"
74.7.243.248 - - [07/Feb/2026:08:15:04 -0500] "GET /ctg/search/similarImageSearchResultView/?ctgItemCd=250008246478 HTTP/1.1" 404 1251 "https://blog.newkolkata.in/get/246478pcywitems" "Mozilla/5.0 AppleWebKit/537.36 (KHTML, like Gecko; compatible; GPTBot/1.3; +https://openai.com/gptbot)"
74.7.243.248 - - [07/Feb/2026:08:15:08 -0500] "GET /ctg/search/similarImageSearchResultView/?ctgItemCd=240003235985 HTTP/1.1" 404 1251 "https://blog.newkolkata.in/ite/235985zslytidm61.html" "Mozilla/5.0 AppleWebKit/537.36 (KHTML, like Gecko; compatible; GPTBot/1.3; +https://openai.com/gptbot)"
74.7.243.248 - - [07/Feb/2026:08:15:11 -0500] "GET /ctg/search/similarImageSearchResultView/?ctgItemCd=271009266649 HTTP/1.1" 404 1251 "https://blog.newkolkata.in/getidm599/266649jahtitems.htm" "Mozilla/5.0 AppleWebKit/537.36 (KHTML, like Gecko; compatible; GPTBot/1.3; +https://openai.com/gptbot)"
74.7.243.248 - - [07/Feb/2026:08:15:14 -0500] "GET /ctg/search/similarImageSearchResultView/?ctgItemCd=190635186665 HTTP/1.1" 404 1251 "https://blog.newkolkata.in/ite/186665cejptidm61.html" "Mozilla/5.0 AppleWebKit/537.36 (KHTML, like Gecko; compatible; GPTBot/1.3; +https://openai.com/gptbot)"
