74.7.243.248 - - [07/Feb/2026:09:45:44 -0500] "GET /ctg/search/similarImageSearchResultView/?ctgItemCd=218512214303 HTTP/1.1" 404 1251 "https://blog.newkolkata.in/items/214303pcywtidm62.html" "Mozilla/5.0 AppleWebKit/537.36 (KHTML, like Gecko; compatible; GPTBot/1.3; +https://openai.com/gptbot)"
185.191.171.4 - - [07/Feb/2026:09:45:47 -0500] "GET /get/67030sejmitems HTTP/1.1" 404 1251 "-" "Mozilla/5.0 (compatible; SemrushBot/7~bl; +http://www.semrush.com/bot.html)"
74.7.243.248 - - [07/Feb/2026:09:45:47 -0500] "GET /ctg/search/similarImageSearchResultView/?ctgItemCd=148830144820 HTTP/1.1" 404 1251 "https://blog.newkolkata.in/items/144820mvrvtid.html" "Mozilla/5.0 AppleWebKit/537.36 (KHTML, like Gecko; compatible; GPTBot/1.3; +https://openai.com/gptbot)"
74.7.243.248 - - [07/Feb/2026:09:45:51 -0500] "GET /ctg/search/similarImageSearchResultView/?ctgItemCd=260757256539 HTTP/1.1" 404 1251 "https://blog.newkolkata.in/items/256539tjvftidm27.html" "Mozilla/5.0 AppleWebKit/537.36 (KHTML, like Gecko; compatible; GPTBot/1.3; +https://openai.com/gptbot)"
74.7.243.248 - - [07/Feb/2026:09:45:54 -0500] "GET /ctg/search/similarImageSearchResultView/?ctgItemCd=272533268391 HTTP/1.1" 404 1251 "https://blog.newkolkata.in/items/268391kairtidm1.html" "Mozilla/5.0 AppleWebKit/537.36 (KHTML, like Gecko; compatible; GPTBot/1.3; +https://openai.com/gptbot)"
74.7.243.248 - - [07/Feb/2026:09:45:57 -0500] "GET /ctg/search/similarImageSearchResultView/?ctgItemCd=256581252302 HTTP/1.1" 404 1251 "https://blog.newkolkata.in/item/252302cejptidm868317.html" "Mozilla/5.0 AppleWebKit/537.36 (KHTML, like Gecko; compatible; GPTBot/1.3; +https://openai.com/gptbot)"
74.7.243.248 - - [07/Feb/2026:09:46:00 -0500] "GET /ctg/search/similarImageSearchResultView/?ctgItemCd=169277165009 HTTP/1.1" 404 1251 "https://blog.newkolkata.in/getidm3/165009mvrvitems.htm" "Mozilla/5.0 AppleWebKit/537.36 (KHTML, like Gecko; compatible; GPTBot/1.3; +https://openai.com/gptbot)"
185.191.171.4 - - [07/Feb/2026:09:46:03 -0500] "GET /getid/44304tjvfitems.htm HTTP/1.1" 404 1251 "-" "Mozilla/5.0 (compatible; SemrushBot/7~bl; +http://www.semrush.com/bot.html)"
74.7.243.248 - - [07/Feb/2026:09:46:03 -0500] "GET /ctg/search/similarImageSearchResultView/?ctgItemCd=145398141698 HTTP/1.1" 404 1251 "https://blog.newkolkata.in/getid/141698cejpitems" "Mozilla/5.0 AppleWebKit/537.36 (KHTML, like Gecko; compatible; GPTBot/1.3; +https://openai.com/gptbot)"
74.7.243.248 - - [07/Feb/2026:09:46:07 -0500] "GET /ctg/search/similarImageSearchResultView/?ctgItemCd=137269132978 HTTP/1.1" 404 1251 "https://blog.newkolkata.in/getidm82/132978cejpitems.htm" "Mozilla/5.0 AppleWebKit/537.36 (KHTML, like Gecko; compatible; GPTBot/1.3; +https://openai.com/gptbot)"
74.7.243.248 - - [07/Feb/2026:09:46:10 -0500] "GET /ctg/search/similarImageSearchResultView/?ctgItemCd=109370104924 HTTP/1.1" 404 1251 "https://blog.newkolkata.in/items/104924zslytidm352579.html" "Mozilla/5.0 AppleWebKit/537.36 (KHTML, like Gecko; compatible; GPTBot/1.3; +https://openai.com/gptbot)"
74.7.243.248 - - [07/Feb/2026:09:46:13 -0500] "GET /ctg/search/similarImageSearchResultView/?ctgItemCd=132687128678 HTTP/1.1" 404 1251 "https://blog.newkolkata.in/item/128678pcywtidm.html" "Mozilla/5.0 AppleWebKit/537.36 (KHTML, like Gecko; compatible; GPTBot/1.3; +https://openai.com/gptbot)"
74.7.243.248 - - [07/Feb/2026:09:46:16 -0500] "GET /ctg/search/similarImageSearchResultView/?ctgItemCd=237893234088 HTTP/1.1" 404 1251 "https://blog.newkolkata.in/getidm/234088cejpitems" "Mozilla/5.0 AppleWebKit/537.36 (KHTML, like Gecko; compatible; GPTBot/1.3; +https://openai.com/gptbot)"
74.7.243.248 - - [07/Feb/2026:09:46:19 -0500] "GET /ctg/search/similarImageSearchResultView/?ctgItemCd=147754143450 HTTP/1.1" 404 1251 "https://blog.newkolkata.in/items/143450tjvftidm1470.html" "Mozilla/5.0 AppleWebKit/537.36 (KHTML, like Gecko; compatible; GPTBot/1.3; +https://openai.com/gptbot)"
74.7.243.248 - - [07/Feb/2026:09:46:22 -0500] "GET /ctg/search/similarImageSearchResultView/?ctgItemCd=210253206174 HTTP/1.1" 404 1251 "https://blog.newkolkata.in/items/206174cejptidm.html" "Mozilla/5.0 AppleWebKit/537.36 (KHTML, like Gecko; compatible; GPTBot/1.3; +https://openai.com/gptbot)"
74.7.243.248 - - [07/Feb/2026:09:46:25 -0500] "GET /ctg/search/similarImageSearchResultView/?ctgItemCd=263615259287 HTTP/1.1" 404 1251 "https://blog.newkolkata.in/getidm92/259287pcywitems.htm" "Mozilla/5.0 AppleWebKit/537.36 (KHTML, like Gecko; compatible; GPTBot/1.3; +https://openai.com/gptbot)"
185.191.171.15 - - [07/Feb/2026:09:46:25 -0500] "GET /getidm9/20794pcywitems HTTP/1.1" 404 1251 "-" "Mozilla/5.0 (compatible; SemrushBot/7~bl; +http://www.semrush.com/bot.html)"
74.7.243.248 - - [07/Feb/2026:09:46:28 -0500] "GET /ctg/search/similarImageSearchResultView/?ctgItemCd=283615279600 HTTP/1.1" 404 1251 "https://blog.newkolkata.in/items/279600mvrvtid.html" "Mozilla/5.0 AppleWebKit/537.36 (KHTML, like Gecko; compatible; GPTBot/1.3; +https://openai.com/gptbot)"
85.208.96.203 - - [07/Feb/2026:09:46:31 -0500] "GET /getid/134848cejpitems HTTP/1.1" 404 1251 "-" "Mozilla/5.0 (compatible; SemrushBot/7~bl; +http://www.semrush.com/bot.html)"
74.7.243.248 - - [07/Feb/2026:09:46:31 -0500] "GET /ctg/search/similarImageSearchResultView/?ctgItemCd=133733129751 HTTP/1.1" 404 1251 "https://blog.newkolkata.in/ite/129751sejmtidm85.html" "Mozilla/5.0 AppleWebKit/537.36 (KHTML, like Gecko; compatible; GPTBot/1.3; +https://openai.com/gptbot)"
85.208.96.206 - - [07/Feb/2026:09:46:34 -0500] "GET /getid/87448tjvfitems HTTP/1.1" 404 1251 "-" "Mozilla/5.0 (compatible; SemrushBot/7~bl; +http://www.semrush.com/bot.html)"
74.7.243.248 - - [07/Feb/2026:09:46:35 -0500] "GET /ctg/search/similarImageSearchResultView/?ctgItemCd=183759180248 HTTP/1.1" 404 1251 "https://blog.newkolkata.in/get/180248ulgpitems" "Mozilla/5.0 AppleWebKit/537.36 (KHTML, like Gecko; compatible; GPTBot/1.3; +https://openai.com/gptbot)"
85.208.96.207 - - [07/Feb/2026:09:46:35 -0500] "GET /getidm4/259162tjvfitems HTTP/1.1" 404 1251 "-" "Mozilla/5.0 (compatible; SemrushBot/7~bl; +http://www.semrush.com/bot.html)"
74.7.243.248 - - [07/Feb/2026:09:46:38 -0500] "GET /ctg/search/similarImageSearchResultView/?ctgItemCd=123789119826 HTTP/1.1" 404 1251 "https://blog.newkolkata.in/getidm453/119826cejpitems" "Mozilla/5.0 AppleWebKit/537.36 (KHTML, like Gecko; compatible; GPTBot/1.3; +https://openai.com/gptbot)"
74.7.243.248 - - [07/Feb/2026:09:46:41 -0500] "GET /ctg/search/similarImageSearchResultView/?ctgItemCd=201629197614 HTTP/1.1" 404 1251 "https://blog.newkolkata.in/geti/197614mvrvitems.htm" "Mozilla/5.0 AppleWebKit/537.36 (KHTML, like Gecko; compatible; GPTBot/1.3; +https://openai.com/gptbot)"
74.7.243.248 - - [07/Feb/2026:09:46:44 -0500] "GET /ctg/search/similarImageSearchResultView/?ctgItemCd=191393186995 HTTP/1.1" 404 1251 "https://blog.newkolkata.in/items/186995mvrvtidm55172.html" "Mozilla/5.0 AppleWebKit/537.36 (KHTML, like Gecko; compatible; GPTBot/1.3; +https://openai.com/gptbot)"
85.208.96.210 - - [07/Feb/2026:09:46:47 -0500] "GET /get/295174kairitems HTTP/1.1" 404 1251 "-" "Mozilla/5.0 (compatible; SemrushBot/7~bl; +http://www.semrush.com/bot.html)"
74.7.243.248 - - [07/Feb/2026:09:46:47 -0500] "GET /ctg/search/similarImageSearchResultView/?ctgItemCd=177956173535 HTTP/1.1" 404 1251 "https://blog.newkolkata.in/items/173535ccoytidm680789.html" "Mozilla/5.0 AppleWebKit/537.36 (KHTML, like Gecko; compatible; GPTBot/1.3; +https://openai.com/gptbot)"
74.7.243.248 - - [07/Feb/2026:09:46:50 -0500] "GET /ctg/search/similarImageSearchResultView/?ctgItemCd=169980165702 HTTP/1.1" 404 1251 "https://blog.newkolkata.in/getidm6/165702zslyitems.htm" "Mozilla/5.0 AppleWebKit/537.36 (KHTML, like Gecko; compatible; GPTBot/1.3; +https://openai.com/gptbot)"
185.191.171.13 - - [07/Feb/2026:09:46:52 -0500] "GET /getidm/223081jahtitems HTTP/1.1" 404 1251 "-" "Mozilla/5.0 (compatible; SemrushBot/7~bl; +http://www.semrush.com/bot.html)"
74.7.243.248 - - [07/Feb/2026:09:46:54 -0500] "GET /ctg/search/similarImageSearchResultView/?ctgItemCd=134122129827 HTTP/1.1" 404 1251 "https://blog.newkolkata.in/getidm78/129827cejpitems.htm" "Mozilla/5.0 AppleWebKit/537.36 (KHTML, like Gecko; compatible; GPTBot/1.3; +https://openai.com/gptbot)"
74.7.243.248 - - [07/Feb/2026:09:46:57 -0500] "GET /ctg/search/similarImageSearchResultView/?ctgItemCd=274651270763 HTTP/1.1" 404 1251 "https://blog.newkolkata.in/getidm2/270763pcywitems" "Mozilla/5.0 AppleWebKit/537.36 (KHTML, like Gecko; compatible; GPTBot/1.3; +https://openai.com/gptbot)"
74.7.243.248 - - [07/Feb/2026:09:47:00 -0500] "GET /ctg/search/similarImageSearchResultView/?ctgItemCd=267886263752 HTTP/1.1" 404 1251 "https://blog.newkolkata.in/item/263752jahttidm484.html" "Mozilla/5.0 AppleWebKit/537.36 (KHTML, like Gecko; compatible; GPTBot/1.3; +https://openai.com/gptbot)"
74.7.243.248 - - [07/Feb/2026:09:47:03 -0500] "GET /ctg/search/similarImageSearchResultView/?ctgItemCd=203015198909 HTTP/1.1" 404 1251 "https://blog.newkolkata.in/getid/198909tjvfitems.htm" "Mozilla/5.0 AppleWebKit/537.36 (KHTML, like Gecko; compatible; GPTBot/1.3; +https://openai.com/gptbot)"
74.7.243.248 - - [07/Feb/2026:09:47:06 -0500] "GET /ctg/search/similarImageSearchResultView/?ctgItemCd=144357140845 HTTP/1.1" 404 1251 "https://blog.newkolkata.in/get/140845tjvfitems" "Mozilla/5.0 AppleWebKit/537.36 (KHTML, like Gecko; compatible; GPTBot/1.3; +https://openai.com/gptbot)"
85.208.96.200 - - [07/Feb/2026:09:47:06 -0500] "GET /ite/95960mvrvtidm6.html HTTP/1.1" 404 1251 "-" "Mozilla/5.0 (compatible; SemrushBot/7~bl; +http://www.semrush.com/bot.html)"
74.7.243.248 - - [07/Feb/2026:09:47:09 -0500] "GET /ctg/search/similarImageSearchResultView/?ctgItemCd=197536193344 HTTP/1.1" 404 1251 "https://blog.newkolkata.in/getidm/193344sejmitems.htm" "Mozilla/5.0 AppleWebKit/537.36 (KHTML, like Gecko; compatible; GPTBot/1.3; +https://openai.com/gptbot)"
74.7.243.248 - - [07/Feb/2026:09:47:12 -0500] "GET /ctg/search/similarImageSearchResultView/?ctgItemCd=249976245866 HTTP/1.1" 404 1251 "https://blog.newkolkata.in/getid/245866pcywitems.htm" "Mozilla/5.0 AppleWebKit/537.36 (KHTML, like Gecko; compatible; GPTBot/1.3; +https://openai.com/gptbot)"
74.7.243.248 - - [07/Feb/2026:09:47:15 -0500] "GET /ctg/search/similarImageSearchResultView/?ctgItemCd=288041284161 HTTP/1.1" 404 1251 "https://blog.newkolkata.in/getidm6/284161tjvfitems" "Mozilla/5.0 AppleWebKit/537.36 (KHTML, like Gecko; compatible; GPTBot/1.3; +https://openai.com/gptbot)"
74.7.243.248 - - [07/Feb/2026:09:47:19 -0500] "GET /ctg/search/similarImageSearchResultView/?ctgItemCd=243916239562 HTTP/1.1" 404 1251 "https://blog.newkolkata.in/getidm348/239562sejmitems.htm" "Mozilla/5.0 AppleWebKit/537.36 (KHTML, like Gecko; compatible; GPTBot/1.3; +https://openai.com/gptbot)"
74.7.243.248 - - [07/Feb/2026:09:47:22 -0500] "GET /ctg/search/similarImageSearchResultView/?ctgItemCd=273325269362 HTTP/1.1" 404 1251 "https://blog.newkolkata.in/getidm83/269362zslyitems" "Mozilla/5.0 AppleWebKit/537.36 (KHTML, like Gecko; compatible; GPTBot/1.3; +https://openai.com/gptbot)"
74.7.243.248 - - [07/Feb/2026:09:47:25 -0500] "GET /ctg/search/similarImageSearchResultView/?ctgItemCd=161439157463 HTTP/1.1" 404 1251 "https://blog.newkolkata.in/items/157463cejptid.html" "Mozilla/5.0 AppleWebKit/537.36 (KHTML, like Gecko; compatible; GPTBot/1.3; +https://openai.com/gptbot)"
85.208.96.203 - - [07/Feb/2026:09:47:27 -0500] "GET /getid/139408sejmitems HTTP/1.1" 404 1251 "-" "Mozilla/5.0 (compatible; SemrushBot/7~bl; +http://www.semrush.com/bot.html)"
74.7.243.248 - - [07/Feb/2026:09:47:28 -0500] "GET /ctg/search/similarImageSearchResultView/?ctgItemCd=259819255630 HTTP/1.1" 404 1251 "https://blog.newkolkata.in/getidm/255630sejmitems.htm" "Mozilla/5.0 AppleWebKit/537.36 (KHTML, like Gecko; compatible; GPTBot/1.3; +https://openai.com/gptbot)"
74.7.243.248 - - [07/Feb/2026:09:47:31 -0500] "GET /ctg/search/similarImageSearchResultView/?ctgItemCd=159212154961 HTTP/1.1" 404 1251 "https://blog.newkolkata.in/items/154961kairtidm953.html" "Mozilla/5.0 AppleWebKit/537.36 (KHTML, like Gecko; compatible; GPTBot/1.3; +https://openai.com/gptbot)"
74.7.243.248 - - [07/Feb/2026:09:47:34 -0500] "GET /ctg/search/similarImageSearchResultView/?ctgItemCd=218216214098 HTTP/1.1" 404 1251 "https://blog.newkolkata.in/getid/214098zslyitems.htm" "Mozilla/5.0 AppleWebKit/537.36 (KHTML, like Gecko; compatible; GPTBot/1.3; +https://openai.com/gptbot)"
74.7.243.248 - - [07/Feb/2026:09:47:37 -0500] "GET /ctg/search/similarImageSearchResultView/?ctgItemCd=225078221078 HTTP/1.1" 404 1251 "https://blog.newkolkata.in/getidm852/221078mvrvitems" "Mozilla/5.0 AppleWebKit/537.36 (KHTML, like Gecko; compatible; GPTBot/1.3; +https://openai.com/gptbot)"
85.208.96.205 - - [07/Feb/2026:09:47:40 -0500] "GET /geti/212479mvrvitems HTTP/1.1" 404 1251 "-" "Mozilla/5.0 (compatible; SemrushBot/7~bl; +http://www.semrush.com/bot.html)"
74.7.243.248 - - [07/Feb/2026:09:47:41 -0500] "GET /ctg/search/similarImageSearchResultView/?ctgItemCd=164877160905 HTTP/1.1" 404 1251 "https://blog.newkolkata.in/geti/160905kairitems.htm" "Mozilla/5.0 AppleWebKit/537.36 (KHTML, like Gecko; compatible; GPTBot/1.3; +https://openai.com/gptbot)"
74.7.243.248 - - [07/Feb/2026:09:47:44 -0500] "GET /ctg/search/similarImageSearchResultView/?ctgItemCd=219482215310 HTTP/1.1" 404 1251 "https://blog.newkolkata.in/getidm/215310kairitems.htm" "Mozilla/5.0 AppleWebKit/537.36 (KHTML, like Gecko; compatible; GPTBot/1.3; +https://openai.com/gptbot)"
74.7.243.248 - - [07/Feb/2026:09:47:47 -0500] "GET /ctg/search/similarImageSearchResultView/?ctgItemCd=302074297739 HTTP/1.1" 404 1251 "https://blog.newkolkata.in/getidm77/297739pcywitems.htm" "Mozilla/5.0 AppleWebKit/537.36 (KHTML, like Gecko; compatible; GPTBot/1.3; +https://openai.com/gptbot)"
74.7.243.248 - - [07/Feb/2026:09:47:50 -0500] "GET /ctg/search/similarImageSearchResultView/?ctgItemCd=248405244517 HTTP/1.1" 404 1251 "https://blog.newkolkata.in/get/244517tjvfitems.htm" "Mozilla/5.0 AppleWebKit/537.36 (KHTML, like Gecko; compatible; GPTBot/1.3; +https://openai.com/gptbot)"
74.7.243.248 - - [07/Feb/2026:09:47:53 -0500] "GET /ctg/search/similarImageSearchResultView/?ctgItemCd=167643163385 HTTP/1.1" 404 1251 "https://blog.newkolkata.in/items/163385sejmtidm961.html" "Mozilla/5.0 AppleWebKit/537.36 (KHTML, like Gecko; compatible; GPTBot/1.3; +https://openai.com/gptbot)"
74.7.243.248 - - [07/Feb/2026:09:47:56 -0500] "GET /ctg/search/similarImageSearchResultView/?ctgItemCd=132063127761 HTTP/1.1" 404 1251 "https://blog.newkolkata.in/getidm86/127761sejmitems.htm" "Mozilla/5.0 AppleWebKit/537.36 (KHTML, like Gecko; compatible; GPTBot/1.3; +https://openai.com/gptbot)"
74.7.243.248 - - [07/Feb/2026:09:47:59 -0500] "GET /ctg/search/similarImageSearchResultView/?ctgItemCd=104372100404 HTTP/1.1" 404 1251 "https://blog.newkolkata.in/geti/100404sejmitems.htm" "Mozilla/5.0 AppleWebKit/537.36 (KHTML, like Gecko; compatible; GPTBot/1.3; +https://openai.com/gptbot)"
74.7.243.248 - - [07/Feb/2026:09:48:03 -0500] "GET /ctg/search/similarImageSearchResultView/?ctgItemCd=224481220570 HTTP/1.1" 404 1251 "https://blog.newkolkata.in/getidm59/220570jahtitems" "Mozilla/5.0 AppleWebKit/537.36 (KHTML, like Gecko; compatible; GPTBot/1.3; +https://openai.com/gptbot)"
74.7.243.248 - - [07/Feb/2026:09:48:06 -0500] "GET /ctg/search/similarImageSearchResultView/?ctgItemCd=218281214543 HTTP/1.1" 404 1251 "https://blog.newkolkata.in/getid/214543zslyitems" "Mozilla/5.0 AppleWebKit/537.36 (KHTML, like Gecko; compatible; GPTBot/1.3; +https://openai.com/gptbot)"
74.7.243.248 - - [07/Feb/2026:09:48:09 -0500] "GET /ctg/search/similarImageSearchResultView/?ctgItemCd=112995108675 HTTP/1.1" 404 1251 "https://blog.newkolkata.in/getidm45/108675pcywitems.htm" "Mozilla/5.0 AppleWebKit/537.36 (KHTML, like Gecko; compatible; GPTBot/1.3; +https://openai.com/gptbot)"
74.7.243.248 - - [07/Feb/2026:09:48:12 -0500] "GET /ctg/search/similarImageSearchResultView/?ctgItemCd=189791185610 HTTP/1.1" 404 1251 "https://blog.newkolkata.in/getidm/185610kairitems.htm" "Mozilla/5.0 AppleWebKit/537.36 (KHTML, like Gecko; compatible; GPTBot/1.3; +https://openai.com/gptbot)"
74.7.243.248 - - [07/Feb/2026:09:48:15 -0500] "GET /ctg/search/similarImageSearchResultView/?ctgItemCd=259792255931 HTTP/1.1" 404 1251 "https://blog.newkolkata.in/getidm8/255931cejpitems" "Mozilla/5.0 AppleWebKit/537.36 (KHTML, like Gecko; compatible; GPTBot/1.3; +https://openai.com/gptbot)"
185.191.171.6 - - [07/Feb/2026:09:48:16 -0500] "GET /getidm/162193mvrvitems HTTP/1.1" 404 1251 "-" "Mozilla/5.0 (compatible; SemrushBot/7~bl; +http://www.semrush.com/bot.html)"
85.208.96.203 - - [07/Feb/2026:09:48:17 -0500] "GET /geti/184783sejmitems HTTP/1.1" 404 1251 "-" "Mozilla/5.0 (compatible; SemrushBot/7~bl; +http://www.semrush.com/bot.html)"
74.7.243.248 - - [07/Feb/2026:09:48:19 -0500] "GET /ctg/search/similarImageSearchResultView/?ctgItemCd=278242274073 HTTP/1.1" 404 1251 "https://blog.newkolkata.in/item/274073zslytidm217.html" "Mozilla/5.0 AppleWebKit/537.36 (KHTML, like Gecko; compatible; GPTBot/1.3; +https://openai.com/gptbot)"
85.208.96.196 - - [07/Feb/2026:09:48:19 -0500] "GET /getidm7/129754ccoyitems HTTP/1.1" 404 1251 "-" "Mozilla/5.0 (compatible; SemrushBot/7~bl; +http://www.semrush.com/bot.html)"
74.7.243.248 - - [07/Feb/2026:09:48:22 -0500] "GET /ctg/search/similarImageSearchResultView/?ctgItemCd=10306199052 HTTP/1.1" 404 1251 "https://blog.newkolkata.in/getidm7426/99052mvrvitems" "Mozilla/5.0 AppleWebKit/537.36 (KHTML, like Gecko; compatible; GPTBot/1.3; +https://openai.com/gptbot)"
74.7.243.248 - - [07/Feb/2026:09:48:25 -0500] "GET /ctg/search/similarImageSearchResultView/?ctgItemCd=137983134176 HTTP/1.1" 404 1251 "https://blog.newkolkata.in/getidm/134176jahtitems" "Mozilla/5.0 AppleWebKit/537.36 (KHTML, like Gecko; compatible; GPTBot/1.3; +https://openai.com/gptbot)"
85.208.96.210 - - [07/Feb/2026:09:48:25 -0500] "GET /getidm1/12202pcywitems HTTP/1.1" 404 1251 "-" "Mozilla/5.0 (compatible; SemrushBot/7~bl; +http://www.semrush.com/bot.html)"
74.7.243.248 - - [07/Feb/2026:09:48:28 -0500] "GET /ctg/search/similarImageSearchResultView/?ctgItemCd=230065226157 HTTP/1.1" 404 1251 "https://blog.newkolkata.in/getidm54/226157cejpitems" "Mozilla/5.0 AppleWebKit/537.36 (KHTML, like Gecko; compatible; GPTBot/1.3; +https://openai.com/gptbot)"
74.7.243.248 - - [07/Feb/2026:09:48:31 -0500] "GET /ctg/search/similarImageSearchResultView/?ctgItemCd=259969256100 HTTP/1.1" 404 1251 "https://blog.newkolkata.in/getidm3/256100tjvfitems" "Mozilla/5.0 AppleWebKit/537.36 (KHTML, like Gecko; compatible; GPTBot/1.3; +https://openai.com/gptbot)"
74.7.243.248 - - [07/Feb/2026:09:48:34 -0500] "GET /ctg/search/similarImageSearchResultView/?ctgItemCd=143830139481 HTTP/1.1" 404 1251 "https://blog.newkolkata.in/getidm784/139481kairitems.htm" "Mozilla/5.0 AppleWebKit/537.36 (KHTML, like Gecko; compatible; GPTBot/1.3; +https://openai.com/gptbot)"
74.7.243.248 - - [07/Feb/2026:09:48:37 -0500] "GET /ctg/search/similarImageSearchResultView/?ctgItemCd=275261271426 HTTP/1.1" 404 1251 "https://blog.newkolkata.in/getidm/271426pcywitems" "Mozilla/5.0 AppleWebKit/537.36 (KHTML, like Gecko; compatible; GPTBot/1.3; +https://openai.com/gptbot)"
74.7.243.248 - - [07/Feb/2026:09:48:41 -0500] "GET /ctg/search/similarImageSearchResultView/?ctgItemCd=146420142575 HTTP/1.1" 404 1251 "https://blog.newkolkata.in/getidm/142575mvrvitems" "Mozilla/5.0 AppleWebKit/537.36 (KHTML, like Gecko; compatible; GPTBot/1.3; +https://openai.com/gptbot)"
85.208.96.204 - - [07/Feb/2026:09:48:41 -0500] "GET /geti/152383kairitems HTTP/1.1" 404 1251 "-" "Mozilla/5.0 (compatible; SemrushBot/7~bl; +http://www.semrush.com/bot.html)"
74.7.243.248 - - [07/Feb/2026:09:48:44 -0500] "GET /ctg/search/similarImageSearchResultView/?ctgItemCd=208792204767 HTTP/1.1" 404 1251 "https://blog.newkolkata.in/getidm1149/204767ccoyitems" "Mozilla/5.0 AppleWebKit/537.36 (KHTML, like Gecko; compatible; GPTBot/1.3; +https://openai.com/gptbot)"
74.7.243.248 - - [07/Feb/2026:09:48:47 -0500] "GET /ctg/search/similarImageSearchResultView/?ctgItemCd=163600159657 HTTP/1.1" 404 1251 "https://blog.newkolkata.in/getidm84/159657ulgpitems" "Mozilla/5.0 AppleWebKit/537.36 (KHTML, like Gecko; compatible; GPTBot/1.3; +https://openai.com/gptbot)"
74.7.243.248 - - [07/Feb/2026:09:48:50 -0500] "GET /ctg/search/similarImageSearchResultView/?ctgItemCd=297021292886 HTTP/1.1" 404 1251 "https://blog.newkolkata.in/items/292886mvrvtidm.html" "Mozilla/5.0 AppleWebKit/537.36 (KHTML, like Gecko; compatible; GPTBot/1.3; +https://openai.com/gptbot)"
185.191.171.7 - - [07/Feb/2026:09:48:51 -0500] "GET /geti/10831pcywitems HTTP/1.1" 404 1251 "-" "Mozilla/5.0 (compatible; SemrushBot/7~bl; +http://www.semrush.com/bot.html)"
74.7.243.248 - - [07/Feb/2026:09:48:53 -0500] "GET /ctg/search/similarImageSearchResultView/?ctgItemCd=296791292955 HTTP/1.1" 404 1251 "https://blog.newkolkata.in/getidm/292955tjvfitems" "Mozilla/5.0 AppleWebKit/537.36 (KHTML, like Gecko; compatible; GPTBot/1.3; +https://openai.com/gptbot)"
74.7.243.248 - - [07/Feb/2026:09:48:56 -0500] "GET /ctg/search/similarImageSearchResultView/?ctgItemCd=194257190179 HTTP/1.1" 404 1251 "https://blog.newkolkata.in/getid/190179jahtitems.htm" "Mozilla/5.0 AppleWebKit/537.36 (KHTML, like Gecko; compatible; GPTBot/1.3; +https://openai.com/gptbot)"
85.208.96.197 - - [07/Feb/2026:09:48:56 -0500] "GET /items/96134cejptid.html HTTP/1.1" 404 1251 "-" "Mozilla/5.0 (compatible; SemrushBot/7~bl; +http://www.semrush.com/bot.html)"
74.7.243.248 - - [07/Feb/2026:09:48:59 -0500] "GET /ctg/search/similarImageSearchResultView/?ctgItemCd=10051796445 HTTP/1.1" 404 1251 "https://blog.newkolkata.in/items/96445pcywtidm.html" "Mozilla/5.0 AppleWebKit/537.36 (KHTML, like Gecko; compatible; GPTBot/1.3; +https://openai.com/gptbot)"
74.7.243.248 - - [07/Feb/2026:09:49:03 -0500] "GET /ctg/search/similarImageSearchResultView/?ctgItemCd=234396230695 HTTP/1.1" 404 1251 "https://blog.newkolkata.in/getid/230695kairitems" "Mozilla/5.0 AppleWebKit/537.36 (KHTML, like Gecko; compatible; GPTBot/1.3; +https://openai.com/gptbot)"
74.7.243.248 - - [07/Feb/2026:09:49:06 -0500] "GET /ctg/search/similarImageSearchResultView/?ctgItemCd=289250285316 HTTP/1.1" 404 1251 "https://blog.newkolkata.in/getidm90/285316tjvfitems" "Mozilla/5.0 AppleWebKit/537.36 (KHTML, like Gecko; compatible; GPTBot/1.3; +https://openai.com/gptbot)"
74.7.243.248 - - [07/Feb/2026:09:49:09 -0500] "GET /ctg/search/similarImageSearchResultView/?ctgItemCd=126617122832 HTTP/1.1" 404 1251 "https://blog.newkolkata.in/ite/122832mvrvtid.html" "Mozilla/5.0 AppleWebKit/537.36 (KHTML, like Gecko; compatible; GPTBot/1.3; +https://openai.com/gptbot)"
74.7.243.248 - - [07/Feb/2026:09:49:12 -0500] "GET /ctg/search/similarImageSearchResultView/?ctgItemCd=173046169061 HTTP/1.1" 404 1251 "https://blog.newkolkata.in/items/169061ccoytid.html" "Mozilla/5.0 AppleWebKit/537.36 (KHTML, like Gecko; compatible; GPTBot/1.3; +https://openai.com/gptbot)"
74.7.243.248 - - [07/Feb/2026:09:49:15 -0500] "GET /ctg/search/similarImageSearchResultView/?ctgItemCd=260981256615 HTTP/1.1" 404 1251 "https://blog.newkolkata.in/getidm576/256615tjvfitems.htm" "Mozilla/5.0 AppleWebKit/537.36 (KHTML, like Gecko; compatible; GPTBot/1.3; +https://openai.com/gptbot)"
74.7.243.248 - - [07/Feb/2026:09:49:18 -0500] "GET /ctg/search/similarImageSearchResultView/?ctgItemCd=136086132391 HTTP/1.1" 404 1251 "https://blog.newkolkata.in/getid/132391kairitems" "Mozilla/5.0 AppleWebKit/537.36 (KHTML, like Gecko; compatible; GPTBot/1.3; +https://openai.com/gptbot)"
74.7.243.248 - - [07/Feb/2026:09:49:22 -0500] "GET /ctg/search/similarImageSearchResultView/?ctgItemCd=308792304484 HTTP/1.1" 404 1251 "https://blog.newkolkata.in/items/304484kairtidm9488.html" "Mozilla/5.0 AppleWebKit/537.36 (KHTML, like Gecko; compatible; GPTBot/1.3; +https://openai.com/gptbot)"
85.208.96.210 - - [07/Feb/2026:09:49:24 -0500] "GET /get/116661cejpitems.htm HTTP/1.1" 404 1251 "-" "Mozilla/5.0 (compatible; SemrushBot/7~bl; +http://www.semrush.com/bot.html)"
74.7.243.248 - - [07/Feb/2026:09:49:25 -0500] "GET /ctg/search/similarImageSearchResultView/?ctgItemCd=114127109794 HTTP/1.1" 404 1251 "https://blog.newkolkata.in/getidm92/109794mvrvitems.htm" "Mozilla/5.0 AppleWebKit/537.36 (KHTML, like Gecko; compatible; GPTBot/1.3; +https://openai.com/gptbot)"
74.7.243.248 - - [07/Feb/2026:09:49:28 -0500] "GET /ctg/search/similarImageSearchResultView/?ctgItemCd=124269120408 HTTP/1.1" 404 1251 "https://blog.newkolkata.in/get/120408kairitems.htm" "Mozilla/5.0 AppleWebKit/537.36 (KHTML, like Gecko; compatible; GPTBot/1.3; +https://openai.com/gptbot)"
74.7.243.248 - - [07/Feb/2026:09:49:31 -0500] "GET /ctg/search/similarImageSearchResultView/?ctgItemCd=114766110468 HTTP/1.1" 404 1251 "https://blog.newkolkata.in/items/110468ccoytidm3660.html" "Mozilla/5.0 AppleWebKit/537.36 (KHTML, like Gecko; compatible; GPTBot/1.3; +https://openai.com/gptbot)"
74.7.243.248 - - [07/Feb/2026:09:49:34 -0500] "GET /ctg/search/similarImageSearchResultView/?ctgItemCd=156332152283 HTTP/1.1" 404 1251 "https://blog.newkolkata.in/getidm7259/152283pcywitems" "Mozilla/5.0 AppleWebKit/537.36 (KHTML, like Gecko; compatible; GPTBot/1.3; +https://openai.com/gptbot)"
74.7.243.248 - - [07/Feb/2026:09:49:37 -0500] "GET /ctg/search/similarImageSearchResultView/?ctgItemCd=136215132024 HTTP/1.1" 404 1251 "https://blog.newkolkata.in/getidm/132024tjvfitems.htm" "Mozilla/5.0 AppleWebKit/537.36 (KHTML, like Gecko; compatible; GPTBot/1.3; +https://openai.com/gptbot)"
85.208.96.199 - - [07/Feb/2026:09:49:40 -0500] "GET /getid/147184cejpitems HTTP/1.1" 404 1251 "-" "Mozilla/5.0 (compatible; SemrushBot/7~bl; +http://www.semrush.com/bot.html)"
74.7.243.248 - - [07/Feb/2026:09:49:40 -0500] "GET /ctg/search/similarImageSearchResultView/?ctgItemCd=274834270873 HTTP/1.1" 404 1251 "https://blog.newkolkata.in/getidm46/270873zslyitems" "Mozilla/5.0 AppleWebKit/537.36 (KHTML, like Gecko; compatible; GPTBot/1.3; +https://openai.com/gptbot)"
74.7.243.248 - - [07/Feb/2026:09:49:44 -0500] "GET /ctg/search/similarImageSearchResultView/?ctgItemCd=167087163095 HTTP/1.1" 404 1251 "https://blog.newkolkata.in/geti/163095ulgpitems.htm" "Mozilla/5.0 AppleWebKit/537.36 (KHTML, like Gecko; compatible; GPTBot/1.3; +https://openai.com/gptbot)"
85.208.96.200 - - [07/Feb/2026:09:49:46 -0500] "GET /get/246777ccoyitems.htm HTTP/1.1" 404 1251 "-" "Mozilla/5.0 (compatible; SemrushBot/7~bl; +http://www.semrush.com/bot.html)"
74.7.243.248 - - [07/Feb/2026:09:49:47 -0500] "GET /ctg/search/similarImageSearchResultView/?ctgItemCd=294667290400 HTTP/1.1" 404 1251 "https://blog.newkolkata.in/getidm8/290400mvrvitems.htm" "Mozilla/5.0 AppleWebKit/537.36 (KHTML, like Gecko; compatible; GPTBot/1.3; +https://openai.com/gptbot)"
74.7.243.248 - - [07/Feb/2026:09:49:50 -0500] "GET /ctg/search/similarImageSearchResultView/?ctgItemCd=265812261583 HTTP/1.1" 404 1251 "https://blog.newkolkata.in/items/261583mvrvtidm35.html" "Mozilla/5.0 AppleWebKit/537.36 (KHTML, like Gecko; compatible; GPTBot/1.3; +https://openai.com/gptbot)"
74.7.243.248 - - [07/Feb/2026:09:49:53 -0500] "GET /ctg/search/similarImageSearchResultView/?ctgItemCd=238456234378 HTTP/1.1" 404 1251 "https://blog.newkolkata.in/getid/234378kairitems.htm" "Mozilla/5.0 AppleWebKit/537.36 (KHTML, like Gecko; compatible; GPTBot/1.3; +https://openai.com/gptbot)"
74.7.243.248 - - [07/Feb/2026:09:49:56 -0500] "GET /ctg/search/similarImageSearchResultView/?ctgItemCd=273244269725 HTTP/1.1" 404 1251 "https://blog.newkolkata.in/get/269725ulgpitems" "Mozilla/5.0 AppleWebKit/537.36 (KHTML, like Gecko; compatible; GPTBot/1.3; +https://openai.com/gptbot)"
74.7.243.248 - - [07/Feb/2026:09:49:59 -0500] "GET /ctg/search/similarImageSearchResultView/?ctgItemCd=184395180129 HTTP/1.1" 404 1251 "https://blog.newkolkata.in/getidm9/180129pcywitems.htm" "Mozilla/5.0 AppleWebKit/537.36 (KHTML, like Gecko; compatible; GPTBot/1.3; +https://openai.com/gptbot)"
74.7.243.248 - - [07/Feb/2026:09:50:02 -0500] "GET /ctg/search/similarImageSearchResultView/?ctgItemCd=288349284164 HTTP/1.1" 404 1251 "https://blog.newkolkata.in/getidm/284164kairitems.htm" "Mozilla/5.0 AppleWebKit/537.36 (KHTML, like Gecko; compatible; GPTBot/1.3; +https://openai.com/gptbot)"
74.7.243.248 - - [07/Feb/2026:09:50:05 -0500] "GET /ctg/search/similarImageSearchResultView/?ctgItemCd=265980261617 HTTP/1.1" 404 1251 "https://blog.newkolkata.in/getidm469/261617ulgpitems.htm" "Mozilla/5.0 AppleWebKit/537.36 (KHTML, like Gecko; compatible; GPTBot/1.3; +https://openai.com/gptbot)"
85.208.96.211 - - [07/Feb/2026:09:50:06 -0500] "GET /getid/264640sejmitems HTTP/1.1" 404 1251 "-" "Mozilla/5.0 (compatible; SemrushBot/7~bl; +http://www.semrush.com/bot.html)"
74.7.243.248 - - [07/Feb/2026:09:50:09 -0500] "GET /ctg/search/similarImageSearchResultView/?ctgItemCd=10071896755 HTTP/1.1" 404 1251 "https://blog.newkolkata.in/geti/96755pcywitems.htm" "Mozilla/5.0 AppleWebKit/537.36 (KHTML, like Gecko; compatible; GPTBot/1.3; +https://openai.com/gptbot)"
74.7.243.248 - - [07/Feb/2026:09:50:12 -0500] "GET /ctg/search/similarImageSearchResultView/?ctgItemCd=280321276438 HTTP/1.1" 404 1251 "https://blog.newkolkata.in/get/276438ccoyitems.htm" "Mozilla/5.0 AppleWebKit/537.36 (KHTML, like Gecko; compatible; GPTBot/1.3; +https://openai.com/gptbot)"
74.7.243.248 - - [07/Feb/2026:09:50:15 -0500] "GET /ctg/search/similarImageSearchResultView/?ctgItemCd=265689261601 HTTP/1.1" 404 1251 "https://blog.newkolkata.in/ite/261601tjvftidm7680.html" "Mozilla/5.0 AppleWebKit/537.36 (KHTML, like Gecko; compatible; GPTBot/1.3; +https://openai.com/gptbot)"
74.7.243.248 - - [07/Feb/2026:09:50:18 -0500] "GET /ctg/search/similarImageSearchResultView/?ctgItemCd=201870197601 HTTP/1.1" 404 1251 "https://blog.newkolkata.in/getidm9/197601pcywitems.htm" "Mozilla/5.0 AppleWebKit/537.36 (KHTML, like Gecko; compatible; GPTBot/1.3; +https://openai.com/gptbot)"
74.7.243.248 - - [07/Feb/2026:09:50:21 -0500] "GET /ctg/search/similarImageSearchResultView/?ctgItemCd=149496145462 HTTP/1.1" 404 1251 "https://blog.newkolkata.in/getidm8046/145462ulgpitems" "Mozilla/5.0 AppleWebKit/537.36 (KHTML, like Gecko; compatible; GPTBot/1.3; +https://openai.com/gptbot)"
74.7.243.248 - - [07/Feb/2026:09:50:25 -0500] "GET /ctg/search/similarImageSearchResultView/?ctgItemCd=287645283557 HTTP/1.1" 404 1251 "https://blog.newkolkata.in/getid/283557ccoyitems.htm" "Mozilla/5.0 AppleWebKit/537.36 (KHTML, like Gecko; compatible; GPTBot/1.3; +https://openai.com/gptbot)"
74.7.243.248 - - [07/Feb/2026:09:50:28 -0500] "GET /ctg/search/similarImageSearchResultView/?ctgItemCd=193975189885 HTTP/1.1" 404 1251 "https://blog.newkolkata.in/getid/189885jahtitems.htm" "Mozilla/5.0 AppleWebKit/537.36 (KHTML, like Gecko; compatible; GPTBot/1.3; +https://openai.com/gptbot)"
185.191.171.12 - - [07/Feb/2026:09:50:31 -0500] "GET /getidm/124321sejmitems HTTP/1.1" 404 1251 "-" "Mozilla/5.0 (compatible; SemrushBot/7~bl; +http://www.semrush.com/bot.html)"
74.7.243.248 - - [07/Feb/2026:09:50:31 -0500] "GET /ctg/search/similarImageSearchResultView/?ctgItemCd=257601253404 HTTP/1.1" 404 1251 "https://blog.newkolkata.in/getidm/253404tjvfitems.htm" "Mozilla/5.0 AppleWebKit/537.36 (KHTML, like Gecko; compatible; GPTBot/1.3; +https://openai.com/gptbot)"
85.208.96.202 - - [07/Feb/2026:09:50:33 -0500] "GET /getidm/278497cejpitems HTTP/1.1" 404 1251 "-" "Mozilla/5.0 (compatible; SemrushBot/7~bl; +http://www.semrush.com/bot.html)"
74.7.243.248 - - [07/Feb/2026:09:50:34 -0500] "GET /ctg/search/similarImageSearchResultView/?ctgItemCd=231386227476 HTTP/1.1" 404 1251 "https://blog.newkolkata.in/getidm15/227476cejpitems" "Mozilla/5.0 AppleWebKit/537.36 (KHTML, like Gecko; compatible; GPTBot/1.3; +https://openai.com/gptbot)"
74.7.243.248 - - [07/Feb/2026:09:50:37 -0500] "GET /ctg/search/similarImageSearchResultView/?ctgItemCd=162119157820 HTTP/1.1" 404 1251 "https://blog.newkolkata.in/getidm57/157820sejmitems.htm" "Mozilla/5.0 AppleWebKit/537.36 (KHTML, like Gecko; compatible; GPTBot/1.3; +https://openai.com/gptbot)"
74.7.243.248 - - [07/Feb/2026:09:50:40 -0500] "GET /ctg/search/similarImageSearchResultView/?ctgItemCd=104384100317 HTTP/1.1" 404 1251 "https://blog.newkolkata.in/ite/100317jahttidm9239.html" "Mozilla/5.0 AppleWebKit/537.36 (KHTML, like Gecko; compatible; GPTBot/1.3; +https://openai.com/gptbot)"
74.7.243.248 - - [07/Feb/2026:09:50:44 -0500] "GET /ctg/search/similarImageSearchResultView/?ctgItemCd=161340157182 HTTP/1.1" 404 1251 "https://blog.newkolkata.in/ite/157182pcywtidm38960.html" "Mozilla/5.0 AppleWebKit/537.36 (KHTML, like Gecko; compatible; GPTBot/1.3; +https://openai.com/gptbot)"
74.7.243.248 - - [07/Feb/2026:09:50:47 -0500] "GET /ctg/search/similarImageSearchResultView/?ctgItemCd=254535250492 HTTP/1.1" 404 1251 "https://blog.newkolkata.in/getidm8125/250492pcywitems" "Mozilla/5.0 AppleWebKit/537.36 (KHTML, like Gecko; compatible; GPTBot/1.3; +https://openai.com/gptbot)"
85.208.96.208 - - [07/Feb/2026:09:50:48 -0500] "GET /get/108214ccoyitems HTTP/1.1" 404 1251 "-" "Mozilla/5.0 (compatible; SemrushBot/7~bl; +http://www.semrush.com/bot.html)"
74.7.243.248 - - [07/Feb/2026:09:50:50 -0500] "GET /ctg/search/similarImageSearchResultView/?ctgItemCd=225191220931 HTTP/1.1" 404 1251 "https://blog.newkolkata.in/getidm7/220931pcywitems.htm" "Mozilla/5.0 AppleWebKit/537.36 (KHTML, like Gecko; compatible; GPTBot/1.3; +https://openai.com/gptbot)"
185.191.171.7 - - [07/Feb/2026:09:50:50 -0500] "GET /getidm/267145sejmitems HTTP/1.1" 404 1251 "-" "Mozilla/5.0 (compatible; SemrushBot/7~bl; +http://www.semrush.com/bot.html)"
85.208.96.210 - - [07/Feb/2026:09:50:52 -0500] "GET /getidm/155871pcywitems.htm HTTP/1.1" 404 1251 "-" "Mozilla/5.0 (compatible; SemrushBot/7~bl; +http://www.semrush.com/bot.html)"
74.7.243.248 - - [07/Feb/2026:09:50:53 -0500] "GET /ctg/search/similarImageSearchResultView/?ctgItemCd=268654264349 HTTP/1.1" 404 1251 "https://blog.newkolkata.in/getidm68/264349ccoyitems.htm" "Mozilla/5.0 AppleWebKit/537.36 (KHTML, like Gecko; compatible; GPTBot/1.3; +https://openai.com/gptbot)"
74.7.243.248 - - [07/Feb/2026:09:50:56 -0500] "GET /ctg/search/similarImageSearchResultView/?ctgItemCd=237108232925 HTTP/1.1" 404 1251 "https://blog.newkolkata.in/ite/232925ccoytidm822454.html" "Mozilla/5.0 AppleWebKit/537.36 (KHTML, like Gecko; compatible; GPTBot/1.3; +https://openai.com/gptbot)"
85.208.96.195 - - [07/Feb/2026:09:50:59 -0500] "GET /getidm39/16675pcywitems HTTP/1.1" 404 1251 "-" "Mozilla/5.0 (compatible; SemrushBot/7~bl; +http://www.semrush.com/bot.html)"
74.7.243.248 - - [07/Feb/2026:09:50:59 -0500] "GET /ctg/search/similarImageSearchResultView/?ctgItemCd=292473288168 HTTP/1.1" 404 1251 "https://blog.newkolkata.in/getidm97/288168kairitems.htm" "Mozilla/5.0 AppleWebKit/537.36 (KHTML, like Gecko; compatible; GPTBot/1.3; +https://openai.com/gptbot)"
74.7.243.248 - - [07/Feb/2026:09:51:02 -0500] "GET /ctg/search/similarImageSearchResultView/?ctgItemCd=201953198052 HTTP/1.1" 404 1251 "https://blog.newkolkata.in/item/198052mvrvtid.html" "Mozilla/5.0 AppleWebKit/537.36 (KHTML, like Gecko; compatible; GPTBot/1.3; +https://openai.com/gptbot)"
85.208.96.212 - - [07/Feb/2026:09:51:03 -0500] "GET /getidm/134199cejpitems.htm HTTP/1.1" 404 1251 "-" "Mozilla/5.0 (compatible; SemrushBot/7~bl; +http://www.semrush.com/bot.html)"
74.7.243.248 - - [07/Feb/2026:09:51:05 -0500] "GET /ctg/search/similarImageSearchResultView/?ctgItemCd=264418260714 HTTP/1.1" 404 1251 "https://blog.newkolkata.in/getid/260714sejmitems" "Mozilla/5.0 AppleWebKit/537.36 (KHTML, like Gecko; compatible; GPTBot/1.3; +https://openai.com/gptbot)"
74.7.243.248 - - [07/Feb/2026:09:51:08 -0500] "GET /ctg/search/similarImageSearchResultView/?ctgItemCd=112176107819 HTTP/1.1" 404 1251 "https://blog.newkolkata.in/items/107819ccoytidm11945.html" "Mozilla/5.0 AppleWebKit/537.36 (KHTML, like Gecko; compatible; GPTBot/1.3; +https://openai.com/gptbot)"
74.7.243.248 - - [07/Feb/2026:09:51:12 -0500] "GET /ctg/search/similarImageSearchResultView/?ctgItemCd=275841272113 HTTP/1.1" 404 1251 "https://blog.newkolkata.in/getid/272113mvrvitems" "Mozilla/5.0 AppleWebKit/537.36 (KHTML, like Gecko; compatible; GPTBot/1.3; +https://openai.com/gptbot)"
74.7.243.248 - - [07/Feb/2026:09:51:15 -0500] "GET /ctg/search/similarImageSearchResultView/?ctgItemCd=185849181906 HTTP/1.1" 404 1251 "https://blog.newkolkata.in/getidm27/181906pcywitems" "Mozilla/5.0 AppleWebKit/537.36 (KHTML, like Gecko; compatible; GPTBot/1.3; +https://openai.com/gptbot)"
74.7.243.248 - - [07/Feb/2026:09:51:18 -0500] "GET /ctg/search/similarImageSearchResultView/?ctgItemCd=273123268699 HTTP/1.1" 404 1251 "https://blog.newkolkata.in/items/268699ccoytidm862009.html" "Mozilla/5.0 AppleWebKit/537.36 (KHTML, like Gecko; compatible; GPTBot/1.3; +https://openai.com/gptbot)"
74.7.243.248 - - [07/Feb/2026:09:51:21 -0500] "GET /ctg/search/similarImageSearchResultView/?ctgItemCd=267271263396 HTTP/1.1" 404 1251 "https://blog.newkolkata.in/get/263396kairitems.htm" "Mozilla/5.0 AppleWebKit/537.36 (KHTML, like Gecko; compatible; GPTBot/1.3; +https://openai.com/gptbot)"
74.7.243.248 - - [07/Feb/2026:09:51:24 -0500] "GET /ctg/search/similarImageSearchResultView/?ctgItemCd=126280122767 HTTP/1.1" 404 1251 "https://blog.newkolkata.in/get/122767ulgpitems" "Mozilla/5.0 AppleWebKit/537.36 (KHTML, like Gecko; compatible; GPTBot/1.3; +https://openai.com/gptbot)"
74.7.243.248 - - [07/Feb/2026:09:51:27 -0500] "GET /ctg/search/similarImageSearchResultView/?ctgItemCd=270275266035 HTTP/1.1" 404 1251 "https://blog.newkolkata.in/getidm2/266035sejmitems.htm" "Mozilla/5.0 AppleWebKit/537.36 (KHTML, like Gecko; compatible; GPTBot/1.3; +https://openai.com/gptbot)"
74.7.243.248 - - [07/Feb/2026:09:51:30 -0500] "GET /ctg/search/similarImageSearchResultView/?ctgItemCd=275597272071 HTTP/1.1" 404 1251 "https://blog.newkolkata.in/get/272071mvrvitems" "Mozilla/5.0 AppleWebKit/537.36 (KHTML, like Gecko; compatible; GPTBot/1.3; +https://openai.com/gptbot)"
74.7.243.248 - - [07/Feb/2026:09:51:33 -0500] "GET /ctg/search/similarImageSearchResultView/?ctgItemCd=150121146052 HTTP/1.1" 404 1251 "https://blog.newkolkata.in/getid/146052kairitems.htm" "Mozilla/5.0 AppleWebKit/537.36 (KHTML, like Gecko; compatible; GPTBot/1.3; +https://openai.com/gptbot)"
185.191.171.13 - - [07/Feb/2026:09:51:36 -0500] "GET /geti/188287zslyitems HTTP/1.1" 404 1251 "-" "Mozilla/5.0 (compatible; SemrushBot/7~bl; +http://www.semrush.com/bot.html)"
74.7.243.248 - - [07/Feb/2026:09:51:36 -0500] "GET /ctg/search/similarImageSearchResultView/?ctgItemCd=172689168617 HTTP/1.1" 404 1251 "https://blog.newkolkata.in/item/168617zslytidm3.html" "Mozilla/5.0 AppleWebKit/537.36 (KHTML, like Gecko; compatible; GPTBot/1.3; +https://openai.com/gptbot)"
74.7.243.248 - - [07/Feb/2026:09:51:40 -0500] "GET /ctg/search/similarImageSearchResultView/?ctgItemCd=233611229728 HTTP/1.1" 404 1251 "https://blog.newkolkata.in/get/229728ccoyitems.htm" "Mozilla/5.0 AppleWebKit/537.36 (KHTML, like Gecko; compatible; GPTBot/1.3; +https://openai.com/gptbot)"
74.7.243.248 - - [07/Feb/2026:09:51:43 -0500] "GET /ctg/search/similarImageSearchResultView/?ctgItemCd=150755147137 HTTP/1.1" 404 1251 "https://blog.newkolkata.in/geti/147137tjvfitems" "Mozilla/5.0 AppleWebKit/537.36 (KHTML, like Gecko; compatible; GPTBot/1.3; +https://openai.com/gptbot)"
85.208.96.200 - - [07/Feb/2026:09:51:43 -0500] "GET /getidm/205242pcywitems.htm HTTP/1.1" 404 1251 "-" "Mozilla/5.0 (compatible; SemrushBot/7~bl; +http://www.semrush.com/bot.html)"
74.7.243.248 - - [07/Feb/2026:09:51:46 -0500] "GET /ctg/search/similarImageSearchResultView/?ctgItemCd=154673150678 HTTP/1.1" 404 1251 "https://blog.newkolkata.in/geti/150678ulgpitems.htm" "Mozilla/5.0 AppleWebKit/537.36 (KHTML, like Gecko; compatible; GPTBot/1.3; +https://openai.com/gptbot)"
74.7.243.248 - - [07/Feb/2026:09:51:49 -0500] "GET /ctg/search/similarImageSearchResultView/?ctgItemCd=242706238515 HTTP/1.1" 404 1251 "https://blog.newkolkata.in/getidm/238515ccoyitems.htm" "Mozilla/5.0 AppleWebKit/537.36 (KHTML, like Gecko; compatible; GPTBot/1.3; +https://openai.com/gptbot)"
74.7.243.248 - - [07/Feb/2026:09:51:52 -0500] "GET /ctg/search/similarImageSearchResultView/?ctgItemCd=162388158336 HTTP/1.1" 404 1251 "https://blog.newkolkata.in/item/158336pcywtidm1.html" "Mozilla/5.0 AppleWebKit/537.36 (KHTML, like Gecko; compatible; GPTBot/1.3; +https://openai.com/gptbot)"
74.7.243.248 - - [07/Feb/2026:09:51:55 -0500] "GET /ctg/search/similarImageSearchResultView/?ctgItemCd=219369215535 HTTP/1.1" 404 1251 "https://blog.newkolkata.in/getidm/215535pcywitems" "Mozilla/5.0 AppleWebKit/537.36 (KHTML, like Gecko; compatible; GPTBot/1.3; +https://openai.com/gptbot)"
74.7.243.248 - - [07/Feb/2026:09:51:58 -0500] "GET /ctg/search/similarImageSearchResultView/?ctgItemCd=236310232615 HTTP/1.1" 404 1251 "https://blog.newkolkata.in/getid/232615jahtitems" "Mozilla/5.0 AppleWebKit/537.36 (KHTML, like Gecko; compatible; GPTBot/1.3; +https://openai.com/gptbot)"
74.7.243.248 - - [07/Feb/2026:09:52:01 -0500] "GET /ctg/search/similarImageSearchResultView/?ctgItemCd=270963267334 HTTP/1.1" 404 1251 "https://blog.newkolkata.in/geti/267334pcywitems" "Mozilla/5.0 AppleWebKit/537.36 (KHTML, like Gecko; compatible; GPTBot/1.3; +https://openai.com/gptbot)"
74.7.243.248 - - [07/Feb/2026:09:52:05 -0500] "GET /ctg/search/similarImageSearchResultView/?ctgItemCd=142789138500 HTTP/1.1" 404 1251 "https://blog.newkolkata.in/getidm53/138500sejmitems.htm" "Mozilla/5.0 AppleWebKit/537.36 (KHTML, like Gecko; compatible; GPTBot/1.3; +https://openai.com/gptbot)"
74.7.243.248 - - [07/Feb/2026:09:52:08 -0500] "GET /ctg/search/similarImageSearchResultView/?ctgItemCd=185337181687 HTTP/1.1" 404 1251 "https://blog.newkolkata.in/geti/181687zslyitems" "Mozilla/5.0 AppleWebKit/537.36 (KHTML, like Gecko; compatible; GPTBot/1.3; +https://openai.com/gptbot)"
74.7.243.248 - - [07/Feb/2026:09:52:11 -0500] "GET /ctg/search/similarImageSearchResultView/?ctgItemCd=253120249008 HTTP/1.1" 404 1251 "https://blog.newkolkata.in/item/249008mvrvtidm35.html" "Mozilla/5.0 AppleWebKit/537.36 (KHTML, like Gecko; compatible; GPTBot/1.3; +https://openai.com/gptbot)"
74.7.243.248 - - [07/Feb/2026:09:52:14 -0500] "GET /ctg/search/similarImageSearchResultView/?ctgItemCd=173061168819 HTTP/1.1" 404 1251 "https://blog.newkolkata.in/items/168819mvrvtidm58.html" "Mozilla/5.0 AppleWebKit/537.36 (KHTML, like Gecko; compatible; GPTBot/1.3; +https://openai.com/gptbot)"
74.7.243.248 - - [07/Feb/2026:09:52:17 -0500] "GET /ctg/search/similarImageSearchResultView/?ctgItemCd=178380174035 HTTP/1.1" 404 1251 "https://blog.newkolkata.in/items/174035kairtidm90075.html" "Mozilla/5.0 AppleWebKit/537.36 (KHTML, like Gecko; compatible; GPTBot/1.3; +https://openai.com/gptbot)"
85.208.96.201 - - [07/Feb/2026:09:52:19 -0500] "GET /getidm5/161482zslyitems HTTP/1.1" 404 1251 "-" "Mozilla/5.0 (compatible; SemrushBot/7~bl; +http://www.semrush.com/bot.html)"
74.7.243.248 - - [07/Feb/2026:09:52:20 -0500] "GET /ctg/search/similarImageSearchResultView/?ctgItemCd=205732201751 HTTP/1.1" 404 1251 "https://blog.newkolkata.in/ite/201751tjvftidm37.html" "Mozilla/5.0 AppleWebKit/537.36 (KHTML, like Gecko; compatible; GPTBot/1.3; +https://openai.com/gptbot)"
74.7.243.248 - - [07/Feb/2026:09:52:23 -0500] "GET /ctg/search/similarImageSearchResultView/?ctgItemCd=151645147316 HTTP/1.1" 404 1251 "https://blog.newkolkata.in/getidm35/147316zslyitems.htm" "Mozilla/5.0 AppleWebKit/537.36 (KHTML, like Gecko; compatible; GPTBot/1.3; +https://openai.com/gptbot)"
185.191.171.11 - - [07/Feb/2026:09:52:26 -0500] "GET /getid/285064pcywitems HTTP/1.1" 404 1251 "-" "Mozilla/5.0 (compatible; SemrushBot/7~bl; +http://www.semrush.com/bot.html)"
74.7.243.248 - - [07/Feb/2026:09:52:27 -0500] "GET /ctg/search/similarImageSearchResultView/?ctgItemCd=221731217467 HTTP/1.1" 404 1251 "https://blog.newkolkata.in/getidm1/217467pcywitems.htm" "Mozilla/5.0 AppleWebKit/537.36 (KHTML, like Gecko; compatible; GPTBot/1.3; +https://openai.com/gptbot)"
85.208.96.202 - - [07/Feb/2026:09:52:27 -0500] "GET /getidm74/11899mvrvitems HTTP/1.1" 404 1251 "-" "Mozilla/5.0 (compatible; SemrushBot/7~bl; +http://www.semrush.com/bot.html)"
74.7.243.248 - - [07/Feb/2026:09:52:30 -0500] "GET /ctg/search/similarImageSearchResultView/?ctgItemCd=235756231371 HTTP/1.1" 404 1251 "https://blog.newkolkata.in/items/231371mvrvtidm65278.html" "Mozilla/5.0 AppleWebKit/537.36 (KHTML, like Gecko; compatible; GPTBot/1.3; +https://openai.com/gptbot)"
74.7.243.248 - - [07/Feb/2026:09:52:33 -0500] "GET /ctg/search/similarImageSearchResultView/?ctgItemCd=200166196645 HTTP/1.1" 404 1251 "https://blog.newkolkata.in/get/196645tjvfitems" "Mozilla/5.0 AppleWebKit/537.36 (KHTML, like Gecko; compatible; GPTBot/1.3; +https://openai.com/gptbot)"
74.7.243.248 - - [07/Feb/2026:09:52:36 -0500] "GET /ctg/search/similarImageSearchResultView/?ctgItemCd=287791283852 HTTP/1.1" 404 1251 "https://blog.newkolkata.in/getidm74/283852tjvfitems" "Mozilla/5.0 AppleWebKit/537.36 (KHTML, like Gecko; compatible; GPTBot/1.3; +https://openai.com/gptbot)"
85.208.96.197 - - [07/Feb/2026:09:52:39 -0500] "GET /get/104710cejpitems HTTP/1.1" 404 1251 "-" "Mozilla/5.0 (compatible; SemrushBot/7~bl; +http://www.semrush.com/bot.html)"
74.7.243.248 - - [07/Feb/2026:09:52:39 -0500] "GET /ctg/search/similarImageSearchResultView/?ctgItemCd=239713235845 HTTP/1.1" 404 1251 "https://blog.newkolkata.in/get/235845cejpitems.htm" "Mozilla/5.0 AppleWebKit/537.36 (KHTML, like Gecko; compatible; GPTBot/1.3; +https://openai.com/gptbot)"
74.7.243.248 - - [07/Feb/2026:09:52:42 -0500] "GET /ctg/search/similarImageSearchResultView/?ctgItemCd=271025267203 HTTP/1.1" 404 1251 "https://blog.newkolkata.in/getidm/267203ulgpitems" "Mozilla/5.0 AppleWebKit/537.36 (KHTML, like Gecko; compatible; GPTBot/1.3; +https://openai.com/gptbot)"
74.7.243.248 - - [07/Feb/2026:09:52:45 -0500] "GET /ctg/search/similarImageSearchResultView/?ctgItemCd=151916148313 HTTP/1.1" 404 1251 "https://blog.newkolkata.in/geti/148313ccoyitems" "Mozilla/5.0 AppleWebKit/537.36 (KHTML, like Gecko; compatible; GPTBot/1.3; +https://openai.com/gptbot)"
74.7.243.248 - - [07/Feb/2026:09:52:48 -0500] "GET /ctg/search/similarImageSearchResultView/?ctgItemCd=270514266704 HTTP/1.1" 404 1251 "https://blog.newkolkata.in/getidm/266704jahtitems" "Mozilla/5.0 AppleWebKit/537.36 (KHTML, like Gecko; compatible; GPTBot/1.3; +https://openai.com/gptbot)"
74.7.243.248 - - [07/Feb/2026:09:52:51 -0500] "GET /ctg/search/similarImageSearchResultView/?ctgItemCd=221231216930 HTTP/1.1" 404 1251 "https://blog.newkolkata.in/getidm70/216930ulgpitems.htm" "Mozilla/5.0 AppleWebKit/537.36 (KHTML, like Gecko; compatible; GPTBot/1.3; +https://openai.com/gptbot)"
74.7.243.248 - - [07/Feb/2026:09:52:55 -0500] "GET /ctg/search/similarImageSearchResultView/?ctgItemCd=150861146676 HTTP/1.1" 404 1251 "https://blog.newkolkata.in/getidm/146676cejpitems.htm" "Mozilla/5.0 AppleWebKit/537.36 (KHTML, like Gecko; compatible; GPTBot/1.3; +https://openai.com/gptbot)"
185.191.171.7 - - [07/Feb/2026:09:52:56 -0500] "GET /getidm4/129874mvrvitems HTTP/1.1" 404 1251 "-" "Mozilla/5.0 (compatible; SemrushBot/7~bl; +http://www.semrush.com/bot.html)"
74.7.243.248 - - [07/Feb/2026:09:52:58 -0500] "GET /ctg/search/similarImageSearchResultView/?ctgItemCd=124690120426 HTTP/1.1" 404 1251 "https://blog.newkolkata.in/getidm5/120426mvrvitems.htm" "Mozilla/5.0 AppleWebKit/537.36 (KHTML, like Gecko; compatible; GPTBot/1.3; +https://openai.com/gptbot)"
74.7.243.248 - - [07/Feb/2026:09:53:01 -0500] "GET /ctg/search/similarImageSearchResultView/?ctgItemCd=114485110288 HTTP/1.1" 404 1251 "https://blog.newkolkata.in/getidm/110288ulgpitems.htm" "Mozilla/5.0 AppleWebKit/537.36 (KHTML, like Gecko; compatible; GPTBot/1.3; +https://openai.com/gptbot)"
74.7.243.248 - - [07/Feb/2026:09:53:04 -0500] "GET /ctg/search/similarImageSearchResultView/?ctgItemCd=292144288150 HTTP/1.1" 404 1251 "https://blog.newkolkata.in/geti/288150tjvfitems.htm" "Mozilla/5.0 AppleWebKit/537.36 (KHTML, like Gecko; compatible; GPTBot/1.3; +https://openai.com/gptbot)"
85.208.96.199 - - [07/Feb/2026:09:53:05 -0500] "GET /getid/45208kairitems HTTP/1.1" 404 1251 "-" "Mozilla/5.0 (compatible; SemrushBot/7~bl; +http://www.semrush.com/bot.html)"
85.208.96.199 - - [07/Feb/2026:09:53:06 -0500] "GET /get/227457sejmitems.htm HTTP/1.1" 404 1251 "-" "Mozilla/5.0 (compatible; SemrushBot/7~bl; +http://www.semrush.com/bot.html)"
74.7.243.248 - - [07/Feb/2026:09:53:07 -0500] "GET /ctg/search/similarImageSearchResultView/?ctgItemCd=269077264956 HTTP/1.1" 404 1251 "https://blog.newkolkata.in/ite/264956mvrvtidm5808.html" "Mozilla/5.0 AppleWebKit/537.36 (KHTML, like Gecko; compatible; GPTBot/1.3; +https://openai.com/gptbot)"
74.7.243.248 - - [07/Feb/2026:09:53:10 -0500] "GET /ctg/search/similarImageSearchResultView/?ctgItemCd=256910252911 HTTP/1.1" 404 1251 "https://blog.newkolkata.in/geti/252911pcywitems.htm" "Mozilla/5.0 AppleWebKit/537.36 (KHTML, like Gecko; compatible; GPTBot/1.3; +https://openai.com/gptbot)"
74.7.243.248 - - [07/Feb/2026:09:53:13 -0500] "GET /ctg/search/similarImageSearchResultView/?ctgItemCd=267887264019 HTTP/1.1" 404 1251 "https://blog.newkolkata.in/getidm5/264019sejmitems" "Mozilla/5.0 AppleWebKit/537.36 (KHTML, like Gecko; compatible; GPTBot/1.3; +https://openai.com/gptbot)"
74.7.243.248 - - [07/Feb/2026:09:53:16 -0500] "GET /ctg/search/similarImageSearchResultView/?ctgItemCd=126896122721 HTTP/1.1" 404 1251 "https://blog.newkolkata.in/getidm/122721jahtitems.htm" "Mozilla/5.0 AppleWebKit/537.36 (KHTML, like Gecko; compatible; GPTBot/1.3; +https://openai.com/gptbot)"
74.7.243.248 - - [07/Feb/2026:09:53:19 -0500] "GET /ctg/search/similarImageSearchResultView/?ctgItemCd=151216147108 HTTP/1.1" 404 1251 "https://blog.newkolkata.in/getid/147108mvrvitems.htm" "Mozilla/5.0 AppleWebKit/537.36 (KHTML, like Gecko; compatible; GPTBot/1.3; +https://openai.com/gptbot)"
