74.7.243.248 - - [07/Feb/2026:10:31:26 -0500] "GET /ctg/search/similarImageSearchResultView/?ctgItemCd=183835179846 HTTP/1.1" 404 1251 "https://blog.newkolkata.in/getidm701/179846ulgpitems" "Mozilla/5.0 AppleWebKit/537.36 (KHTML, like Gecko; compatible; GPTBot/1.3; +https://openai.com/gptbot)"
74.7.243.248 - - [07/Feb/2026:10:31:30 -0500] "GET /ctg/search/similarImageSearchResultView/?ctgItemCd=184513180647 HTTP/1.1" 404 1251 "https://blog.newkolkata.in/item/180647jahttid.html" "Mozilla/5.0 AppleWebKit/537.36 (KHTML, like Gecko; compatible; GPTBot/1.3; +https://openai.com/gptbot)"
85.208.96.212 - - [07/Feb/2026:10:31:31 -0500] "GET /geti/182191ulgpitems HTTP/1.1" 404 1251 "-" "Mozilla/5.0 (compatible; SemrushBot/7~bl; +http://www.semrush.com/bot.html)"
74.7.243.248 - - [07/Feb/2026:10:31:33 -0500] "GET /ctg/search/similarImageSearchResultView/?ctgItemCd=137650134038 HTTP/1.1" 404 1251 "https://blog.newkolkata.in/geti/134038ulgpitems" "Mozilla/5.0 AppleWebKit/537.36 (KHTML, like Gecko; compatible; GPTBot/1.3; +https://openai.com/gptbot)"
74.7.243.248 - - [07/Feb/2026:10:31:36 -0500] "GET /ctg/search/similarImageSearchResultView/?ctgItemCd=190876186636 HTTP/1.1" 404 1251 "https://blog.newkolkata.in/items/186636cejptidm430.html" "Mozilla/5.0 AppleWebKit/537.36 (KHTML, like Gecko; compatible; GPTBot/1.3; +https://openai.com/gptbot)"
74.7.243.248 - - [07/Feb/2026:10:31:39 -0500] "GET /ctg/search/similarImageSearchResultView/?ctgItemCd=127269123055 HTTP/1.1" 404 1251 "https://blog.newkolkata.in/items/123055pcywtidm19.html" "Mozilla/5.0 AppleWebKit/537.36 (KHTML, like Gecko; compatible; GPTBot/1.3; +https://openai.com/gptbot)"
74.7.243.248 - - [07/Feb/2026:10:31:42 -0500] "GET /ctg/search/similarImageSearchResultView/?ctgItemCd=194817190983 HTTP/1.1" 404 1251 "https://blog.newkolkata.in/getidm/190983tjvfitems" "Mozilla/5.0 AppleWebKit/537.36 (KHTML, like Gecko; compatible; GPTBot/1.3; +https://openai.com/gptbot)"
74.7.243.248 - - [07/Feb/2026:10:31:45 -0500] "GET /ctg/search/similarImageSearchResultView/?ctgItemCd=204228200145 HTTP/1.1" 404 1251 "https://blog.newkolkata.in/items/200145ccoytidm.html" "Mozilla/5.0 AppleWebKit/537.36 (KHTML, like Gecko; compatible; GPTBot/1.3; +https://openai.com/gptbot)"
74.7.243.248 - - [07/Feb/2026:10:31:49 -0500] "GET /ctg/search/similarImageSearchResultView/?ctgItemCd=116548112676 HTTP/1.1" 404 1251 "https://blog.newkolkata.in/getidm9/112676ccoyitems" "Mozilla/5.0 AppleWebKit/537.36 (KHTML, like Gecko; compatible; GPTBot/1.3; +https://openai.com/gptbot)"
185.191.171.15 - - [07/Feb/2026:10:31:49 -0500] "GET /get/14638tjvfitems HTTP/1.1" 404 1251 "-" "Mozilla/5.0 (compatible; SemrushBot/7~bl; +http://www.semrush.com/bot.html)"
74.7.243.248 - - [07/Feb/2026:10:31:52 -0500] "GET /ctg/search/similarImageSearchResultView/?ctgItemCd=161206156870 HTTP/1.1" 404 1251 "https://blog.newkolkata.in/getidm98/156870mvrvitems.htm" "Mozilla/5.0 AppleWebKit/537.36 (KHTML, like Gecko; compatible; GPTBot/1.3; +https://openai.com/gptbot)"
74.7.243.248 - - [07/Feb/2026:10:31:55 -0500] "GET /ctg/search/similarImageSearchResultView/?ctgItemCd=161355157386 HTTP/1.1" 404 1251 "https://blog.newkolkata.in/getidm325/157386kairitems" "Mozilla/5.0 AppleWebKit/537.36 (KHTML, like Gecko; compatible; GPTBot/1.3; +https://openai.com/gptbot)"
74.7.243.248 - - [07/Feb/2026:10:31:58 -0500] "GET /ctg/search/similarImageSearchResultView/?ctgItemCd=171610167493 HTTP/1.1" 404 1251 "https://blog.newkolkata.in/getid/167493mvrvitems.htm" "Mozilla/5.0 AppleWebKit/537.36 (KHTML, like Gecko; compatible; GPTBot/1.3; +https://openai.com/gptbot)"
74.7.243.248 - - [07/Feb/2026:10:32:01 -0500] "GET /ctg/search/similarImageSearchResultView/?ctgItemCd=263286259247 HTTP/1.1" 404 1251 "https://blog.newkolkata.in/getidm8845/259247sejmitems" "Mozilla/5.0 AppleWebKit/537.36 (KHTML, like Gecko; compatible; GPTBot/1.3; +https://openai.com/gptbot)"
74.7.243.248 - - [07/Feb/2026:10:32:04 -0500] "GET /ctg/search/similarImageSearchResultView/?ctgItemCd=163219159709 HTTP/1.1" 404 1251 "https://blog.newkolkata.in/get/159709sejmitems" "Mozilla/5.0 AppleWebKit/537.36 (KHTML, like Gecko; compatible; GPTBot/1.3; +https://openai.com/gptbot)"
74.7.243.248 - - [07/Feb/2026:10:32:07 -0500] "GET /ctg/search/similarImageSearchResultView/?ctgItemCd=270495266153 HTTP/1.1" 404 1251 "https://blog.newkolkata.in/getidm438/266153kairitems.htm" "Mozilla/5.0 AppleWebKit/537.36 (KHTML, like Gecko; compatible; GPTBot/1.3; +https://openai.com/gptbot)"
85.208.96.202 - - [07/Feb/2026:10:32:11 -0500] "GET /geti/162007kairitems HTTP/1.1" 404 1251 "-" "Mozilla/5.0 (compatible; SemrushBot/7~bl; +http://www.semrush.com/bot.html)"
74.7.243.248 - - [07/Feb/2026:10:32:11 -0500] "GET /ctg/search/similarImageSearchResultView/?ctgItemCd=186378182230 HTTP/1.1" 404 1251 "https://blog.newkolkata.in/items/182230tjvftidm1.html" "Mozilla/5.0 AppleWebKit/537.36 (KHTML, like Gecko; compatible; GPTBot/1.3; +https://openai.com/gptbot)"
85.208.96.206 - - [07/Feb/2026:10:32:12 -0500] "GET /getidm/136993mvrvitems HTTP/1.1" 404 1251 "-" "Mozilla/5.0 (compatible; SemrushBot/7~bl; +http://www.semrush.com/bot.html)"
74.7.243.248 - - [07/Feb/2026:10:32:14 -0500] "GET /ctg/search/similarImageSearchResultView/?ctgItemCd=140231136034 HTTP/1.1" 404 1251 "https://blog.newkolkata.in/items/136034ccoytidm76.html" "Mozilla/5.0 AppleWebKit/537.36 (KHTML, like Gecko; compatible; GPTBot/1.3; +https://openai.com/gptbot)"
85.208.96.205 - - [07/Feb/2026:10:32:14 -0500] "GET /geti/112351tjvfitems HTTP/1.1" 404 1251 "-" "Mozilla/5.0 (compatible; SemrushBot/7~bl; +http://www.semrush.com/bot.html)"
74.7.243.248 - - [07/Feb/2026:10:32:17 -0500] "GET /ctg/search/similarImageSearchResultView/?ctgItemCd=168947164676 HTTP/1.1" 404 1251 "https://blog.newkolkata.in/items/164676pcywtidm221.html" "Mozilla/5.0 AppleWebKit/537.36 (KHTML, like Gecko; compatible; GPTBot/1.3; +https://openai.com/gptbot)"
74.7.243.248 - - [07/Feb/2026:10:32:20 -0500] "GET /ctg/search/similarImageSearchResultView/?ctgItemCd=262511258358 HTTP/1.1" 404 1251 "https://blog.newkolkata.in/items/258358ccoytidm3.html" "Mozilla/5.0 AppleWebKit/537.36 (KHTML, like Gecko; compatible; GPTBot/1.3; +https://openai.com/gptbot)"
74.7.243.248 - - [07/Feb/2026:10:32:23 -0500] "GET /ctg/search/similarImageSearchResultView/?ctgItemCd=139708135424 HTTP/1.1" 404 1251 "https://blog.newkolkata.in/items/135424zslytidm635.html" "Mozilla/5.0 AppleWebKit/537.36 (KHTML, like Gecko; compatible; GPTBot/1.3; +https://openai.com/gptbot)"
74.7.243.248 - - [07/Feb/2026:10:32:26 -0500] "GET /ctg/search/similarImageSearchResultView/?ctgItemCd=283235278919 HTTP/1.1" 404 1251 "https://blog.newkolkata.in/getidm50/278919tjvfitems.htm" "Mozilla/5.0 AppleWebKit/537.36 (KHTML, like Gecko; compatible; GPTBot/1.3; +https://openai.com/gptbot)"
74.7.243.248 - - [07/Feb/2026:10:32:29 -0500] "GET /ctg/search/similarImageSearchResultView/?ctgItemCd=176750172866 HTTP/1.1" 404 1251 "https://blog.newkolkata.in/get/172866sejmitems.htm" "Mozilla/5.0 AppleWebKit/537.36 (KHTML, like Gecko; compatible; GPTBot/1.3; +https://openai.com/gptbot)"
74.7.243.248 - - [07/Feb/2026:10:32:32 -0500] "GET /ctg/search/similarImageSearchResultView/?ctgItemCd=163134158925 HTTP/1.1" 404 1251 "https://blog.newkolkata.in/getidm/158925tjvfitems.htm" "Mozilla/5.0 AppleWebKit/537.36 (KHTML, like Gecko; compatible; GPTBot/1.3; +https://openai.com/gptbot)"
74.7.243.248 - - [07/Feb/2026:10:32:35 -0500] "GET /ctg/search/similarImageSearchResultView/?ctgItemCd=285045281179 HTTP/1.1" 404 1251 "https://blog.newkolkata.in/getidm5/281179kairitems" "Mozilla/5.0 AppleWebKit/537.36 (KHTML, like Gecko; compatible; GPTBot/1.3; +https://openai.com/gptbot)"
74.7.243.248 - - [07/Feb/2026:10:32:39 -0500] "GET /ctg/search/similarImageSearchResultView/?ctgItemCd=173637169927 HTTP/1.1" 404 1251 "https://blog.newkolkata.in/getid/169927jahtitems" "Mozilla/5.0 AppleWebKit/537.36 (KHTML, like Gecko; compatible; GPTBot/1.3; +https://openai.com/gptbot)"
74.7.243.248 - - [07/Feb/2026:10:32:42 -0500] "GET /ctg/search/similarImageSearchResultView/?ctgItemCd=142998139177 HTTP/1.1" 404 1251 "https://blog.newkolkata.in/getidm/139177sejmitems" "Mozilla/5.0 AppleWebKit/537.36 (KHTML, like Gecko; compatible; GPTBot/1.3; +https://openai.com/gptbot)"
74.7.243.248 - - [07/Feb/2026:10:32:45 -0500] "GET /ctg/search/similarImageSearchResultView/?ctgItemCd=267821263529 HTTP/1.1" 404 1251 "https://blog.newkolkata.in/getidm11/263529ccoyitems.htm" "Mozilla/5.0 AppleWebKit/537.36 (KHTML, like Gecko; compatible; GPTBot/1.3; +https://openai.com/gptbot)"
74.7.243.248 - - [07/Feb/2026:10:32:48 -0500] "GET /ctg/search/similarImageSearchResultView/?ctgItemCd=109897106183 HTTP/1.1" 404 1251 "https://blog.newkolkata.in/getid/106183tjvfitems" "Mozilla/5.0 AppleWebKit/537.36 (KHTML, like Gecko; compatible; GPTBot/1.3; +https://openai.com/gptbot)"
74.7.243.248 - - [07/Feb/2026:10:32:51 -0500] "GET /ctg/search/similarImageSearchResultView/?ctgItemCd=121559117583 HTTP/1.1" 404 1251 "https://blog.newkolkata.in/geti/117583jahtitems.htm" "Mozilla/5.0 AppleWebKit/537.36 (KHTML, like Gecko; compatible; GPTBot/1.3; +https://openai.com/gptbot)"
74.7.243.248 - - [07/Feb/2026:10:32:54 -0500] "GET /ctg/search/similarImageSearchResultView/?ctgItemCd=118047114085 HTTP/1.1" 404 1251 "https://blog.newkolkata.in/getidm856/114085cejpitems" "Mozilla/5.0 AppleWebKit/537.36 (KHTML, like Gecko; compatible; GPTBot/1.3; +https://openai.com/gptbot)"
185.191.171.13 - - [07/Feb/2026:10:32:55 -0500] "GET /get/284409tjvfitems.htm HTTP/1.1" 404 1251 "-" "Mozilla/5.0 (compatible; SemrushBot/7~bl; +http://www.semrush.com/bot.html)"
74.7.243.248 - - [07/Feb/2026:10:32:57 -0500] "GET /ctg/search/similarImageSearchResultView/?ctgItemCd=154787150931 HTTP/1.1" 404 1251 "https://blog.newkolkata.in/getidm4/150931kairitems" "Mozilla/5.0 AppleWebKit/537.36 (KHTML, like Gecko; compatible; GPTBot/1.3; +https://openai.com/gptbot)"
74.7.243.248 - - [07/Feb/2026:10:33:00 -0500] "GET /ctg/search/similarImageSearchResultView/?ctgItemCd=193805190087 HTTP/1.1" 404 1251 "https://blog.newkolkata.in/getid/190087ulgpitems" "Mozilla/5.0 AppleWebKit/537.36 (KHTML, like Gecko; compatible; GPTBot/1.3; +https://openai.com/gptbot)"
74.7.243.248 - - [07/Feb/2026:10:33:03 -0500] "GET /ctg/search/similarImageSearchResultView/?ctgItemCd=179320175417 HTTP/1.1" 404 1251 "https://blog.newkolkata.in/getidm9/175417mvrvitems" "Mozilla/5.0 AppleWebKit/537.36 (KHTML, like Gecko; compatible; GPTBot/1.3; +https://openai.com/gptbot)"
74.7.243.248 - - [07/Feb/2026:10:33:06 -0500] "GET /ctg/search/similarImageSearchResultView/?ctgItemCd=302243298140 HTTP/1.1" 404 1251 "https://blog.newkolkata.in/getid/298140pcywitems.htm" "Mozilla/5.0 AppleWebKit/537.36 (KHTML, like Gecko; compatible; GPTBot/1.3; +https://openai.com/gptbot)"
185.191.171.18 - - [07/Feb/2026:10:33:07 -0500] "GET /getid/51712kairitems HTTP/1.1" 404 1251 "-" "Mozilla/5.0 (compatible; SemrushBot/7~bl; +http://www.semrush.com/bot.html)"
85.208.96.209 - - [07/Feb/2026:10:33:08 -0500] "GET /getidm/202680jahtitems.htm HTTP/1.1" 404 1251 "-" "Mozilla/5.0 (compatible; SemrushBot/7~bl; +http://www.semrush.com/bot.html)"
74.7.243.248 - - [07/Feb/2026:10:33:10 -0500] "GET /ctg/search/similarImageSearchResultView/?ctgItemCd=212047207664 HTTP/1.1" 404 1251 "https://blog.newkolkata.in/getidm650/207664zslyitems.htm" "Mozilla/5.0 AppleWebKit/537.36 (KHTML, like Gecko; compatible; GPTBot/1.3; +https://openai.com/gptbot)"
74.7.243.248 - - [07/Feb/2026:10:33:13 -0500] "GET /ctg/search/similarImageSearchResultView/?ctgItemCd=262072258366 HTTP/1.1" 404 1251 "https://blog.newkolkata.in/getid/258366kairitems" "Mozilla/5.0 AppleWebKit/537.36 (KHTML, like Gecko; compatible; GPTBot/1.3; +https://openai.com/gptbot)"
74.7.243.248 - - [07/Feb/2026:10:33:16 -0500] "GET /ctg/search/similarImageSearchResultView/?ctgItemCd=119463115612 HTTP/1.1" 404 1251 "https://blog.newkolkata.in/item/115612cejptid.html" "Mozilla/5.0 AppleWebKit/537.36 (KHTML, like Gecko; compatible; GPTBot/1.3; +https://openai.com/gptbot)"
185.191.171.16 - - [07/Feb/2026:10:33:19 -0500] "GET /getidm4/142642ccoyitems HTTP/1.1" 404 1251 "-" "Mozilla/5.0 (compatible; SemrushBot/7~bl; +http://www.semrush.com/bot.html)"
74.7.243.248 - - [07/Feb/2026:10:33:19 -0500] "GET /ctg/search/similarImageSearchResultView/?ctgItemCd=157463153126 HTTP/1.1" 404 1251 "https://blog.newkolkata.in/items/153126cejptidm65900.html" "Mozilla/5.0 AppleWebKit/537.36 (KHTML, like Gecko; compatible; GPTBot/1.3; +https://openai.com/gptbot)"
85.208.96.197 - - [07/Feb/2026:10:33:20 -0500] "GET /getidm1/86698pcywitems HTTP/1.1" 404 1251 "-" "Mozilla/5.0 (compatible; SemrushBot/7~bl; +http://www.semrush.com/bot.html)"
66.249.66.13 - - [07/Feb/2026:10:33:21 -0500] "GET /detail.php?oybcategorymvrv/109 HTTP/1.1" 404 1251 "-" "Mozilla/5.0 (Linux; Android 6.0.1; Nexus 5X Build/MMB29P) AppleWebKit/537.36 (KHTML, like Gecko) Chrome/144.0.7559.132 Mobile Safari/537.36 (compatible; Googlebot/2.1; +http://www.google.com/bot.html)"
74.7.243.248 - - [07/Feb/2026:10:33:22 -0500] "GET /ctg/search/similarImageSearchResultView/?ctgItemCd=242601238245 HTTP/1.1" 404 1251 "https://blog.newkolkata.in/getidm227/238245ulgpitems.htm" "Mozilla/5.0 AppleWebKit/537.36 (KHTML, like Gecko; compatible; GPTBot/1.3; +https://openai.com/gptbot)"
74.7.243.248 - - [07/Feb/2026:10:33:25 -0500] "GET /ctg/search/similarImageSearchResultView/?ctgItemCd=123406119065 HTTP/1.1" 404 1251 "https://blog.newkolkata.in/items/119065mvrvtidm9369.html" "Mozilla/5.0 AppleWebKit/537.36 (KHTML, like Gecko; compatible; GPTBot/1.3; +https://openai.com/gptbot)"
74.7.243.248 - - [07/Feb/2026:10:33:29 -0500] "GET /ctg/search/similarImageSearchResultView/?ctgItemCd=281101277098 HTTP/1.1" 404 1251 "https://blog.newkolkata.in/geti/277098tjvfitems.htm" "Mozilla/5.0 AppleWebKit/537.36 (KHTML, like Gecko; compatible; GPTBot/1.3; +https://openai.com/gptbot)"
74.7.243.248 - - [07/Feb/2026:10:33:32 -0500] "GET /ctg/search/similarImageSearchResultView/?ctgItemCd=201925198045 HTTP/1.1" 404 1251 "https://blog.newkolkata.in/get/198045ccoyitems.htm" "Mozilla/5.0 AppleWebKit/537.36 (KHTML, like Gecko; compatible; GPTBot/1.3; +https://openai.com/gptbot)"
74.7.243.248 - - [07/Feb/2026:10:33:35 -0500] "GET /ctg/search/similarImageSearchResultView/?ctgItemCd=240446236573 HTTP/1.1" 404 1251 "https://blog.newkolkata.in/item/236573ccoytid.html" "Mozilla/5.0 AppleWebKit/537.36 (KHTML, like Gecko; compatible; GPTBot/1.3; +https://openai.com/gptbot)"
74.7.243.248 - - [07/Feb/2026:10:33:38 -0500] "GET /ctg/search/similarImageSearchResultView/?ctgItemCd=167087163259 HTTP/1.1" 404 1251 "https://blog.newkolkata.in/getidm/163259ulgpitems" "Mozilla/5.0 AppleWebKit/537.36 (KHTML, like Gecko; compatible; GPTBot/1.3; +https://openai.com/gptbot)"
66.249.66.202 - - [07/Feb/2026:10:33:39 -0500] "GET /detail.php?products/97779296307 HTTP/1.1" 404 1251 "-" "Mozilla/5.0 (Linux; Android 6.0.1; Nexus 5X Build/MMB29P) AppleWebKit/537.36 (KHTML, like Gecko) Chrome/144.0.7559.132 Mobile Safari/537.36 (compatible; Googlebot/2.1; +http://www.google.com/bot.html)"
74.7.243.248 - - [07/Feb/2026:10:33:41 -0500] "GET /ctg/search/similarImageSearchResultView/?ctgItemCd=207511203641 HTTP/1.1" 404 1251 "https://blog.newkolkata.in/getidm4/203641ulgpitems" "Mozilla/5.0 AppleWebKit/537.36 (KHTML, like Gecko; compatible; GPTBot/1.3; +https://openai.com/gptbot)"
74.7.243.248 - - [07/Feb/2026:10:33:44 -0500] "GET /ctg/search/similarImageSearchResultView/?ctgItemCd=138873134903 HTTP/1.1" 404 1251 "https://blog.newkolkata.in/items/134903cejptid.html" "Mozilla/5.0 AppleWebKit/537.36 (KHTML, like Gecko; compatible; GPTBot/1.3; +https://openai.com/gptbot)"
74.7.243.248 - - [07/Feb/2026:10:33:47 -0500] "GET /ctg/search/similarImageSearchResultView/?ctgItemCd=220404216429 HTTP/1.1" 404 1251 "https://blog.newkolkata.in/geti/216429jahtitems.htm" "Mozilla/5.0 AppleWebKit/537.36 (KHTML, like Gecko; compatible; GPTBot/1.3; +https://openai.com/gptbot)"
185.191.171.5 - - [07/Feb/2026:10:33:49 -0500] "GET /get/251446tjvfitems HTTP/1.1" 404 1251 "-" "Mozilla/5.0 (compatible; SemrushBot/7~bl; +http://www.semrush.com/bot.html)"
74.7.243.248 - - [07/Feb/2026:10:33:50 -0500] "GET /ctg/search/similarImageSearchResultView/?ctgItemCd=142791138414 HTTP/1.1" 404 1251 "https://blog.newkolkata.in/items/138414mvrvtidm86110.html" "Mozilla/5.0 AppleWebKit/537.36 (KHTML, like Gecko; compatible; GPTBot/1.3; +https://openai.com/gptbot)"
207.46.13.107 - - [07/Feb/2026:10:33:50 -0500] "GET /get/31359pcywitems.htm HTTP/1.1" 404 1251 "-" "Mozilla/5.0 AppleWebKit/537.36 (KHTML, like Gecko; compatible; bingbot/2.0; +http://www.bing.com/bingbot.htm) Chrome/116.0.1938.76 Safari/537.36"
74.7.243.248 - - [07/Feb/2026:10:33:53 -0500] "GET /ctg/search/similarImageSearchResultView/?ctgItemCd=231875227789 HTTP/1.1" 404 1251 "https://blog.newkolkata.in/getid/227789jahtitems.htm" "Mozilla/5.0 AppleWebKit/537.36 (KHTML, like Gecko; compatible; GPTBot/1.3; +https://openai.com/gptbot)"
74.7.243.248 - - [07/Feb/2026:10:33:57 -0500] "GET /ctg/search/similarImageSearchResultView/?ctgItemCd=120979116592 HTTP/1.1" 404 1251 "https://blog.newkolkata.in/getidm682/116592zslyitems.htm" "Mozilla/5.0 AppleWebKit/537.36 (KHTML, like Gecko; compatible; GPTBot/1.3; +https://openai.com/gptbot)"
66.249.66.165 - - [07/Feb/2026:10:33:57 -0500] "GET /detail.php?oybcategorytjvf/136 HTTP/1.1" 404 1251 "-" "Mozilla/5.0 (Linux; Android 6.0.1; Nexus 5X Build/MMB29P) AppleWebKit/537.36 (KHTML, like Gecko) Chrome/144.0.7559.132 Mobile Safari/537.36 (compatible; Googlebot/2.1; +http://www.google.com/bot.html)"
74.7.243.248 - - [07/Feb/2026:10:34:00 -0500] "GET /ctg/search/similarImageSearchResultView/?ctgItemCd=287013282798 HTTP/1.1" 404 1251 "https://blog.newkolkata.in/getidm/282798tjvfitems.htm" "Mozilla/5.0 AppleWebKit/537.36 (KHTML, like Gecko; compatible; GPTBot/1.3; +https://openai.com/gptbot)"
85.208.96.201 - - [07/Feb/2026:10:34:01 -0500] "GET /getid/279736cejpitems HTTP/1.1" 404 1251 "-" "Mozilla/5.0 (compatible; SemrushBot/7~bl; +http://www.semrush.com/bot.html)"
85.208.96.212 - - [07/Feb/2026:10:34:03 -0500] "GET /geti/276559cejpitems HTTP/1.1" 404 1251 "-" "Mozilla/5.0 (compatible; SemrushBot/7~bl; +http://www.semrush.com/bot.html)"
74.7.243.248 - - [07/Feb/2026:10:34:03 -0500] "GET /ctg/search/similarImageSearchResultView/?ctgItemCd=203035198620 HTTP/1.1" 404 1251 "https://blog.newkolkata.in/items/198620kairtidm876286.html" "Mozilla/5.0 AppleWebKit/537.36 (KHTML, like Gecko; compatible; GPTBot/1.3; +https://openai.com/gptbot)"
85.208.96.205 - - [07/Feb/2026:10:34:04 -0500] "GET /geti/130687sejmitems HTTP/1.1" 404 1251 "-" "Mozilla/5.0 (compatible; SemrushBot/7~bl; +http://www.semrush.com/bot.html)"
74.7.243.248 - - [07/Feb/2026:10:34:06 -0500] "GET /ctg/search/similarImageSearchResultView/?ctgItemCd=134303130498 HTTP/1.1" 404 1251 "https://blog.newkolkata.in/getidm/130498cejpitems" "Mozilla/5.0 AppleWebKit/537.36 (KHTML, like Gecko; compatible; GPTBot/1.3; +https://openai.com/gptbot)"
74.7.243.248 - - [07/Feb/2026:10:34:09 -0500] "GET /ctg/search/similarImageSearchResultView/?ctgItemCd=10144597173 HTTP/1.1" 404 1251 "https://blog.newkolkata.in/getidm27/97173pcywitems.htm" "Mozilla/5.0 AppleWebKit/537.36 (KHTML, like Gecko; compatible; GPTBot/1.3; +https://openai.com/gptbot)"
74.7.243.248 - - [07/Feb/2026:10:34:12 -0500] "GET /ctg/search/similarImageSearchResultView/?ctgItemCd=128692124684 HTTP/1.1" 404 1251 "https://blog.newkolkata.in/items/124684pcywtid.html" "Mozilla/5.0 AppleWebKit/537.36 (KHTML, like Gecko; compatible; GPTBot/1.3; +https://openai.com/gptbot)"
85.208.96.201 - - [07/Feb/2026:10:34:15 -0500] "GET /geti/163495ulgpitems HTTP/1.1" 404 1251 "-" "Mozilla/5.0 (compatible; SemrushBot/7~bl; +http://www.semrush.com/bot.html)"
74.7.243.248 - - [07/Feb/2026:10:34:15 -0500] "GET /ctg/search/similarImageSearchResultView/?ctgItemCd=273233269724 HTTP/1.1" 404 1251 "https://blog.newkolkata.in/get/269724sejmitems" "Mozilla/5.0 AppleWebKit/537.36 (KHTML, like Gecko; compatible; GPTBot/1.3; +https://openai.com/gptbot)"
74.7.243.248 - - [07/Feb/2026:10:34:18 -0500] "GET /ctg/search/similarImageSearchResultView/?ctgItemCd=126793122607 HTTP/1.1" 404 1251 "https://blog.newkolkata.in/getidm/122607sejmitems.htm" "Mozilla/5.0 AppleWebKit/537.36 (KHTML, like Gecko; compatible; GPTBot/1.3; +https://openai.com/gptbot)"
74.7.243.248 - - [07/Feb/2026:10:34:21 -0500] "GET /ctg/search/similarImageSearchResultView/?ctgItemCd=121145116794 HTTP/1.1" 404 1251 "https://blog.newkolkata.in/items/116794jahttidm34264.html" "Mozilla/5.0 AppleWebKit/537.36 (KHTML, like Gecko; compatible; GPTBot/1.3; +https://openai.com/gptbot)"
74.7.243.248 - - [07/Feb/2026:10:34:24 -0500] "GET /ctg/search/similarImageSearchResultView/?ctgItemCd=278903275065 HTTP/1.1" 404 1251 "https://blog.newkolkata.in/getidm/275065pcywitems" "Mozilla/5.0 AppleWebKit/537.36 (KHTML, like Gecko; compatible; GPTBot/1.3; +https://openai.com/gptbot)"
85.208.96.202 - - [07/Feb/2026:10:34:27 -0500] "GET /getid/256144kairitems HTTP/1.1" 404 1251 "-" "Mozilla/5.0 (compatible; SemrushBot/7~bl; +http://www.semrush.com/bot.html)"
74.7.243.248 - - [07/Feb/2026:10:34:28 -0500] "GET /ctg/search/similarImageSearchResultView/?ctgItemCd=194427190822 HTTP/1.1" 404 1251 "https://blog.newkolkata.in/geti/190822ccoyitems" "Mozilla/5.0 AppleWebKit/537.36 (KHTML, like Gecko; compatible; GPTBot/1.3; +https://openai.com/gptbot)"
74.7.243.248 - - [07/Feb/2026:10:34:31 -0500] "GET /ctg/search/similarImageSearchResultView/?ctgItemCd=283171278960 HTTP/1.1" 404 1251 "https://blog.newkolkata.in/getidm/278960tjvfitems.htm" "Mozilla/5.0 AppleWebKit/537.36 (KHTML, like Gecko; compatible; GPTBot/1.3; +https://openai.com/gptbot)"
66.249.66.44 - - [07/Feb/2026:10:34:32 -0500] "GET /detail.php?products/5727962555 HTTP/1.1" 404 1251 "-" "Mozilla/5.0 (Linux; Android 6.0.1; Nexus 5X Build/MMB29P) AppleWebKit/537.36 (KHTML, like Gecko) Chrome/144.0.7559.132 Mobile Safari/537.36 (compatible; Googlebot/2.1; +http://www.google.com/bot.html)"
74.7.243.248 - - [07/Feb/2026:10:34:34 -0500] "GET /ctg/search/similarImageSearchResultView/?ctgItemCd=145245141071 HTTP/1.1" 404 1251 "https://blog.newkolkata.in/items/141071zslytidm5.html" "Mozilla/5.0 AppleWebKit/537.36 (KHTML, like Gecko; compatible; GPTBot/1.3; +https://openai.com/gptbot)"
185.191.171.16 - - [07/Feb/2026:10:34:35 -0500] "GET /get/55761mvrvitems.htm HTTP/1.1" 404 1251 "-" "Mozilla/5.0 (compatible; SemrushBot/7~bl; +http://www.semrush.com/bot.html)"
74.7.243.248 - - [07/Feb/2026:10:34:37 -0500] "GET /ctg/search/similarImageSearchResultView/?ctgItemCd=247798243893 HTTP/1.1" 404 1251 "https://blog.newkolkata.in/item/243893mvrvtid.html" "Mozilla/5.0 AppleWebKit/537.36 (KHTML, like Gecko; compatible; GPTBot/1.3; +https://openai.com/gptbot)"
74.7.243.248 - - [07/Feb/2026:10:34:40 -0500] "GET /ctg/search/similarImageSearchResultView/?ctgItemCd=114678110653 HTTP/1.1" 404 1251 "https://blog.newkolkata.in/getidm5668/110653ccoyitems" "Mozilla/5.0 AppleWebKit/537.36 (KHTML, like Gecko; compatible; GPTBot/1.3; +https://openai.com/gptbot)"
74.7.243.248 - - [07/Feb/2026:10:34:43 -0500] "GET /ctg/search/similarImageSearchResultView/?ctgItemCd=190786186787 HTTP/1.1" 404 1251 "https://blog.newkolkata.in/getidm295/186787ulgpitems" "Mozilla/5.0 AppleWebKit/537.36 (KHTML, like Gecko; compatible; GPTBot/1.3; +https://openai.com/gptbot)"
74.7.243.248 - - [07/Feb/2026:10:34:46 -0500] "GET /ctg/search/similarImageSearchResultView/?ctgItemCd=230901226708 HTTP/1.1" 404 1251 "https://blog.newkolkata.in/getidm/226708sejmitems.htm" "Mozilla/5.0 AppleWebKit/537.36 (KHTML, like Gecko; compatible; GPTBot/1.3; +https://openai.com/gptbot)"
74.7.243.248 - - [07/Feb/2026:10:34:49 -0500] "GET /ctg/search/similarImageSearchResultView/?ctgItemCd=150755146735 HTTP/1.1" 404 1251 "https://blog.newkolkata.in/geti/146735zslyitems.htm" "Mozilla/5.0 AppleWebKit/537.36 (KHTML, like Gecko; compatible; GPTBot/1.3; +https://openai.com/gptbot)"
74.7.243.248 - - [07/Feb/2026:10:34:52 -0500] "GET /ctg/search/similarImageSearchResultView/?ctgItemCd=179508175416 HTTP/1.1" 404 1251 "https://blog.newkolkata.in/getid/175416ulgpitems.htm" "Mozilla/5.0 AppleWebKit/537.36 (KHTML, like Gecko; compatible; GPTBot/1.3; +https://openai.com/gptbot)"
74.7.243.248 - - [07/Feb/2026:10:34:56 -0500] "GET /ctg/search/similarImageSearchResultView/?ctgItemCd=240154235808 HTTP/1.1" 404 1251 "https://blog.newkolkata.in/getidm817/235808kairitems.htm" "Mozilla/5.0 AppleWebKit/537.36 (KHTML, like Gecko; compatible; GPTBot/1.3; +https://openai.com/gptbot)"
74.7.243.248 - - [07/Feb/2026:10:34:59 -0500] "GET /ctg/search/similarImageSearchResultView/?ctgItemCd=147880143964 HTTP/1.1" 404 1251 "https://blog.newkolkata.in/get/143964zslyitems.htm" "Mozilla/5.0 AppleWebKit/537.36 (KHTML, like Gecko; compatible; GPTBot/1.3; +https://openai.com/gptbot)"
74.7.243.248 - - [07/Feb/2026:10:35:02 -0500] "GET /ctg/search/similarImageSearchResultView/?ctgItemCd=125624121387 HTTP/1.1" 404 1251 "https://blog.newkolkata.in/getidm7/121387jahtitems.htm" "Mozilla/5.0 AppleWebKit/537.36 (KHTML, like Gecko; compatible; GPTBot/1.3; +https://openai.com/gptbot)"
74.7.243.248 - - [07/Feb/2026:10:35:05 -0500] "GET /ctg/search/similarImageSearchResultView/?ctgItemCd=257009252645 HTTP/1.1" 404 1251 "https://blog.newkolkata.in/getidm935/252645tjvfitems.htm" "Mozilla/5.0 AppleWebKit/537.36 (KHTML, like Gecko; compatible; GPTBot/1.3; +https://openai.com/gptbot)"
74.7.243.248 - - [07/Feb/2026:10:35:08 -0500] "GET /ctg/search/similarImageSearchResultView/?ctgItemCd=108147104560 HTTP/1.1" 404 1251 "https://blog.newkolkata.in/geti/104560cejpitems" "Mozilla/5.0 AppleWebKit/537.36 (KHTML, like Gecko; compatible; GPTBot/1.3; +https://openai.com/gptbot)"
74.7.243.248 - - [07/Feb/2026:10:35:11 -0500] "GET /ctg/search/similarImageSearchResultView/?ctgItemCd=121274116915 HTTP/1.1" 404 1251 "https://blog.newkolkata.in/items/116915ccoytidm18448.html" "Mozilla/5.0 AppleWebKit/537.36 (KHTML, like Gecko; compatible; GPTBot/1.3; +https://openai.com/gptbot)"
74.7.243.248 - - [07/Feb/2026:10:35:15 -0500] "GET /ctg/search/similarImageSearchResultView/?ctgItemCd=207893204064 HTTP/1.1" 404 1251 "https://blog.newkolkata.in/getidm/204064pcywitems" "Mozilla/5.0 AppleWebKit/537.36 (KHTML, like Gecko; compatible; GPTBot/1.3; +https://openai.com/gptbot)"
74.7.243.248 - - [07/Feb/2026:10:35:18 -0500] "GET /ctg/search/similarImageSearchResultView/?ctgItemCd=10329499557 HTTP/1.1" 404 1251 "https://blog.newkolkata.in/ite/99557tjvftid.html" "Mozilla/5.0 AppleWebKit/537.36 (KHTML, like Gecko; compatible; GPTBot/1.3; +https://openai.com/gptbot)"
74.7.243.248 - - [07/Feb/2026:10:35:21 -0500] "GET /ctg/search/similarImageSearchResultView/?ctgItemCd=179240175711 HTTP/1.1" 404 1251 "https://blog.newkolkata.in/get/175711mvrvitems" "Mozilla/5.0 AppleWebKit/537.36 (KHTML, like Gecko; compatible; GPTBot/1.3; +https://openai.com/gptbot)"
74.7.243.248 - - [07/Feb/2026:10:35:24 -0500] "GET /ctg/search/similarImageSearchResultView/?ctgItemCd=202659198260 HTTP/1.1" 404 1251 "https://blog.newkolkata.in/items/198260jahttidm159303.html" "Mozilla/5.0 AppleWebKit/537.36 (KHTML, like Gecko; compatible; GPTBot/1.3; +https://openai.com/gptbot)"
185.191.171.13 - - [07/Feb/2026:10:35:26 -0500] "GET /getid/188008mvrvitems HTTP/1.1" 404 1251 "-" "Mozilla/5.0 (compatible; SemrushBot/7~bl; +http://www.semrush.com/bot.html)"
74.7.243.248 - - [07/Feb/2026:10:35:28 -0500] "GET /ctg/search/similarImageSearchResultView/?ctgItemCd=177628173997 HTTP/1.1" 404 1251 "https://blog.newkolkata.in/geti/173997tjvfitems" "Mozilla/5.0 AppleWebKit/537.36 (KHTML, like Gecko; compatible; GPTBot/1.3; +https://openai.com/gptbot)"
185.191.171.19 - - [07/Feb/2026:10:35:28 -0500] "GET /geti/24343sejmitems HTTP/1.1" 404 1251 "-" "Mozilla/5.0 (compatible; SemrushBot/7~bl; +http://www.semrush.com/bot.html)"
74.7.243.248 - - [07/Feb/2026:10:35:31 -0500] "GET /ctg/search/similarImageSearchResultView/?ctgItemCd=216338212845 HTTP/1.1" 404 1251 "https://blog.newkolkata.in/get/212845jahtitems" "Mozilla/5.0 AppleWebKit/537.36 (KHTML, like Gecko; compatible; GPTBot/1.3; +https://openai.com/gptbot)"
74.7.243.248 - - [07/Feb/2026:10:35:34 -0500] "GET /ctg/search/similarImageSearchResultView/?ctgItemCd=142077137760 HTTP/1.1" 404 1251 "https://blog.newkolkata.in/getidm99/137760tjvfitems.htm" "Mozilla/5.0 AppleWebKit/537.36 (KHTML, like Gecko; compatible; GPTBot/1.3; +https://openai.com/gptbot)"
85.208.96.201 - - [07/Feb/2026:10:35:36 -0500] "GET /get/103431sejmitems.htm HTTP/1.1" 404 1251 "-" "Mozilla/5.0 (compatible; SemrushBot/7~bl; +http://www.semrush.com/bot.html)"
74.7.243.248 - - [07/Feb/2026:10:35:37 -0500] "GET /ctg/search/similarImageSearchResultView/?ctgItemCd=124957120762 HTTP/1.1" 404 1251 "https://blog.newkolkata.in/getidm/120762ulgpitems.htm" "Mozilla/5.0 AppleWebKit/537.36 (KHTML, like Gecko; compatible; GPTBot/1.3; +https://openai.com/gptbot)"
74.7.243.248 - - [07/Feb/2026:10:35:40 -0500] "GET /ctg/search/similarImageSearchResultView/?ctgItemCd=185095181022 HTTP/1.1" 404 1251 "https://blog.newkolkata.in/getid/181022sejmitems.htm" "Mozilla/5.0 AppleWebKit/537.36 (KHTML, like Gecko; compatible; GPTBot/1.3; +https://openai.com/gptbot)"
85.208.96.198 - - [07/Feb/2026:10:35:41 -0500] "GET /get/62518ulgpitems HTTP/1.1" 404 1251 "-" "Mozilla/5.0 (compatible; SemrushBot/7~bl; +http://www.semrush.com/bot.html)"
74.7.243.248 - - [07/Feb/2026:10:35:43 -0500] "GET /ctg/search/similarImageSearchResultView/?ctgItemCd=278640274597 HTTP/1.1" 404 1251 "https://blog.newkolkata.in/getidm9366/274597sejmitems" "Mozilla/5.0 AppleWebKit/537.36 (KHTML, like Gecko; compatible; GPTBot/1.3; +https://openai.com/gptbot)"
74.7.243.248 - - [07/Feb/2026:10:35:47 -0500] "GET /ctg/search/similarImageSearchResultView/?ctgItemCd=241539237290 HTTP/1.1" 404 1251 "https://blog.newkolkata.in/getidm1/237290ulgpitems.htm" "Mozilla/5.0 AppleWebKit/537.36 (KHTML, like Gecko; compatible; GPTBot/1.3; +https://openai.com/gptbot)"
74.7.243.248 - - [07/Feb/2026:10:35:50 -0500] "GET /ctg/search/similarImageSearchResultView/?ctgItemCd=279892275753 HTTP/1.1" 404 1251 "https://blog.newkolkata.in/items/275753cejptidm3.html" "Mozilla/5.0 AppleWebKit/537.36 (KHTML, like Gecko; compatible; GPTBot/1.3; +https://openai.com/gptbot)"
74.7.243.248 - - [07/Feb/2026:10:35:53 -0500] "GET /ctg/search/similarImageSearchResultView/?ctgItemCd=245600241438 HTTP/1.1" 404 1251 "https://blog.newkolkata.in/items/241438tjvftidm9.html" "Mozilla/5.0 AppleWebKit/537.36 (KHTML, like Gecko; compatible; GPTBot/1.3; +https://openai.com/gptbot)"
85.208.96.207 - - [07/Feb/2026:10:35:54 -0500] "GET /get/69348sejmitems.htm HTTP/1.1" 404 1251 "-" "Mozilla/5.0 (compatible; SemrushBot/7~bl; +http://www.semrush.com/bot.html)"
74.7.243.248 - - [07/Feb/2026:10:35:56 -0500] "GET /ctg/search/similarImageSearchResultView/?ctgItemCd=10367299350 HTTP/1.1" 404 1251 "https://blog.newkolkata.in/getidm516/99350pcywitems.htm" "Mozilla/5.0 AppleWebKit/537.36 (KHTML, like Gecko; compatible; GPTBot/1.3; +https://openai.com/gptbot)"
74.7.243.248 - - [07/Feb/2026:10:35:59 -0500] "GET /ctg/search/similarImageSearchResultView/?ctgItemCd=191496187672 HTTP/1.1" 404 1251 "https://blog.newkolkata.in/getidm/187672sejmitems" "Mozilla/5.0 AppleWebKit/537.36 (KHTML, like Gecko; compatible; GPTBot/1.3; +https://openai.com/gptbot)"
74.7.243.248 - - [07/Feb/2026:10:36:02 -0500] "GET /ctg/search/similarImageSearchResultView/?ctgItemCd=189683185480 HTTP/1.1" 404 1251 "https://blog.newkolkata.in/items/185480sejmtidm18.html" "Mozilla/5.0 AppleWebKit/537.36 (KHTML, like Gecko; compatible; GPTBot/1.3; +https://openai.com/gptbot)"
74.7.243.248 - - [07/Feb/2026:10:36:06 -0500] "GET /ctg/search/similarImageSearchResultView/?ctgItemCd=179858176224 HTTP/1.1" 404 1251 "https://blog.newkolkata.in/geti/176224mvrvitems" "Mozilla/5.0 AppleWebKit/537.36 (KHTML, like Gecko; compatible; GPTBot/1.3; +https://openai.com/gptbot)"
74.7.243.248 - - [07/Feb/2026:10:36:09 -0500] "GET /ctg/search/similarImageSearchResultView/?ctgItemCd=10062696275 HTTP/1.1" 404 1251 "https://blog.newkolkata.in/items/96275zslytidm74372.html" "Mozilla/5.0 AppleWebKit/537.36 (KHTML, like Gecko; compatible; GPTBot/1.3; +https://openai.com/gptbot)"
74.7.243.248 - - [07/Feb/2026:10:36:12 -0500] "GET /ctg/search/similarImageSearchResultView/?ctgItemCd=248972244953 HTTP/1.1" 404 1251 "https://blog.newkolkata.in/item/244953zslytidm.html" "Mozilla/5.0 AppleWebKit/537.36 (KHTML, like Gecko; compatible; GPTBot/1.3; +https://openai.com/gptbot)"
85.208.96.198 - - [07/Feb/2026:10:36:13 -0500] "GET /get/283894kairitems HTTP/1.1" 404 1251 "-" "Mozilla/5.0 (compatible; SemrushBot/7~bl; +http://www.semrush.com/bot.html)"
185.191.171.17 - - [07/Feb/2026:10:36:15 -0500] "GET /getid/165736ulgpitems HTTP/1.1" 404 1251 "-" "Mozilla/5.0 (compatible; SemrushBot/7~bl; +http://www.semrush.com/bot.html)"
74.7.243.248 - - [07/Feb/2026:10:36:15 -0500] "GET /ctg/search/similarImageSearchResultView/?ctgItemCd=252881249280 HTTP/1.1" 404 1251 "https://blog.newkolkata.in/geti/249280jahtitems" "Mozilla/5.0 AppleWebKit/537.36 (KHTML, like Gecko; compatible; GPTBot/1.3; +https://openai.com/gptbot)"
74.7.243.248 - - [07/Feb/2026:10:36:19 -0500] "GET /ctg/search/similarImageSearchResultView/?ctgItemCd=161047157084 HTTP/1.1" 404 1251 "https://blog.newkolkata.in/getidm68/157084zslyitems" "Mozilla/5.0 AppleWebKit/537.36 (KHTML, like Gecko; compatible; GPTBot/1.3; +https://openai.com/gptbot)"
74.7.243.248 - - [07/Feb/2026:10:36:22 -0500] "GET /ctg/search/similarImageSearchResultView/?ctgItemCd=266468262138 HTTP/1.1" 404 1251 "https://blog.newkolkata.in/getidm121/262138jahtitems.htm" "Mozilla/5.0 AppleWebKit/537.36 (KHTML, like Gecko; compatible; GPTBot/1.3; +https://openai.com/gptbot)"
85.208.96.211 - - [07/Feb/2026:10:36:22 -0500] "GET /getidm/28465tjvfitems HTTP/1.1" 404 1251 "-" "Mozilla/5.0 (compatible; SemrushBot/7~bl; +http://www.semrush.com/bot.html)"
74.7.243.248 - - [07/Feb/2026:10:36:25 -0500] "GET /ctg/search/similarImageSearchResultView/?ctgItemCd=306612302653 HTTP/1.1" 404 1251 "https://blog.newkolkata.in/getidm362/302653kairitems" "Mozilla/5.0 AppleWebKit/537.36 (KHTML, like Gecko; compatible; GPTBot/1.3; +https://openai.com/gptbot)"
74.7.243.248 - - [07/Feb/2026:10:36:28 -0500] "GET /ctg/search/similarImageSearchResultView/?ctgItemCd=269808266287 HTTP/1.1" 404 1251 "https://blog.newkolkata.in/get/266287tjvfitems" "Mozilla/5.0 AppleWebKit/537.36 (KHTML, like Gecko; compatible; GPTBot/1.3; +https://openai.com/gptbot)"
74.7.243.248 - - [07/Feb/2026:10:36:31 -0500] "GET /ctg/search/similarImageSearchResultView/?ctgItemCd=135279131425 HTTP/1.1" 404 1251 "https://blog.newkolkata.in/getidm5/131425jahtitems" "Mozilla/5.0 AppleWebKit/537.36 (KHTML, like Gecko; compatible; GPTBot/1.3; +https://openai.com/gptbot)"
74.7.243.248 - - [07/Feb/2026:10:36:34 -0500] "GET /ctg/search/similarImageSearchResultView/?ctgItemCd=234018229556 HTTP/1.1" 404 1251 "https://blog.newkolkata.in/items/229556zslytidm557948.html" "Mozilla/5.0 AppleWebKit/537.36 (KHTML, like Gecko; compatible; GPTBot/1.3; +https://openai.com/gptbot)"
74.7.243.248 - - [07/Feb/2026:10:36:37 -0500] "GET /ctg/search/similarImageSearchResultView/?ctgItemCd=252964248979 HTTP/1.1" 404 1251 "https://blog.newkolkata.in/geti/248979cejpitems.htm" "Mozilla/5.0 AppleWebKit/537.36 (KHTML, like Gecko; compatible; GPTBot/1.3; +https://openai.com/gptbot)"
74.7.243.248 - - [07/Feb/2026:10:36:40 -0500] "GET /ctg/search/similarImageSearchResultView/?ctgItemCd=234947231416 HTTP/1.1" 404 1251 "https://blog.newkolkata.in/get/231416zslyitems" "Mozilla/5.0 AppleWebKit/537.36 (KHTML, like Gecko; compatible; GPTBot/1.3; +https://openai.com/gptbot)"
74.7.243.248 - - [07/Feb/2026:10:36:44 -0500] "GET /ctg/search/similarImageSearchResultView/?ctgItemCd=257539253298 HTTP/1.1" 404 1251 "https://blog.newkolkata.in/items/253298zslytidm54.html" "Mozilla/5.0 AppleWebKit/537.36 (KHTML, like Gecko; compatible; GPTBot/1.3; +https://openai.com/gptbot)"
74.7.243.248 - - [07/Feb/2026:10:36:47 -0500] "GET /ctg/search/similarImageSearchResultView/?ctgItemCd=170360166551 HTTP/1.1" 404 1251 "https://blog.newkolkata.in/getidm/166551jahtitems" "Mozilla/5.0 AppleWebKit/537.36 (KHTML, like Gecko; compatible; GPTBot/1.3; +https://openai.com/gptbot)"
74.7.243.248 - - [07/Feb/2026:10:36:50 -0500] "GET /ctg/search/similarImageSearchResultView/?ctgItemCd=301727297699 HTTP/1.1" 404 1251 "https://blog.newkolkata.in/getidm6030/297699kairitems" "Mozilla/5.0 AppleWebKit/537.36 (KHTML, like Gecko; compatible; GPTBot/1.3; +https://openai.com/gptbot)"
185.191.171.8 - - [07/Feb/2026:10:36:53 -0500] "GET /getid/235816ccoyitems HTTP/1.1" 404 1251 "-" "Mozilla/5.0 (compatible; SemrushBot/7~bl; +http://www.semrush.com/bot.html)"
74.7.243.248 - - [07/Feb/2026:10:36:53 -0500] "GET /ctg/search/similarImageSearchResultView/?ctgItemCd=243817240324 HTTP/1.1" 404 1251 "https://blog.newkolkata.in/get/240324ccoyitems" "Mozilla/5.0 AppleWebKit/537.36 (KHTML, like Gecko; compatible; GPTBot/1.3; +https://openai.com/gptbot)"
66.249.66.12 - - [07/Feb/2026:10:36:55 -0500] "GET /detail.php?products/65284142897 HTTP/1.1" 404 1251 "-" "Mozilla/5.0 (Linux; Android 6.0.1; Nexus 5X Build/MMB29P) AppleWebKit/537.36 (KHTML, like Gecko) Chrome/144.0.7559.132 Mobile Safari/537.36 (compatible; Googlebot/2.1; +http://www.google.com/bot.html)"
74.7.243.248 - - [07/Feb/2026:10:36:57 -0500] "GET /ctg/search/similarImageSearchResultView/?ctgItemCd=196329192146 HTTP/1.1" 404 1251 "https://blog.newkolkata.in/getidm/192146kairitems.htm" "Mozilla/5.0 AppleWebKit/537.36 (KHTML, like Gecko; compatible; GPTBot/1.3; +https://openai.com/gptbot)"
74.7.243.248 - - [07/Feb/2026:10:37:00 -0500] "GET /ctg/search/similarImageSearchResultView/?ctgItemCd=247659243321 HTTP/1.1" 404 1251 "https://blog.newkolkata.in/getidm470/243321sejmitems.htm" "Mozilla/5.0 AppleWebKit/537.36 (KHTML, like Gecko; compatible; GPTBot/1.3; +https://openai.com/gptbot)"
74.7.243.248 - - [07/Feb/2026:10:37:03 -0500] "GET /ctg/search/similarImageSearchResultView/?ctgItemCd=10024895915 HTTP/1.1" 404 1251 "https://blog.newkolkata.in/items/95915tjvftidm67619.html" "Mozilla/5.0 AppleWebKit/537.36 (KHTML, like Gecko; compatible; GPTBot/1.3; +https://openai.com/gptbot)"
74.7.243.248 - - [07/Feb/2026:10:37:06 -0500] "GET /ctg/search/similarImageSearchResultView/?ctgItemCd=147306143419 HTTP/1.1" 404 1251 "https://blog.newkolkata.in/get/143419tjvfitems.htm" "Mozilla/5.0 AppleWebKit/537.36 (KHTML, like Gecko; compatible; GPTBot/1.3; +https://openai.com/gptbot)"
74.7.243.248 - - [07/Feb/2026:10:37:09 -0500] "GET /ctg/search/similarImageSearchResultView/?ctgItemCd=282968278564 HTTP/1.1" 404 1251 "https://blog.newkolkata.in/items/278564sejmtidm113511.html" "Mozilla/5.0 AppleWebKit/537.36 (KHTML, like Gecko; compatible; GPTBot/1.3; +https://openai.com/gptbot)"
85.208.96.204 - - [07/Feb/2026:10:37:10 -0500] "GET /get/131109zslyitems.htm HTTP/1.1" 404 1251 "-" "Mozilla/5.0 (compatible; SemrushBot/7~bl; +http://www.semrush.com/bot.html)"
74.7.243.248 - - [07/Feb/2026:10:37:12 -0500] "GET /ctg/search/similarImageSearchResultView/?ctgItemCd=257734254220 HTTP/1.1" 404 1251 "https://blog.newkolkata.in/get/254220pcywitems" "Mozilla/5.0 AppleWebKit/537.36 (KHTML, like Gecko; compatible; GPTBot/1.3; +https://openai.com/gptbot)"
185.191.171.19 - - [07/Feb/2026:10:37:14 -0500] "GET /getidm/132729kairitems.htm HTTP/1.1" 404 1251 "-" "Mozilla/5.0 (compatible; SemrushBot/7~bl; +http://www.semrush.com/bot.html)"
74.7.243.248 - - [07/Feb/2026:10:37:15 -0500] "GET /ctg/search/similarImageSearchResultView/?ctgItemCd=103923100424 HTTP/1.1" 404 1251 "https://blog.newkolkata.in/get/100424ulgpitems" "Mozilla/5.0 AppleWebKit/537.36 (KHTML, like Gecko; compatible; GPTBot/1.3; +https://openai.com/gptbot)"
74.7.243.248 - - [07/Feb/2026:10:37:19 -0500] "GET /ctg/search/similarImageSearchResultView/?ctgItemCd=220528216799 HTTP/1.1" 404 1251 "https://blog.newkolkata.in/getid/216799tjvfitems" "Mozilla/5.0 AppleWebKit/537.36 (KHTML, like Gecko; compatible; GPTBot/1.3; +https://openai.com/gptbot)"
85.208.96.206 - - [07/Feb/2026:10:37:19 -0500] "GET /get/85294ulgpitems HTTP/1.1" 404 1251 "-" "Mozilla/5.0 (compatible; SemrushBot/7~bl; +http://www.semrush.com/bot.html)"
185.191.171.7 - - [07/Feb/2026:10:37:22 -0500] "GET /item/156686sejmtid.html HTTP/1.1" 404 1251 "-" "Mozilla/5.0 (compatible; SemrushBot/7~bl; +http://www.semrush.com/bot.html)"
74.7.243.248 - - [07/Feb/2026:10:37:22 -0500] "GET /ctg/search/similarImageSearchResultView/?ctgItemCd=136808132540 HTTP/1.1" 404 1251 "https://blog.newkolkata.in/items/132540mvrvtidm153.html" "Mozilla/5.0 AppleWebKit/537.36 (KHTML, like Gecko; compatible; GPTBot/1.3; +https://openai.com/gptbot)"
74.7.243.248 - - [07/Feb/2026:10:37:25 -0500] "GET /ctg/search/similarImageSearchResultView/?ctgItemCd=258838254966 HTTP/1.1" 404 1251 "https://blog.newkolkata.in/item/254966jahttid.html" "Mozilla/5.0 AppleWebKit/537.36 (KHTML, like Gecko; compatible; GPTBot/1.3; +https://openai.com/gptbot)"
74.7.243.248 - - [07/Feb/2026:10:37:28 -0500] "GET /ctg/search/similarImageSearchResultView/?ctgItemCd=158707154761 HTTP/1.1" 404 1251 "https://blog.newkolkata.in/getidm67/154761pcywitems" "Mozilla/5.0 AppleWebKit/537.36 (KHTML, like Gecko; compatible; GPTBot/1.3; +https://openai.com/gptbot)"
66.249.66.201 - - [07/Feb/2026:10:37:30 -0500] "GET /detail.php?products/69439279489 HTTP/1.1" 404 1251 "-" "Mozilla/5.0 (Linux; Android 6.0.1; Nexus 5X Build/MMB29P) AppleWebKit/537.36 (KHTML, like Gecko) Chrome/144.0.7559.132 Mobile Safari/537.36 (compatible; Googlebot/2.1; +http://www.google.com/bot.html)"
74.7.243.248 - - [07/Feb/2026:10:37:31 -0500] "GET /ctg/search/similarImageSearchResultView/?ctgItemCd=120954117010 HTTP/1.1" 404 1251 "https://blog.newkolkata.in/getidm46/117010zslyitems" "Mozilla/5.0 AppleWebKit/537.36 (KHTML, like Gecko; compatible; GPTBot/1.3; +https://openai.com/gptbot)"
74.7.243.248 - - [07/Feb/2026:10:37:34 -0500] "GET /ctg/search/similarImageSearchResultView/?ctgItemCd=144188140237 HTTP/1.1" 404 1251 "https://blog.newkolkata.in/getidm37/140237zslyitems" "Mozilla/5.0 AppleWebKit/537.36 (KHTML, like Gecko; compatible; GPTBot/1.3; +https://openai.com/gptbot)"
74.7.243.248 - - [07/Feb/2026:10:37:37 -0500] "GET /ctg/search/similarImageSearchResultView/?ctgItemCd=285499281079 HTTP/1.1" 404 1251 "https://blog.newkolkata.in/items/281079tjvftidm230575.html" "Mozilla/5.0 AppleWebKit/537.36 (KHTML, like Gecko; compatible; GPTBot/1.3; +https://openai.com/gptbot)"
74.7.243.248 - - [07/Feb/2026:10:37:41 -0500] "GET /ctg/search/similarImageSearchResultView/?ctgItemCd=158582154721 HTTP/1.1" 404 1251 "https://blog.newkolkata.in/get/154721cejpitems.htm" "Mozilla/5.0 AppleWebKit/537.36 (KHTML, like Gecko; compatible; GPTBot/1.3; +https://openai.com/gptbot)"
74.7.243.248 - - [07/Feb/2026:10:37:44 -0500] "GET /ctg/search/similarImageSearchResultView/?ctgItemCd=206265201957 HTTP/1.1" 404 1251 "https://blog.newkolkata.in/getidm36/201957tjvfitems.htm" "Mozilla/5.0 AppleWebKit/537.36 (KHTML, like Gecko; compatible; GPTBot/1.3; +https://openai.com/gptbot)"
74.7.243.248 - - [07/Feb/2026:10:37:47 -0500] "GET /ctg/search/similarImageSearchResultView/?ctgItemCd=256346252824 HTTP/1.1" 404 1251 "https://blog.newkolkata.in/get/252824pcywitems" "Mozilla/5.0 AppleWebKit/537.36 (KHTML, like Gecko; compatible; GPTBot/1.3; +https://openai.com/gptbot)"
85.208.96.206 - - [07/Feb/2026:10:37:50 -0500] "GET /getid/9864zslyitems.htm HTTP/1.1" 404 1251 "-" "Mozilla/5.0 (compatible; SemrushBot/7~bl; +http://www.semrush.com/bot.html)"
74.7.243.248 - - [07/Feb/2026:10:37:50 -0500] "GET /ctg/search/similarImageSearchResultView/?ctgItemCd=161135156909 HTTP/1.1" 404 1251 "https://blog.newkolkata.in/getidm/156909mvrvitems.htm" "Mozilla/5.0 AppleWebKit/537.36 (KHTML, like Gecko; compatible; GPTBot/1.3; +https://openai.com/gptbot)"
74.7.243.248 - - [07/Feb/2026:10:37:53 -0500] "GET /ctg/search/similarImageSearchResultView/?ctgItemCd=191388187026 HTTP/1.1" 404 1251 "https://blog.newkolkata.in/getidm537/187026tjvfitems.htm" "Mozilla/5.0 AppleWebKit/537.36 (KHTML, like Gecko; compatible; GPTBot/1.3; +https://openai.com/gptbot)"
74.7.243.248 - - [07/Feb/2026:10:37:56 -0500] "GET /ctg/search/similarImageSearchResultView/?ctgItemCd=144326140261 HTTP/1.1" 404 1251 "https://blog.newkolkata.in/getid/140261jahtitems.htm" "Mozilla/5.0 AppleWebKit/537.36 (KHTML, like Gecko; compatible; GPTBot/1.3; +https://openai.com/gptbot)"
74.7.243.248 - - [07/Feb/2026:10:37:59 -0500] "GET /ctg/search/similarImageSearchResultView/?ctgItemCd=181215176963 HTTP/1.1" 404 1251 "https://blog.newkolkata.in/item/176963ccoytidm66318.html" "Mozilla/5.0 AppleWebKit/537.36 (KHTML, like Gecko; compatible; GPTBot/1.3; +https://openai.com/gptbot)"
74.7.243.248 - - [07/Feb/2026:10:38:03 -0500] "GET /ctg/search/similarImageSearchResultView/?ctgItemCd=158689154620 HTTP/1.1" 404 1251 "https://blog.newkolkata.in/getid/154620kairitems.htm" "Mozilla/5.0 AppleWebKit/537.36 (KHTML, like Gecko; compatible; GPTBot/1.3; +https://openai.com/gptbot)"
74.7.243.248 - - [07/Feb/2026:10:38:06 -0500] "GET /ctg/search/similarImageSearchResultView/?ctgItemCd=10140697199 HTTP/1.1" 404 1251 "https://blog.newkolkata.in/getidm5/97199ccoyitems.htm" "Mozilla/5.0 AppleWebKit/537.36 (KHTML, like Gecko; compatible; GPTBot/1.3; +https://openai.com/gptbot)"
74.7.243.248 - - [07/Feb/2026:10:38:09 -0500] "GET /ctg/search/similarImageSearchResultView/?ctgItemCd=282752278413 HTTP/1.1" 404 1251 "https://blog.newkolkata.in/getidm325/278413jahtitems.htm" "Mozilla/5.0 AppleWebKit/537.36 (KHTML, like Gecko; compatible; GPTBot/1.3; +https://openai.com/gptbot)"
85.208.96.196 - - [07/Feb/2026:10:38:09 -0500] "GET /geti/252631kairitems HTTP/1.1" 404 1251 "-" "Mozilla/5.0 (compatible; SemrushBot/7~bl; +http://www.semrush.com/bot.html)"
74.7.243.248 - - [07/Feb/2026:10:38:12 -0500] "GET /ctg/search/similarImageSearchResultView/?ctgItemCd=259887255856 HTTP/1.1" 404 1251 "https://blog.newkolkata.in/ite/255856sejmtidm602.html" "Mozilla/5.0 AppleWebKit/537.36 (KHTML, like Gecko; compatible; GPTBot/1.3; +https://openai.com/gptbot)"
85.208.96.196 - - [07/Feb/2026:10:38:15 -0500] "GET /getidm/147324sejmitems.htm HTTP/1.1" 404 1251 "-" "Mozilla/5.0 (compatible; SemrushBot/7~bl; +http://www.semrush.com/bot.html)"
74.7.243.248 - - [07/Feb/2026:10:38:15 -0500] "GET /ctg/search/similarImageSearchResultView/?ctgItemCd=178921175056 HTTP/1.1" 404 1251 "https://blog.newkolkata.in/getidm8/175056kairitems" "Mozilla/5.0 AppleWebKit/537.36 (KHTML, like Gecko; compatible; GPTBot/1.3; +https://openai.com/gptbot)"
85.208.96.195 - - [07/Feb/2026:10:38:18 -0500] "GET /getidm/164418mvrvitems.htm HTTP/1.1" 404 1251 "-" "Mozilla/5.0 (compatible; SemrushBot/7~bl; +http://www.semrush.com/bot.html)"
74.7.243.248 - - [07/Feb/2026:10:38:18 -0500] "GET /ctg/search/similarImageSearchResultView/?ctgItemCd=249371245389 HTTP/1.1" 404 1251 "https://blog.newkolkata.in/geti/245389jahtitems.htm" "Mozilla/5.0 AppleWebKit/537.36 (KHTML, like Gecko; compatible; GPTBot/1.3; +https://openai.com/gptbot)"
85.208.96.206 - - [07/Feb/2026:10:38:20 -0500] "GET /getidm/32713ulgpitems HTTP/1.1" 404 1251 "-" "Mozilla/5.0 (compatible; SemrushBot/7~bl; +http://www.semrush.com/bot.html)"
74.7.243.248 - - [07/Feb/2026:10:38:21 -0500] "GET /ctg/search/similarImageSearchResultView/?ctgItemCd=137809134008 HTTP/1.1" 404 1251 "https://blog.newkolkata.in/getidm/134008jahtitems" "Mozilla/5.0 AppleWebKit/537.36 (KHTML, like Gecko; compatible; GPTBot/1.3; +https://openai.com/gptbot)"
74.7.243.248 - - [07/Feb/2026:10:38:24 -0500] "GET /ctg/search/similarImageSearchResultView/?ctgItemCd=108984104903 HTTP/1.1" 404 1251 "https://blog.newkolkata.in/items/104903jahttidm.html" "Mozilla/5.0 AppleWebKit/537.36 (KHTML, like Gecko; compatible; GPTBot/1.3; +https://openai.com/gptbot)"
74.7.243.248 - - [07/Feb/2026:10:38:27 -0500] "GET /ctg/search/similarImageSearchResultView/?ctgItemCd=126962122715 HTTP/1.1" 404 1251 "https://blog.newkolkata.in/getidm4/122715ulgpitems.htm" "Mozilla/5.0 AppleWebKit/537.36 (KHTML, like Gecko; compatible; GPTBot/1.3; +https://openai.com/gptbot)"
74.7.243.248 - - [07/Feb/2026:10:38:30 -0500] "GET /ctg/search/similarImageSearchResultView/?ctgItemCd=237693233487 HTTP/1.1" 404 1251 "https://blog.newkolkata.in/getidm/233487tjvfitems.htm" "Mozilla/5.0 AppleWebKit/537.36 (KHTML, like Gecko; compatible; GPTBot/1.3; +https://openai.com/gptbot)"
85.208.96.195 - - [07/Feb/2026:10:38:33 -0500] "GET /get/255051mvrvitems.htm HTTP/1.1" 404 1251 "-" "Mozilla/5.0 (compatible; SemrushBot/7~bl; +http://www.semrush.com/bot.html)"
74.7.243.248 - - [07/Feb/2026:10:38:34 -0500] "GET /ctg/search/similarImageSearchResultView/?ctgItemCd=116256112247 HTTP/1.1" 404 1251 "https://blog.newkolkata.in/getidm4003/112247sejmitems" "Mozilla/5.0 AppleWebKit/537.36 (KHTML, like Gecko; compatible; GPTBot/1.3; +https://openai.com/gptbot)"
74.7.243.248 - - [07/Feb/2026:10:38:37 -0500] "GET /ctg/search/similarImageSearchResultView/?ctgItemCd=212791208680 HTTP/1.1" 404 1251 "https://blog.newkolkata.in/getid/208680mvrvitems.htm" "Mozilla/5.0 AppleWebKit/537.36 (KHTML, like Gecko; compatible; GPTBot/1.3; +https://openai.com/gptbot)"
74.7.243.248 - - [07/Feb/2026:10:38:40 -0500] "GET /ctg/search/similarImageSearchResultView/?ctgItemCd=137747133697 HTTP/1.1" 404 1251 "https://blog.newkolkata.in/item/133697ulgptidm7.html" "Mozilla/5.0 AppleWebKit/537.36 (KHTML, like Gecko; compatible; GPTBot/1.3; +https://openai.com/gptbot)"
74.7.243.248 - - [07/Feb/2026:10:38:43 -0500] "GET /ctg/search/similarImageSearchResultView/?ctgItemCd=215970211616 HTTP/1.1" 404 1251 "https://blog.newkolkata.in/getidm860/211616tjvfitems.htm" "Mozilla/5.0 AppleWebKit/537.36 (KHTML, like Gecko; compatible; GPTBot/1.3; +https://openai.com/gptbot)"
