74.7.243.248 - - [07/Feb/2026:08:15:17 -0500] "GET /ctg/search/similarImageSearchResultView/?ctgItemCd=265554261583 HTTP/1.1" 404 1251 "https://blog.newkolkata.in/geti/261583cejpitems.htm" "Mozilla/5.0 AppleWebKit/537.36 (KHTML, like Gecko; compatible; GPTBot/1.3; +https://openai.com/gptbot)"
74.7.243.248 - - [07/Feb/2026:08:15:20 -0500] "GET /ctg/search/similarImageSearchResultView/?ctgItemCd=147672143339 HTTP/1.1" 404 1251 "https://blog.newkolkata.in/items/143339pcywtidm4769.html" "Mozilla/5.0 AppleWebKit/537.36 (KHTML, like Gecko; compatible; GPTBot/1.3; +https://openai.com/gptbot)"
74.7.243.248 - - [07/Feb/2026:08:15:23 -0500] "GET /ctg/search/similarImageSearchResultView/?ctgItemCd=284612280777 HTTP/1.1" 404 1251 "https://blog.newkolkata.in/getidm/280777tjvfitems" "Mozilla/5.0 AppleWebKit/537.36 (KHTML, like Gecko; compatible; GPTBot/1.3; +https://openai.com/gptbot)"
74.7.243.248 - - [07/Feb/2026:08:15:26 -0500] "GET /ctg/search/similarImageSearchResultView/?ctgItemCd=112873108885 HTTP/1.1" 404 1251 "https://blog.newkolkata.in/geti/108885ccoyitems.htm" "Mozilla/5.0 AppleWebKit/537.36 (KHTML, like Gecko; compatible; GPTBot/1.3; +https://openai.com/gptbot)"
85.208.96.200 - - [07/Feb/2026:08:15:26 -0500] "GET /get/273094kairitems HTTP/1.1" 404 1251 "-" "Mozilla/5.0 (compatible; SemrushBot/7~bl; +http://www.semrush.com/bot.html)"
74.7.243.248 - - [07/Feb/2026:08:15:29 -0500] "GET /ctg/search/similarImageSearchResultView/?ctgItemCd=276135272229 HTTP/1.1" 404 1251 "https://blog.newkolkata.in/get/272229mvrvitems.htm" "Mozilla/5.0 AppleWebKit/537.36 (KHTML, like Gecko; compatible; GPTBot/1.3; +https://openai.com/gptbot)"
74.7.243.248 - - [07/Feb/2026:08:15:33 -0500] "GET /ctg/search/similarImageSearchResultView/?ctgItemCd=203561199666 HTTP/1.1" 404 1251 "https://blog.newkolkata.in/getidm6/199666tjvfitems" "Mozilla/5.0 AppleWebKit/537.36 (KHTML, like Gecko; compatible; GPTBot/1.3; +https://openai.com/gptbot)"
74.7.243.248 - - [07/Feb/2026:08:15:36 -0500] "GET /ctg/search/similarImageSearchResultView/?ctgItemCd=286663282715 HTTP/1.1" 404 1251 "https://blog.newkolkata.in/getidm59/282715pcywitems" "Mozilla/5.0 AppleWebKit/537.36 (KHTML, like Gecko; compatible; GPTBot/1.3; +https://openai.com/gptbot)"
74.7.243.248 - - [07/Feb/2026:08:15:39 -0500] "GET /ctg/search/similarImageSearchResultView/?ctgItemCd=193984190008 HTTP/1.1" 404 1251 "https://blog.newkolkata.in/geti/190008ccoyitems.htm" "Mozilla/5.0 AppleWebKit/537.36 (KHTML, like Gecko; compatible; GPTBot/1.3; +https://openai.com/gptbot)"
74.7.243.248 - - [07/Feb/2026:08:15:42 -0500] "GET /ctg/search/similarImageSearchResultView/?ctgItemCd=260622256409 HTTP/1.1" 404 1251 "https://blog.newkolkata.in/items/256409ulgptidm19.html" "Mozilla/5.0 AppleWebKit/537.36 (KHTML, like Gecko; compatible; GPTBot/1.3; +https://openai.com/gptbot)"
85.208.96.199 - - [07/Feb/2026:08:15:45 -0500] "GET /ite/62840tjvftidm8.html HTTP/1.1" 404 1251 "-" "Mozilla/5.0 (compatible; SemrushBot/7~bl; +http://www.semrush.com/bot.html)"
74.7.243.248 - - [07/Feb/2026:08:15:45 -0500] "GET /ctg/search/similarImageSearchResultView/?ctgItemCd=244453240561 HTTP/1.1" 404 1251 "https://blog.newkolkata.in/get/240561pcywitems.htm" "Mozilla/5.0 AppleWebKit/537.36 (KHTML, like Gecko; compatible; GPTBot/1.3; +https://openai.com/gptbot)"
185.191.171.14 - - [07/Feb/2026:08:15:48 -0500] "GET /getid/158248tjvfitems HTTP/1.1" 404 1251 "-" "Mozilla/5.0 (compatible; SemrushBot/7~bl; +http://www.semrush.com/bot.html)"
74.7.243.248 - - [07/Feb/2026:08:15:48 -0500] "GET /ctg/search/similarImageSearchResultView/?ctgItemCd=122273117885 HTTP/1.1" 404 1251 "https://blog.newkolkata.in/getidm855/117885mvrvitems.htm" "Mozilla/5.0 AppleWebKit/537.36 (KHTML, like Gecko; compatible; GPTBot/1.3; +https://openai.com/gptbot)"
85.208.96.203 - - [07/Feb/2026:08:15:49 -0500] "GET /get/38331zslyitems.htm HTTP/1.1" 404 1251 "-" "Mozilla/5.0 (compatible; SemrushBot/7~bl; +http://www.semrush.com/bot.html)"
74.7.243.248 - - [07/Feb/2026:08:15:52 -0500] "GET /ctg/search/similarImageSearchResultView/?ctgItemCd=225614222017 HTTP/1.1" 404 1251 "https://blog.newkolkata.in/geti/222017ccoyitems" "Mozilla/5.0 AppleWebKit/537.36 (KHTML, like Gecko; compatible; GPTBot/1.3; +https://openai.com/gptbot)"
185.191.171.13 - - [07/Feb/2026:08:15:52 -0500] "GET /geti/6703jahtitems HTTP/1.1" 404 1251 "-" "Mozilla/5.0 (compatible; SemrushBot/7~bl; +http://www.semrush.com/bot.html)"
74.7.243.248 - - [07/Feb/2026:08:15:55 -0500] "GET /ctg/search/similarImageSearchResultView/?ctgItemCd=233306229024 HTTP/1.1" 404 1251 "https://blog.newkolkata.in/item/229024kairtidm360629.html" "Mozilla/5.0 AppleWebKit/537.36 (KHTML, like Gecko; compatible; GPTBot/1.3; +https://openai.com/gptbot)"
185.191.171.1 - - [07/Feb/2026:08:15:56 -0500] "GET /getidm2/149434kairitems HTTP/1.1" 404 1251 "-" "Mozilla/5.0 (compatible; SemrushBot/7~bl; +http://www.semrush.com/bot.html)"
74.7.243.248 - - [07/Feb/2026:08:15:58 -0500] "GET /ctg/search/similarImageSearchResultView/?ctgItemCd=170200166678 HTTP/1.1" 404 1251 "https://blog.newkolkata.in/get/166678ulgpitems" "Mozilla/5.0 AppleWebKit/537.36 (KHTML, like Gecko; compatible; GPTBot/1.3; +https://openai.com/gptbot)"
74.7.243.248 - - [07/Feb/2026:08:16:01 -0500] "GET /ctg/search/similarImageSearchResultView/?ctgItemCd=286000281643 HTTP/1.1" 404 1251 "https://blog.newkolkata.in/getidm127/281643tjvfitems.htm" "Mozilla/5.0 AppleWebKit/537.36 (KHTML, like Gecko; compatible; GPTBot/1.3; +https://openai.com/gptbot)"
85.208.96.200 - - [07/Feb/2026:08:16:02 -0500] "GET /get/133150ulgpitems HTTP/1.1" 404 1251 "-" "Mozilla/5.0 (compatible; SemrushBot/7~bl; +http://www.semrush.com/bot.html)"
74.7.243.248 - - [07/Feb/2026:08:16:04 -0500] "GET /ctg/search/similarImageSearchResultView/?ctgItemCd=116971112945 HTTP/1.1" 404 1251 "https://blog.newkolkata.in/getidm6239/112945ccoyitems" "Mozilla/5.0 AppleWebKit/537.36 (KHTML, like Gecko; compatible; GPTBot/1.3; +https://openai.com/gptbot)"
74.7.243.248 - - [07/Feb/2026:08:16:07 -0500] "GET /ctg/search/similarImageSearchResultView/?ctgItemCd=116931112790 HTTP/1.1" 404 1251 "https://blog.newkolkata.in/items/112790jahttidm9.html" "Mozilla/5.0 AppleWebKit/537.36 (KHTML, like Gecko; compatible; GPTBot/1.3; +https://openai.com/gptbot)"
185.191.171.14 - - [07/Feb/2026:08:16:08 -0500] "GET /get/248310sejmitems.htm HTTP/1.1" 404 1251 "-" "Mozilla/5.0 (compatible; SemrushBot/7~bl; +http://www.semrush.com/bot.html)"
74.7.243.248 - - [07/Feb/2026:08:16:10 -0500] "GET /ctg/search/similarImageSearchResultView/?ctgItemCd=111662107778 HTTP/1.1" 404 1251 "https://blog.newkolkata.in/get/107778sejmitems.htm" "Mozilla/5.0 AppleWebKit/537.36 (KHTML, like Gecko; compatible; GPTBot/1.3; +https://openai.com/gptbot)"
185.191.171.5 - - [07/Feb/2026:08:16:12 -0500] "GET /geti/75391kairitems HTTP/1.1" 404 1251 "-" "Mozilla/5.0 (compatible; SemrushBot/7~bl; +http://www.semrush.com/bot.html)"
74.7.243.248 - - [07/Feb/2026:08:16:14 -0500] "GET /ctg/search/similarImageSearchResultView/?ctgItemCd=210008205969 HTTP/1.1" 404 1251 "https://blog.newkolkata.in/getidm9769/205969jahtitems" "Mozilla/5.0 AppleWebKit/537.36 (KHTML, like Gecko; compatible; GPTBot/1.3; +https://openai.com/gptbot)"
74.7.243.248 - - [07/Feb/2026:08:16:17 -0500] "GET /ctg/search/similarImageSearchResultView/?ctgItemCd=231802227875 HTTP/1.1" 404 1251 "https://blog.newkolkata.in/getidm61/227875sejmitems" "Mozilla/5.0 AppleWebKit/537.36 (KHTML, like Gecko; compatible; GPTBot/1.3; +https://openai.com/gptbot)"
74.7.243.248 - - [07/Feb/2026:08:16:20 -0500] "GET /ctg/search/similarImageSearchResultView/?ctgItemCd=176611172259 HTTP/1.1" 404 1251 "https://blog.newkolkata.in/items/172259sejmtidm64112.html" "Mozilla/5.0 AppleWebKit/537.36 (KHTML, like Gecko; compatible; GPTBot/1.3; +https://openai.com/gptbot)"
74.7.243.248 - - [07/Feb/2026:08:16:23 -0500] "GET /ctg/search/similarImageSearchResultView/?ctgItemCd=204145200082 HTTP/1.1" 404 1251 "https://blog.newkolkata.in/getid/200082kairitems.htm" "Mozilla/5.0 AppleWebKit/537.36 (KHTML, like Gecko; compatible; GPTBot/1.3; +https://openai.com/gptbot)"
74.7.243.248 - - [07/Feb/2026:08:16:26 -0500] "GET /ctg/search/similarImageSearchResultView/?ctgItemCd=121861117920 HTTP/1.1" 404 1251 "https://blog.newkolkata.in/ite/117920pcywtidm5.html" "Mozilla/5.0 AppleWebKit/537.36 (KHTML, like Gecko; compatible; GPTBot/1.3; +https://openai.com/gptbot)"
74.7.243.248 - - [07/Feb/2026:08:16:30 -0500] "GET /ctg/search/similarImageSearchResultView/?ctgItemCd=231152226860 HTTP/1.1" 404 1251 "https://blog.newkolkata.in/getidm39/226860jahtitems.htm" "Mozilla/5.0 AppleWebKit/537.36 (KHTML, like Gecko; compatible; GPTBot/1.3; +https://openai.com/gptbot)"
74.7.243.248 - - [07/Feb/2026:08:16:33 -0500] "GET /ctg/search/similarImageSearchResultView/?ctgItemCd=111254107024 HTTP/1.1" 404 1251 "https://blog.newkolkata.in/getidm8/107024kairitems.htm" "Mozilla/5.0 AppleWebKit/537.36 (KHTML, like Gecko; compatible; GPTBot/1.3; +https://openai.com/gptbot)"
74.7.243.248 - - [07/Feb/2026:08:16:36 -0500] "GET /ctg/search/similarImageSearchResultView/?ctgItemCd=290647286888 HTTP/1.1" 404 1251 "https://blog.newkolkata.in/getid/286888zslyitems" "Mozilla/5.0 AppleWebKit/537.36 (KHTML, like Gecko; compatible; GPTBot/1.3; +https://openai.com/gptbot)"
74.7.243.248 - - [07/Feb/2026:08:16:39 -0500] "GET /ctg/search/similarImageSearchResultView/?ctgItemCd=262870258881 HTTP/1.1" 404 1251 "https://blog.newkolkata.in/getidm668/258881sejmitems" "Mozilla/5.0 AppleWebKit/537.36 (KHTML, like Gecko; compatible; GPTBot/1.3; +https://openai.com/gptbot)"
185.191.171.13 - - [07/Feb/2026:08:16:40 -0500] "GET /ite/80480ulgptidm7.html HTTP/1.1" 404 1251 "-" "Mozilla/5.0 (compatible; SemrushBot/7~bl; +http://www.semrush.com/bot.html)"
74.7.243.248 - - [07/Feb/2026:08:16:42 -0500] "GET /ctg/search/similarImageSearchResultView/?ctgItemCd=224692220710 HTTP/1.1" 404 1251 "https://blog.newkolkata.in/geti/220710tjvfitems.htm" "Mozilla/5.0 AppleWebKit/537.36 (KHTML, like Gecko; compatible; GPTBot/1.3; +https://openai.com/gptbot)"
85.208.96.208 - - [07/Feb/2026:08:16:42 -0500] "GET /geti/81079tjvfitems HTTP/1.1" 404 1251 "-" "Mozilla/5.0 (compatible; SemrushBot/7~bl; +http://www.semrush.com/bot.html)"
74.7.243.248 - - [07/Feb/2026:08:16:45 -0500] "GET /ctg/search/similarImageSearchResultView/?ctgItemCd=213339209004 HTTP/1.1" 404 1251 "https://blog.newkolkata.in/getidm702/209004ccoyitems.htm" "Mozilla/5.0 AppleWebKit/537.36 (KHTML, like Gecko; compatible; GPTBot/1.3; +https://openai.com/gptbot)"
74.7.243.248 - - [07/Feb/2026:08:16:49 -0500] "GET /ctg/search/similarImageSearchResultView/?ctgItemCd=150777146428 HTTP/1.1" 404 1251 "https://blog.newkolkata.in/items/146428ccoytidm23170.html" "Mozilla/5.0 AppleWebKit/537.36 (KHTML, like Gecko; compatible; GPTBot/1.3; +https://openai.com/gptbot)"
74.7.243.248 - - [07/Feb/2026:08:16:52 -0500] "GET /ctg/search/similarImageSearchResultView/?ctgItemCd=249666245806 HTTP/1.1" 404 1251 "https://blog.newkolkata.in/item/245806cejptid.html" "Mozilla/5.0 AppleWebKit/537.36 (KHTML, like Gecko; compatible; GPTBot/1.3; +https://openai.com/gptbot)"
74.7.243.248 - - [07/Feb/2026:08:16:55 -0500] "GET /ctg/search/similarImageSearchResultView/?ctgItemCd=222486218495 HTTP/1.1" 404 1251 "https://blog.newkolkata.in/items/218495ccoytid.html" "Mozilla/5.0 AppleWebKit/537.36 (KHTML, like Gecko; compatible; GPTBot/1.3; +https://openai.com/gptbot)"
74.7.243.248 - - [07/Feb/2026:08:16:58 -0500] "GET /ctg/search/similarImageSearchResultView/?ctgItemCd=173337168971 HTTP/1.1" 404 1251 "https://blog.newkolkata.in/items/168971ccoytidm54932.html" "Mozilla/5.0 AppleWebKit/537.36 (KHTML, like Gecko; compatible; GPTBot/1.3; +https://openai.com/gptbot)"
74.7.243.248 - - [07/Feb/2026:08:17:01 -0500] "GET /ctg/search/similarImageSearchResultView/?ctgItemCd=107778103395 HTTP/1.1" 404 1251 "https://blog.newkolkata.in/getidm636/103395zslyitems.htm" "Mozilla/5.0 AppleWebKit/537.36 (KHTML, like Gecko; compatible; GPTBot/1.3; +https://openai.com/gptbot)"
74.7.243.248 - - [07/Feb/2026:08:17:04 -0500] "GET /ctg/search/similarImageSearchResultView/?ctgItemCd=192516188863 HTTP/1.1" 404 1251 "https://blog.newkolkata.in/geti/188863zslyitems" "Mozilla/5.0 AppleWebKit/537.36 (KHTML, like Gecko; compatible; GPTBot/1.3; +https://openai.com/gptbot)"
74.7.243.248 - - [07/Feb/2026:08:17:07 -0500] "GET /ctg/search/similarImageSearchResultView/?ctgItemCd=248578244497 HTTP/1.1" 404 1251 "https://blog.newkolkata.in/getid/244497kairitems.htm" "Mozilla/5.0 AppleWebKit/537.36 (KHTML, like Gecko; compatible; GPTBot/1.3; +https://openai.com/gptbot)"
185.191.171.6 - - [07/Feb/2026:08:17:07 -0500] "GET /get/193054cejpitems HTTP/1.1" 404 1251 "-" "Mozilla/5.0 (compatible; SemrushBot/7~bl; +http://www.semrush.com/bot.html)"
74.7.243.248 - - [07/Feb/2026:08:17:10 -0500] "GET /ctg/search/similarImageSearchResultView/?ctgItemCd=222998218706 HTTP/1.1" 404 1251 "https://blog.newkolkata.in/items/218706kairtidm6114.html" "Mozilla/5.0 AppleWebKit/537.36 (KHTML, like Gecko; compatible; GPTBot/1.3; +https://openai.com/gptbot)"
74.7.243.248 - - [07/Feb/2026:08:17:13 -0500] "GET /ctg/search/similarImageSearchResultView/?ctgItemCd=215489211194 HTTP/1.1" 404 1251 "https://blog.newkolkata.in/getidm67/211194sejmitems.htm" "Mozilla/5.0 AppleWebKit/537.36 (KHTML, like Gecko; compatible; GPTBot/1.3; +https://openai.com/gptbot)"
74.7.243.248 - - [07/Feb/2026:08:17:17 -0500] "GET /ctg/search/similarImageSearchResultView/?ctgItemCd=230007225813 HTTP/1.1" 404 1251 "https://blog.newkolkata.in/item/225813tjvftidm6124.html" "Mozilla/5.0 AppleWebKit/537.36 (KHTML, like Gecko; compatible; GPTBot/1.3; +https://openai.com/gptbot)"
74.7.243.248 - - [07/Feb/2026:08:17:20 -0500] "GET /ctg/search/similarImageSearchResultView/?ctgItemCd=134440130251 HTTP/1.1" 404 1251 "https://blog.newkolkata.in/getidm/130251ulgpitems.htm" "Mozilla/5.0 AppleWebKit/537.36 (KHTML, like Gecko; compatible; GPTBot/1.3; +https://openai.com/gptbot)"
74.7.243.248 - - [07/Feb/2026:08:17:23 -0500] "GET /ctg/search/similarImageSearchResultView/?ctgItemCd=204360199995 HTTP/1.1" 404 1251 "https://blog.newkolkata.in/getidm641/199995sejmitems.htm" "Mozilla/5.0 AppleWebKit/537.36 (KHTML, like Gecko; compatible; GPTBot/1.3; +https://openai.com/gptbot)"
74.7.243.248 - - [07/Feb/2026:08:17:26 -0500] "GET /ctg/search/similarImageSearchResultView/?ctgItemCd=188666184700 HTTP/1.1" 404 1251 "https://blog.newkolkata.in/geti/184700cejpitems.htm" "Mozilla/5.0 AppleWebKit/537.36 (KHTML, like Gecko; compatible; GPTBot/1.3; +https://openai.com/gptbot)"
74.7.243.248 - - [07/Feb/2026:08:17:29 -0500] "GET /ctg/search/similarImageSearchResultView/?ctgItemCd=175558171643 HTTP/1.1" 404 1251 "https://blog.newkolkata.in/getidm84/171643jahtitems" "Mozilla/5.0 AppleWebKit/537.36 (KHTML, like Gecko; compatible; GPTBot/1.3; +https://openai.com/gptbot)"
185.191.171.16 - - [07/Feb/2026:08:17:30 -0500] "GET /get/124294pcywitems HTTP/1.1" 404 1251 "-" "Mozilla/5.0 (compatible; SemrushBot/7~bl; +http://www.semrush.com/bot.html)"
74.7.243.248 - - [07/Feb/2026:08:17:32 -0500] "GET /ctg/search/similarImageSearchResultView/?ctgItemCd=200066196272 HTTP/1.1" 404 1251 "https://blog.newkolkata.in/ite/196272mvrvtid.html" "Mozilla/5.0 AppleWebKit/537.36 (KHTML, like Gecko; compatible; GPTBot/1.3; +https://openai.com/gptbot)"
74.7.243.248 - - [07/Feb/2026:08:17:35 -0500] "GET /ctg/search/similarImageSearchResultView/?ctgItemCd=197908194000 HTTP/1.1" 404 1251 "https://blog.newkolkata.in/ite/194000kairtidm6.html" "Mozilla/5.0 AppleWebKit/537.36 (KHTML, like Gecko; compatible; GPTBot/1.3; +https://openai.com/gptbot)"
74.7.243.248 - - [07/Feb/2026:08:17:38 -0500] "GET /ctg/search/similarImageSearchResultView/?ctgItemCd=164355159992 HTTP/1.1" 404 1251 "https://blog.newkolkata.in/items/159992jahttidm77712.html" "Mozilla/5.0 AppleWebKit/537.36 (KHTML, like Gecko; compatible; GPTBot/1.3; +https://openai.com/gptbot)"
74.7.243.248 - - [07/Feb/2026:08:17:42 -0500] "GET /ctg/search/similarImageSearchResultView/?ctgItemCd=142333138640 HTTP/1.1" 404 1251 "https://blog.newkolkata.in/getid/138640cejpitems" "Mozilla/5.0 AppleWebKit/537.36 (KHTML, like Gecko; compatible; GPTBot/1.3; +https://openai.com/gptbot)"
74.7.243.248 - - [07/Feb/2026:08:17:45 -0500] "GET /ctg/search/similarImageSearchResultView/?ctgItemCd=223403219111 HTTP/1.1" 404 1251 "https://blog.newkolkata.in/getidm68/219111ccoyitems.htm" "Mozilla/5.0 AppleWebKit/537.36 (KHTML, like Gecko; compatible; GPTBot/1.3; +https://openai.com/gptbot)"
85.208.96.200 - - [07/Feb/2026:08:17:47 -0500] "GET /getid/252808mvrvitems HTTP/1.1" 404 1251 "-" "Mozilla/5.0 (compatible; SemrushBot/7~bl; +http://www.semrush.com/bot.html)"
74.7.243.248 - - [07/Feb/2026:08:17:48 -0500] "GET /ctg/search/similarImageSearchResultView/?ctgItemCd=297202293338 HTTP/1.1" 404 1251 "https://blog.newkolkata.in/getidm3/293338kairitems" "Mozilla/5.0 AppleWebKit/537.36 (KHTML, like Gecko; compatible; GPTBot/1.3; +https://openai.com/gptbot)"
74.7.243.248 - - [07/Feb/2026:08:17:51 -0500] "GET /ctg/search/similarImageSearchResultView/?ctgItemCd=230872227015 HTTP/1.1" 404 1251 "https://blog.newkolkata.in/ite/227015kairtidm.html" "Mozilla/5.0 AppleWebKit/537.36 (KHTML, like Gecko; compatible; GPTBot/1.3; +https://openai.com/gptbot)"
74.7.243.248 - - [07/Feb/2026:08:17:54 -0500] "GET /ctg/search/similarImageSearchResultView/?ctgItemCd=284449280468 HTTP/1.1" 404 1251 "https://blog.newkolkata.in/getidm961/280468sejmitems" "Mozilla/5.0 AppleWebKit/537.36 (KHTML, like Gecko; compatible; GPTBot/1.3; +https://openai.com/gptbot)"
74.7.243.248 - - [07/Feb/2026:08:17:57 -0500] "GET /ctg/search/similarImageSearchResultView/?ctgItemCd=111823107633 HTTP/1.1" 404 1251 "https://blog.newkolkata.in/items/107633sejmtidm11.html" "Mozilla/5.0 AppleWebKit/537.36 (KHTML, like Gecko; compatible; GPTBot/1.3; +https://openai.com/gptbot)"
74.7.243.248 - - [07/Feb/2026:08:18:01 -0500] "GET /ctg/search/similarImageSearchResultView/?ctgItemCd=199918195752 HTTP/1.1" 404 1251 "https://blog.newkolkata.in/items/195752tjvftidm6.html" "Mozilla/5.0 AppleWebKit/537.36 (KHTML, like Gecko; compatible; GPTBot/1.3; +https://openai.com/gptbot)"
74.7.243.248 - - [07/Feb/2026:08:18:04 -0500] "GET /ctg/search/similarImageSearchResultView/?ctgItemCd=222006217976 HTTP/1.1" 404 1251 "https://blog.newkolkata.in/item/217976jahttidm1.html" "Mozilla/5.0 AppleWebKit/537.36 (KHTML, like Gecko; compatible; GPTBot/1.3; +https://openai.com/gptbot)"
74.7.243.248 - - [07/Feb/2026:08:18:07 -0500] "GET /ctg/search/similarImageSearchResultView/?ctgItemCd=161523157777 HTTP/1.1" 404 1251 "https://blog.newkolkata.in/getid/157777mvrvitems" "Mozilla/5.0 AppleWebKit/537.36 (KHTML, like Gecko; compatible; GPTBot/1.3; +https://openai.com/gptbot)"
74.7.243.248 - - [07/Feb/2026:08:18:10 -0500] "GET /ctg/search/similarImageSearchResultView/?ctgItemCd=111608107722 HTTP/1.1" 404 1251 "https://blog.newkolkata.in/getidm6/107722pcywitems" "Mozilla/5.0 AppleWebKit/537.36 (KHTML, like Gecko; compatible; GPTBot/1.3; +https://openai.com/gptbot)"
85.208.96.206 - - [07/Feb/2026:08:18:12 -0500] "GET /geti/94975jahtitems HTTP/1.1" 404 1251 "-" "Mozilla/5.0 (compatible; SemrushBot/7~bl; +http://www.semrush.com/bot.html)"
74.7.243.248 - - [07/Feb/2026:08:18:13 -0500] "GET /ctg/search/similarImageSearchResultView/?ctgItemCd=201118197392 HTTP/1.1" 404 1251 "https://blog.newkolkata.in/getid/197392tjvfitems" "Mozilla/5.0 AppleWebKit/537.36 (KHTML, like Gecko; compatible; GPTBot/1.3; +https://openai.com/gptbot)"
85.208.96.211 - - [07/Feb/2026:08:18:13 -0500] "GET /getidm/145129kairitems HTTP/1.1" 404 1251 "-" "Mozilla/5.0 (compatible; SemrushBot/7~bl; +http://www.semrush.com/bot.html)"
74.7.243.248 - - [07/Feb/2026:08:18:16 -0500] "GET /ctg/search/similarImageSearchResultView/?ctgItemCd=176094172227 HTTP/1.1" 404 1251 "https://blog.newkolkata.in/get/172227kairitems.htm" "Mozilla/5.0 AppleWebKit/537.36 (KHTML, like Gecko; compatible; GPTBot/1.3; +https://openai.com/gptbot)"
85.208.96.194 - - [07/Feb/2026:08:18:17 -0500] "GET /get/17614ulgpitems HTTP/1.1" 404 1251 "-" "Mozilla/5.0 (compatible; SemrushBot/7~bl; +http://www.semrush.com/bot.html)"
74.7.243.248 - - [07/Feb/2026:08:18:20 -0500] "GET /ctg/search/similarImageSearchResultView/?ctgItemCd=141986137776 HTTP/1.1" 404 1251 "https://blog.newkolkata.in/getidm/137776tjvfitems.htm" "Mozilla/5.0 AppleWebKit/537.36 (KHTML, like Gecko; compatible; GPTBot/1.3; +https://openai.com/gptbot)"
74.7.243.248 - - [07/Feb/2026:08:18:23 -0500] "GET /ctg/search/similarImageSearchResultView/?ctgItemCd=249843245556 HTTP/1.1" 404 1251 "https://blog.newkolkata.in/getidm9/245556zslyitems.htm" "Mozilla/5.0 AppleWebKit/537.36 (KHTML, like Gecko; compatible; GPTBot/1.3; +https://openai.com/gptbot)"
74.7.243.248 - - [07/Feb/2026:08:18:26 -0500] "GET /ctg/search/similarImageSearchResultView/?ctgItemCd=111988107706 HTTP/1.1" 404 1251 "https://blog.newkolkata.in/getidm14/107706jahtitems.htm" "Mozilla/5.0 AppleWebKit/537.36 (KHTML, like Gecko; compatible; GPTBot/1.3; +https://openai.com/gptbot)"
74.7.243.248 - - [07/Feb/2026:08:18:29 -0500] "GET /ctg/search/similarImageSearchResultView/?ctgItemCd=163888159962 HTTP/1.1" 404 1251 "https://blog.newkolkata.in/getidm24/159962ccoyitems" "Mozilla/5.0 AppleWebKit/537.36 (KHTML, like Gecko; compatible; GPTBot/1.3; +https://openai.com/gptbot)"
74.7.243.248 - - [07/Feb/2026:08:18:32 -0500] "GET /ctg/search/similarImageSearchResultView/?ctgItemCd=264980260777 HTTP/1.1" 404 1251 "https://blog.newkolkata.in/items/260777ccoytidm70.html" "Mozilla/5.0 AppleWebKit/537.36 (KHTML, like Gecko; compatible; GPTBot/1.3; +https://openai.com/gptbot)"
74.7.243.248 - - [07/Feb/2026:08:18:36 -0500] "GET /ctg/search/similarImageSearchResultView/?ctgItemCd=111203107340 HTTP/1.1" 404 1251 "https://blog.newkolkata.in/ite/107340sejmtidm.html" "Mozilla/5.0 AppleWebKit/537.36 (KHTML, like Gecko; compatible; GPTBot/1.3; +https://openai.com/gptbot)"
74.7.243.248 - - [07/Feb/2026:08:18:39 -0500] "GET /ctg/search/similarImageSearchResultView/?ctgItemCd=222673218968 HTTP/1.1" 404 1251 "https://blog.newkolkata.in/getid/218968cejpitems" "Mozilla/5.0 AppleWebKit/537.36 (KHTML, like Gecko; compatible; GPTBot/1.3; +https://openai.com/gptbot)"
74.7.243.248 - - [07/Feb/2026:08:18:42 -0500] "GET /ctg/search/similarImageSearchResultView/?ctgItemCd=197434193332 HTTP/1.1" 404 1251 "https://blog.newkolkata.in/items/193332ulgptidm.html" "Mozilla/5.0 AppleWebKit/537.36 (KHTML, like Gecko; compatible; GPTBot/1.3; +https://openai.com/gptbot)"
74.7.243.248 - - [07/Feb/2026:08:18:45 -0500] "GET /ctg/search/similarImageSearchResultView/?ctgItemCd=283122279376 HTTP/1.1" 404 1251 "https://blog.newkolkata.in/getid/279376mvrvitems" "Mozilla/5.0 AppleWebKit/537.36 (KHTML, like Gecko; compatible; GPTBot/1.3; +https://openai.com/gptbot)"
74.7.243.248 - - [07/Feb/2026:08:18:48 -0500] "GET /ctg/search/similarImageSearchResultView/?ctgItemCd=193222189620 HTTP/1.1" 404 1251 "https://blog.newkolkata.in/geti/189620kairitems" "Mozilla/5.0 AppleWebKit/537.36 (KHTML, like Gecko; compatible; GPTBot/1.3; +https://openai.com/gptbot)"
85.208.96.194 - - [07/Feb/2026:08:18:51 -0500] "GET /robots.txt HTTP/1.1" 200 281 "-" "Mozilla/5.0 (compatible; SemrushBot/7~bl; +http://www.semrush.com/bot.html)"
74.7.243.248 - - [07/Feb/2026:08:18:52 -0500] "GET /ctg/search/similarImageSearchResultView/?ctgItemCd=134034129998 HTTP/1.1" 404 1251 "https://blog.newkolkata.in/items/129998zslytid.html" "Mozilla/5.0 AppleWebKit/537.36 (KHTML, like Gecko; compatible; GPTBot/1.3; +https://openai.com/gptbot)"
185.191.171.6 - - [07/Feb/2026:08:18:52 -0500] "GET /getidm3/4882ulgpitems HTTP/1.1" 404 1251 "-" "Mozilla/5.0 (compatible; SemrushBot/7~bl; +http://www.semrush.com/bot.html)"
74.7.243.248 - - [07/Feb/2026:08:18:55 -0500] "GET /ctg/search/similarImageSearchResultView/?ctgItemCd=124449120276 HTTP/1.1" 404 1251 "https://blog.newkolkata.in/getidm/120276cejpitems.htm" "Mozilla/5.0 AppleWebKit/537.36 (KHTML, like Gecko; compatible; GPTBot/1.3; +https://openai.com/gptbot)"
74.7.243.248 - - [07/Feb/2026:08:18:58 -0500] "GET /ctg/search/similarImageSearchResultView/?ctgItemCd=115340111098 HTTP/1.1" 404 1251 "https://blog.newkolkata.in/items/111098jahttidm446.html" "Mozilla/5.0 AppleWebKit/537.36 (KHTML, like Gecko; compatible; GPTBot/1.3; +https://openai.com/gptbot)"
74.7.243.248 - - [07/Feb/2026:08:19:01 -0500] "GET /ctg/search/similarImageSearchResultView/?ctgItemCd=209999206135 HTTP/1.1" 404 1251 "https://blog.newkolkata.in/ite/206135ccoytidm.html" "Mozilla/5.0 AppleWebKit/537.36 (KHTML, like Gecko; compatible; GPTBot/1.3; +https://openai.com/gptbot)"
74.7.243.248 - - [07/Feb/2026:08:19:05 -0500] "GET /ctg/search/similarImageSearchResultView/?ctgItemCd=214885211153 HTTP/1.1" 404 1251 "https://blog.newkolkata.in/getid/211153zslyitems" "Mozilla/5.0 AppleWebKit/537.36 (KHTML, like Gecko; compatible; GPTBot/1.3; +https://openai.com/gptbot)"
185.191.171.10 - - [07/Feb/2026:08:19:07 -0500] "GET /getid/23800mvrvitems HTTP/1.1" 404 1251 "-" "Mozilla/5.0 (compatible; SemrushBot/7~bl; +http://www.semrush.com/bot.html)"
74.7.243.248 - - [07/Feb/2026:08:19:08 -0500] "GET /ctg/search/similarImageSearchResultView/?ctgItemCd=124143120008 HTTP/1.1" 404 1251 "https://blog.newkolkata.in/items/120008sejmtidm4.html" "Mozilla/5.0 AppleWebKit/537.36 (KHTML, like Gecko; compatible; GPTBot/1.3; +https://openai.com/gptbot)"
74.7.243.248 - - [07/Feb/2026:08:19:11 -0500] "GET /ctg/search/similarImageSearchResultView/?ctgItemCd=196707193222 HTTP/1.1" 404 1251 "https://blog.newkolkata.in/get/193222cejpitems" "Mozilla/5.0 AppleWebKit/537.36 (KHTML, like Gecko; compatible; GPTBot/1.3; +https://openai.com/gptbot)"
74.7.243.248 - - [07/Feb/2026:08:19:14 -0500] "GET /ctg/search/similarImageSearchResultView/?ctgItemCd=222359217909 HTTP/1.1" 404 1251 "https://blog.newkolkata.in/items/217909mvrvtidm565873.html" "Mozilla/5.0 AppleWebKit/537.36 (KHTML, like Gecko; compatible; GPTBot/1.3; +https://openai.com/gptbot)"
85.208.96.210 - - [07/Feb/2026:08:19:15 -0500] "GET /item/271646jahttid.html HTTP/1.1" 404 1251 "-" "Mozilla/5.0 (compatible; SemrushBot/7~bl; +http://www.semrush.com/bot.html)"
74.7.243.248 - - [07/Feb/2026:08:19:17 -0500] "GET /ctg/search/similarImageSearchResultView/?ctgItemCd=214448210609 HTTP/1.1" 404 1251 "https://blog.newkolkata.in/getidm/210609mvrvitems" "Mozilla/5.0 AppleWebKit/537.36 (KHTML, like Gecko; compatible; GPTBot/1.3; +https://openai.com/gptbot)"
74.7.243.248 - - [07/Feb/2026:08:19:20 -0500] "GET /ctg/search/similarImageSearchResultView/?ctgItemCd=166711162708 HTTP/1.1" 404 1251 "https://blog.newkolkata.in/geti/162708pcywitems.htm" "Mozilla/5.0 AppleWebKit/537.36 (KHTML, like Gecko; compatible; GPTBot/1.3; +https://openai.com/gptbot)"
74.7.243.248 - - [07/Feb/2026:08:19:23 -0500] "GET /ctg/search/similarImageSearchResultView/?ctgItemCd=150999147478 HTTP/1.1" 404 1251 "https://blog.newkolkata.in/get/147478tjvfitems" "Mozilla/5.0 AppleWebKit/537.36 (KHTML, like Gecko; compatible; GPTBot/1.3; +https://openai.com/gptbot)"
74.7.243.248 - - [07/Feb/2026:08:19:26 -0500] "GET /ctg/search/similarImageSearchResultView/?ctgItemCd=155532151490 HTTP/1.1" 404 1251 "https://blog.newkolkata.in/ite/151490pcywtidm460.html" "Mozilla/5.0 AppleWebKit/537.36 (KHTML, like Gecko; compatible; GPTBot/1.3; +https://openai.com/gptbot)"
185.191.171.4 - - [07/Feb/2026:08:19:28 -0500] "GET /getidm4/18562cejpitems HTTP/1.1" 404 1251 "-" "Mozilla/5.0 (compatible; SemrushBot/7~bl; +http://www.semrush.com/bot.html)"
74.7.243.248 - - [07/Feb/2026:08:19:30 -0500] "GET /ctg/search/similarImageSearchResultView/?ctgItemCd=201511197616 HTTP/1.1" 404 1251 "https://blog.newkolkata.in/get/197616tjvfitems.htm" "Mozilla/5.0 AppleWebKit/537.36 (KHTML, like Gecko; compatible; GPTBot/1.3; +https://openai.com/gptbot)"
74.7.243.248 - - [07/Feb/2026:08:19:33 -0500] "GET /ctg/search/similarImageSearchResultView/?ctgItemCd=266615262494 HTTP/1.1" 404 1251 "https://blog.newkolkata.in/getid/262494zslyitems.htm" "Mozilla/5.0 AppleWebKit/537.36 (KHTML, like Gecko; compatible; GPTBot/1.3; +https://openai.com/gptbot)"
74.7.243.248 - - [07/Feb/2026:08:19:36 -0500] "GET /ctg/search/similarImageSearchResultView/?ctgItemCd=178549174441 HTTP/1.1" 404 1251 "https://blog.newkolkata.in/getid/174441mvrvitems.htm" "Mozilla/5.0 AppleWebKit/537.36 (KHTML, like Gecko; compatible; GPTBot/1.3; +https://openai.com/gptbot)"
74.7.243.248 - - [07/Feb/2026:08:19:39 -0500] "GET /ctg/search/similarImageSearchResultView/?ctgItemCd=281834277444 HTTP/1.1" 404 1251 "https://blog.newkolkata.in/items/277444mvrvtidm55624.html" "Mozilla/5.0 AppleWebKit/537.36 (KHTML, like Gecko; compatible; GPTBot/1.3; +https://openai.com/gptbot)"
74.7.243.248 - - [07/Feb/2026:08:19:42 -0500] "GET /ctg/search/similarImageSearchResultView/?ctgItemCd=282045277749 HTTP/1.1" 404 1251 "https://blog.newkolkata.in/getidm9/277749zslyitems.htm" "Mozilla/5.0 AppleWebKit/537.36 (KHTML, like Gecko; compatible; GPTBot/1.3; +https://openai.com/gptbot)"
185.191.171.9 - - [07/Feb/2026:08:19:45 -0500] "GET /geti/280159ulgpitems HTTP/1.1" 404 1251 "-" "Mozilla/5.0 (compatible; SemrushBot/7~bl; +http://www.semrush.com/bot.html)"
74.7.243.248 - - [07/Feb/2026:08:19:45 -0500] "GET /ctg/search/similarImageSearchResultView/?ctgItemCd=176870173338 HTTP/1.1" 404 1251 "https://blog.newkolkata.in/get/173338mvrvitems" "Mozilla/5.0 AppleWebKit/537.36 (KHTML, like Gecko; compatible; GPTBot/1.3; +https://openai.com/gptbot)"
74.7.243.248 - - [07/Feb/2026:08:19:48 -0500] "GET /ctg/search/similarImageSearchResultView/?ctgItemCd=289922285703 HTTP/1.1" 404 1251 "https://blog.newkolkata.in/items/285703pcywtidm42.html" "Mozilla/5.0 AppleWebKit/537.36 (KHTML, like Gecko; compatible; GPTBot/1.3; +https://openai.com/gptbot)"
74.7.243.248 - - [07/Feb/2026:08:19:52 -0500] "GET /ctg/search/similarImageSearchResultView/?ctgItemCd=173433169444 HTTP/1.1" 404 1251 "https://blog.newkolkata.in/getidm447/169444ulgpitems" "Mozilla/5.0 AppleWebKit/537.36 (KHTML, like Gecko; compatible; GPTBot/1.3; +https://openai.com/gptbot)"
74.7.243.248 - - [07/Feb/2026:08:19:55 -0500] "GET /ctg/search/similarImageSearchResultView/?ctgItemCd=150547146222 HTTP/1.1" 404 1251 "https://blog.newkolkata.in/getidm162/146222cejpitems.htm" "Mozilla/5.0 AppleWebKit/537.36 (KHTML, like Gecko; compatible; GPTBot/1.3; +https://openai.com/gptbot)"
74.7.243.248 - - [07/Feb/2026:08:19:58 -0500] "GET /ctg/search/similarImageSearchResultView/?ctgItemCd=111350107395 HTTP/1.1" 404 1251 "https://blog.newkolkata.in/getidm94/107395mvrvitems" "Mozilla/5.0 AppleWebKit/537.36 (KHTML, like Gecko; compatible; GPTBot/1.3; +https://openai.com/gptbot)"
74.7.243.248 - - [07/Feb/2026:08:20:01 -0500] "GET /ctg/search/similarImageSearchResultView/?ctgItemCd=118682114443 HTTP/1.1" 404 1251 "https://blog.newkolkata.in/items/114443kairtidm248.html" "Mozilla/5.0 AppleWebKit/537.36 (KHTML, like Gecko; compatible; GPTBot/1.3; +https://openai.com/gptbot)"
85.208.96.204 - - [07/Feb/2026:08:20:03 -0500] "GET /geti/121303jahtitems HTTP/1.1" 404 1251 "-" "Mozilla/5.0 (compatible; SemrushBot/7~bl; +http://www.semrush.com/bot.html)"
74.7.243.248 - - [07/Feb/2026:08:20:04 -0500] "GET /ctg/search/similarImageSearchResultView/?ctgItemCd=226905222618 HTTP/1.1" 404 1251 "https://blog.newkolkata.in/getidm19/222618kairitems.htm" "Mozilla/5.0 AppleWebKit/537.36 (KHTML, like Gecko; compatible; GPTBot/1.3; +https://openai.com/gptbot)"
185.191.171.13 - - [07/Feb/2026:08:20:06 -0500] "GET /get/18318kairitems.htm HTTP/1.1" 404 1251 "-" "Mozilla/5.0 (compatible; SemrushBot/7~bl; +http://www.semrush.com/bot.html)"
74.7.243.248 - - [07/Feb/2026:08:20:07 -0500] "GET /ctg/search/similarImageSearchResultView/?ctgItemCd=111447107389 HTTP/1.1" 404 1251 "https://blog.newkolkata.in/getidm5203/107389zslyitems" "Mozilla/5.0 AppleWebKit/537.36 (KHTML, like Gecko; compatible; GPTBot/1.3; +https://openai.com/gptbot)"
185.191.171.10 - - [07/Feb/2026:08:20:08 -0500] "GET /getidm/276529cejpitems HTTP/1.1" 404 1251 "-" "Mozilla/5.0 (compatible; SemrushBot/7~bl; +http://www.semrush.com/bot.html)"
85.208.96.203 - - [07/Feb/2026:08:20:10 -0500] "GET /getidm/268441jahtitems HTTP/1.1" 404 1251 "-" "Mozilla/5.0 (compatible; SemrushBot/7~bl; +http://www.semrush.com/bot.html)"
74.7.243.248 - - [07/Feb/2026:08:20:10 -0500] "GET /ctg/search/similarImageSearchResultView/?ctgItemCd=131777127945 HTTP/1.1" 404 1251 "https://blog.newkolkata.in/getidm/127945tjvfitems" "Mozilla/5.0 AppleWebKit/537.36 (KHTML, like Gecko; compatible; GPTBot/1.3; +https://openai.com/gptbot)"
85.208.96.212 - - [07/Feb/2026:08:20:11 -0500] "GET /get/228864zslyitems.htm HTTP/1.1" 404 1251 "-" "Mozilla/5.0 (compatible; SemrushBot/7~bl; +http://www.semrush.com/bot.html)"
85.208.96.201 - - [07/Feb/2026:08:20:13 -0500] "GET /getid/6315tjvfitems.htm HTTP/1.1" 404 1251 "-" "Mozilla/5.0 (compatible; SemrushBot/7~bl; +http://www.semrush.com/bot.html)"
74.7.243.248 - - [07/Feb/2026:08:20:13 -0500] "GET /ctg/search/similarImageSearchResultView/?ctgItemCd=300021295995 HTTP/1.1" 404 1251 "https://blog.newkolkata.in/geti/295995mvrvitems.htm" "Mozilla/5.0 AppleWebKit/537.36 (KHTML, like Gecko; compatible; GPTBot/1.3; +https://openai.com/gptbot)"
85.208.96.205 - - [07/Feb/2026:08:20:15 -0500] "GET /get/130395cejpitems.htm HTTP/1.1" 404 1251 "-" "Mozilla/5.0 (compatible; SemrushBot/7~bl; +http://www.semrush.com/bot.html)"
74.7.243.248 - - [07/Feb/2026:08:20:16 -0500] "GET /ctg/search/similarImageSearchResultView/?ctgItemCd=115784111593 HTTP/1.1" 404 1251 "https://blog.newkolkata.in/items/111593kairtidm47.html" "Mozilla/5.0 AppleWebKit/537.36 (KHTML, like Gecko; compatible; GPTBot/1.3; +https://openai.com/gptbot)"
74.7.243.248 - - [07/Feb/2026:08:20:20 -0500] "GET /ctg/search/similarImageSearchResultView/?ctgItemCd=192725188803 HTTP/1.1" 404 1251 "https://blog.newkolkata.in/ite/188803jahttidm6.html" "Mozilla/5.0 AppleWebKit/537.36 (KHTML, like Gecko; compatible; GPTBot/1.3; +https://openai.com/gptbot)"
74.7.243.248 - - [07/Feb/2026:08:20:23 -0500] "GET /ctg/search/similarImageSearchResultView/?ctgItemCd=199907195878 HTTP/1.1" 404 1251 "https://blog.newkolkata.in/items/195878mvrvtid.html" "Mozilla/5.0 AppleWebKit/537.36 (KHTML, like Gecko; compatible; GPTBot/1.3; +https://openai.com/gptbot)"
74.7.243.248 - - [07/Feb/2026:08:20:26 -0500] "GET /ctg/search/similarImageSearchResultView/?ctgItemCd=241555237561 HTTP/1.1" 404 1251 "https://blog.newkolkata.in/geti/237561tjvfitems.htm" "Mozilla/5.0 AppleWebKit/537.36 (KHTML, like Gecko; compatible; GPTBot/1.3; +https://openai.com/gptbot)"
74.7.243.248 - - [07/Feb/2026:08:20:29 -0500] "GET /ctg/search/similarImageSearchResultView/?ctgItemCd=173336169150 HTTP/1.1" 404 1251 "https://blog.newkolkata.in/items/169150zslytidm9.html" "Mozilla/5.0 AppleWebKit/537.36 (KHTML, like Gecko; compatible; GPTBot/1.3; +https://openai.com/gptbot)"
74.7.243.248 - - [07/Feb/2026:08:20:32 -0500] "GET /ctg/search/similarImageSearchResultView/?ctgItemCd=222633219094 HTTP/1.1" 404 1251 "https://blog.newkolkata.in/get/219094zslyitems" "Mozilla/5.0 AppleWebKit/537.36 (KHTML, like Gecko; compatible; GPTBot/1.3; +https://openai.com/gptbot)"
74.7.243.248 - - [07/Feb/2026:08:20:36 -0500] "GET /ctg/search/similarImageSearchResultView/?ctgItemCd=230860226661 HTTP/1.1" 404 1251 "https://blog.newkolkata.in/items/226661ccoytidm54.html" "Mozilla/5.0 AppleWebKit/537.36 (KHTML, like Gecko; compatible; GPTBot/1.3; +https://openai.com/gptbot)"
74.7.243.248 - - [07/Feb/2026:08:20:39 -0500] "GET /ctg/search/similarImageSearchResultView/?ctgItemCd=182411178326 HTTP/1.1" 404 1251 "https://blog.newkolkata.in/getid/178326ccoyitems.htm" "Mozilla/5.0 AppleWebKit/537.36 (KHTML, like Gecko; compatible; GPTBot/1.3; +https://openai.com/gptbot)"
74.7.243.248 - - [07/Feb/2026:08:20:42 -0500] "GET /ctg/search/similarImageSearchResultView/?ctgItemCd=232592228360 HTTP/1.1" 404 1251 "https://blog.newkolkata.in/getidm3/228360kairitems.htm" "Mozilla/5.0 AppleWebKit/537.36 (KHTML, like Gecko; compatible; GPTBot/1.3; +https://openai.com/gptbot)"
74.7.243.248 - - [07/Feb/2026:08:20:45 -0500] "GET /ctg/search/similarImageSearchResultView/?ctgItemCd=120800116555 HTTP/1.1" 404 1251 "https://blog.newkolkata.in/getidm6/116555sejmitems.htm" "Mozilla/5.0 AppleWebKit/537.36 (KHTML, like Gecko; compatible; GPTBot/1.3; +https://openai.com/gptbot)"
185.191.171.18 - - [07/Feb/2026:08:20:46 -0500] "GET /getidm/191617kairitems HTTP/1.1" 404 1251 "-" "Mozilla/5.0 (compatible; SemrushBot/7~bl; +http://www.semrush.com/bot.html)"
85.208.96.204 - - [07/Feb/2026:08:20:47 -0500] "GET /getidm3/125410cejpitems HTTP/1.1" 404 1251 "-" "Mozilla/5.0 (compatible; SemrushBot/7~bl; +http://www.semrush.com/bot.html)"
74.7.243.248 - - [07/Feb/2026:08:20:48 -0500] "GET /ctg/search/similarImageSearchResultView/?ctgItemCd=281922277784 HTTP/1.1" 404 1251 "https://blog.newkolkata.in/ite/277784kairtidm97223.html" "Mozilla/5.0 AppleWebKit/537.36 (KHTML, like Gecko; compatible; GPTBot/1.3; +https://openai.com/gptbot)"
74.7.243.248 - - [07/Feb/2026:08:20:51 -0500] "GET /ctg/search/similarImageSearchResultView/?ctgItemCd=209609205777 HTTP/1.1" 404 1251 "https://blog.newkolkata.in/getidm/205777tjvfitems" "Mozilla/5.0 AppleWebKit/537.36 (KHTML, like Gecko; compatible; GPTBot/1.3; +https://openai.com/gptbot)"
74.7.243.248 - - [07/Feb/2026:08:20:54 -0500] "GET /ctg/search/similarImageSearchResultView/?ctgItemCd=134188129992 HTTP/1.1" 404 1251 "https://blog.newkolkata.in/items/129992zslytidm9.html" "Mozilla/5.0 AppleWebKit/537.36 (KHTML, like Gecko; compatible; GPTBot/1.3; +https://openai.com/gptbot)"
74.7.243.248 - - [07/Feb/2026:08:20:57 -0500] "GET /ctg/search/similarImageSearchResultView/?ctgItemCd=233335229056 HTTP/1.1" 404 1251 "https://blog.newkolkata.in/getidm4/229056zslyitems.htm" "Mozilla/5.0 AppleWebKit/537.36 (KHTML, like Gecko; compatible; GPTBot/1.3; +https://openai.com/gptbot)"
74.7.243.248 - - [07/Feb/2026:08:21:01 -0500] "GET /ctg/search/similarImageSearchResultView/?ctgItemCd=222658218713 HTTP/1.1" 404 1251 "https://blog.newkolkata.in/getidm60/218713mvrvitems" "Mozilla/5.0 AppleWebKit/537.36 (KHTML, like Gecko; compatible; GPTBot/1.3; +https://openai.com/gptbot)"
74.7.243.248 - - [07/Feb/2026:08:21:04 -0500] "GET /ctg/search/similarImageSearchResultView/?ctgItemCd=129611125503 HTTP/1.1" 404 1251 "https://blog.newkolkata.in/ite/125503cejptidm42038.html" "Mozilla/5.0 AppleWebKit/537.36 (KHTML, like Gecko; compatible; GPTBot/1.3; +https://openai.com/gptbot)"
85.208.96.211 - - [07/Feb/2026:08:21:06 -0500] "GET /ite/241055jahttidm.html HTTP/1.1" 404 1251 "-" "Mozilla/5.0 (compatible; SemrushBot/7~bl; +http://www.semrush.com/bot.html)"
74.7.243.248 - - [07/Feb/2026:08:21:07 -0500] "GET /ctg/search/similarImageSearchResultView/?ctgItemCd=143337139822 HTTP/1.1" 404 1251 "https://blog.newkolkata.in/get/139822tjvfitems" "Mozilla/5.0 AppleWebKit/537.36 (KHTML, like Gecko; compatible; GPTBot/1.3; +https://openai.com/gptbot)"
74.7.243.248 - - [07/Feb/2026:08:21:10 -0500] "GET /ctg/search/similarImageSearchResultView/?ctgItemCd=200079195766 HTTP/1.1" 404 1251 "https://blog.newkolkata.in/items/195766jahttidm4658.html" "Mozilla/5.0 AppleWebKit/537.36 (KHTML, like Gecko; compatible; GPTBot/1.3; +https://openai.com/gptbot)"
74.7.243.248 - - [07/Feb/2026:08:21:13 -0500] "GET /ctg/search/similarImageSearchResultView/?ctgItemCd=156067152000 HTTP/1.1" 404 1251 "https://blog.newkolkata.in/items/152000cejptidm.html" "Mozilla/5.0 AppleWebKit/537.36 (KHTML, like Gecko; compatible; GPTBot/1.3; +https://openai.com/gptbot)"
74.7.243.248 - - [07/Feb/2026:08:21:16 -0500] "GET /ctg/search/similarImageSearchResultView/?ctgItemCd=130657126662 HTTP/1.1" 404 1251 "https://blog.newkolkata.in/items/126662ulgptid.html" "Mozilla/5.0 AppleWebKit/537.36 (KHTML, like Gecko; compatible; GPTBot/1.3; +https://openai.com/gptbot)"
74.7.243.248 - - [07/Feb/2026:08:21:20 -0500] "GET /ctg/search/similarImageSearchResultView/?ctgItemCd=271888267905 HTTP/1.1" 404 1251 "https://blog.newkolkata.in/ite/267905sejmtidm46.html" "Mozilla/5.0 AppleWebKit/537.36 (KHTML, like Gecko; compatible; GPTBot/1.3; +https://openai.com/gptbot)"
74.7.243.248 - - [07/Feb/2026:08:21:23 -0500] "GET /ctg/search/similarImageSearchResultView/?ctgItemCd=159807155571 HTTP/1.1" 404 1251 "https://blog.newkolkata.in/getidm4/155571jahtitems.htm" "Mozilla/5.0 AppleWebKit/537.36 (KHTML, like Gecko; compatible; GPTBot/1.3; +https://openai.com/gptbot)"
74.7.243.248 - - [07/Feb/2026:08:21:26 -0500] "GET /ctg/search/similarImageSearchResultView/?ctgItemCd=184711180950 HTTP/1.1" 404 1251 "https://blog.newkolkata.in/ite/180950ccoytid.html" "Mozilla/5.0 AppleWebKit/537.36 (KHTML, like Gecko; compatible; GPTBot/1.3; +https://openai.com/gptbot)"
74.7.243.248 - - [07/Feb/2026:08:21:29 -0500] "GET /ctg/search/similarImageSearchResultView/?ctgItemCd=140811136847 HTTP/1.1" 404 1251 "https://blog.newkolkata.in/ite/136847zslytidm4.html" "Mozilla/5.0 AppleWebKit/537.36 (KHTML, like Gecko; compatible; GPTBot/1.3; +https://openai.com/gptbot)"
74.7.243.248 - - [07/Feb/2026:08:21:32 -0500] "GET /ctg/search/similarImageSearchResultView/?ctgItemCd=123691119528 HTTP/1.1" 404 1251 "https://blog.newkolkata.in/items/119528ulgptidm8.html" "Mozilla/5.0 AppleWebKit/537.36 (KHTML, like Gecko; compatible; GPTBot/1.3; +https://openai.com/gptbot)"
74.7.243.248 - - [07/Feb/2026:08:21:35 -0500] "GET /ctg/search/similarImageSearchResultView/?ctgItemCd=261114256946 HTTP/1.1" 404 1251 "https://blog.newkolkata.in/item/256946pcywtidm618.html" "Mozilla/5.0 AppleWebKit/537.36 (KHTML, like Gecko; compatible; GPTBot/1.3; +https://openai.com/gptbot)"
74.7.243.248 - - [07/Feb/2026:08:21:38 -0500] "GET /ctg/search/similarImageSearchResultView/?ctgItemCd=205554201353 HTTP/1.1" 404 1251 "https://blog.newkolkata.in/items/201353ulgptidm46.html" "Mozilla/5.0 AppleWebKit/537.36 (KHTML, like Gecko; compatible; GPTBot/1.3; +https://openai.com/gptbot)"
185.191.171.2 - - [07/Feb/2026:08:21:41 -0500] "GET /getidm7/272962mvrvitems HTTP/1.1" 404 1251 "-" "Mozilla/5.0 (compatible; SemrushBot/7~bl; +http://www.semrush.com/bot.html)"
74.7.243.248 - - [07/Feb/2026:08:21:41 -0500] "GET /ctg/search/similarImageSearchResultView/?ctgItemCd=111250106998 HTTP/1.1" 404 1251 "https://blog.newkolkata.in/getidm3/106998sejmitems.htm" "Mozilla/5.0 AppleWebKit/537.36 (KHTML, like Gecko; compatible; GPTBot/1.3; +https://openai.com/gptbot)"
74.7.243.248 - - [07/Feb/2026:08:21:44 -0500] "GET /ctg/search/similarImageSearchResultView/?ctgItemCd=268849264555 HTTP/1.1" 404 1251 "https://blog.newkolkata.in/getidm74/264555kairitems.htm" "Mozilla/5.0 AppleWebKit/537.36 (KHTML, like Gecko; compatible; GPTBot/1.3; +https://openai.com/gptbot)"
74.7.243.248 - - [07/Feb/2026:08:21:47 -0500] "GET /ctg/search/similarImageSearchResultView/?ctgItemCd=111952107727 HTTP/1.1" 404 1251 "https://blog.newkolkata.in/ite/107727zslytidm862725.html" "Mozilla/5.0 AppleWebKit/537.36 (KHTML, like Gecko; compatible; GPTBot/1.3; +https://openai.com/gptbot)"
74.7.243.248 - - [07/Feb/2026:08:21:51 -0500] "GET /ctg/search/similarImageSearchResultView/?ctgItemCd=137590133394 HTTP/1.1" 404 1251 "https://blog.newkolkata.in/items/133394kairtidm94.html" "Mozilla/5.0 AppleWebKit/537.36 (KHTML, like Gecko; compatible; GPTBot/1.3; +https://openai.com/gptbot)"
85.208.96.194 - - [07/Feb/2026:08:21:52 -0500] "GET /getidm/80569tjvfitems HTTP/1.1" 404 1251 "-" "Mozilla/5.0 (compatible; SemrushBot/7~bl; +http://www.semrush.com/bot.html)"
74.7.243.248 - - [07/Feb/2026:08:21:54 -0500] "GET /ctg/search/similarImageSearchResultView/?ctgItemCd=188896185275 HTTP/1.1" 404 1251 "https://blog.newkolkata.in/geti/185275ulgpitems" "Mozilla/5.0 AppleWebKit/537.36 (KHTML, like Gecko; compatible; GPTBot/1.3; +https://openai.com/gptbot)"
85.208.96.198 - - [07/Feb/2026:08:21:56 -0500] "GET /getid/38214kairitems.htm HTTP/1.1" 404 1251 "-" "Mozilla/5.0 (compatible; SemrushBot/7~bl; +http://www.semrush.com/bot.html)"
74.7.243.248 - - [07/Feb/2026:08:21:57 -0500] "GET /ctg/search/similarImageSearchResultView/?ctgItemCd=170949167000 HTTP/1.1" 404 1251 "https://blog.newkolkata.in/ite/167000zslytidm4.html" "Mozilla/5.0 AppleWebKit/537.36 (KHTML, like Gecko; compatible; GPTBot/1.3; +https://openai.com/gptbot)"
74.7.243.248 - - [07/Feb/2026:08:22:00 -0500] "GET /ctg/search/similarImageSearchResultView/?ctgItemCd=244596241113 HTTP/1.1" 404 1251 "https://blog.newkolkata.in/get/241113jahtitems" "Mozilla/5.0 AppleWebKit/537.36 (KHTML, like Gecko; compatible; GPTBot/1.3; +https://openai.com/gptbot)"
74.7.243.248 - - [07/Feb/2026:08:22:03 -0500] "GET /ctg/search/similarImageSearchResultView/?ctgItemCd=224672220378 HTTP/1.1" 404 1251 "https://blog.newkolkata.in/getidm44/220378sejmitems.htm" "Mozilla/5.0 AppleWebKit/537.36 (KHTML, like Gecko; compatible; GPTBot/1.3; +https://openai.com/gptbot)"
74.7.243.248 - - [07/Feb/2026:08:22:06 -0500] "GET /ctg/search/similarImageSearchResultView/?ctgItemCd=231402227264 HTTP/1.1" 404 1251 "https://blog.newkolkata.in/items/227264jahttidm3.html" "Mozilla/5.0 AppleWebKit/537.36 (KHTML, like Gecko; compatible; GPTBot/1.3; +https://openai.com/gptbot)"
74.7.243.248 - - [07/Feb/2026:08:22:09 -0500] "GET /ctg/search/similarImageSearchResultView/?ctgItemCd=143000138671 HTTP/1.1" 404 1251 "https://blog.newkolkata.in/items/138671pcywtidm7444.html" "Mozilla/5.0 AppleWebKit/537.36 (KHTML, like Gecko; compatible; GPTBot/1.3; +https://openai.com/gptbot)"
74.7.243.248 - - [07/Feb/2026:08:22:13 -0500] "GET /ctg/search/similarImageSearchResultView/?ctgItemCd=111833107954 HTTP/1.1" 404 1251 "https://blog.newkolkata.in/get/107954ccoyitems.htm" "Mozilla/5.0 AppleWebKit/537.36 (KHTML, like Gecko; compatible; GPTBot/1.3; +https://openai.com/gptbot)"
74.7.243.248 - - [07/Feb/2026:08:22:16 -0500] "GET /ctg/search/similarImageSearchResultView/?ctgItemCd=133886129996 HTTP/1.1" 404 1251 "https://blog.newkolkata.in/get/129996sejmitems.htm" "Mozilla/5.0 AppleWebKit/537.36 (KHTML, like Gecko; compatible; GPTBot/1.3; +https://openai.com/gptbot)"
185.191.171.14 - - [07/Feb/2026:08:22:19 -0500] "GET /getidm2/154858ccoyitems HTTP/1.1" 404 1251 "-" "Mozilla/5.0 (compatible; SemrushBot/7~bl; +http://www.semrush.com/bot.html)"
74.7.243.248 - - [07/Feb/2026:08:22:19 -0500] "GET /ctg/search/similarImageSearchResultView/?ctgItemCd=111529107183 HTTP/1.1" 404 1251 "https://blog.newkolkata.in/getidm834/107183ccoyitems.htm" "Mozilla/5.0 AppleWebKit/537.36 (KHTML, like Gecko; compatible; GPTBot/1.3; +https://openai.com/gptbot)"
185.191.171.11 - - [07/Feb/2026:08:22:20 -0500] "GET /getidm3/269578tjvfitems HTTP/1.1" 404 1251 "-" "Mozilla/5.0 (compatible; SemrushBot/7~bl; +http://www.semrush.com/bot.html)"
74.7.243.248 - - [07/Feb/2026:08:22:22 -0500] "GET /ctg/search/similarImageSearchResultView/?ctgItemCd=222777218495 HTTP/1.1" 404 1251 "https://blog.newkolkata.in/getidm2/218495zslyitems.htm" "Mozilla/5.0 AppleWebKit/537.36 (KHTML, like Gecko; compatible; GPTBot/1.3; +https://openai.com/gptbot)"
74.7.243.248 - - [07/Feb/2026:08:22:25 -0500] "GET /ctg/search/similarImageSearchResultView/?ctgItemCd=170509166657 HTTP/1.1" 404 1251 "https://blog.newkolkata.in/getidm/166657mvrvitems" "Mozilla/5.0 AppleWebKit/537.36 (KHTML, like Gecko; compatible; GPTBot/1.3; +https://openai.com/gptbot)"
74.7.243.248 - - [07/Feb/2026:08:22:29 -0500] "GET /ctg/search/similarImageSearchResultView/?ctgItemCd=281634277720 HTTP/1.1" 404 1251 "https://blog.newkolkata.in/ite/277720kairtidm1.html" "Mozilla/5.0 AppleWebKit/537.36 (KHTML, like Gecko; compatible; GPTBot/1.3; +https://openai.com/gptbot)"
74.7.243.248 - - [07/Feb/2026:08:22:32 -0500] "GET /ctg/search/similarImageSearchResultView/?ctgItemCd=267888263961 HTTP/1.1" 404 1251 "https://blog.newkolkata.in/getidm93/263961ccoyitems" "Mozilla/5.0 AppleWebKit/537.36 (KHTML, like Gecko; compatible; GPTBot/1.3; +https://openai.com/gptbot)"
74.7.243.248 - - [07/Feb/2026:08:22:35 -0500] "GET /ctg/search/similarImageSearchResultView/?ctgItemCd=177782173451 HTTP/1.1" 404 1251 "https://blog.newkolkata.in/getidm420/173451jahtitems.htm" "Mozilla/5.0 AppleWebKit/537.36 (KHTML, like Gecko; compatible; GPTBot/1.3; +https://openai.com/gptbot)"
74.7.243.248 - - [07/Feb/2026:08:22:38 -0500] "GET /ctg/search/similarImageSearchResultView/?ctgItemCd=228881224759 HTTP/1.1" 404 1251 "https://blog.newkolkata.in/ite/224759zslytidm5481.html" "Mozilla/5.0 AppleWebKit/537.36 (KHTML, like Gecko; compatible; GPTBot/1.3; +https://openai.com/gptbot)"
74.7.243.248 - - [07/Feb/2026:08:22:41 -0500] "GET /ctg/search/similarImageSearchResultView/?ctgItemCd=222314217949 HTTP/1.1" 404 1251 "https://blog.newkolkata.in/items/217949ccoytidm44194.html" "Mozilla/5.0 AppleWebKit/537.36 (KHTML, like Gecko; compatible; GPTBot/1.3; +https://openai.com/gptbot)"
74.7.243.248 - - [07/Feb/2026:08:22:44 -0500] "GET /ctg/search/similarImageSearchResultView/?ctgItemCd=241999238075 HTTP/1.1" 404 1251 "https://blog.newkolkata.in/getidm92/238075ccoyitems" "Mozilla/5.0 AppleWebKit/537.36 (KHTML, like Gecko; compatible; GPTBot/1.3; +https://openai.com/gptbot)"
74.7.243.248 - - [07/Feb/2026:08:22:47 -0500] "GET /ctg/search/similarImageSearchResultView/?ctgItemCd=283331279051 HTTP/1.1" 404 1251 "https://blog.newkolkata.in/getidm5/279051zslyitems.htm" "Mozilla/5.0 AppleWebKit/537.36 (KHTML, like Gecko; compatible; GPTBot/1.3; +https://openai.com/gptbot)"
74.7.243.248 - - [07/Feb/2026:08:22:51 -0500] "GET /ctg/search/similarImageSearchResultView/?ctgItemCd=192311188085 HTTP/1.1" 404 1251 "https://blog.newkolkata.in/getidm/188085mvrvitems.htm" "Mozilla/5.0 AppleWebKit/537.36 (KHTML, like Gecko; compatible; GPTBot/1.3; +https://openai.com/gptbot)"
74.7.243.248 - - [07/Feb/2026:08:22:54 -0500] "GET /ctg/search/similarImageSearchResultView/?ctgItemCd=120051115976 HTTP/1.1" 404 1251 "https://blog.newkolkata.in/item/115976zslytidm6.html" "Mozilla/5.0 AppleWebKit/537.36 (KHTML, like Gecko; compatible; GPTBot/1.3; +https://openai.com/gptbot)"
