74.7.243.248 - - [07/Feb/2026:10:38:46 -0500] "GET /ctg/search/similarImageSearchResultView/?ctgItemCd=107053102669 HTTP/1.1" 404 1251 "https://blog.newkolkata.in/getidm580/102669zslyitems.htm" "Mozilla/5.0 AppleWebKit/537.36 (KHTML, like Gecko; compatible; GPTBot/1.3; +https://openai.com/gptbot)"
185.191.171.6 - - [07/Feb/2026:10:38:48 -0500] "GET /getidm/207241sejmitems HTTP/1.1" 404 1251 "-" "Mozilla/5.0 (compatible; SemrushBot/7~bl; +http://www.semrush.com/bot.html)"
74.7.243.248 - - [07/Feb/2026:10:38:49 -0500] "GET /ctg/search/similarImageSearchResultView/?ctgItemCd=129092125058 HTTP/1.1" 404 1251 "https://blog.newkolkata.in/item/125058sejmtidm8.html" "Mozilla/5.0 AppleWebKit/537.36 (KHTML, like Gecko; compatible; GPTBot/1.3; +https://openai.com/gptbot)"
74.7.243.248 - - [07/Feb/2026:10:38:52 -0500] "GET /ctg/search/similarImageSearchResultView/?ctgItemCd=197044192963 HTTP/1.1" 404 1251 "https://blog.newkolkata.in/getid/192963kairitems.htm" "Mozilla/5.0 AppleWebKit/537.36 (KHTML, like Gecko; compatible; GPTBot/1.3; +https://openai.com/gptbot)"
74.7.243.248 - - [07/Feb/2026:10:38:55 -0500] "GET /ctg/search/similarImageSearchResultView/?ctgItemCd=182561178226 HTTP/1.1" 404 1251 "https://blog.newkolkata.in/items/178226mvrvtidm9710.html" "Mozilla/5.0 AppleWebKit/537.36 (KHTML, like Gecko; compatible; GPTBot/1.3; +https://openai.com/gptbot)"
74.7.243.248 - - [07/Feb/2026:10:38:59 -0500] "GET /ctg/search/similarImageSearchResultView/?ctgItemCd=198260193915 HTTP/1.1" 404 1251 "https://blog.newkolkata.in/getidm99/193915zslyitems.htm" "Mozilla/5.0 AppleWebKit/537.36 (KHTML, like Gecko; compatible; GPTBot/1.3; +https://openai.com/gptbot)"
74.7.243.248 - - [07/Feb/2026:10:39:02 -0500] "GET /ctg/search/similarImageSearchResultView/?ctgItemCd=259673255651 HTTP/1.1" 404 1251 "https://blog.newkolkata.in/getidm4584/255651kairitems" "Mozilla/5.0 AppleWebKit/537.36 (KHTML, like Gecko; compatible; GPTBot/1.3; +https://openai.com/gptbot)"
74.7.243.248 - - [07/Feb/2026:10:39:05 -0500] "GET /ctg/search/similarImageSearchResultView/?ctgItemCd=217842213936 HTTP/1.1" 404 1251 "https://blog.newkolkata.in/get/213936mvrvitems.htm" "Mozilla/5.0 AppleWebKit/537.36 (KHTML, like Gecko; compatible; GPTBot/1.3; +https://openai.com/gptbot)"
74.7.243.248 - - [07/Feb/2026:10:39:08 -0500] "GET /ctg/search/similarImageSearchResultView/?ctgItemCd=216949213247 HTTP/1.1" 404 1251 "https://blog.newkolkata.in/getid/213247ccoyitems" "Mozilla/5.0 AppleWebKit/537.36 (KHTML, like Gecko; compatible; GPTBot/1.3; +https://openai.com/gptbot)"
74.7.243.248 - - [07/Feb/2026:10:39:11 -0500] "GET /ctg/search/similarImageSearchResultView/?ctgItemCd=238409234568 HTTP/1.1" 404 1251 "https://blog.newkolkata.in/getidm/234568pcywitems" "Mozilla/5.0 AppleWebKit/537.36 (KHTML, like Gecko; compatible; GPTBot/1.3; +https://openai.com/gptbot)"
74.7.243.248 - - [07/Feb/2026:10:39:15 -0500] "GET /ctg/search/similarImageSearchResultView/?ctgItemCd=163315159242 HTTP/1.1" 404 1251 "https://blog.newkolkata.in/ite/159242ccoytidm3170.html" "Mozilla/5.0 AppleWebKit/537.36 (KHTML, like Gecko; compatible; GPTBot/1.3; +https://openai.com/gptbot)"
74.7.243.248 - - [07/Feb/2026:10:39:18 -0500] "GET /ctg/search/similarImageSearchResultView/?ctgItemCd=216782212435 HTTP/1.1" 404 1251 "https://blog.newkolkata.in/getidm657/212435sejmitems.htm" "Mozilla/5.0 AppleWebKit/537.36 (KHTML, like Gecko; compatible; GPTBot/1.3; +https://openai.com/gptbot)"
74.7.243.248 - - [07/Feb/2026:10:39:21 -0500] "GET /ctg/search/similarImageSearchResultView/?ctgItemCd=275264271039 HTTP/1.1" 404 1251 "https://blog.newkolkata.in/getidm/271039zslyitems.htm" "Mozilla/5.0 AppleWebKit/537.36 (KHTML, like Gecko; compatible; GPTBot/1.3; +https://openai.com/gptbot)"
74.7.243.248 - - [07/Feb/2026:10:39:24 -0500] "GET /ctg/search/similarImageSearchResultView/?ctgItemCd=292533288544 HTTP/1.1" 404 1251 "https://blog.newkolkata.in/geti/288544ccoyitems.htm" "Mozilla/5.0 AppleWebKit/537.36 (KHTML, like Gecko; compatible; GPTBot/1.3; +https://openai.com/gptbot)"
85.208.96.196 - - [07/Feb/2026:10:39:24 -0500] "GET /getidm/130713ulgpitems.htm HTTP/1.1" 404 1251 "-" "Mozilla/5.0 (compatible; SemrushBot/7~bl; +http://www.semrush.com/bot.html)"
74.7.243.248 - - [07/Feb/2026:10:39:27 -0500] "GET /ctg/search/similarImageSearchResultView/?ctgItemCd=267283263134 HTTP/1.1" 404 1251 "https://blog.newkolkata.in/items/263134ulgptidm1.html" "Mozilla/5.0 AppleWebKit/537.36 (KHTML, like Gecko; compatible; GPTBot/1.3; +https://openai.com/gptbot)"
74.7.243.248 - - [07/Feb/2026:10:39:30 -0500] "GET /ctg/search/similarImageSearchResultView/?ctgItemCd=110685107149 HTTP/1.1" 404 1251 "https://blog.newkolkata.in/get/107149zslyitems" "Mozilla/5.0 AppleWebKit/537.36 (KHTML, like Gecko; compatible; GPTBot/1.3; +https://openai.com/gptbot)"
74.7.243.248 - - [07/Feb/2026:10:39:33 -0500] "GET /ctg/search/similarImageSearchResultView/?ctgItemCd=151958147964 HTTP/1.1" 404 1251 "https://blog.newkolkata.in/items/147964sejmtid.html" "Mozilla/5.0 AppleWebKit/537.36 (KHTML, like Gecko; compatible; GPTBot/1.3; +https://openai.com/gptbot)"
85.208.96.207 - - [07/Feb/2026:10:39:36 -0500] "GET /geti/169687tjvfitems HTTP/1.1" 404 1251 "-" "Mozilla/5.0 (compatible; SemrushBot/7~bl; +http://www.semrush.com/bot.html)"
74.7.243.248 - - [07/Feb/2026:10:39:37 -0500] "GET /ctg/search/similarImageSearchResultView/?ctgItemCd=197568193831 HTTP/1.1" 404 1251 "https://blog.newkolkata.in/getid/193831mvrvitems" "Mozilla/5.0 AppleWebKit/537.36 (KHTML, like Gecko; compatible; GPTBot/1.3; +https://openai.com/gptbot)"
185.191.171.11 - - [07/Feb/2026:10:39:39 -0500] "GET /get/193702ulgpitems HTTP/1.1" 404 1251 "-" "Mozilla/5.0 (compatible; SemrushBot/7~bl; +http://www.semrush.com/bot.html)"
74.7.243.248 - - [07/Feb/2026:10:39:40 -0500] "GET /ctg/search/similarImageSearchResultView/?ctgItemCd=201229197246 HTTP/1.1" 404 1251 "https://blog.newkolkata.in/getidm854/197246sejmitems" "Mozilla/5.0 AppleWebKit/537.36 (KHTML, like Gecko; compatible; GPTBot/1.3; +https://openai.com/gptbot)"
74.7.243.248 - - [07/Feb/2026:10:39:43 -0500] "GET /ctg/search/similarImageSearchResultView/?ctgItemCd=174833170757 HTTP/1.1" 404 1251 "https://blog.newkolkata.in/ite/170757ccoytidm3241.html" "Mozilla/5.0 AppleWebKit/537.36 (KHTML, like Gecko; compatible; GPTBot/1.3; +https://openai.com/gptbot)"
74.7.243.248 - - [07/Feb/2026:10:39:46 -0500] "GET /ctg/search/similarImageSearchResultView/?ctgItemCd=185297181122 HTTP/1.1" 404 1251 "https://blog.newkolkata.in/getidm/181122jahtitems.htm" "Mozilla/5.0 AppleWebKit/537.36 (KHTML, like Gecko; compatible; GPTBot/1.3; +https://openai.com/gptbot)"
74.7.243.248 - - [07/Feb/2026:10:39:49 -0500] "GET /ctg/search/similarImageSearchResultView/?ctgItemCd=224148219735 HTTP/1.1" 404 1251 "https://blog.newkolkata.in/items/219735cejptidm559929.html" "Mozilla/5.0 AppleWebKit/537.36 (KHTML, like Gecko; compatible; GPTBot/1.3; +https://openai.com/gptbot)"
74.7.243.248 - - [07/Feb/2026:10:39:53 -0500] "GET /ctg/search/similarImageSearchResultView/?ctgItemCd=207204203671 HTTP/1.1" 404 1251 "https://blog.newkolkata.in/get/203671zslyitems" "Mozilla/5.0 AppleWebKit/537.36 (KHTML, like Gecko; compatible; GPTBot/1.3; +https://openai.com/gptbot)"
74.7.243.248 - - [07/Feb/2026:10:39:56 -0500] "GET /ctg/search/similarImageSearchResultView/?ctgItemCd=283006278810 HTTP/1.1" 404 1251 "https://blog.newkolkata.in/items/278810kairtidm55.html" "Mozilla/5.0 AppleWebKit/537.36 (KHTML, like Gecko; compatible; GPTBot/1.3; +https://openai.com/gptbot)"
74.7.243.248 - - [07/Feb/2026:10:39:59 -0500] "GET /ctg/search/similarImageSearchResultView/?ctgItemCd=106890103159 HTTP/1.1" 404 1251 "https://blog.newkolkata.in/getid/103159mvrvitems" "Mozilla/5.0 AppleWebKit/537.36 (KHTML, like Gecko; compatible; GPTBot/1.3; +https://openai.com/gptbot)"
74.7.243.248 - - [07/Feb/2026:10:40:02 -0500] "GET /ctg/search/similarImageSearchResultView/?ctgItemCd=258166253923 HTTP/1.1" 404 1251 "https://blog.newkolkata.in/getidm4/253923ccoyitems.htm" "Mozilla/5.0 AppleWebKit/537.36 (KHTML, like Gecko; compatible; GPTBot/1.3; +https://openai.com/gptbot)"
185.191.171.6 - - [07/Feb/2026:10:40:05 -0500] "GET /getid/242080zslyitems HTTP/1.1" 404 1251 "-" "Mozilla/5.0 (compatible; SemrushBot/7~bl; +http://www.semrush.com/bot.html)"
74.7.243.248 - - [07/Feb/2026:10:40:06 -0500] "GET /ctg/search/similarImageSearchResultView/?ctgItemCd=237671233818 HTTP/1.1" 404 1251 "https://blog.newkolkata.in/getidm/233818zslyitems" "Mozilla/5.0 AppleWebKit/537.36 (KHTML, like Gecko; compatible; GPTBot/1.3; +https://openai.com/gptbot)"
74.7.243.248 - - [07/Feb/2026:10:40:09 -0500] "GET /ctg/search/similarImageSearchResultView/?ctgItemCd=243971239705 HTTP/1.1" 404 1251 "https://blog.newkolkata.in/items/239705tjvftidm571.html" "Mozilla/5.0 AppleWebKit/537.36 (KHTML, like Gecko; compatible; GPTBot/1.3; +https://openai.com/gptbot)"
185.191.171.14 - - [07/Feb/2026:10:40:09 -0500] "GET /get/211750tjvfitems HTTP/1.1" 404 1251 "-" "Mozilla/5.0 (compatible; SemrushBot/7~bl; +http://www.semrush.com/bot.html)"
74.7.243.248 - - [07/Feb/2026:10:40:12 -0500] "GET /ctg/search/similarImageSearchResultView/?ctgItemCd=206973203258 HTTP/1.1" 404 1251 "https://blog.newkolkata.in/getid/203258tjvfitems" "Mozilla/5.0 AppleWebKit/537.36 (KHTML, like Gecko; compatible; GPTBot/1.3; +https://openai.com/gptbot)"
74.7.243.248 - - [07/Feb/2026:10:40:15 -0500] "GET /ctg/search/similarImageSearchResultView/?ctgItemCd=186585182382 HTTP/1.1" 404 1251 "https://blog.newkolkata.in/getidm/182382tjvfitems.htm" "Mozilla/5.0 AppleWebKit/537.36 (KHTML, like Gecko; compatible; GPTBot/1.3; +https://openai.com/gptbot)"
185.191.171.8 - - [07/Feb/2026:10:40:17 -0500] "GET /getid/269824zslyitems HTTP/1.1" 404 1251 "-" "Mozilla/5.0 (compatible; SemrushBot/7~bl; +http://www.semrush.com/bot.html)"
74.7.243.248 - - [07/Feb/2026:10:40:18 -0500] "GET /ctg/search/similarImageSearchResultView/?ctgItemCd=284950280919 HTTP/1.1" 404 1251 "https://blog.newkolkata.in/getidm6372/280919ccoyitems" "Mozilla/5.0 AppleWebKit/537.36 (KHTML, like Gecko; compatible; GPTBot/1.3; +https://openai.com/gptbot)"
74.7.243.248 - - [07/Feb/2026:10:40:21 -0500] "GET /ctg/search/similarImageSearchResultView/?ctgItemCd=169592165305 HTTP/1.1" 404 1251 "https://blog.newkolkata.in/items/165305zslytidm709.html" "Mozilla/5.0 AppleWebKit/537.36 (KHTML, like Gecko; compatible; GPTBot/1.3; +https://openai.com/gptbot)"
85.208.96.210 - - [07/Feb/2026:10:40:24 -0500] "GET /getidm2/232594pcywitems HTTP/1.1" 404 1251 "-" "Mozilla/5.0 (compatible; SemrushBot/7~bl; +http://www.semrush.com/bot.html)"
74.7.243.248 - - [07/Feb/2026:10:40:24 -0500] "GET /ctg/search/similarImageSearchResultView/?ctgItemCd=259508255218 HTTP/1.1" 404 1251 "https://blog.newkolkata.in/getidm47/255218jahtitems.htm" "Mozilla/5.0 AppleWebKit/537.36 (KHTML, like Gecko; compatible; GPTBot/1.3; +https://openai.com/gptbot)"
74.7.243.248 - - [07/Feb/2026:10:40:27 -0500] "GET /ctg/search/similarImageSearchResultView/?ctgItemCd=165022161142 HTTP/1.1" 404 1251 "https://blog.newkolkata.in/get/161142tjvfitems.htm" "Mozilla/5.0 AppleWebKit/537.36 (KHTML, like Gecko; compatible; GPTBot/1.3; +https://openai.com/gptbot)"
74.7.243.248 - - [07/Feb/2026:10:40:30 -0500] "GET /ctg/search/similarImageSearchResultView/?ctgItemCd=142819138930 HTTP/1.1" 404 1251 "https://blog.newkolkata.in/get/138930tjvfitems.htm" "Mozilla/5.0 AppleWebKit/537.36 (KHTML, like Gecko; compatible; GPTBot/1.3; +https://openai.com/gptbot)"
85.208.96.203 - - [07/Feb/2026:10:40:33 -0500] "GET /getidm9/8914pcywitems HTTP/1.1" 404 1251 "-" "Mozilla/5.0 (compatible; SemrushBot/7~bl; +http://www.semrush.com/bot.html)"
74.7.243.248 - - [07/Feb/2026:10:40:34 -0500] "GET /ctg/search/similarImageSearchResultView/?ctgItemCd=247570243532 HTTP/1.1" 404 1251 "https://blog.newkolkata.in/getidm7639/243532ulgpitems" "Mozilla/5.0 AppleWebKit/537.36 (KHTML, like Gecko; compatible; GPTBot/1.3; +https://openai.com/gptbot)"
74.7.243.248 - - [07/Feb/2026:10:40:37 -0500] "GET /ctg/search/similarImageSearchResultView/?ctgItemCd=161148157391 HTTP/1.1" 404 1251 "https://blog.newkolkata.in/ite/157391jahttid.html" "Mozilla/5.0 AppleWebKit/537.36 (KHTML, like Gecko; compatible; GPTBot/1.3; +https://openai.com/gptbot)"
74.7.243.248 - - [07/Feb/2026:10:40:40 -0500] "GET /ctg/search/similarImageSearchResultView/?ctgItemCd=251407247430 HTTP/1.1" 404 1251 "https://blog.newkolkata.in/getidm126/247430tjvfitems" "Mozilla/5.0 AppleWebKit/537.36 (KHTML, like Gecko; compatible; GPTBot/1.3; +https://openai.com/gptbot)"
74.7.243.248 - - [07/Feb/2026:10:40:43 -0500] "GET /ctg/search/similarImageSearchResultView/?ctgItemCd=215167210865 HTTP/1.1" 404 1251 "https://blog.newkolkata.in/items/210865ccoytidm5831.html" "Mozilla/5.0 AppleWebKit/537.36 (KHTML, like Gecko; compatible; GPTBot/1.3; +https://openai.com/gptbot)"
74.7.243.248 - - [07/Feb/2026:10:40:47 -0500] "GET /ctg/search/similarImageSearchResultView/?ctgItemCd=251320247055 HTTP/1.1" 404 1251 "https://blog.newkolkata.in/getidm6/247055pcywitems.htm" "Mozilla/5.0 AppleWebKit/537.36 (KHTML, like Gecko; compatible; GPTBot/1.3; +https://openai.com/gptbot)"
87.250.224.98 - - [07/Feb/2026:10:40:49 -0500] "GET /robots.txt HTTP/1.1" 200 281 "-" "Mozilla/5.0 (compatible; YandexBot/3.0; +http://yandex.com/bots)"
74.7.243.248 - - [07/Feb/2026:10:40:50 -0500] "GET /ctg/search/similarImageSearchResultView/?ctgItemCd=184185180221 HTTP/1.1" 404 1251 "https://blog.newkolkata.in/items/180221cejptid.html" "Mozilla/5.0 AppleWebKit/537.36 (KHTML, like Gecko; compatible; GPTBot/1.3; +https://openai.com/gptbot)"
74.7.243.248 - - [07/Feb/2026:10:40:53 -0500] "GET /ctg/search/similarImageSearchResultView/?ctgItemCd=112728108370 HTTP/1.1" 404 1251 "https://blog.newkolkata.in/items/108370ulgptidm30537.html" "Mozilla/5.0 AppleWebKit/537.36 (KHTML, like Gecko; compatible; GPTBot/1.3; +https://openai.com/gptbot)"
74.7.243.248 - - [07/Feb/2026:10:40:56 -0500] "GET /ctg/search/similarImageSearchResultView/?ctgItemCd=150560146393 HTTP/1.1" 404 1251 "https://blog.newkolkata.in/item/146393mvrvtidm552.html" "Mozilla/5.0 AppleWebKit/537.36 (KHTML, like Gecko; compatible; GPTBot/1.3; +https://openai.com/gptbot)"
74.7.243.248 - - [07/Feb/2026:10:40:59 -0500] "GET /ctg/search/similarImageSearchResultView/?ctgItemCd=143790140095 HTTP/1.1" 404 1251 "https://blog.newkolkata.in/getid/140095kairitems" "Mozilla/5.0 AppleWebKit/537.36 (KHTML, like Gecko; compatible; GPTBot/1.3; +https://openai.com/gptbot)"
185.191.171.1 - - [07/Feb/2026:10:41:01 -0500] "GET /getidm/112380kairitems.htm HTTP/1.1" 404 1251 "-" "Mozilla/5.0 (compatible; SemrushBot/7~bl; +http://www.semrush.com/bot.html)"
74.7.243.248 - - [07/Feb/2026:10:41:02 -0500] "GET /ctg/search/similarImageSearchResultView/?ctgItemCd=138934134739 HTTP/1.1" 404 1251 "https://blog.newkolkata.in/items/134739jahttidm71.html" "Mozilla/5.0 AppleWebKit/537.36 (KHTML, like Gecko; compatible; GPTBot/1.3; +https://openai.com/gptbot)"
74.7.243.248 - - [07/Feb/2026:10:41:06 -0500] "GET /ctg/search/similarImageSearchResultView/?ctgItemCd=219093215604 HTTP/1.1" 404 1251 "https://blog.newkolkata.in/get/215604jahtitems" "Mozilla/5.0 AppleWebKit/537.36 (KHTML, like Gecko; compatible; GPTBot/1.3; +https://openai.com/gptbot)"
74.7.243.248 - - [07/Feb/2026:10:41:09 -0500] "GET /ctg/search/similarImageSearchResultView/?ctgItemCd=150386145939 HTTP/1.1" 404 1251 "https://blog.newkolkata.in/items/145939mvrvtidm362818.html" "Mozilla/5.0 AppleWebKit/537.36 (KHTML, like Gecko; compatible; GPTBot/1.3; +https://openai.com/gptbot)"
74.7.243.248 - - [07/Feb/2026:10:41:12 -0500] "GET /ctg/search/similarImageSearchResultView/?ctgItemCd=277126273061 HTTP/1.1" 404 1251 "https://blog.newkolkata.in/getid/273061cejpitems.htm" "Mozilla/5.0 AppleWebKit/537.36 (KHTML, like Gecko; compatible; GPTBot/1.3; +https://openai.com/gptbot)"
74.7.243.248 - - [07/Feb/2026:10:41:15 -0500] "GET /ctg/search/similarImageSearchResultView/?ctgItemCd=223095218837 HTTP/1.1" 404 1251 "https://blog.newkolkata.in/item/218837ulgptidm94370.html" "Mozilla/5.0 AppleWebKit/537.36 (KHTML, like Gecko; compatible; GPTBot/1.3; +https://openai.com/gptbot)"
85.208.96.210 - - [07/Feb/2026:10:41:16 -0500] "GET /geti/310783pcywitems HTTP/1.1" 404 1251 "-" "Mozilla/5.0 (compatible; SemrushBot/7~bl; +http://www.semrush.com/bot.html)"
74.7.243.248 - - [07/Feb/2026:10:41:18 -0500] "GET /ctg/search/similarImageSearchResultView/?ctgItemCd=195199190868 HTTP/1.1" 404 1251 "https://blog.newkolkata.in/item/190868zslytidm601057.html" "Mozilla/5.0 AppleWebKit/537.36 (KHTML, like Gecko; compatible; GPTBot/1.3; +https://openai.com/gptbot)"
85.208.96.210 - - [07/Feb/2026:10:41:18 -0500] "GET /getidm38/13123mvrvitems HTTP/1.1" 404 1251 "-" "Mozilla/5.0 (compatible; SemrushBot/7~bl; +http://www.semrush.com/bot.html)"
74.7.243.248 - - [07/Feb/2026:10:41:21 -0500] "GET /ctg/search/similarImageSearchResultView/?ctgItemCd=219420215830 HTTP/1.1" 404 1251 "https://blog.newkolkata.in/geti/215830cejpitems" "Mozilla/5.0 AppleWebKit/537.36 (KHTML, like Gecko; compatible; GPTBot/1.3; +https://openai.com/gptbot)"
85.208.96.203 - - [07/Feb/2026:10:41:23 -0500] "GET /getidm44/55939mvrvitems HTTP/1.1" 404 1251 "-" "Mozilla/5.0 (compatible; SemrushBot/7~bl; +http://www.semrush.com/bot.html)"
74.7.243.248 - - [07/Feb/2026:10:41:24 -0500] "GET /ctg/search/similarImageSearchResultView/?ctgItemCd=10189797920 HTTP/1.1" 404 1251 "https://blog.newkolkata.in/items/97920zslytid.html" "Mozilla/5.0 AppleWebKit/537.36 (KHTML, like Gecko; compatible; GPTBot/1.3; +https://openai.com/gptbot)"
85.208.96.195 - - [07/Feb/2026:10:41:25 -0500] "GET /geti/19927zslyitems HTTP/1.1" 404 1251 "-" "Mozilla/5.0 (compatible; SemrushBot/7~bl; +http://www.semrush.com/bot.html)"
74.7.243.248 - - [07/Feb/2026:10:41:27 -0500] "GET /ctg/search/similarImageSearchResultView/?ctgItemCd=170683166704 HTTP/1.1" 404 1251 "https://blog.newkolkata.in/items/166704kairtid.html" "Mozilla/5.0 AppleWebKit/537.36 (KHTML, like Gecko; compatible; GPTBot/1.3; +https://openai.com/gptbot)"
74.7.243.248 - - [07/Feb/2026:10:41:30 -0500] "GET /ctg/search/similarImageSearchResultView/?ctgItemCd=207445203417 HTTP/1.1" 404 1251 "https://blog.newkolkata.in/item/203417ccoytidm7.html" "Mozilla/5.0 AppleWebKit/537.36 (KHTML, like Gecko; compatible; GPTBot/1.3; +https://openai.com/gptbot)"
74.7.243.248 - - [07/Feb/2026:10:41:33 -0500] "GET /ctg/search/similarImageSearchResultView/?ctgItemCd=263179258936 HTTP/1.1" 404 1251 "https://blog.newkolkata.in/getidm7/258936cejpitems.htm" "Mozilla/5.0 AppleWebKit/537.36 (KHTML, like Gecko; compatible; GPTBot/1.3; +https://openai.com/gptbot)"
74.7.243.248 - - [07/Feb/2026:10:41:37 -0500] "GET /ctg/search/similarImageSearchResultView/?ctgItemCd=200456196419 HTTP/1.1" 404 1251 "https://blog.newkolkata.in/getidm9669/196419jahtitems" "Mozilla/5.0 AppleWebKit/537.36 (KHTML, like Gecko; compatible; GPTBot/1.3; +https://openai.com/gptbot)"
74.7.243.248 - - [07/Feb/2026:10:41:40 -0500] "GET /ctg/search/similarImageSearchResultView/?ctgItemCd=140738136511 HTTP/1.1" 404 1251 "https://blog.newkolkata.in/getidm2/136511kairitems.htm" "Mozilla/5.0 AppleWebKit/537.36 (KHTML, like Gecko; compatible; GPTBot/1.3; +https://openai.com/gptbot)"
74.7.243.248 - - [07/Feb/2026:10:41:43 -0500] "GET /ctg/search/similarImageSearchResultView/?ctgItemCd=214694210522 HTTP/1.1" 404 1251 "https://blog.newkolkata.in/getidm/210522jahtitems.htm" "Mozilla/5.0 AppleWebKit/537.36 (KHTML, like Gecko; compatible; GPTBot/1.3; +https://openai.com/gptbot)"
74.7.243.248 - - [07/Feb/2026:10:41:46 -0500] "GET /ctg/search/similarImageSearchResultView/?ctgItemCd=105684101294 HTTP/1.1" 404 1251 "https://blog.newkolkata.in/items/101294ccoytidm427100.html" "Mozilla/5.0 AppleWebKit/537.36 (KHTML, like Gecko; compatible; GPTBot/1.3; +https://openai.com/gptbot)"
193.233.245.193 - - [07/Feb/2026:10:41:47 -0500] "GET /?p=9002 HTTP/1.1" 200 1671 "-" "Mozilla/5.0 (Macintosh; Intel Mac OS X 10_15_7) AppleWebKit/537.36 (KHTML, like Gecko) Chrome/141.0.0.0 Safari/537.36"
193.233.245.193 - - [07/Feb/2026:10:41:47 -0500] "GET /_autoindex/assets/css/autoindex.css HTTP/1.1" 200 1170 "https://blog.newkolkata.in/?p=9002" "Mozilla/5.0 (Macintosh; Intel Mac OS X 10_15_7) AppleWebKit/537.36 (KHTML, like Gecko) Chrome/141.0.0.0 Safari/537.36"
193.233.245.193 - - [07/Feb/2026:10:41:47 -0500] "GET /_autoindex/assets/js/tablesort.number.js HTTP/1.1" 200 322 "https://blog.newkolkata.in/?p=9002" "Mozilla/5.0 (Macintosh; Intel Mac OS X 10_15_7) AppleWebKit/537.36 (KHTML, like Gecko) Chrome/141.0.0.0 Safari/537.36"
193.233.245.193 - - [07/Feb/2026:10:41:47 -0500] "GET /_autoindex/assets/js/tablesort.js HTTP/1.1" 200 2137 "https://blog.newkolkata.in/?p=9002" "Mozilla/5.0 (Macintosh; Intel Mac OS X 10_15_7) AppleWebKit/537.36 (KHTML, like Gecko) Chrome/141.0.0.0 Safari/537.36"
193.233.245.193 - - [07/Feb/2026:10:41:47 -0500] "GET /favicon.ico HTTP/1.1" 404 1251 "https://blog.newkolkata.in/?p=9002" "Mozilla/5.0 (Macintosh; Intel Mac OS X 10_15_7) AppleWebKit/537.36 (KHTML, like Gecko) Chrome/141.0.0.0 Safari/537.36"
193.233.245.193 - - [07/Feb/2026:10:41:49 -0500] "GET /robots.txt HTTP/1.1" 200 281 "https://blog.newkolkata.in/?p=9002" "Mozilla/5.0 (Macintosh; Intel Mac OS X 10_15_7) AppleWebKit/537.36 (KHTML, like Gecko) Chrome/141.0.0.0 Safari/537.36"
74.7.243.248 - - [07/Feb/2026:10:41:49 -0500] "GET /ctg/search/similarImageSearchResultView/?ctgItemCd=284806280915 HTTP/1.1" 404 1251 "https://blog.newkolkata.in/getidm5/280915pcywitems" "Mozilla/5.0 AppleWebKit/537.36 (KHTML, like Gecko; compatible; GPTBot/1.3; +https://openai.com/gptbot)"
185.191.171.5 - - [07/Feb/2026:10:41:52 -0500] "GET /getid/26632tjvfitems HTTP/1.1" 404 1251 "-" "Mozilla/5.0 (compatible; SemrushBot/7~bl; +http://www.semrush.com/bot.html)"
74.7.243.248 - - [07/Feb/2026:10:41:52 -0500] "GET /ctg/search/similarImageSearchResultView/?ctgItemCd=153239149124 HTTP/1.1" 404 1251 "https://blog.newkolkata.in/getid/149124zslyitems.htm" "Mozilla/5.0 AppleWebKit/537.36 (KHTML, like Gecko; compatible; GPTBot/1.3; +https://openai.com/gptbot)"
74.7.243.248 - - [07/Feb/2026:10:41:55 -0500] "GET /ctg/search/similarImageSearchResultView/?ctgItemCd=294158290165 HTTP/1.1" 404 1251 "https://blog.newkolkata.in/geti/290165tjvfitems.htm" "Mozilla/5.0 AppleWebKit/537.36 (KHTML, like Gecko; compatible; GPTBot/1.3; +https://openai.com/gptbot)"
74.7.243.248 - - [07/Feb/2026:10:41:58 -0500] "GET /ctg/search/similarImageSearchResultView/?ctgItemCd=126923122909 HTTP/1.1" 404 1251 "https://blog.newkolkata.in/items/122909mvrvtid.html" "Mozilla/5.0 AppleWebKit/537.36 (KHTML, like Gecko; compatible; GPTBot/1.3; +https://openai.com/gptbot)"
74.7.243.248 - - [07/Feb/2026:10:42:02 -0500] "GET /ctg/search/similarImageSearchResultView/?ctgItemCd=293756290263 HTTP/1.1" 404 1251 "https://blog.newkolkata.in/get/290263kairitems" "Mozilla/5.0 AppleWebKit/537.36 (KHTML, like Gecko; compatible; GPTBot/1.3; +https://openai.com/gptbot)"
74.7.243.248 - - [07/Feb/2026:10:42:05 -0500] "GET /ctg/search/similarImageSearchResultView/?ctgItemCd=113807109664 HTTP/1.1" 404 1251 "https://blog.newkolkata.in/items/109664jahttidm5.html" "Mozilla/5.0 AppleWebKit/537.36 (KHTML, like Gecko; compatible; GPTBot/1.3; +https://openai.com/gptbot)"
74.7.243.248 - - [07/Feb/2026:10:42:08 -0500] "GET /ctg/search/similarImageSearchResultView/?ctgItemCd=181452177210 HTTP/1.1" 404 1251 "https://blog.newkolkata.in/getidm9/177210ccoyitems.htm" "Mozilla/5.0 AppleWebKit/537.36 (KHTML, like Gecko; compatible; GPTBot/1.3; +https://openai.com/gptbot)"
74.7.243.248 - - [07/Feb/2026:10:42:11 -0500] "GET /ctg/search/similarImageSearchResultView/?ctgItemCd=144720140379 HTTP/1.1" 404 1251 "https://blog.newkolkata.in/getidm418/140379kairitems.htm" "Mozilla/5.0 AppleWebKit/537.36 (KHTML, like Gecko; compatible; GPTBot/1.3; +https://openai.com/gptbot)"
74.7.243.248 - - [07/Feb/2026:10:42:14 -0500] "GET /ctg/search/similarImageSearchResultView/?ctgItemCd=131772127863 HTTP/1.1" 404 1251 "https://blog.newkolkata.in/get/127863mvrvitems.htm" "Mozilla/5.0 AppleWebKit/537.36 (KHTML, like Gecko; compatible; GPTBot/1.3; +https://openai.com/gptbot)"
85.208.96.202 - - [07/Feb/2026:10:42:15 -0500] "GET /getid/61048zslyitems HTTP/1.1" 404 1251 "-" "Mozilla/5.0 (compatible; SemrushBot/7~bl; +http://www.semrush.com/bot.html)"
74.7.243.248 - - [07/Feb/2026:10:42:17 -0500] "GET /ctg/search/similarImageSearchResultView/?ctgItemCd=254996251045 HTTP/1.1" 404 1251 "https://blog.newkolkata.in/getidm46/251045zslyitems" "Mozilla/5.0 AppleWebKit/537.36 (KHTML, like Gecko; compatible; GPTBot/1.3; +https://openai.com/gptbot)"
74.7.243.248 - - [07/Feb/2026:10:42:20 -0500] "GET /ctg/search/similarImageSearchResultView/?ctgItemCd=194743190455 HTTP/1.1" 404 1251 "https://blog.newkolkata.in/getidm17/190455jahtitems.htm" "Mozilla/5.0 AppleWebKit/537.36 (KHTML, like Gecko; compatible; GPTBot/1.3; +https://openai.com/gptbot)"
74.7.243.248 - - [07/Feb/2026:10:42:23 -0500] "GET /ctg/search/similarImageSearchResultView/?ctgItemCd=124051120153 HTTP/1.1" 404 1251 "https://blog.newkolkata.in/getidm41/120153kairitems" "Mozilla/5.0 AppleWebKit/537.36 (KHTML, like Gecko; compatible; GPTBot/1.3; +https://openai.com/gptbot)"
74.7.243.248 - - [07/Feb/2026:10:42:27 -0500] "GET /ctg/search/similarImageSearchResultView/?ctgItemCd=224519220508 HTTP/1.1" 404 1251 "https://blog.newkolkata.in/geti/220508zslyitems.htm" "Mozilla/5.0 AppleWebKit/537.36 (KHTML, like Gecko; compatible; GPTBot/1.3; +https://openai.com/gptbot)"
74.7.243.248 - - [07/Feb/2026:10:42:30 -0500] "GET /ctg/search/similarImageSearchResultView/?ctgItemCd=220338215919 HTTP/1.1" 404 1251 "https://blog.newkolkata.in/items/215919ulgptidm534371.html" "Mozilla/5.0 AppleWebKit/537.36 (KHTML, like Gecko; compatible; GPTBot/1.3; +https://openai.com/gptbot)"
74.7.243.248 - - [07/Feb/2026:10:42:33 -0500] "GET /ctg/search/similarImageSearchResultView/?ctgItemCd=157395153484 HTTP/1.1" 404 1251 "https://blog.newkolkata.in/getidm23/153484kairitems" "Mozilla/5.0 AppleWebKit/537.36 (KHTML, like Gecko; compatible; GPTBot/1.3; +https://openai.com/gptbot)"
185.191.171.18 - - [07/Feb/2026:10:42:34 -0500] "GET /ite/246110jahttid.html HTTP/1.1" 404 1251 "-" "Mozilla/5.0 (compatible; SemrushBot/7~bl; +http://www.semrush.com/bot.html)"
74.7.243.248 - - [07/Feb/2026:10:42:36 -0500] "GET /ctg/search/similarImageSearchResultView/?ctgItemCd=141701137651 HTTP/1.1" 404 1251 "https://blog.newkolkata.in/ite/137651mvrvtidm502.html" "Mozilla/5.0 AppleWebKit/537.36 (KHTML, like Gecko; compatible; GPTBot/1.3; +https://openai.com/gptbot)"
85.208.96.206 - - [07/Feb/2026:10:42:36 -0500] "GET /getid/86920zslyitems HTTP/1.1" 404 1251 "-" "Mozilla/5.0 (compatible; SemrushBot/7~bl; +http://www.semrush.com/bot.html)"
74.7.243.248 - - [07/Feb/2026:10:42:39 -0500] "GET /ctg/search/similarImageSearchResultView/?ctgItemCd=237977233764 HTTP/1.1" 404 1251 "https://blog.newkolkata.in/getidm/233764pcywitems.htm" "Mozilla/5.0 AppleWebKit/537.36 (KHTML, like Gecko; compatible; GPTBot/1.3; +https://openai.com/gptbot)"
185.191.171.13 - - [07/Feb/2026:10:42:40 -0500] "GET /get/65442zslyitems.htm HTTP/1.1" 404 1251 "-" "Mozilla/5.0 (compatible; SemrushBot/7~bl; +http://www.semrush.com/bot.html)"
74.7.243.248 - - [07/Feb/2026:10:42:42 -0500] "GET /ctg/search/similarImageSearchResultView/?ctgItemCd=129375125592 HTTP/1.1" 404 1251 "https://blog.newkolkata.in/ite/125592pcywtid.html" "Mozilla/5.0 AppleWebKit/537.36 (KHTML, like Gecko; compatible; GPTBot/1.3; +https://openai.com/gptbot)"
85.208.96.206 - - [07/Feb/2026:10:42:42 -0500] "GET /geti/272311kairitems HTTP/1.1" 404 1251 "-" "Mozilla/5.0 (compatible; SemrushBot/7~bl; +http://www.semrush.com/bot.html)"
74.7.243.248 - - [07/Feb/2026:10:42:45 -0500] "GET /ctg/search/similarImageSearchResultView/?ctgItemCd=166214161945 HTTP/1.1" 404 1251 "https://blog.newkolkata.in/items/161945ulgptidm990.html" "Mozilla/5.0 AppleWebKit/537.36 (KHTML, like Gecko; compatible; GPTBot/1.3; +https://openai.com/gptbot)"
74.7.243.248 - - [07/Feb/2026:10:42:48 -0500] "GET /ctg/search/similarImageSearchResultView/?ctgItemCd=118724114575 HTTP/1.1" 404 1251 "https://blog.newkolkata.in/items/114575ccoytidm7.html" "Mozilla/5.0 AppleWebKit/537.36 (KHTML, like Gecko; compatible; GPTBot/1.3; +https://openai.com/gptbot)"
74.7.243.248 - - [07/Feb/2026:10:42:51 -0500] "GET /ctg/search/similarImageSearchResultView/?ctgItemCd=10258798534 HTTP/1.1" 404 1251 "https://blog.newkolkata.in/items/98534sejmtidm.html" "Mozilla/5.0 AppleWebKit/537.36 (KHTML, like Gecko; compatible; GPTBot/1.3; +https://openai.com/gptbot)"
74.7.243.248 - - [07/Feb/2026:10:42:54 -0500] "GET /ctg/search/similarImageSearchResultView/?ctgItemCd=276521272387 HTTP/1.1" 404 1251 "https://blog.newkolkata.in/ite/272387kairtidm44287.html" "Mozilla/5.0 AppleWebKit/537.36 (KHTML, like Gecko; compatible; GPTBot/1.3; +https://openai.com/gptbot)"
85.208.96.210 - - [07/Feb/2026:10:42:57 -0500] "GET /getidm5/71506cejpitems HTTP/1.1" 404 1251 "-" "Mozilla/5.0 (compatible; SemrushBot/7~bl; +http://www.semrush.com/bot.html)"
74.7.243.248 - - [07/Feb/2026:10:42:58 -0500] "GET /ctg/search/similarImageSearchResultView/?ctgItemCd=296391292310 HTTP/1.1" 404 1251 "https://blog.newkolkata.in/items/292310kairtidm.html" "Mozilla/5.0 AppleWebKit/537.36 (KHTML, like Gecko; compatible; GPTBot/1.3; +https://openai.com/gptbot)"
74.7.243.248 - - [07/Feb/2026:10:43:01 -0500] "GET /ctg/search/similarImageSearchResultView/?ctgItemCd=212303208214 HTTP/1.1" 404 1251 "https://blog.newkolkata.in/items/208214sejmtidm.html" "Mozilla/5.0 AppleWebKit/537.36 (KHTML, like Gecko; compatible; GPTBot/1.3; +https://openai.com/gptbot)"
74.7.243.248 - - [07/Feb/2026:10:43:04 -0500] "GET /ctg/search/similarImageSearchResultView/?ctgItemCd=110787106793 HTTP/1.1" 404 1251 "https://blog.newkolkata.in/geti/106793ulgpitems.htm" "Mozilla/5.0 AppleWebKit/537.36 (KHTML, like Gecko; compatible; GPTBot/1.3; +https://openai.com/gptbot)"
74.7.243.248 - - [07/Feb/2026:10:43:07 -0500] "GET /ctg/search/similarImageSearchResultView/?ctgItemCd=171150167048 HTTP/1.1" 404 1251 "https://blog.newkolkata.in/item/167048ulgptidm77.html" "Mozilla/5.0 AppleWebKit/537.36 (KHTML, like Gecko; compatible; GPTBot/1.3; +https://openai.com/gptbot)"
74.7.243.248 - - [07/Feb/2026:10:43:10 -0500] "GET /ctg/search/similarImageSearchResultView/?ctgItemCd=290338286450 HTTP/1.1" 404 1251 "https://blog.newkolkata.in/get/286450ulgpitems.htm" "Mozilla/5.0 AppleWebKit/537.36 (KHTML, like Gecko; compatible; GPTBot/1.3; +https://openai.com/gptbot)"
74.7.243.248 - - [07/Feb/2026:10:43:13 -0500] "GET /ctg/search/similarImageSearchResultView/?ctgItemCd=278698274355 HTTP/1.1" 404 1251 "https://blog.newkolkata.in/items/274355kairtidm14107.html" "Mozilla/5.0 AppleWebKit/537.36 (KHTML, like Gecko; compatible; GPTBot/1.3; +https://openai.com/gptbot)"
74.7.243.248 - - [07/Feb/2026:10:43:16 -0500] "GET /ctg/search/similarImageSearchResultView/?ctgItemCd=276908272650 HTTP/1.1" 404 1251 "https://blog.newkolkata.in/getidm9/272650tjvfitems.htm" "Mozilla/5.0 AppleWebKit/537.36 (KHTML, like Gecko; compatible; GPTBot/1.3; +https://openai.com/gptbot)"
74.7.243.248 - - [07/Feb/2026:10:43:20 -0500] "GET /ctg/search/similarImageSearchResultView/?ctgItemCd=233815229627 HTTP/1.1" 404 1251 "https://blog.newkolkata.in/getidm/229627kairitems.htm" "Mozilla/5.0 AppleWebKit/537.36 (KHTML, like Gecko; compatible; GPTBot/1.3; +https://openai.com/gptbot)"
74.7.243.248 - - [07/Feb/2026:10:43:23 -0500] "GET /ctg/search/similarImageSearchResultView/?ctgItemCd=235911231941 HTTP/1.1" 404 1251 "https://blog.newkolkata.in/items/231941cejptid.html" "Mozilla/5.0 AppleWebKit/537.36 (KHTML, like Gecko; compatible; GPTBot/1.3; +https://openai.com/gptbot)"
66.249.66.44 - - [07/Feb/2026:10:43:25 -0500] "GET /geti/248671zslyitems HTTP/1.1" 404 1251 "-" "Mozilla/5.0 (Linux; Android 6.0.1; Nexus 5X Build/MMB29P) AppleWebKit/537.36 (KHTML, like Gecko) Chrome/144.0.7559.132 Mobile Safari/537.36 (compatible; Googlebot/2.1; +http://www.google.com/bot.html)"
74.7.243.248 - - [07/Feb/2026:10:43:26 -0500] "GET /ctg/search/similarImageSearchResultView/?ctgItemCd=224316220697 HTTP/1.1" 404 1251 "https://blog.newkolkata.in/geti/220697ulgpitems" "Mozilla/5.0 AppleWebKit/537.36 (KHTML, like Gecko; compatible; GPTBot/1.3; +https://openai.com/gptbot)"
185.191.171.6 - - [07/Feb/2026:10:43:28 -0500] "GET /getidm7/128170zslyitems HTTP/1.1" 404 1251 "-" "Mozilla/5.0 (compatible; SemrushBot/7~bl; +http://www.semrush.com/bot.html)"
74.7.243.248 - - [07/Feb/2026:10:43:29 -0500] "GET /ctg/search/similarImageSearchResultView/?ctgItemCd=230508226070 HTTP/1.1" 404 1251 "https://blog.newkolkata.in/items/226070zslytidm162269.html" "Mozilla/5.0 AppleWebKit/537.36 (KHTML, like Gecko; compatible; GPTBot/1.3; +https://openai.com/gptbot)"
74.7.243.248 - - [07/Feb/2026:10:43:32 -0500] "GET /ctg/search/similarImageSearchResultView/?ctgItemCd=238341234374 HTTP/1.1" 404 1251 "https://blog.newkolkata.in/getidm474/234374kairitems" "Mozilla/5.0 AppleWebKit/537.36 (KHTML, like Gecko; compatible; GPTBot/1.3; +https://openai.com/gptbot)"
74.7.243.248 - - [07/Feb/2026:10:43:35 -0500] "GET /ctg/search/similarImageSearchResultView/?ctgItemCd=159270155146 HTTP/1.1" 404 1251 "https://blog.newkolkata.in/ite/155146jahttidm62392.html" "Mozilla/5.0 AppleWebKit/537.36 (KHTML, like Gecko; compatible; GPTBot/1.3; +https://openai.com/gptbot)"
74.7.243.248 - - [07/Feb/2026:10:43:38 -0500] "GET /ctg/search/similarImageSearchResultView/?ctgItemCd=236599232723 HTTP/1.1" 404 1251 "https://blog.newkolkata.in/getidm7/232723ulgpitems" "Mozilla/5.0 AppleWebKit/537.36 (KHTML, like Gecko; compatible; GPTBot/1.3; +https://openai.com/gptbot)"
185.191.171.17 - - [07/Feb/2026:10:43:39 -0500] "GET /getidm782/8260mvrvitems HTTP/1.1" 404 1251 "-" "Mozilla/5.0 (compatible; SemrushBot/7~bl; +http://www.semrush.com/bot.html)"
74.7.243.248 - - [07/Feb/2026:10:43:42 -0500] "GET /ctg/search/similarImageSearchResultView/?ctgItemCd=304192300234 HTTP/1.1" 404 1251 "https://blog.newkolkata.in/getidm782/300234kairitems" "Mozilla/5.0 AppleWebKit/537.36 (KHTML, like Gecko; compatible; GPTBot/1.3; +https://openai.com/gptbot)"
74.7.243.248 - - [07/Feb/2026:10:43:45 -0500] "GET /ctg/search/similarImageSearchResultView/?ctgItemCd=178069173796 HTTP/1.1" 404 1251 "https://blog.newkolkata.in/items/173796tjvftidm472.html" "Mozilla/5.0 AppleWebKit/537.36 (KHTML, like Gecko; compatible; GPTBot/1.3; +https://openai.com/gptbot)"
74.7.243.248 - - [07/Feb/2026:10:43:48 -0500] "GET /ctg/search/similarImageSearchResultView/?ctgItemCd=193317188984 HTTP/1.1" 404 1251 "https://blog.newkolkata.in/getidm30/188984mvrvitems.htm" "Mozilla/5.0 AppleWebKit/537.36 (KHTML, like Gecko; compatible; GPTBot/1.3; +https://openai.com/gptbot)"
74.7.243.248 - - [07/Feb/2026:10:43:51 -0500] "GET /ctg/search/similarImageSearchResultView/?ctgItemCd=290245285846 HTTP/1.1" 404 1251 "https://blog.newkolkata.in/items/285846zslytidm22366.html" "Mozilla/5.0 AppleWebKit/537.36 (KHTML, like Gecko; compatible; GPTBot/1.3; +https://openai.com/gptbot)"
74.7.243.248 - - [07/Feb/2026:10:43:54 -0500] "GET /ctg/search/similarImageSearchResultView/?ctgItemCd=273266269275 HTTP/1.1" 404 1251 "https://blog.newkolkata.in/getidm644/269275ulgpitems" "Mozilla/5.0 AppleWebKit/537.36 (KHTML, like Gecko; compatible; GPTBot/1.3; +https://openai.com/gptbot)"
185.191.171.17 - - [07/Feb/2026:10:43:56 -0500] "GET /geti/10647zslyitems.htm HTTP/1.1" 404 1251 "-" "Mozilla/5.0 (compatible; SemrushBot/7~bl; +http://www.semrush.com/bot.html)"
74.7.243.248 - - [07/Feb/2026:10:43:57 -0500] "GET /ctg/search/similarImageSearchResultView/?ctgItemCd=252866248608 HTTP/1.1" 404 1251 "https://blog.newkolkata.in/items/248608sejmtidm662.html" "Mozilla/5.0 AppleWebKit/537.36 (KHTML, like Gecko; compatible; GPTBot/1.3; +https://openai.com/gptbot)"
74.7.243.248 - - [07/Feb/2026:10:44:00 -0500] "GET /ctg/search/similarImageSearchResultView/?ctgItemCd=211993207919 HTTP/1.1" 404 1251 "https://blog.newkolkata.in/getid/207919cejpitems.htm" "Mozilla/5.0 AppleWebKit/537.36 (KHTML, like Gecko; compatible; GPTBot/1.3; +https://openai.com/gptbot)"
74.7.243.248 - - [07/Feb/2026:10:44:03 -0500] "GET /ctg/search/similarImageSearchResultView/?ctgItemCd=240750236881 HTTP/1.1" 404 1251 "https://blog.newkolkata.in/getidm8/236881kairitems" "Mozilla/5.0 AppleWebKit/537.36 (KHTML, like Gecko; compatible; GPTBot/1.3; +https://openai.com/gptbot)"
74.7.243.248 - - [07/Feb/2026:10:44:07 -0500] "GET /ctg/search/similarImageSearchResultView/?ctgItemCd=167445163148 HTTP/1.1" 404 1251 "https://blog.newkolkata.in/items/163148jahttidm9306.html" "Mozilla/5.0 AppleWebKit/537.36 (KHTML, like Gecko; compatible; GPTBot/1.3; +https://openai.com/gptbot)"
85.208.96.197 - - [07/Feb/2026:10:44:09 -0500] "GET /get/169846pcywitems HTTP/1.1" 404 1251 "-" "Mozilla/5.0 (compatible; SemrushBot/7~bl; +http://www.semrush.com/bot.html)"
74.7.243.248 - - [07/Feb/2026:10:44:10 -0500] "GET /ctg/search/similarImageSearchResultView/?ctgItemCd=131452127466 HTTP/1.1" 404 1251 "https://blog.newkolkata.in/ite/127466sejmtidm97.html" "Mozilla/5.0 AppleWebKit/537.36 (KHTML, like Gecko; compatible; GPTBot/1.3; +https://openai.com/gptbot)"
74.7.243.248 - - [07/Feb/2026:10:44:13 -0500] "GET /ctg/search/similarImageSearchResultView/?ctgItemCd=251407247710 HTTP/1.1" 404 1251 "https://blog.newkolkata.in/getid/247710kairitems" "Mozilla/5.0 AppleWebKit/537.36 (KHTML, like Gecko; compatible; GPTBot/1.3; +https://openai.com/gptbot)"
85.208.96.209 - - [07/Feb/2026:10:44:14 -0500] "GET /get/28083mvrvitems.htm HTTP/1.1" 404 1251 "-" "Mozilla/5.0 (compatible; SemrushBot/7~bl; +http://www.semrush.com/bot.html)"
74.7.243.248 - - [07/Feb/2026:10:44:16 -0500] "GET /ctg/search/similarImageSearchResultView/?ctgItemCd=284215280117 HTTP/1.1" 404 1251 "https://blog.newkolkata.in/getid/280117pcywitems.htm" "Mozilla/5.0 AppleWebKit/537.36 (KHTML, like Gecko; compatible; GPTBot/1.3; +https://openai.com/gptbot)"
74.7.243.248 - - [07/Feb/2026:10:44:19 -0500] "GET /ctg/search/similarImageSearchResultView/?ctgItemCd=212867208766 HTTP/1.1" 404 1251 "https://blog.newkolkata.in/items/208766sejmtidm.html" "Mozilla/5.0 AppleWebKit/537.36 (KHTML, like Gecko; compatible; GPTBot/1.3; +https://openai.com/gptbot)"
74.7.243.248 - - [07/Feb/2026:10:44:22 -0500] "GET /ctg/search/similarImageSearchResultView/?ctgItemCd=133180129270 HTTP/1.1" 404 1251 "https://blog.newkolkata.in/get/129270zslyitems.htm" "Mozilla/5.0 AppleWebKit/537.36 (KHTML, like Gecko; compatible; GPTBot/1.3; +https://openai.com/gptbot)"
74.7.243.248 - - [07/Feb/2026:10:44:26 -0500] "GET /ctg/search/similarImageSearchResultView/?ctgItemCd=271936267690 HTTP/1.1" 404 1251 "https://blog.newkolkata.in/getidm1/267690ccoyitems.htm" "Mozilla/5.0 AppleWebKit/537.36 (KHTML, like Gecko; compatible; GPTBot/1.3; +https://openai.com/gptbot)"
74.7.243.248 - - [07/Feb/2026:10:44:29 -0500] "GET /ctg/search/similarImageSearchResultView/?ctgItemCd=267510263084 HTTP/1.1" 404 1251 "https://blog.newkolkata.in/items/263084ulgptidm791746.html" "Mozilla/5.0 AppleWebKit/537.36 (KHTML, like Gecko; compatible; GPTBot/1.3; +https://openai.com/gptbot)"
74.7.243.248 - - [07/Feb/2026:10:44:32 -0500] "GET /ctg/search/similarImageSearchResultView/?ctgItemCd=253151249280 HTTP/1.1" 404 1251 "https://blog.newkolkata.in/get/249280jahtitems.htm" "Mozilla/5.0 AppleWebKit/537.36 (KHTML, like Gecko; compatible; GPTBot/1.3; +https://openai.com/gptbot)"
85.208.96.197 - - [07/Feb/2026:10:44:33 -0500] "GET /geti/233887mvrvitems HTTP/1.1" 404 1251 "-" "Mozilla/5.0 (compatible; SemrushBot/7~bl; +http://www.semrush.com/bot.html)"
74.7.243.248 - - [07/Feb/2026:10:44:35 -0500] "GET /ctg/search/similarImageSearchResultView/?ctgItemCd=170476166269 HTTP/1.1" 404 1251 "https://blog.newkolkata.in/getidm/166269ulgpitems.htm" "Mozilla/5.0 AppleWebKit/537.36 (KHTML, like Gecko; compatible; GPTBot/1.3; +https://openai.com/gptbot)"
185.191.171.17 - - [07/Feb/2026:10:44:35 -0500] "GET /getidm/192579sejmitems.htm HTTP/1.1" 404 1251 "-" "Mozilla/5.0 (compatible; SemrushBot/7~bl; +http://www.semrush.com/bot.html)"
74.7.243.248 - - [07/Feb/2026:10:44:38 -0500] "GET /ctg/search/similarImageSearchResultView/?ctgItemCd=203291198954 HTTP/1.1" 404 1251 "https://blog.newkolkata.in/getidm11/198954zslyitems.htm" "Mozilla/5.0 AppleWebKit/537.36 (KHTML, like Gecko; compatible; GPTBot/1.3; +https://openai.com/gptbot)"
74.7.243.248 - - [07/Feb/2026:10:44:41 -0500] "GET /ctg/search/similarImageSearchResultView/?ctgItemCd=170285166426 HTTP/1.1" 404 1251 "https://blog.newkolkata.in/getidm1/166426jahtitems" "Mozilla/5.0 AppleWebKit/537.36 (KHTML, like Gecko; compatible; GPTBot/1.3; +https://openai.com/gptbot)"
74.7.243.248 - - [07/Feb/2026:10:44:45 -0500] "GET /ctg/search/similarImageSearchResultView/?ctgItemCd=163129159258 HTTP/1.1" 404 1251 "https://blog.newkolkata.in/get/159258cejpitems.htm" "Mozilla/5.0 AppleWebKit/537.36 (KHTML, like Gecko; compatible; GPTBot/1.3; +https://openai.com/gptbot)"
74.7.243.248 - - [07/Feb/2026:10:44:48 -0500] "GET /ctg/search/similarImageSearchResultView/?ctgItemCd=126343122117 HTTP/1.1" 404 1251 "https://blog.newkolkata.in/item/122117jahttidm93821.html" "Mozilla/5.0 AppleWebKit/537.36 (KHTML, like Gecko; compatible; GPTBot/1.3; +https://openai.com/gptbot)"
74.7.243.248 - - [07/Feb/2026:10:44:51 -0500] "GET /ctg/search/similarImageSearchResultView/?ctgItemCd=219787215603 HTTP/1.1" 404 1251 "https://blog.newkolkata.in/getidm/215603ccoyitems.htm" "Mozilla/5.0 AppleWebKit/537.36 (KHTML, like Gecko; compatible; GPTBot/1.3; +https://openai.com/gptbot)"
74.7.243.248 - - [07/Feb/2026:10:44:54 -0500] "GET /ctg/search/similarImageSearchResultView/?ctgItemCd=283967280366 HTTP/1.1" 404 1251 "https://blog.newkolkata.in/geti/280366kairitems" "Mozilla/5.0 AppleWebKit/537.36 (KHTML, like Gecko; compatible; GPTBot/1.3; +https://openai.com/gptbot)"
74.7.243.248 - - [07/Feb/2026:10:44:57 -0500] "GET /ctg/search/similarImageSearchResultView/?ctgItemCd=274611270345 HTTP/1.1" 404 1251 "https://blog.newkolkata.in/getidm9/270345pcywitems.htm" "Mozilla/5.0 AppleWebKit/537.36 (KHTML, like Gecko; compatible; GPTBot/1.3; +https://openai.com/gptbot)"
74.7.243.248 - - [07/Feb/2026:10:45:01 -0500] "GET /ctg/search/similarImageSearchResultView/?ctgItemCd=120203116503 HTTP/1.1" 404 1251 "https://blog.newkolkata.in/getid/116503sejmitems" "Mozilla/5.0 AppleWebKit/537.36 (KHTML, like Gecko; compatible; GPTBot/1.3; +https://openai.com/gptbot)"
85.208.96.195 - - [07/Feb/2026:10:45:02 -0500] "GET /ite/350zslytid.html HTTP/1.1" 404 1251 "-" "Mozilla/5.0 (compatible; SemrushBot/7~bl; +http://www.semrush.com/bot.html)"
74.7.243.248 - - [07/Feb/2026:10:45:04 -0500] "GET /ctg/search/similarImageSearchResultView/?ctgItemCd=261036256954 HTTP/1.1" 404 1251 "https://blog.newkolkata.in/getid/256954kairitems.htm" "Mozilla/5.0 AppleWebKit/537.36 (KHTML, like Gecko; compatible; GPTBot/1.3; +https://openai.com/gptbot)"
74.7.243.248 - - [07/Feb/2026:10:45:07 -0500] "GET /ctg/search/similarImageSearchResultView/?ctgItemCd=268439264461 HTTP/1.1" 404 1251 "https://blog.newkolkata.in/items/264461kairtid.html" "Mozilla/5.0 AppleWebKit/537.36 (KHTML, like Gecko; compatible; GPTBot/1.3; +https://openai.com/gptbot)"
74.7.243.248 - - [07/Feb/2026:10:45:10 -0500] "GET /ctg/search/similarImageSearchResultView/?ctgItemCd=187680183590 HTTP/1.1" 404 1251 "https://blog.newkolkata.in/items/183590kairtidm.html" "Mozilla/5.0 AppleWebKit/537.36 (KHTML, like Gecko; compatible; GPTBot/1.3; +https://openai.com/gptbot)"
85.208.96.205 - - [07/Feb/2026:10:45:12 -0500] "GET /items/96518ccoytid.html HTTP/1.1" 404 1251 "-" "Mozilla/5.0 (compatible; SemrushBot/7~bl; +http://www.semrush.com/bot.html)"
66.249.66.165 - - [07/Feb/2026:10:45:12 -0500] "GET /detail.php?products/69439223748 HTTP/1.1" 404 1251 "-" "Mozilla/5.0 (Linux; Android 6.0.1; Nexus 5X Build/MMB29P) AppleWebKit/537.36 (KHTML, like Gecko) Chrome/144.0.7559.132 Mobile Safari/537.36 (compatible; Googlebot/2.1; +http://www.google.com/bot.html)"
74.7.243.248 - - [07/Feb/2026:10:45:13 -0500] "GET /ctg/search/similarImageSearchResultView/?ctgItemCd=275485271274 HTTP/1.1" 404 1251 "https://blog.newkolkata.in/getidm/271274pcywitems.htm" "Mozilla/5.0 AppleWebKit/537.36 (KHTML, like Gecko; compatible; GPTBot/1.3; +https://openai.com/gptbot)"
74.7.243.248 - - [07/Feb/2026:10:45:16 -0500] "GET /ctg/search/similarImageSearchResultView/?ctgItemCd=191004187045 HTTP/1.1" 404 1251 "https://blog.newkolkata.in/getidm302/187045jahtitems" "Mozilla/5.0 AppleWebKit/537.36 (KHTML, like Gecko; compatible; GPTBot/1.3; +https://openai.com/gptbot)"
85.208.96.196 - - [07/Feb/2026:10:45:17 -0500] "GET /getidm8/128890pcywitems HTTP/1.1" 404 1251 "-" "Mozilla/5.0 (compatible; SemrushBot/7~bl; +http://www.semrush.com/bot.html)"
74.7.243.248 - - [07/Feb/2026:10:45:19 -0500] "GET /ctg/search/similarImageSearchResultView/?ctgItemCd=247969243776 HTTP/1.1" 404 1251 "https://blog.newkolkata.in/items/243776cejptidm36.html" "Mozilla/5.0 AppleWebKit/537.36 (KHTML, like Gecko; compatible; GPTBot/1.3; +https://openai.com/gptbot)"
74.7.243.248 - - [07/Feb/2026:10:45:23 -0500] "GET /ctg/search/similarImageSearchResultView/?ctgItemCd=188632184195 HTTP/1.1" 404 1251 "https://blog.newkolkata.in/items/184195tjvftidm397784.html" "Mozilla/5.0 AppleWebKit/537.36 (KHTML, like Gecko; compatible; GPTBot/1.3; +https://openai.com/gptbot)"
85.208.96.208 - - [07/Feb/2026:10:45:24 -0500] "GET /getidm/24169cejpitems HTTP/1.1" 404 1251 "-" "Mozilla/5.0 (compatible; SemrushBot/7~bl; +http://www.semrush.com/bot.html)"
74.7.243.248 - - [07/Feb/2026:10:45:26 -0500] "GET /ctg/search/similarImageSearchResultView/?ctgItemCd=289636285519 HTTP/1.1" 404 1251 "https://blog.newkolkata.in/getid/285519mvrvitems.htm" "Mozilla/5.0 AppleWebKit/537.36 (KHTML, like Gecko; compatible; GPTBot/1.3; +https://openai.com/gptbot)"
185.191.171.12 - - [07/Feb/2026:10:45:26 -0500] "GET /get/236710pcywitems HTTP/1.1" 404 1251 "-" "Mozilla/5.0 (compatible; SemrushBot/7~bl; +http://www.semrush.com/bot.html)"
185.191.171.4 - - [07/Feb/2026:10:45:28 -0500] "GET /robots.txt HTTP/1.1" 200 281 "-" "Mozilla/5.0 (compatible; SemrushBot/7~bl; +http://www.semrush.com/bot.html)"
85.208.96.195 - - [07/Feb/2026:10:45:28 -0500] "GET /getidm3/151642zslyitems HTTP/1.1" 404 1251 "-" "Mozilla/5.0 (compatible; SemrushBot/7~bl; +http://www.semrush.com/bot.html)"
74.7.243.248 - - [07/Feb/2026:10:45:29 -0500] "GET /ctg/search/similarImageSearchResultView/?ctgItemCd=210758206445 HTTP/1.1" 404 1251 "https://blog.newkolkata.in/items/206445ulgptidm2854.html" "Mozilla/5.0 AppleWebKit/537.36 (KHTML, like Gecko; compatible; GPTBot/1.3; +https://openai.com/gptbot)"
74.7.243.248 - - [07/Feb/2026:10:45:32 -0500] "GET /ctg/search/similarImageSearchResultView/?ctgItemCd=153525149550 HTTP/1.1" 404 1251 "https://blog.newkolkata.in/geti/149550kairitems.htm" "Mozilla/5.0 AppleWebKit/537.36 (KHTML, like Gecko; compatible; GPTBot/1.3; +https://openai.com/gptbot)"
74.7.243.248 - - [07/Feb/2026:10:45:35 -0500] "GET /ctg/search/similarImageSearchResultView/?ctgItemCd=114579110394 HTTP/1.1" 404 1251 "https://blog.newkolkata.in/getidm/110394ccoyitems.htm" "Mozilla/5.0 AppleWebKit/537.36 (KHTML, like Gecko; compatible; GPTBot/1.3; +https://openai.com/gptbot)"
74.7.243.248 - - [07/Feb/2026:10:45:38 -0500] "GET /ctg/search/similarImageSearchResultView/?ctgItemCd=292045288169 HTTP/1.1" 404 1251 "https://blog.newkolkata.in/getidm2/288169ccoyitems" "Mozilla/5.0 AppleWebKit/537.36 (KHTML, like Gecko; compatible; GPTBot/1.3; +https://openai.com/gptbot)"
74.7.243.248 - - [07/Feb/2026:10:45:41 -0500] "GET /ctg/search/similarImageSearchResultView/?ctgItemCd=136831132939 HTTP/1.1" 404 1251 "https://blog.newkolkata.in/get/132939tjvfitems.htm" "Mozilla/5.0 AppleWebKit/537.36 (KHTML, like Gecko; compatible; GPTBot/1.3; +https://openai.com/gptbot)"
74.7.243.248 - - [07/Feb/2026:10:45:45 -0500] "GET /ctg/search/similarImageSearchResultView/?ctgItemCd=231384227433 HTTP/1.1" 404 1251 "https://blog.newkolkata.in/getidm15/227433zslyitems" "Mozilla/5.0 AppleWebKit/537.36 (KHTML, like Gecko; compatible; GPTBot/1.3; +https://openai.com/gptbot)"
66.249.66.75 - - [07/Feb/2026:10:45:48 -0500] "GET /products.php?shop/comites/trustability82245196018.html HTTP/1.1" 404 1251 "-" "Mozilla/5.0 (Linux; Android 6.0.1; Nexus 5X Build/MMB29P) AppleWebKit/537.36 (KHTML, like Gecko) Chrome/144.0.7559.132 Mobile Safari/537.36 (compatible; Googlebot/2.1; +http://www.google.com/bot.html)"
74.7.243.248 - - [07/Feb/2026:10:45:48 -0500] "GET /ctg/search/similarImageSearchResultView/?ctgItemCd=189828185536 HTTP/1.1" 404 1251 "https://blog.newkolkata.in/getidm53/185536kairitems.htm" "Mozilla/5.0 AppleWebKit/537.36 (KHTML, like Gecko; compatible; GPTBot/1.3; +https://openai.com/gptbot)"
74.7.243.248 - - [07/Feb/2026:10:45:51 -0500] "GET /ctg/search/similarImageSearchResultView/?ctgItemCd=259598255273 HTTP/1.1" 404 1251 "https://blog.newkolkata.in/getidm89/255273pcywitems.htm" "Mozilla/5.0 AppleWebKit/537.36 (KHTML, like Gecko; compatible; GPTBot/1.3; +https://openai.com/gptbot)"
185.191.171.11 - - [07/Feb/2026:10:45:53 -0500] "GET /get/220674sejmitems.htm HTTP/1.1" 404 1251 "-" "Mozilla/5.0 (compatible; SemrushBot/7~bl; +http://www.semrush.com/bot.html)"
74.7.243.248 - - [07/Feb/2026:10:45:54 -0500] "GET /ctg/search/similarImageSearchResultView/?ctgItemCd=301192297288 HTTP/1.1" 404 1251 "https://blog.newkolkata.in/item/297288pcywtid.html" "Mozilla/5.0 AppleWebKit/537.36 (KHTML, like Gecko; compatible; GPTBot/1.3; +https://openai.com/gptbot)"
74.7.243.248 - - [07/Feb/2026:10:45:57 -0500] "GET /ctg/search/similarImageSearchResultView/?ctgItemCd=187534183441 HTTP/1.1" 404 1251 "https://blog.newkolkata.in/items/183441sejmtidm.html" "Mozilla/5.0 AppleWebKit/537.36 (KHTML, like Gecko; compatible; GPTBot/1.3; +https://openai.com/gptbot)"
