74.7.243.248 - - [07/Feb/2026:11:08:39 -0500] "GET /ctg/search/similarImageSearchResultView/?ctgItemCd=218953215088 HTTP/1.1" 404 1251 "https://blog.newkolkata.in/get/215088cejpitems.htm" "Mozilla/5.0 AppleWebKit/537.36 (KHTML, like Gecko; compatible; GPTBot/1.3; +https://openai.com/gptbot)"
74.7.243.248 - - [07/Feb/2026:11:08:42 -0500] "GET /ctg/search/similarImageSearchResultView/?ctgItemCd=279846276343 HTTP/1.1" 404 1251 "https://blog.newkolkata.in/get/276343ccoyitems" "Mozilla/5.0 AppleWebKit/537.36 (KHTML, like Gecko; compatible; GPTBot/1.3; +https://openai.com/gptbot)"
74.7.243.248 - - [07/Feb/2026:11:08:45 -0500] "GET /ctg/search/similarImageSearchResultView/?ctgItemCd=109752105564 HTTP/1.1" 404 1251 "https://blog.newkolkata.in/getidm/105564ccoyitems.htm" "Mozilla/5.0 AppleWebKit/537.36 (KHTML, like Gecko; compatible; GPTBot/1.3; +https://openai.com/gptbot)"
79.127.138.77 - - [07/Feb/2026:11:08:38 -0500] "POST /xmlrpc.php HTTP/1.1" 200 179 "-" "Mozilla/5.0 (Macintosh; Intel Mac OS X 12_5) AppleWebKit/537.36 (KHTML, like Gecko) Chrome/114.0.0.0 Safari/537.36 Edg/114.0.1264.71"
74.7.243.248 - - [07/Feb/2026:11:08:48 -0500] "GET /ctg/search/similarImageSearchResultView/?ctgItemCd=199209195574 HTTP/1.1" 404 1251 "https://blog.newkolkata.in/geti/195574pcywitems" "Mozilla/5.0 AppleWebKit/537.36 (KHTML, like Gecko; compatible; GPTBot/1.3; +https://openai.com/gptbot)"
74.7.243.248 - - [07/Feb/2026:11:08:51 -0500] "GET /ctg/search/similarImageSearchResultView/?ctgItemCd=233640229903 HTTP/1.1" 404 1251 "https://blog.newkolkata.in/getid/229903mvrvitems" "Mozilla/5.0 AppleWebKit/537.36 (KHTML, like Gecko; compatible; GPTBot/1.3; +https://openai.com/gptbot)"
2.205.183.161 - - [07/Feb/2026:11:08:46 -0500] "POST /xmlrpc.php HTTP/1.1" 200 139 "-" "Mozilla/5.0"
85.208.96.203 - - [07/Feb/2026:11:08:53 -0500] "GET /get/168027jahtitems.htm HTTP/1.1" 404 1251 "-" "Mozilla/5.0 (compatible; SemrushBot/7~bl; +http://www.semrush.com/bot.html)"
2.205.183.161 - - [07/Feb/2026:11:08:53 -0500] "GET /?p=9438 HTTP/1.1" 200 1668 "-" "Mozilla/5.0 (Windows NT 10.0; Win64; x64) AppleWebKit/537.36 (KHTML, like Gecko) Chrome/120.0.0.0 Safari/537.36"
2.205.183.161 - - [07/Feb/2026:11:08:54 -0500] "GET /?p=9438 HTTP/1.1" 200 1668 "-" "Mozilla/5.0 (Windows NT 10.0; Win64; x64) AppleWebKit/537.36 (KHTML, like Gecko) Chrome/120.0.0.0 Safari/537.36"
74.7.243.248 - - [07/Feb/2026:11:08:55 -0500] "GET /ctg/search/similarImageSearchResultView/?ctgItemCd=10152397374 HTTP/1.1" 404 1251 "https://blog.newkolkata.in/getidm/97374ccoyitems.htm" "Mozilla/5.0 AppleWebKit/537.36 (KHTML, like Gecko; compatible; GPTBot/1.3; +https://openai.com/gptbot)"
79.127.138.77 - - [07/Feb/2026:11:08:51 -0500] "POST /xmlrpc.php HTTP/1.1" 200 14917 "-" "Mozilla/5.0 (Macintosh; Intel Mac OS X 12_5) AppleWebKit/537.36 (KHTML, like Gecko) Chrome/114.0.0.0 Safari/537.36 Edg/114.0.1264.71"
74.7.243.248 - - [07/Feb/2026:11:08:58 -0500] "GET /ctg/search/similarImageSearchResultView/?ctgItemCd=178271174080 HTTP/1.1" 404 1251 "https://blog.newkolkata.in/items/174080jahttidm83.html" "Mozilla/5.0 AppleWebKit/537.36 (KHTML, like Gecko; compatible; GPTBot/1.3; +https://openai.com/gptbot)"
40.77.167.12 - - [07/Feb/2026:11:09:00 -0500] "GET /sultan-games-rukovodstvo-po-registracii-1009/ HTTP/1.1" 404 1251 "-" "Mozilla/5.0 AppleWebKit/537.36 (KHTML, like Gecko; compatible; bingbot/2.0; +http://www.bing.com/bingbot.htm) Chrome/116.0.1938.76 Safari/537.36"
74.7.243.248 - - [07/Feb/2026:11:09:01 -0500] "GET /ctg/search/similarImageSearchResultView/?ctgItemCd=177267173018 HTTP/1.1" 404 1251 "https://blog.newkolkata.in/items/173018kairtidm966.html" "Mozilla/5.0 AppleWebKit/537.36 (KHTML, like Gecko; compatible; GPTBot/1.3; +https://openai.com/gptbot)"
74.7.243.248 - - [07/Feb/2026:11:09:04 -0500] "GET /ctg/search/similarImageSearchResultView/?ctgItemCd=119899116364 HTTP/1.1" 404 1251 "https://blog.newkolkata.in/get/116364zslyitems" "Mozilla/5.0 AppleWebKit/537.36 (KHTML, like Gecko; compatible; GPTBot/1.3; +https://openai.com/gptbot)"
74.7.243.248 - - [07/Feb/2026:11:09:07 -0500] "GET /ctg/search/similarImageSearchResultView/?ctgItemCd=228353224375 HTTP/1.1" 404 1251 "https://blog.newkolkata.in/items/224375kairtid.html" "Mozilla/5.0 AppleWebKit/537.36 (KHTML, like Gecko; compatible; GPTBot/1.3; +https://openai.com/gptbot)"
74.7.243.248 - - [07/Feb/2026:11:09:10 -0500] "GET /ctg/search/similarImageSearchResultView/?ctgItemCd=288023283948 HTTP/1.1" 404 1251 "https://blog.newkolkata.in/getidm9964/283948mvrvitems" "Mozilla/5.0 AppleWebKit/537.36 (KHTML, like Gecko; compatible; GPTBot/1.3; +https://openai.com/gptbot)"
74.7.243.248 - - [07/Feb/2026:11:09:14 -0500] "GET /ctg/search/similarImageSearchResultView/?ctgItemCd=260574256475 HTTP/1.1" 404 1251 "https://blog.newkolkata.in/getid/256475tjvfitems.htm" "Mozilla/5.0 AppleWebKit/537.36 (KHTML, like Gecko; compatible; GPTBot/1.3; +https://openai.com/gptbot)"
52.167.144.171 - - [07/Feb/2026:11:09:14 -0500] "GET /angling-for-a-big-win-explore-the-thrills-and-potential-payouts/ HTTP/1.1" 404 1251 "-" "Mozilla/5.0 AppleWebKit/537.36 (KHTML, like Gecko; compatible; bingbot/2.0; +http://www.bing.com/bingbot.htm) Chrome/116.0.1938.76 Safari/537.36"
74.7.243.248 - - [07/Feb/2026:11:09:17 -0500] "GET /ctg/search/similarImageSearchResultView/?ctgItemCd=194906190624 HTTP/1.1" 404 1251 "https://blog.newkolkata.in/items/190624mvrvtidm547.html" "Mozilla/5.0 AppleWebKit/537.36 (KHTML, like Gecko; compatible; GPTBot/1.3; +https://openai.com/gptbot)"
185.191.171.1 - - [07/Feb/2026:11:09:17 -0500] "GET /ite/73910tjvftid.html HTTP/1.1" 404 1251 "-" "Mozilla/5.0 (compatible; SemrushBot/7~bl; +http://www.semrush.com/bot.html)"
74.7.243.248 - - [07/Feb/2026:11:09:20 -0500] "GET /ctg/search/similarImageSearchResultView/?ctgItemCd=240363235916 HTTP/1.1" 404 1251 "https://blog.newkolkata.in/items/235916zslytidm392273.html" "Mozilla/5.0 AppleWebKit/537.36 (KHTML, like Gecko; compatible; GPTBot/1.3; +https://openai.com/gptbot)"
74.7.243.248 - - [07/Feb/2026:11:09:23 -0500] "GET /ctg/search/similarImageSearchResultView/?ctgItemCd=191667187727 HTTP/1.1" 404 1251 "https://blog.newkolkata.in/ite/187727tjvftidm1.html" "Mozilla/5.0 AppleWebKit/537.36 (KHTML, like Gecko; compatible; GPTBot/1.3; +https://openai.com/gptbot)"
185.191.171.2 - - [07/Feb/2026:11:09:24 -0500] "GET /getidm/274873ulgpitems HTTP/1.1" 404 1251 "-" "Mozilla/5.0 (compatible; SemrushBot/7~bl; +http://www.semrush.com/bot.html)"
74.7.243.248 - - [07/Feb/2026:11:09:26 -0500] "GET /ctg/search/similarImageSearchResultView/?ctgItemCd=271251267340 HTTP/1.1" 404 1251 "https://blog.newkolkata.in/get/267340zslyitems.htm" "Mozilla/5.0 AppleWebKit/537.36 (KHTML, like Gecko; compatible; GPTBot/1.3; +https://openai.com/gptbot)"
85.208.96.203 - - [07/Feb/2026:11:09:29 -0500] "GET /getidm69/20395cejpitems HTTP/1.1" 404 1251 "-" "Mozilla/5.0 (compatible; SemrushBot/7~bl; +http://www.semrush.com/bot.html)"
74.7.243.248 - - [07/Feb/2026:11:09:29 -0500] "GET /ctg/search/similarImageSearchResultView/?ctgItemCd=269619265577 HTTP/1.1" 404 1251 "https://blog.newkolkata.in/ite/265577sejmtidm198.html" "Mozilla/5.0 AppleWebKit/537.36 (KHTML, like Gecko; compatible; GPTBot/1.3; +https://openai.com/gptbot)"
40.77.167.12 - - [07/Feb/2026:11:09:30 -0500] "GET /sultan-games-rukovodstvo-po-registracii-1009/ HTTP/1.1" 404 1251 "-" "Mozilla/5.0 AppleWebKit/537.36 (KHTML, like Gecko; compatible; bingbot/2.0; +http://www.bing.com/bingbot.htm) Chrome/116.0.1938.76 Safari/537.36"
74.7.243.248 - - [07/Feb/2026:11:09:33 -0500] "GET /ctg/search/similarImageSearchResultView/?ctgItemCd=290620286416 HTTP/1.1" 404 1251 "https://blog.newkolkata.in/getidm/286416ulgpitems.htm" "Mozilla/5.0 AppleWebKit/537.36 (KHTML, like Gecko; compatible; GPTBot/1.3; +https://openai.com/gptbot)"
74.7.243.248 - - [07/Feb/2026:11:09:36 -0500] "GET /ctg/search/similarImageSearchResultView/?ctgItemCd=306527302534 HTTP/1.1" 404 1251 "https://blog.newkolkata.in/getidm388/302534pcywitems" "Mozilla/5.0 AppleWebKit/537.36 (KHTML, like Gecko; compatible; GPTBot/1.3; +https://openai.com/gptbot)"
85.208.96.200 - - [07/Feb/2026:11:09:38 -0500] "GET /getidm80/76627ulgpitems HTTP/1.1" 404 1251 "-" "Mozilla/5.0 (compatible; SemrushBot/7~bl; +http://www.semrush.com/bot.html)"
74.7.243.248 - - [07/Feb/2026:11:09:39 -0500] "GET /ctg/search/similarImageSearchResultView/?ctgItemCd=188461184295 HTTP/1.1" 404 1251 "https://blog.newkolkata.in/items/184295tjvftidm6.html" "Mozilla/5.0 AppleWebKit/537.36 (KHTML, like Gecko; compatible; GPTBot/1.3; +https://openai.com/gptbot)"
74.7.243.248 - - [07/Feb/2026:11:09:42 -0500] "GET /ctg/search/similarImageSearchResultView/?ctgItemCd=250818246873 HTTP/1.1" 404 1251 "https://blog.newkolkata.in/getidm98/246873ulgpitems" "Mozilla/5.0 AppleWebKit/537.36 (KHTML, like Gecko; compatible; GPTBot/1.3; +https://openai.com/gptbot)"
52.167.144.171 - - [07/Feb/2026:11:09:44 -0500] "GET /angling-for-a-big-win-explore-the-thrills-and-potential-payouts/ HTTP/1.1" 404 1251 "-" "Mozilla/5.0 AppleWebKit/537.36 (KHTML, like Gecko; compatible; bingbot/2.0; +http://www.bing.com/bingbot.htm) Chrome/116.0.1938.76 Safari/537.36"
74.7.243.248 - - [07/Feb/2026:11:09:45 -0500] "GET /ctg/search/similarImageSearchResultView/?ctgItemCd=160659156299 HTTP/1.1" 404 1251 "https://blog.newkolkata.in/items/156299ccoytidm10916.html" "Mozilla/5.0 AppleWebKit/537.36 (KHTML, like Gecko; compatible; GPTBot/1.3; +https://openai.com/gptbot)"
74.7.243.248 - - [07/Feb/2026:11:09:48 -0500] "GET /ctg/search/similarImageSearchResultView/?ctgItemCd=164103159947 HTTP/1.1" 404 1251 "https://blog.newkolkata.in/ite/159947pcywtidm16033.html" "Mozilla/5.0 AppleWebKit/537.36 (KHTML, like Gecko; compatible; GPTBot/1.3; +https://openai.com/gptbot)"
141.8.183.140 - - [07/Feb/2026:11:09:50 -0500] "GET /angling-for-a-big-win-explore-the-thrills-and-potential-payouts/ HTTP/1.1" 404 1251 "-" "Mozilla/5.0 (compatible; YandexBot/3.0; +http://yandex.com/bots)"
141.8.183.196 - - [07/Feb/2026:11:09:51 -0500] "GET /sultan-games-rukovodstvo-po-registracii-1009/ HTTP/1.1" 404 1251 "-" "Mozilla/5.0 (compatible; YandexBot/3.0; +http://yandex.com/bots)"
74.7.243.248 - - [07/Feb/2026:11:09:51 -0500] "GET /ctg/search/similarImageSearchResultView/?ctgItemCd=225836221618 HTTP/1.1" 404 1251 "https://blog.newkolkata.in/item/221618mvrvtidm8571.html" "Mozilla/5.0 AppleWebKit/537.36 (KHTML, like Gecko; compatible; GPTBot/1.3; +https://openai.com/gptbot)"
74.7.243.248 - - [07/Feb/2026:11:09:54 -0500] "GET /ctg/search/similarImageSearchResultView/?ctgItemCd=112159108090 HTTP/1.1" 404 1251 "https://blog.newkolkata.in/getid/108090jahtitems.htm" "Mozilla/5.0 AppleWebKit/537.36 (KHTML, like Gecko; compatible; GPTBot/1.3; +https://openai.com/gptbot)"
74.7.243.248 - - [07/Feb/2026:11:09:57 -0500] "GET /ctg/search/similarImageSearchResultView/?ctgItemCd=217200213126 HTTP/1.1" 404 1251 "https://blog.newkolkata.in/getid/213126sejmitems.htm" "Mozilla/5.0 AppleWebKit/537.36 (KHTML, like Gecko; compatible; GPTBot/1.3; +https://openai.com/gptbot)"
185.191.171.11 - - [07/Feb/2026:11:09:57 -0500] "GET /get/173566sejmitems HTTP/1.1" 404 1251 "-" "Mozilla/5.0 (compatible; SemrushBot/7~bl; +http://www.semrush.com/bot.html)"
185.191.171.9 - - [07/Feb/2026:11:10:00 -0500] "GET /ite/211550zslytid.html HTTP/1.1" 404 1251 "-" "Mozilla/5.0 (compatible; SemrushBot/7~bl; +http://www.semrush.com/bot.html)"
74.7.243.248 - - [07/Feb/2026:11:10:01 -0500] "GET /ctg/search/similarImageSearchResultView/?ctgItemCd=279934275583 HTTP/1.1" 404 1251 "https://blog.newkolkata.in/getidm593/275583jahtitems.htm" "Mozilla/5.0 AppleWebKit/537.36 (KHTML, like Gecko; compatible; GPTBot/1.3; +https://openai.com/gptbot)"
74.7.244.12 - - [07/Feb/2026:11:10:01 -0500] "GET /robots.txt HTTP/1.1" 200 281 "-" "Mozilla/5.0 (Macintosh; Intel Mac OS X 10_15_7) AppleWebKit/537.36 (KHTML, like Gecko) Chrome/131.0.0.0 Safari/537.36; compatible; OAI-SearchBot/1.3; robots.txt; +https://openai.com/searchbot"
74.7.243.248 - - [07/Feb/2026:11:10:04 -0500] "GET /ctg/search/similarImageSearchResultView/?ctgItemCd=260217255907 HTTP/1.1" 404 1251 "https://blog.newkolkata.in/item/255907ulgptidm658315.html" "Mozilla/5.0 AppleWebKit/537.36 (KHTML, like Gecko; compatible; GPTBot/1.3; +https://openai.com/gptbot)"
185.191.171.16 - - [07/Feb/2026:11:10:04 -0500] "GET /items/80678kairtid.html HTTP/1.1" 404 1251 "-" "Mozilla/5.0 (compatible; SemrushBot/7~bl; +http://www.semrush.com/bot.html)"
74.7.243.248 - - [07/Feb/2026:11:10:07 -0500] "GET /ctg/search/similarImageSearchResultView/?ctgItemCd=147822143459 HTTP/1.1" 404 1251 "https://blog.newkolkata.in/items/143459ccoytidm47753.html" "Mozilla/5.0 AppleWebKit/537.36 (KHTML, like Gecko; compatible; GPTBot/1.3; +https://openai.com/gptbot)"
74.7.243.248 - - [07/Feb/2026:11:10:10 -0500] "GET /ctg/search/similarImageSearchResultView/?ctgItemCd=264899260583 HTTP/1.1" 404 1251 "https://blog.newkolkata.in/item/260583tjvftidm878355.html" "Mozilla/5.0 AppleWebKit/537.36 (KHTML, like Gecko; compatible; GPTBot/1.3; +https://openai.com/gptbot)"
74.7.243.248 - - [07/Feb/2026:11:10:13 -0500] "GET /ctg/search/similarImageSearchResultView/?ctgItemCd=190231186336 HTTP/1.1" 404 1251 "https://blog.newkolkata.in/getidm7/186336pcywitems" "Mozilla/5.0 AppleWebKit/537.36 (KHTML, like Gecko; compatible; GPTBot/1.3; +https://openai.com/gptbot)"
85.208.96.201 - - [07/Feb/2026:11:10:14 -0500] "GET /getid/230272jahtitems HTTP/1.1" 404 1251 "-" "Mozilla/5.0 (compatible; SemrushBot/7~bl; +http://www.semrush.com/bot.html)"
74.7.243.248 - - [07/Feb/2026:11:10:16 -0500] "GET /ctg/search/similarImageSearchResultView/?ctgItemCd=172686168332 HTTP/1.1" 404 1251 "https://blog.newkolkata.in/items/168332cejptidm77954.html" "Mozilla/5.0 AppleWebKit/537.36 (KHTML, like Gecko; compatible; GPTBot/1.3; +https://openai.com/gptbot)"
74.7.243.248 - - [07/Feb/2026:11:10:19 -0500] "GET /ctg/search/similarImageSearchResultView/?ctgItemCd=175463171672 HTTP/1.1" 404 1251 "https://blog.newkolkata.in/ite/171672mvrvtid.html" "Mozilla/5.0 AppleWebKit/537.36 (KHTML, like Gecko; compatible; GPTBot/1.3; +https://openai.com/gptbot)"
185.191.171.7 - - [07/Feb/2026:11:10:20 -0500] "GET /getidm/64105cejpitems HTTP/1.1" 404 1251 "-" "Mozilla/5.0 (compatible; SemrushBot/7~bl; +http://www.semrush.com/bot.html)"
74.7.243.248 - - [07/Feb/2026:11:10:22 -0500] "GET /ctg/search/similarImageSearchResultView/?ctgItemCd=272710268422 HTTP/1.1" 404 1251 "https://blog.newkolkata.in/getidm53/268422kairitems.htm" "Mozilla/5.0 AppleWebKit/537.36 (KHTML, like Gecko; compatible; GPTBot/1.3; +https://openai.com/gptbot)"
74.7.243.248 - - [07/Feb/2026:11:10:25 -0500] "GET /ctg/search/similarImageSearchResultView/?ctgItemCd=133034129208 HTTP/1.1" 404 1251 "https://blog.newkolkata.in/getidm/129208tjvfitems" "Mozilla/5.0 AppleWebKit/537.36 (KHTML, like Gecko; compatible; GPTBot/1.3; +https://openai.com/gptbot)"
74.7.243.248 - - [07/Feb/2026:11:10:29 -0500] "GET /ctg/search/similarImageSearchResultView/?ctgItemCd=267414263437 HTTP/1.1" 404 1251 "https://blog.newkolkata.in/getidm150/263437ulgpitems" "Mozilla/5.0 AppleWebKit/537.36 (KHTML, like Gecko; compatible; GPTBot/1.3; +https://openai.com/gptbot)"
74.7.243.248 - - [07/Feb/2026:11:10:31 -0500] "GET /ctg/search/similarImageSearchResultView/?ctgItemCd=186795182883 HTTP/1.1" 404 1251 "https://blog.newkolkata.in/get/182883mvrvitems.htm" "Mozilla/5.0 AppleWebKit/537.36 (KHTML, like Gecko; compatible; GPTBot/1.3; +https://openai.com/gptbot)"
74.7.243.248 - - [07/Feb/2026:11:10:35 -0500] "GET /ctg/search/similarImageSearchResultView/?ctgItemCd=264908260588 HTTP/1.1" 404 1251 "https://blog.newkolkata.in/item/260588tjvftidm568853.html" "Mozilla/5.0 AppleWebKit/537.36 (KHTML, like Gecko; compatible; GPTBot/1.3; +https://openai.com/gptbot)"
74.7.243.248 - - [07/Feb/2026:11:10:38 -0500] "GET /ctg/search/similarImageSearchResultView/?ctgItemCd=142946139206 HTTP/1.1" 404 1251 "https://blog.newkolkata.in/getid/139206zslyitems" "Mozilla/5.0 AppleWebKit/537.36 (KHTML, like Gecko; compatible; GPTBot/1.3; +https://openai.com/gptbot)"
74.7.243.248 - - [07/Feb/2026:11:10:41 -0500] "GET /ctg/search/similarImageSearchResultView/?ctgItemCd=214308210369 HTTP/1.1" 404 1251 "https://blog.newkolkata.in/getidm63/210369pcywitems" "Mozilla/5.0 AppleWebKit/537.36 (KHTML, like Gecko; compatible; GPTBot/1.3; +https://openai.com/gptbot)"
74.7.243.248 - - [07/Feb/2026:11:10:44 -0500] "GET /ctg/search/similarImageSearchResultView/?ctgItemCd=187003182873 HTTP/1.1" 404 1251 "https://blog.newkolkata.in/item/182873kairtidm251.html" "Mozilla/5.0 AppleWebKit/537.36 (KHTML, like Gecko; compatible; GPTBot/1.3; +https://openai.com/gptbot)"
74.7.243.248 - - [07/Feb/2026:11:10:47 -0500] "GET /ctg/search/similarImageSearchResultView/?ctgItemCd=124757120771 HTTP/1.1" 404 1251 "https://blog.newkolkata.in/geti/120771ulgpitems.htm" "Mozilla/5.0 AppleWebKit/537.36 (KHTML, like Gecko; compatible; GPTBot/1.3; +https://openai.com/gptbot)"
74.7.243.248 - - [07/Feb/2026:11:10:51 -0500] "GET /ctg/search/similarImageSearchResultView/?ctgItemCd=10079796868 HTTP/1.1" 404 1251 "https://blog.newkolkata.in/getidm97/96868zslyitems" "Mozilla/5.0 AppleWebKit/537.36 (KHTML, like Gecko; compatible; GPTBot/1.3; +https://openai.com/gptbot)"
185.191.171.19 - - [07/Feb/2026:11:10:53 -0500] "GET /getid/6420tjvfitems.htm HTTP/1.1" 404 1251 "-" "Mozilla/5.0 (compatible; SemrushBot/7~bl; +http://www.semrush.com/bot.html)"
74.7.243.248 - - [07/Feb/2026:11:10:54 -0500] "GET /ctg/search/similarImageSearchResultView/?ctgItemCd=274536270344 HTTP/1.1" 404 1251 "https://blog.newkolkata.in/items/270344sejmtidm40.html" "Mozilla/5.0 AppleWebKit/537.36 (KHTML, like Gecko; compatible; GPTBot/1.3; +https://openai.com/gptbot)"
74.7.243.248 - - [07/Feb/2026:11:10:57 -0500] "GET /ctg/search/similarImageSearchResultView/?ctgItemCd=272615268190 HTTP/1.1" 404 1251 "https://blog.newkolkata.in/items/268190tjvftidm805177.html" "Mozilla/5.0 AppleWebKit/537.36 (KHTML, like Gecko; compatible; GPTBot/1.3; +https://openai.com/gptbot)"
85.208.96.193 - - [07/Feb/2026:11:10:58 -0500] "GET /getidm41/76435sejmitems HTTP/1.1" 404 1251 "-" "Mozilla/5.0 (compatible; SemrushBot/7~bl; +http://www.semrush.com/bot.html)"
74.7.243.248 - - [07/Feb/2026:11:11:00 -0500] "GET /ctg/search/similarImageSearchResultView/?ctgItemCd=253387249481 HTTP/1.1" 404 1251 "https://blog.newkolkata.in/getidm2/249481zslyitems" "Mozilla/5.0 AppleWebKit/537.36 (KHTML, like Gecko; compatible; GPTBot/1.3; +https://openai.com/gptbot)"
74.7.243.248 - - [07/Feb/2026:11:11:03 -0500] "GET /ctg/search/similarImageSearchResultView/?ctgItemCd=130549126460 HTTP/1.1" 404 1251 "https://blog.newkolkata.in/getid/126460tjvfitems.htm" "Mozilla/5.0 AppleWebKit/537.36 (KHTML, like Gecko; compatible; GPTBot/1.3; +https://openai.com/gptbot)"
74.7.243.248 - - [07/Feb/2026:11:11:06 -0500] "GET /ctg/search/similarImageSearchResultView/?ctgItemCd=153379149395 HTTP/1.1" 404 1251 "https://blog.newkolkata.in/getidm449/149395ccoyitems" "Mozilla/5.0 AppleWebKit/537.36 (KHTML, like Gecko; compatible; GPTBot/1.3; +https://openai.com/gptbot)"
74.7.243.248 - - [07/Feb/2026:11:11:10 -0500] "GET /ctg/search/similarImageSearchResultView/?ctgItemCd=228475224153 HTTP/1.1" 404 1251 "https://blog.newkolkata.in/getidm123/224153cejpitems.htm" "Mozilla/5.0 AppleWebKit/537.36 (KHTML, like Gecko; compatible; GPTBot/1.3; +https://openai.com/gptbot)"
74.7.243.248 - - [07/Feb/2026:11:11:13 -0500] "GET /ctg/search/similarImageSearchResultView/?ctgItemCd=293459289466 HTTP/1.1" 404 1251 "https://blog.newkolkata.in/ite/289466tjvftidm21.html" "Mozilla/5.0 AppleWebKit/537.36 (KHTML, like Gecko; compatible; GPTBot/1.3; +https://openai.com/gptbot)"
74.7.243.248 - - [07/Feb/2026:11:11:16 -0500] "GET /ctg/search/similarImageSearchResultView/?ctgItemCd=134384130745 HTTP/1.1" 404 1251 "https://blog.newkolkata.in/geti/130745zslyitems" "Mozilla/5.0 AppleWebKit/537.36 (KHTML, like Gecko; compatible; GPTBot/1.3; +https://openai.com/gptbot)"
185.191.171.6 - - [07/Feb/2026:11:11:17 -0500] "GET /getid/31096cejpitems HTTP/1.1" 404 1251 "-" "Mozilla/5.0 (compatible; SemrushBot/7~bl; +http://www.semrush.com/bot.html)"
85.208.96.198 - - [07/Feb/2026:11:11:19 -0500] "GET /getid/163480sejmitems HTTP/1.1" 404 1251 "-" "Mozilla/5.0 (compatible; SemrushBot/7~bl; +http://www.semrush.com/bot.html)"
74.7.243.248 - - [07/Feb/2026:11:11:19 -0500] "GET /ctg/search/similarImageSearchResultView/?ctgItemCd=159452155223 HTTP/1.1" 404 1251 "https://blog.newkolkata.in/getidm8/155223cejpitems.htm" "Mozilla/5.0 AppleWebKit/537.36 (KHTML, like Gecko; compatible; GPTBot/1.3; +https://openai.com/gptbot)"
74.7.243.248 - - [07/Feb/2026:11:11:22 -0500] "GET /ctg/search/similarImageSearchResultView/?ctgItemCd=205345201378 HTTP/1.1" 404 1251 "https://blog.newkolkata.in/geti/201378cejpitems.htm" "Mozilla/5.0 AppleWebKit/537.36 (KHTML, like Gecko; compatible; GPTBot/1.3; +https://openai.com/gptbot)"
74.7.243.248 - - [07/Feb/2026:11:11:25 -0500] "GET /ctg/search/similarImageSearchResultView/?ctgItemCd=10346499585 HTTP/1.1" 404 1251 "https://blog.newkolkata.in/getidm12/99585ccoyitems" "Mozilla/5.0 AppleWebKit/537.36 (KHTML, like Gecko; compatible; GPTBot/1.3; +https://openai.com/gptbot)"
74.7.243.248 - - [07/Feb/2026:11:11:28 -0500] "GET /ctg/search/similarImageSearchResultView/?ctgItemCd=221775217687 HTTP/1.1" 404 1251 "https://blog.newkolkata.in/item/217687jahttidm75.html" "Mozilla/5.0 AppleWebKit/537.36 (KHTML, like Gecko; compatible; GPTBot/1.3; +https://openai.com/gptbot)"
74.7.243.248 - - [07/Feb/2026:11:11:32 -0500] "GET /ctg/search/similarImageSearchResultView/?ctgItemCd=112544108571 HTTP/1.1" 404 1251 "https://blog.newkolkata.in/getidm437/108571sejmitems" "Mozilla/5.0 AppleWebKit/537.36 (KHTML, like Gecko; compatible; GPTBot/1.3; +https://openai.com/gptbot)"
52.167.144.193 - - [07/Feb/2026:11:11:34 -0500] "GET /ite/601kairtidm1751.html HTTP/1.1" 404 1251 "-" "Mozilla/5.0 AppleWebKit/537.36 (KHTML, like Gecko; compatible; bingbot/2.0; +http://www.bing.com/bingbot.htm) Chrome/116.0.1938.76 Safari/537.36"
74.7.243.248 - - [07/Feb/2026:11:11:35 -0500] "GET /ctg/search/similarImageSearchResultView/?ctgItemCd=241475237511 HTTP/1.1" 404 1251 "https://blog.newkolkata.in/ite/237511kairtidm36.html" "Mozilla/5.0 AppleWebKit/537.36 (KHTML, like Gecko; compatible; GPTBot/1.3; +https://openai.com/gptbot)"
74.7.243.248 - - [07/Feb/2026:11:11:38 -0500] "GET /ctg/search/similarImageSearchResultView/?ctgItemCd=161781157780 HTTP/1.1" 404 1251 "https://blog.newkolkata.in/getidm952/157780pcywitems" "Mozilla/5.0 AppleWebKit/537.36 (KHTML, like Gecko; compatible; GPTBot/1.3; +https://openai.com/gptbot)"
74.7.243.248 - - [07/Feb/2026:11:11:41 -0500] "GET /ctg/search/similarImageSearchResultView/?ctgItemCd=108926105053 HTTP/1.1" 404 1251 "https://blog.newkolkata.in/item/105053tjvftid.html" "Mozilla/5.0 AppleWebKit/537.36 (KHTML, like Gecko; compatible; GPTBot/1.3; +https://openai.com/gptbot)"
74.7.243.248 - - [07/Feb/2026:11:11:44 -0500] "GET /ctg/search/similarImageSearchResultView/?ctgItemCd=110889106581 HTTP/1.1" 404 1251 "https://blog.newkolkata.in/getidm59/106581ulgpitems.htm" "Mozilla/5.0 AppleWebKit/537.36 (KHTML, like Gecko; compatible; GPTBot/1.3; +https://openai.com/gptbot)"
74.7.243.248 - - [07/Feb/2026:11:11:47 -0500] "GET /ctg/search/similarImageSearchResultView/?ctgItemCd=147405143129 HTTP/1.1" 404 1251 "https://blog.newkolkata.in/items/143129mvrvtidm642.html" "Mozilla/5.0 AppleWebKit/537.36 (KHTML, like Gecko; compatible; GPTBot/1.3; +https://openai.com/gptbot)"
74.7.243.248 - - [07/Feb/2026:11:11:50 -0500] "GET /ctg/search/similarImageSearchResultView/?ctgItemCd=196305192350 HTTP/1.1" 404 1251 "https://blog.newkolkata.in/getidm308/192350cejpitems" "Mozilla/5.0 AppleWebKit/537.36 (KHTML, like Gecko; compatible; GPTBot/1.3; +https://openai.com/gptbot)"
74.7.243.248 - - [07/Feb/2026:11:11:53 -0500] "GET /ctg/search/similarImageSearchResultView/?ctgItemCd=297436293801 HTTP/1.1" 404 1251 "https://blog.newkolkata.in/geti/293801mvrvitems" "Mozilla/5.0 AppleWebKit/537.36 (KHTML, like Gecko; compatible; GPTBot/1.3; +https://openai.com/gptbot)"
74.7.243.248 - - [07/Feb/2026:11:11:57 -0500] "GET /ctg/search/similarImageSearchResultView/?ctgItemCd=200856196561 HTTP/1.1" 404 1251 "https://blog.newkolkata.in/getidm29/196561kairitems.htm" "Mozilla/5.0 AppleWebKit/537.36 (KHTML, like Gecko; compatible; GPTBot/1.3; +https://openai.com/gptbot)"
74.7.243.248 - - [07/Feb/2026:11:12:00 -0500] "GET /ctg/search/similarImageSearchResultView/?ctgItemCd=191502187628 HTTP/1.1" 404 1251 "https://blog.newkolkata.in/getidm1/187628sejmitems" "Mozilla/5.0 AppleWebKit/537.36 (KHTML, like Gecko; compatible; GPTBot/1.3; +https://openai.com/gptbot)"
74.7.243.248 - - [07/Feb/2026:11:12:03 -0500] "GET /ctg/search/similarImageSearchResultView/?ctgItemCd=108812104561 HTTP/1.1" 404 1251 "https://blog.newkolkata.in/items/104561ccoytidm685.html" "Mozilla/5.0 AppleWebKit/537.36 (KHTML, like Gecko; compatible; GPTBot/1.3; +https://openai.com/gptbot)"
185.191.171.13 - - [07/Feb/2026:11:12:05 -0500] "GET /geti/185383ccoyitems HTTP/1.1" 404 1251 "-" "Mozilla/5.0 (compatible; SemrushBot/7~bl; +http://www.semrush.com/bot.html)"
74.7.243.248 - - [07/Feb/2026:11:12:06 -0500] "GET /ctg/search/similarImageSearchResultView/?ctgItemCd=267867264238 HTTP/1.1" 404 1251 "https://blog.newkolkata.in/geti/264238pcywitems" "Mozilla/5.0 AppleWebKit/537.36 (KHTML, like Gecko; compatible; GPTBot/1.3; +https://openai.com/gptbot)"
185.191.171.17 - - [07/Feb/2026:11:12:07 -0500] "GET /getidm1/140338zslyitems HTTP/1.1" 404 1251 "-" "Mozilla/5.0 (compatible; SemrushBot/7~bl; +http://www.semrush.com/bot.html)"
74.7.243.248 - - [07/Feb/2026:11:12:09 -0500] "GET /ctg/search/similarImageSearchResultView/?ctgItemCd=216610212358 HTTP/1.1" 404 1251 "https://blog.newkolkata.in/getidm6/212358ulgpitems.htm" "Mozilla/5.0 AppleWebKit/537.36 (KHTML, like Gecko; compatible; GPTBot/1.3; +https://openai.com/gptbot)"
74.7.243.248 - - [07/Feb/2026:11:12:12 -0500] "GET /ctg/search/similarImageSearchResultView/?ctgItemCd=112643108372 HTTP/1.1" 404 1251 "https://blog.newkolkata.in/getidm6/108372mvrvitems.htm" "Mozilla/5.0 AppleWebKit/537.36 (KHTML, like Gecko; compatible; GPTBot/1.3; +https://openai.com/gptbot)"
74.7.243.248 - - [07/Feb/2026:11:12:15 -0500] "GET /ctg/search/similarImageSearchResultView/?ctgItemCd=154677150656 HTTP/1.1" 404 1251 "https://blog.newkolkata.in/item/150656kairtidm1.html" "Mozilla/5.0 AppleWebKit/537.36 (KHTML, like Gecko; compatible; GPTBot/1.3; +https://openai.com/gptbot)"
74.7.243.248 - - [07/Feb/2026:11:12:19 -0500] "GET /ctg/search/similarImageSearchResultView/?ctgItemCd=198674194588 HTTP/1.1" 404 1251 "https://blog.newkolkata.in/getid/194588kairitems.htm" "Mozilla/5.0 AppleWebKit/537.36 (KHTML, like Gecko; compatible; GPTBot/1.3; +https://openai.com/gptbot)"
85.208.96.195 - - [07/Feb/2026:11:12:19 -0500] "GET /getidm/127009cejpitems HTTP/1.1" 404 1251 "-" "Mozilla/5.0 (compatible; SemrushBot/7~bl; +http://www.semrush.com/bot.html)"
74.7.243.248 - - [07/Feb/2026:11:12:22 -0500] "GET /ctg/search/similarImageSearchResultView/?ctgItemCd=273913270397 HTTP/1.1" 404 1251 "https://blog.newkolkata.in/get/270397ulgpitems" "Mozilla/5.0 AppleWebKit/537.36 (KHTML, like Gecko; compatible; GPTBot/1.3; +https://openai.com/gptbot)"
74.7.243.248 - - [07/Feb/2026:11:12:25 -0500] "GET /ctg/search/similarImageSearchResultView/?ctgItemCd=273531269369 HTTP/1.1" 404 1251 "https://blog.newkolkata.in/items/269369ccoytidm8.html" "Mozilla/5.0 AppleWebKit/537.36 (KHTML, like Gecko; compatible; GPTBot/1.3; +https://openai.com/gptbot)"
74.7.243.248 - - [07/Feb/2026:11:12:28 -0500] "GET /ctg/search/similarImageSearchResultView/?ctgItemCd=206904202689 HTTP/1.1" 404 1251 "https://blog.newkolkata.in/getidm/202689pcywitems.htm" "Mozilla/5.0 AppleWebKit/537.36 (KHTML, like Gecko; compatible; GPTBot/1.3; +https://openai.com/gptbot)"
74.7.243.248 - - [07/Feb/2026:11:12:31 -0500] "GET /ctg/search/similarImageSearchResultView/?ctgItemCd=263602259733 HTTP/1.1" 404 1251 "https://blog.newkolkata.in/item/259733kairtid.html" "Mozilla/5.0 AppleWebKit/537.36 (KHTML, like Gecko; compatible; GPTBot/1.3; +https://openai.com/gptbot)"
74.7.243.248 - - [07/Feb/2026:11:12:34 -0500] "GET /ctg/search/similarImageSearchResultView/?ctgItemCd=274303270583 HTTP/1.1" 404 1251 "https://blog.newkolkata.in/getid/270583tjvfitems" "Mozilla/5.0 AppleWebKit/537.36 (KHTML, like Gecko; compatible; GPTBot/1.3; +https://openai.com/gptbot)"
74.7.243.248 - - [07/Feb/2026:11:12:37 -0500] "GET /ctg/search/similarImageSearchResultView/?ctgItemCd=201622197198 HTTP/1.1" 404 1251 "https://blog.newkolkata.in/items/197198ulgptidm623180.html" "Mozilla/5.0 AppleWebKit/537.36 (KHTML, like Gecko; compatible; GPTBot/1.3; +https://openai.com/gptbot)"
74.7.243.248 - - [07/Feb/2026:11:12:41 -0500] "GET /ctg/search/similarImageSearchResultView/?ctgItemCd=208957204848 HTTP/1.1" 404 1251 "https://blog.newkolkata.in/items/204848tjvftidm.html" "Mozilla/5.0 AppleWebKit/537.36 (KHTML, like Gecko; compatible; GPTBot/1.3; +https://openai.com/gptbot)"
85.208.96.206 - - [07/Feb/2026:11:12:42 -0500] "GET /getidm/154380jahtitems.htm HTTP/1.1" 404 1251 "-" "Mozilla/5.0 (compatible; SemrushBot/7~bl; +http://www.semrush.com/bot.html)"
74.7.243.248 - - [07/Feb/2026:11:12:44 -0500] "GET /ctg/search/similarImageSearchResultView/?ctgItemCd=200336196318 HTTP/1.1" 404 1251 "https://blog.newkolkata.in/getidm2515/196318jahtitems" "Mozilla/5.0 AppleWebKit/537.36 (KHTML, like Gecko; compatible; GPTBot/1.3; +https://openai.com/gptbot)"
74.7.243.248 - - [07/Feb/2026:11:12:47 -0500] "GET /ctg/search/similarImageSearchResultView/?ctgItemCd=167159162771 HTTP/1.1" 404 1251 "https://blog.newkolkata.in/getidm969/162771mvrvitems.htm" "Mozilla/5.0 AppleWebKit/537.36 (KHTML, like Gecko; compatible; GPTBot/1.3; +https://openai.com/gptbot)"
74.7.243.248 - - [07/Feb/2026:11:12:50 -0500] "GET /ctg/search/similarImageSearchResultView/?ctgItemCd=286087282167 HTTP/1.1" 404 1251 "https://blog.newkolkata.in/ite/282167kairtidm6.html" "Mozilla/5.0 AppleWebKit/537.36 (KHTML, like Gecko; compatible; GPTBot/1.3; +https://openai.com/gptbot)"
74.7.243.248 - - [07/Feb/2026:11:12:53 -0500] "GET /ctg/search/similarImageSearchResultView/?ctgItemCd=201018197485 HTTP/1.1" 404 1251 "https://blog.newkolkata.in/get/197485pcywitems" "Mozilla/5.0 AppleWebKit/537.36 (KHTML, like Gecko; compatible; GPTBot/1.3; +https://openai.com/gptbot)"
74.7.243.248 - - [07/Feb/2026:11:12:56 -0500] "GET /ctg/search/similarImageSearchResultView/?ctgItemCd=124797120456 HTTP/1.1" 404 1251 "https://blog.newkolkata.in/getidm298/120456jahtitems.htm" "Mozilla/5.0 AppleWebKit/537.36 (KHTML, like Gecko; compatible; GPTBot/1.3; +https://openai.com/gptbot)"
185.191.171.3 - - [07/Feb/2026:11:12:58 -0500] "GET /geti/232759tjvfitems HTTP/1.1" 404 1251 "-" "Mozilla/5.0 (compatible; SemrushBot/7~bl; +http://www.semrush.com/bot.html)"
74.7.243.248 - - [07/Feb/2026:11:13:00 -0500] "GET /ctg/search/similarImageSearchResultView/?ctgItemCd=208258204186 HTTP/1.1" 404 1251 "https://blog.newkolkata.in/getid/204186kairitems.htm" "Mozilla/5.0 AppleWebKit/537.36 (KHTML, like Gecko; compatible; GPTBot/1.3; +https://openai.com/gptbot)"
85.208.96.208 - - [07/Feb/2026:11:13:00 -0500] "GET /ite/296255mvrvtidm.html HTTP/1.1" 404 1251 "-" "Mozilla/5.0 (compatible; SemrushBot/7~bl; +http://www.semrush.com/bot.html)"
185.191.171.17 - - [07/Feb/2026:11:13:02 -0500] "GET /getidm/188065ccoyitems HTTP/1.1" 404 1251 "-" "Mozilla/5.0 (compatible; SemrushBot/7~bl; +http://www.semrush.com/bot.html)"
74.7.243.248 - - [07/Feb/2026:11:13:03 -0500] "GET /ctg/search/similarImageSearchResultView/?ctgItemCd=108203104164 HTTP/1.1" 404 1251 "https://blog.newkolkata.in/getidm8910/104164pcywitems" "Mozilla/5.0 AppleWebKit/537.36 (KHTML, like Gecko; compatible; GPTBot/1.3; +https://openai.com/gptbot)"
74.7.243.248 - - [07/Feb/2026:11:13:06 -0500] "GET /ctg/search/similarImageSearchResultView/?ctgItemCd=166067162564 HTTP/1.1" 404 1251 "https://blog.newkolkata.in/get/162564sejmitems" "Mozilla/5.0 AppleWebKit/537.36 (KHTML, like Gecko; compatible; GPTBot/1.3; +https://openai.com/gptbot)"
74.7.243.248 - - [07/Feb/2026:11:13:09 -0500] "GET /ctg/search/similarImageSearchResultView/?ctgItemCd=201079196676 HTTP/1.1" 404 1251 "https://blog.newkolkata.in/items/196676sejmtidm100205.html" "Mozilla/5.0 AppleWebKit/537.36 (KHTML, like Gecko; compatible; GPTBot/1.3; +https://openai.com/gptbot)"
74.7.243.248 - - [07/Feb/2026:11:13:12 -0500] "GET /ctg/search/similarImageSearchResultView/?ctgItemCd=281810278292 HTTP/1.1" 404 1251 "https://blog.newkolkata.in/get/278292ulgpitems" "Mozilla/5.0 AppleWebKit/537.36 (KHTML, like Gecko; compatible; GPTBot/1.3; +https://openai.com/gptbot)"
74.7.243.248 - - [07/Feb/2026:11:13:15 -0500] "GET /ctg/search/similarImageSearchResultView/?ctgItemCd=249742246141 HTTP/1.1" 404 1251 "https://blog.newkolkata.in/geti/246141ccoyitems" "Mozilla/5.0 AppleWebKit/537.36 (KHTML, like Gecko; compatible; GPTBot/1.3; +https://openai.com/gptbot)"
74.7.243.248 - - [07/Feb/2026:11:13:18 -0500] "GET /ctg/search/similarImageSearchResultView/?ctgItemCd=108830104761 HTTP/1.1" 404 1251 "https://blog.newkolkata.in/ite/104761jahttidm3168.html" "Mozilla/5.0 AppleWebKit/537.36 (KHTML, like Gecko; compatible; GPTBot/1.3; +https://openai.com/gptbot)"
185.191.171.12 - - [07/Feb/2026:11:13:20 -0500] "GET /getid/171640ulgpitems HTTP/1.1" 404 1251 "-" "Mozilla/5.0 (compatible; SemrushBot/7~bl; +http://www.semrush.com/bot.html)"
74.7.243.248 - - [07/Feb/2026:11:13:22 -0500] "GET /ctg/search/similarImageSearchResultView/?ctgItemCd=247974244360 HTTP/1.1" 404 1251 "https://blog.newkolkata.in/geti/244360tjvfitems" "Mozilla/5.0 AppleWebKit/537.36 (KHTML, like Gecko; compatible; GPTBot/1.3; +https://openai.com/gptbot)"
74.7.243.248 - - [07/Feb/2026:11:13:25 -0500] "GET /ctg/search/similarImageSearchResultView/?ctgItemCd=158491154293 HTTP/1.1" 404 1251 "https://blog.newkolkata.in/item/154293tjvftidm7421.html" "Mozilla/5.0 AppleWebKit/537.36 (KHTML, like Gecko; compatible; GPTBot/1.3; +https://openai.com/gptbot)"
74.7.243.248 - - [07/Feb/2026:11:13:28 -0500] "GET /ctg/search/similarImageSearchResultView/?ctgItemCd=105977101753 HTTP/1.1" 404 1251 "https://blog.newkolkata.in/items/101753zslytidm40.html" "Mozilla/5.0 AppleWebKit/537.36 (KHTML, like Gecko; compatible; GPTBot/1.3; +https://openai.com/gptbot)"
185.191.171.15 - - [07/Feb/2026:11:13:29 -0500] "GET /getid/5032cejpitems HTTP/1.1" 404 1251 "-" "Mozilla/5.0 (compatible; SemrushBot/7~bl; +http://www.semrush.com/bot.html)"
85.208.96.194 - - [07/Feb/2026:11:13:31 -0500] "GET /ite/125735cejptidm.html HTTP/1.1" 404 1251 "-" "Mozilla/5.0 (compatible; SemrushBot/7~bl; +http://www.semrush.com/bot.html)"
74.7.243.248 - - [07/Feb/2026:11:13:31 -0500] "GET /ctg/search/similarImageSearchResultView/?ctgItemCd=220451216949 HTTP/1.1" 404 1251 "https://blog.newkolkata.in/get/216949jahtitems" "Mozilla/5.0 AppleWebKit/537.36 (KHTML, like Gecko; compatible; GPTBot/1.3; +https://openai.com/gptbot)"
74.7.243.248 - - [07/Feb/2026:11:13:34 -0500] "GET /ctg/search/similarImageSearchResultView/?ctgItemCd=245335241309 HTTP/1.1" 404 1251 "https://blog.newkolkata.in/getidm2164/241309ulgpitems" "Mozilla/5.0 AppleWebKit/537.36 (KHTML, like Gecko; compatible; GPTBot/1.3; +https://openai.com/gptbot)"
74.7.243.248 - - [07/Feb/2026:11:13:37 -0500] "GET /ctg/search/similarImageSearchResultView/?ctgItemCd=128027123940 HTTP/1.1" 404 1251 "https://blog.newkolkata.in/getid/123940ulgpitems.htm" "Mozilla/5.0 AppleWebKit/537.36 (KHTML, like Gecko; compatible; GPTBot/1.3; +https://openai.com/gptbot)"
185.191.171.13 - - [07/Feb/2026:11:13:38 -0500] "GET /getidm5/33370pcywitems HTTP/1.1" 404 1251 "-" "Mozilla/5.0 (compatible; SemrushBot/7~bl; +http://www.semrush.com/bot.html)"
74.7.243.248 - - [07/Feb/2026:11:13:41 -0500] "GET /ctg/search/similarImageSearchResultView/?ctgItemCd=208517204528 HTTP/1.1" 404 1251 "https://blog.newkolkata.in/geti/204528ulgpitems.htm" "Mozilla/5.0 AppleWebKit/537.36 (KHTML, like Gecko; compatible; GPTBot/1.3; +https://openai.com/gptbot)"
74.7.243.248 - - [07/Feb/2026:11:13:44 -0500] "GET /ctg/search/similarImageSearchResultView/?ctgItemCd=108788104837 HTTP/1.1" 404 1251 "https://blog.newkolkata.in/getidm47/104837mvrvitems" "Mozilla/5.0 AppleWebKit/537.36 (KHTML, like Gecko; compatible; GPTBot/1.3; +https://openai.com/gptbot)"
74.7.243.248 - - [07/Feb/2026:11:13:47 -0500] "GET /ctg/search/similarImageSearchResultView/?ctgItemCd=124438120534 HTTP/1.1" 404 1251 "https://blog.newkolkata.in/get/120534zslyitems.htm" "Mozilla/5.0 AppleWebKit/537.36 (KHTML, like Gecko; compatible; GPTBot/1.3; +https://openai.com/gptbot)"
74.7.243.248 - - [07/Feb/2026:11:13:50 -0500] "GET /ctg/search/similarImageSearchResultView/?ctgItemCd=213597209770 HTTP/1.1" 404 1251 "https://blog.newkolkata.in/getidm/209770ulgpitems" "Mozilla/5.0 AppleWebKit/537.36 (KHTML, like Gecko; compatible; GPTBot/1.3; +https://openai.com/gptbot)"
74.7.243.248 - - [07/Feb/2026:11:13:53 -0500] "GET /ctg/search/similarImageSearchResultView/?ctgItemCd=122643119038 HTTP/1.1" 404 1251 "https://blog.newkolkata.in/geti/119038ccoyitems" "Mozilla/5.0 AppleWebKit/537.36 (KHTML, like Gecko; compatible; GPTBot/1.3; +https://openai.com/gptbot)"
74.7.243.248 - - [07/Feb/2026:11:13:56 -0500] "GET /ctg/search/similarImageSearchResultView/?ctgItemCd=202279197883 HTTP/1.1" 404 1251 "https://blog.newkolkata.in/getidm929/197883mvrvitems.htm" "Mozilla/5.0 AppleWebKit/537.36 (KHTML, like Gecko; compatible; GPTBot/1.3; +https://openai.com/gptbot)"
85.208.96.208 - - [07/Feb/2026:11:13:57 -0500] "GET /getid/166600sejmitems HTTP/1.1" 404 1251 "-" "Mozilla/5.0 (compatible; SemrushBot/7~bl; +http://www.semrush.com/bot.html)"
74.7.243.248 - - [07/Feb/2026:11:13:59 -0500] "GET /ctg/search/similarImageSearchResultView/?ctgItemCd=246404242539 HTTP/1.1" 404 1251 "https://blog.newkolkata.in/getidm7/242539jahtitems" "Mozilla/5.0 AppleWebKit/537.36 (KHTML, like Gecko; compatible; GPTBot/1.3; +https://openai.com/gptbot)"
185.191.171.11 - - [07/Feb/2026:11:14:00 -0500] "GET /geti/231703cejpitems HTTP/1.1" 404 1251 "-" "Mozilla/5.0 (compatible; SemrushBot/7~bl; +http://www.semrush.com/bot.html)"
74.7.243.248 - - [07/Feb/2026:11:14:03 -0500] "GET /ctg/search/similarImageSearchResultView/?ctgItemCd=263995259769 HTTP/1.1" 404 1251 "https://blog.newkolkata.in/items/259769ulgptidm83.html" "Mozilla/5.0 AppleWebKit/537.36 (KHTML, like Gecko; compatible; GPTBot/1.3; +https://openai.com/gptbot)"
85.208.96.200 - - [07/Feb/2026:11:14:04 -0500] "GET /getidm7/24898pcywitems HTTP/1.1" 404 1251 "-" "Mozilla/5.0 (compatible; SemrushBot/7~bl; +http://www.semrush.com/bot.html)"
74.7.243.248 - - [07/Feb/2026:11:14:06 -0500] "GET /ctg/search/similarImageSearchResultView/?ctgItemCd=169745165756 HTTP/1.1" 404 1251 "https://blog.newkolkata.in/geti/165756sejmitems.htm" "Mozilla/5.0 AppleWebKit/537.36 (KHTML, like Gecko; compatible; GPTBot/1.3; +https://openai.com/gptbot)"
74.7.243.248 - - [07/Feb/2026:11:14:09 -0500] "GET /ctg/search/similarImageSearchResultView/?ctgItemCd=160046155710 HTTP/1.1" 404 1251 "https://blog.newkolkata.in/getidm490/155710kairitems.htm" "Mozilla/5.0 AppleWebKit/537.36 (KHTML, like Gecko; compatible; GPTBot/1.3; +https://openai.com/gptbot)"
74.7.243.248 - - [07/Feb/2026:11:14:12 -0500] "GET /ctg/search/similarImageSearchResultView/?ctgItemCd=147062143066 HTTP/1.1" 404 1251 "https://blog.newkolkata.in/ite/143066pcywtidm84.html" "Mozilla/5.0 AppleWebKit/537.36 (KHTML, like Gecko; compatible; GPTBot/1.3; +https://openai.com/gptbot)"
185.191.171.4 - - [07/Feb/2026:11:14:15 -0500] "GET /getidm581/8716jahtitems HTTP/1.1" 404 1251 "-" "Mozilla/5.0 (compatible; SemrushBot/7~bl; +http://www.semrush.com/bot.html)"
74.7.243.248 - - [07/Feb/2026:11:14:15 -0500] "GET /ctg/search/similarImageSearchResultView/?ctgItemCd=160867156510 HTTP/1.1" 404 1251 "https://blog.newkolkata.in/items/156510tjvftidm21094.html" "Mozilla/5.0 AppleWebKit/537.36 (KHTML, like Gecko; compatible; GPTBot/1.3; +https://openai.com/gptbot)"
74.7.243.248 - - [07/Feb/2026:11:14:19 -0500] "GET /ctg/search/similarImageSearchResultView/?ctgItemCd=301265297090 HTTP/1.1" 404 1251 "https://blog.newkolkata.in/items/297090pcywtidm8.html" "Mozilla/5.0 AppleWebKit/537.36 (KHTML, like Gecko; compatible; GPTBot/1.3; +https://openai.com/gptbot)"
74.7.243.248 - - [07/Feb/2026:11:14:22 -0500] "GET /ctg/search/similarImageSearchResultView/?ctgItemCd=128514124317 HTTP/1.1" 404 1251 "https://blog.newkolkata.in/getidm/124317tjvfitems.htm" "Mozilla/5.0 AppleWebKit/537.36 (KHTML, like Gecko; compatible; GPTBot/1.3; +https://openai.com/gptbot)"
74.7.243.248 - - [07/Feb/2026:11:14:25 -0500] "GET /ctg/search/similarImageSearchResultView/?ctgItemCd=174920170817 HTTP/1.1" 404 1251 "https://blog.newkolkata.in/getid/170817pcywitems.htm" "Mozilla/5.0 AppleWebKit/537.36 (KHTML, like Gecko; compatible; GPTBot/1.3; +https://openai.com/gptbot)"
74.7.243.248 - - [07/Feb/2026:11:14:28 -0500] "GET /ctg/search/similarImageSearchResultView/?ctgItemCd=197228193050 HTTP/1.1" 404 1251 "https://blog.newkolkata.in/getidm/193050kairitems.htm" "Mozilla/5.0 AppleWebKit/537.36 (KHTML, like Gecko; compatible; GPTBot/1.3; +https://openai.com/gptbot)"
74.7.243.248 - - [07/Feb/2026:11:14:31 -0500] "GET /ctg/search/similarImageSearchResultView/?ctgItemCd=180133176048 HTTP/1.1" 404 1251 "https://blog.newkolkata.in/item/176048sejmtidm24.html" "Mozilla/5.0 AppleWebKit/537.36 (KHTML, like Gecko; compatible; GPTBot/1.3; +https://openai.com/gptbot)"
74.7.243.248 - - [07/Feb/2026:11:14:35 -0500] "GET /ctg/search/similarImageSearchResultView/?ctgItemCd=140732136732 HTTP/1.1" 404 1251 "https://blog.newkolkata.in/getidm238/136732mvrvitems" "Mozilla/5.0 AppleWebKit/537.36 (KHTML, like Gecko; compatible; GPTBot/1.3; +https://openai.com/gptbot)"
85.208.96.210 - - [07/Feb/2026:11:14:35 -0500] "GET /get/224638pcywitems HTTP/1.1" 404 1251 "-" "Mozilla/5.0 (compatible; SemrushBot/7~bl; +http://www.semrush.com/bot.html)"
74.7.243.248 - - [07/Feb/2026:11:14:38 -0500] "GET /ctg/search/similarImageSearchResultView/?ctgItemCd=260681256794 HTTP/1.1" 404 1251 "https://blog.newkolkata.in/get/256794sejmitems.htm" "Mozilla/5.0 AppleWebKit/537.36 (KHTML, like Gecko; compatible; GPTBot/1.3; +https://openai.com/gptbot)"
74.7.243.248 - - [07/Feb/2026:11:14:41 -0500] "GET /ctg/search/similarImageSearchResultView/?ctgItemCd=189488185369 HTTP/1.1" 404 1251 "https://blog.newkolkata.in/getid/185369mvrvitems.htm" "Mozilla/5.0 AppleWebKit/537.36 (KHTML, like Gecko; compatible; GPTBot/1.3; +https://openai.com/gptbot)"
85.208.96.210 - - [07/Feb/2026:11:14:42 -0500] "GET /items/52982kairtid.html HTTP/1.1" 404 1251 "-" "Mozilla/5.0 (compatible; SemrushBot/7~bl; +http://www.semrush.com/bot.html)"
74.7.243.248 - - [07/Feb/2026:11:14:44 -0500] "GET /ctg/search/similarImageSearchResultView/?ctgItemCd=208061203971 HTTP/1.1" 404 1251 "https://blog.newkolkata.in/getid/203971ulgpitems.htm" "Mozilla/5.0 AppleWebKit/537.36 (KHTML, like Gecko; compatible; GPTBot/1.3; +https://openai.com/gptbot)"
74.7.243.248 - - [07/Feb/2026:11:14:47 -0500] "GET /ctg/search/similarImageSearchResultView/?ctgItemCd=150390146447 HTTP/1.1" 404 1251 "https://blog.newkolkata.in/ite/146447pcywtidm1.html" "Mozilla/5.0 AppleWebKit/537.36 (KHTML, like Gecko; compatible; GPTBot/1.3; +https://openai.com/gptbot)"
74.7.243.248 - - [07/Feb/2026:11:14:50 -0500] "GET /ctg/search/similarImageSearchResultView/?ctgItemCd=132451128417 HTTP/1.1" 404 1251 "https://blog.newkolkata.in/ite/128417ccoytidm965.html" "Mozilla/5.0 AppleWebKit/537.36 (KHTML, like Gecko; compatible; GPTBot/1.3; +https://openai.com/gptbot)"
74.7.243.248 - - [07/Feb/2026:11:14:53 -0500] "GET /ctg/search/similarImageSearchResultView/?ctgItemCd=180449176379 HTTP/1.1" 404 1251 "https://blog.newkolkata.in/getidm4956/176379mvrvitems" "Mozilla/5.0 AppleWebKit/537.36 (KHTML, like Gecko; compatible; GPTBot/1.3; +https://openai.com/gptbot)"
74.7.243.248 - - [07/Feb/2026:11:14:57 -0500] "GET /ctg/search/similarImageSearchResultView/?ctgItemCd=267290263459 HTTP/1.1" 404 1251 "https://blog.newkolkata.in/getidm/263459ulgpitems" "Mozilla/5.0 AppleWebKit/537.36 (KHTML, like Gecko; compatible; GPTBot/1.3; +https://openai.com/gptbot)"
185.191.171.12 - - [07/Feb/2026:11:14:57 -0500] "GET /getidm/249121pcywitems HTTP/1.1" 404 1251 "-" "Mozilla/5.0 (compatible; SemrushBot/7~bl; +http://www.semrush.com/bot.html)"
74.7.243.248 - - [07/Feb/2026:11:15:00 -0500] "GET /ctg/search/similarImageSearchResultView/?ctgItemCd=280115275730 HTTP/1.1" 404 1251 "https://blog.newkolkata.in/getidm975/275730mvrvitems.htm" "Mozilla/5.0 AppleWebKit/537.36 (KHTML, like Gecko; compatible; GPTBot/1.3; +https://openai.com/gptbot)"
74.7.243.248 - - [07/Feb/2026:11:15:03 -0500] "GET /ctg/search/similarImageSearchResultView/?ctgItemCd=319075314660 HTTP/1.1" 404 1251 "https://blog.newkolkata.in/items/314660pcywtidm105027.html" "Mozilla/5.0 AppleWebKit/537.36 (KHTML, like Gecko; compatible; GPTBot/1.3; +https://openai.com/gptbot)"
74.7.243.248 - - [07/Feb/2026:11:15:06 -0500] "GET /ctg/search/similarImageSearchResultView/?ctgItemCd=283253279245 HTTP/1.1" 404 1251 "https://blog.newkolkata.in/geti/279245pcywitems.htm" "Mozilla/5.0 AppleWebKit/537.36 (KHTML, like Gecko; compatible; GPTBot/1.3; +https://openai.com/gptbot)"
74.7.243.248 - - [07/Feb/2026:11:15:09 -0500] "GET /ctg/search/similarImageSearchResultView/?ctgItemCd=201428197274 HTTP/1.1" 404 1251 "https://blog.newkolkata.in/items/197274ccoytidm5.html" "Mozilla/5.0 AppleWebKit/537.36 (KHTML, like Gecko; compatible; GPTBot/1.3; +https://openai.com/gptbot)"
74.7.243.248 - - [07/Feb/2026:11:15:12 -0500] "GET /ctg/search/similarImageSearchResultView/?ctgItemCd=263557260053 HTTP/1.1" 404 1251 "https://blog.newkolkata.in/get/260053ulgpitems" "Mozilla/5.0 AppleWebKit/537.36 (KHTML, like Gecko; compatible; GPTBot/1.3; +https://openai.com/gptbot)"
74.7.243.248 - - [07/Feb/2026:11:15:16 -0500] "GET /ctg/search/similarImageSearchResultView/?ctgItemCd=206245202165 HTTP/1.1" 404 1251 "https://blog.newkolkata.in/items/202165kairtidm.html" "Mozilla/5.0 AppleWebKit/537.36 (KHTML, like Gecko; compatible; GPTBot/1.3; +https://openai.com/gptbot)"
74.7.243.248 - - [07/Feb/2026:11:15:19 -0500] "GET /ctg/search/similarImageSearchResultView/?ctgItemCd=274082269708 HTTP/1.1" 404 1251 "https://blog.newkolkata.in/items/269708ulgptidm53265.html" "Mozilla/5.0 AppleWebKit/537.36 (KHTML, like Gecko; compatible; GPTBot/1.3; +https://openai.com/gptbot)"
85.208.96.202 - - [07/Feb/2026:11:15:20 -0500] "GET /get/258766cejpitems HTTP/1.1" 404 1251 "-" "Mozilla/5.0 (compatible; SemrushBot/7~bl; +http://www.semrush.com/bot.html)"
74.7.243.248 - - [07/Feb/2026:11:15:22 -0500] "GET /ctg/search/similarImageSearchResultView/?ctgItemCd=141227137633 HTTP/1.1" 404 1251 "https://blog.newkolkata.in/geti/137633cejpitems" "Mozilla/5.0 AppleWebKit/537.36 (KHTML, like Gecko; compatible; GPTBot/1.3; +https://openai.com/gptbot)"
185.191.171.15 - - [07/Feb/2026:11:15:22 -0500] "GET /getidm/75745ccoyitems HTTP/1.1" 404 1251 "-" "Mozilla/5.0 (compatible; SemrushBot/7~bl; +http://www.semrush.com/bot.html)"
74.7.243.248 - - [07/Feb/2026:11:15:25 -0500] "GET /ctg/search/similarImageSearchResultView/?ctgItemCd=170256165854 HTTP/1.1" 404 1251 "https://blog.newkolkata.in/items/165854kairtidm621570.html" "Mozilla/5.0 AppleWebKit/537.36 (KHTML, like Gecko; compatible; GPTBot/1.3; +https://openai.com/gptbot)"
74.7.243.248 - - [07/Feb/2026:11:15:28 -0500] "GET /ctg/search/similarImageSearchResultView/?ctgItemCd=198686194477 HTTP/1.1" 404 1251 "https://blog.newkolkata.in/getidm/194477ulgpitems.htm" "Mozilla/5.0 AppleWebKit/537.36 (KHTML, like Gecko; compatible; GPTBot/1.3; +https://openai.com/gptbot)"
74.7.243.248 - - [07/Feb/2026:11:15:31 -0500] "GET /ctg/search/similarImageSearchResultView/?ctgItemCd=220829216525 HTTP/1.1" 404 1251 "https://blog.newkolkata.in/items/216525jahttidm5697.html" "Mozilla/5.0 AppleWebKit/537.36 (KHTML, like Gecko; compatible; GPTBot/1.3; +https://openai.com/gptbot)"
74.7.243.248 - - [07/Feb/2026:11:15:34 -0500] "GET /ctg/search/similarImageSearchResultView/?ctgItemCd=275364271073 HTTP/1.1" 404 1251 "https://blog.newkolkata.in/getidm17/271073ccoyitems.htm" "Mozilla/5.0 AppleWebKit/537.36 (KHTML, like Gecko; compatible; GPTBot/1.3; +https://openai.com/gptbot)"
74.7.243.248 - - [07/Feb/2026:11:15:38 -0500] "GET /ctg/search/similarImageSearchResultView/?ctgItemCd=215301211437 HTTP/1.1" 404 1251 "https://blog.newkolkata.in/get/211437jahtitems.htm" "Mozilla/5.0 AppleWebKit/537.36 (KHTML, like Gecko; compatible; GPTBot/1.3; +https://openai.com/gptbot)"
74.7.243.248 - - [07/Feb/2026:11:15:41 -0500] "GET /ctg/search/similarImageSearchResultView/?ctgItemCd=303568299548 HTTP/1.1" 404 1251 "https://blog.newkolkata.in/items/299548pcywtid.html" "Mozilla/5.0 AppleWebKit/537.36 (KHTML, like Gecko; compatible; GPTBot/1.3; +https://openai.com/gptbot)"
74.7.243.248 - - [07/Feb/2026:11:15:44 -0500] "GET /ctg/search/similarImageSearchResultView/?ctgItemCd=110459106734 HTTP/1.1" 404 1251 "https://blog.newkolkata.in/getid/106734pcywitems" "Mozilla/5.0 AppleWebKit/537.36 (KHTML, like Gecko; compatible; GPTBot/1.3; +https://openai.com/gptbot)"
74.7.243.248 - - [07/Feb/2026:11:15:47 -0500] "GET /ctg/search/similarImageSearchResultView/?ctgItemCd=201513197495 HTTP/1.1" 404 1251 "https://blog.newkolkata.in/items/197495pcywtid.html" "Mozilla/5.0 AppleWebKit/537.36 (KHTML, like Gecko; compatible; GPTBot/1.3; +https://openai.com/gptbot)"
74.7.243.248 - - [07/Feb/2026:11:15:50 -0500] "GET /ctg/search/similarImageSearchResultView/?ctgItemCd=257707253791 HTTP/1.1" 404 1251 "https://blog.newkolkata.in/get/253791zslyitems.htm" "Mozilla/5.0 AppleWebKit/537.36 (KHTML, like Gecko; compatible; GPTBot/1.3; +https://openai.com/gptbot)"
