74.7.243.248 - - [07/Feb/2026:10:01:02 -0500] "GET /ctg/search/similarImageSearchResultView/?ctgItemCd=201525198013 HTTP/1.1" 404 1251 "https://blog.newkolkata.in/get/198013tjvfitems" "Mozilla/5.0 AppleWebKit/537.36 (KHTML, like Gecko; compatible; GPTBot/1.3; +https://openai.com/gptbot)"
74.7.243.248 - - [07/Feb/2026:10:01:05 -0500] "GET /ctg/search/similarImageSearchResultView/?ctgItemCd=117972113549 HTTP/1.1" 404 1251 "https://blog.newkolkata.in/items/113549tjvftidm966170.html" "Mozilla/5.0 AppleWebKit/537.36 (KHTML, like Gecko; compatible; GPTBot/1.3; +https://openai.com/gptbot)"
74.7.243.248 - - [07/Feb/2026:10:01:08 -0500] "GET /ctg/search/similarImageSearchResultView/?ctgItemCd=235808232304 HTTP/1.1" 404 1251 "https://blog.newkolkata.in/get/232304tjvfitems" "Mozilla/5.0 AppleWebKit/537.36 (KHTML, like Gecko; compatible; GPTBot/1.3; +https://openai.com/gptbot)"
85.208.96.201 - - [07/Feb/2026:10:01:09 -0500] "GET /getidm/264649cejpitems HTTP/1.1" 404 1251 "-" "Mozilla/5.0 (compatible; SemrushBot/7~bl; +http://www.semrush.com/bot.html)"
74.7.243.248 - - [07/Feb/2026:10:01:11 -0500] "GET /ctg/search/similarImageSearchResultView/?ctgItemCd=153466149481 HTTP/1.1" 404 1251 "https://blog.newkolkata.in/geti/149481ccoyitems.htm" "Mozilla/5.0 AppleWebKit/537.36 (KHTML, like Gecko; compatible; GPTBot/1.3; +https://openai.com/gptbot)"
185.191.171.4 - - [07/Feb/2026:10:01:12 -0500] "GET /getidm/60865pcywitems HTTP/1.1" 404 1251 "-" "Mozilla/5.0 (compatible; SemrushBot/7~bl; +http://www.semrush.com/bot.html)"
85.208.96.198 - - [07/Feb/2026:10:01:13 -0500] "GET /getidm/200580ccoyitems.htm HTTP/1.1" 404 1251 "-" "Mozilla/5.0 (compatible; SemrushBot/7~bl; +http://www.semrush.com/bot.html)"
74.7.243.248 - - [07/Feb/2026:10:01:14 -0500] "GET /ctg/search/similarImageSearchResultView/?ctgItemCd=153523149921 HTTP/1.1" 404 1251 "https://blog.newkolkata.in/geti/149921kairitems" "Mozilla/5.0 AppleWebKit/537.36 (KHTML, like Gecko; compatible; GPTBot/1.3; +https://openai.com/gptbot)"
74.7.243.248 - - [07/Feb/2026:10:01:17 -0500] "GET /ctg/search/similarImageSearchResultView/?ctgItemCd=257998254479 HTTP/1.1" 404 1251 "https://blog.newkolkata.in/get/254479ulgpitems" "Mozilla/5.0 AppleWebKit/537.36 (KHTML, like Gecko; compatible; GPTBot/1.3; +https://openai.com/gptbot)"
74.7.243.248 - - [07/Feb/2026:10:01:20 -0500] "GET /ctg/search/similarImageSearchResultView/?ctgItemCd=199308195268 HTTP/1.1" 404 1251 "https://blog.newkolkata.in/getidm9934/195268ccoyitems" "Mozilla/5.0 AppleWebKit/537.36 (KHTML, like Gecko; compatible; GPTBot/1.3; +https://openai.com/gptbot)"
74.7.243.248 - - [07/Feb/2026:10:01:23 -0500] "GET /ctg/search/similarImageSearchResultView/?ctgItemCd=288004283614 HTTP/1.1" 404 1251 "https://blog.newkolkata.in/items/283614mvrvtidm61946.html" "Mozilla/5.0 AppleWebKit/537.36 (KHTML, like Gecko; compatible; GPTBot/1.3; +https://openai.com/gptbot)"
85.208.96.208 - - [07/Feb/2026:10:01:24 -0500] "GET /ite/134735ulgptidm.html HTTP/1.1" 404 1251 "-" "Mozilla/5.0 (compatible; SemrushBot/7~bl; +http://www.semrush.com/bot.html)"
74.7.243.248 - - [07/Feb/2026:10:01:27 -0500] "GET /ctg/search/similarImageSearchResultView/?ctgItemCd=285274280940 HTTP/1.1" 404 1251 "https://blog.newkolkata.in/items/280940zslytidm3360.html" "Mozilla/5.0 AppleWebKit/537.36 (KHTML, like Gecko; compatible; GPTBot/1.3; +https://openai.com/gptbot)"
74.7.243.248 - - [07/Feb/2026:10:01:30 -0500] "GET /ctg/search/similarImageSearchResultView/?ctgItemCd=177235172859 HTTP/1.1" 404 1251 "https://blog.newkolkata.in/items/172859ulgptidm18590.html" "Mozilla/5.0 AppleWebKit/537.36 (KHTML, like Gecko; compatible; GPTBot/1.3; +https://openai.com/gptbot)"
74.7.243.248 - - [07/Feb/2026:10:01:33 -0500] "GET /ctg/search/similarImageSearchResultView/?ctgItemCd=227219223408 HTTP/1.1" 404 1251 "https://blog.newkolkata.in/getidm/223408ccoyitems" "Mozilla/5.0 AppleWebKit/537.36 (KHTML, like Gecko; compatible; GPTBot/1.3; +https://openai.com/gptbot)"
74.7.243.248 - - [07/Feb/2026:10:01:36 -0500] "GET /ctg/search/similarImageSearchResultView/?ctgItemCd=154385150093 HTTP/1.1" 404 1251 "https://blog.newkolkata.in/getidm82/150093sejmitems.htm" "Mozilla/5.0 AppleWebKit/537.36 (KHTML, like Gecko; compatible; GPTBot/1.3; +https://openai.com/gptbot)"
74.7.243.248 - - [07/Feb/2026:10:01:39 -0500] "GET /ctg/search/similarImageSearchResultView/?ctgItemCd=107024103055 HTTP/1.1" 404 1251 "https://blog.newkolkata.in/items/103055kairtid.html" "Mozilla/5.0 AppleWebKit/537.36 (KHTML, like Gecko; compatible; GPTBot/1.3; +https://openai.com/gptbot)"
74.7.243.248 - - [07/Feb/2026:10:01:42 -0500] "GET /ctg/search/similarImageSearchResultView/?ctgItemCd=296836292867 HTTP/1.1" 404 1251 "https://blog.newkolkata.in/getidm105/292867kairitems" "Mozilla/5.0 AppleWebKit/537.36 (KHTML, like Gecko; compatible; GPTBot/1.3; +https://openai.com/gptbot)"
74.7.243.248 - - [07/Feb/2026:10:01:45 -0500] "GET /ctg/search/similarImageSearchResultView/?ctgItemCd=243633239591 HTTP/1.1" 404 1251 "https://blog.newkolkata.in/getidm8414/239591tjvfitems" "Mozilla/5.0 AppleWebKit/537.36 (KHTML, like Gecko; compatible; GPTBot/1.3; +https://openai.com/gptbot)"
74.7.243.248 - - [07/Feb/2026:10:01:48 -0500] "GET /ctg/search/similarImageSearchResultView/?ctgItemCd=257028252988 HTTP/1.1" 404 1251 "https://blog.newkolkata.in/getidm5629/252988ccoyitems" "Mozilla/5.0 AppleWebKit/537.36 (KHTML, like Gecko; compatible; GPTBot/1.3; +https://openai.com/gptbot)"
185.191.171.6 - - [07/Feb/2026:10:01:50 -0500] "GET /geti/149239ulgpitems HTTP/1.1" 404 1251 "-" "Mozilla/5.0 (compatible; SemrushBot/7~bl; +http://www.semrush.com/bot.html)"
74.7.243.248 - - [07/Feb/2026:10:01:51 -0500] "GET /ctg/search/similarImageSearchResultView/?ctgItemCd=127406123219 HTTP/1.1" 404 1251 "https://blog.newkolkata.in/items/123219cejptidm86.html" "Mozilla/5.0 AppleWebKit/537.36 (KHTML, like Gecko; compatible; GPTBot/1.3; +https://openai.com/gptbot)"
74.7.243.248 - - [07/Feb/2026:10:01:54 -0500] "GET /ctg/search/similarImageSearchResultView/?ctgItemCd=192920188575 HTTP/1.1" 404 1251 "https://blog.newkolkata.in/getidm471/188575cejpitems.htm" "Mozilla/5.0 AppleWebKit/537.36 (KHTML, like Gecko; compatible; GPTBot/1.3; +https://openai.com/gptbot)"
185.191.171.6 - - [07/Feb/2026:10:01:56 -0500] "GET /getid/248296tjvfitems HTTP/1.1" 404 1251 "-" "Mozilla/5.0 (compatible; SemrushBot/7~bl; +http://www.semrush.com/bot.html)"
74.7.243.248 - - [07/Feb/2026:10:01:58 -0500] "GET /ctg/search/similarImageSearchResultView/?ctgItemCd=153368149380 HTTP/1.1" 404 1251 "https://blog.newkolkata.in/items/149380sejmtid.html" "Mozilla/5.0 AppleWebKit/537.36 (KHTML, like Gecko; compatible; GPTBot/1.3; +https://openai.com/gptbot)"
74.7.243.248 - - [07/Feb/2026:10:02:01 -0500] "GET /ctg/search/similarImageSearchResultView/?ctgItemCd=273462269853 HTTP/1.1" 404 1251 "https://blog.newkolkata.in/geti/269853jahtitems" "Mozilla/5.0 AppleWebKit/537.36 (KHTML, like Gecko; compatible; GPTBot/1.3; +https://openai.com/gptbot)"
74.7.243.248 - - [07/Feb/2026:10:02:04 -0500] "GET /ctg/search/similarImageSearchResultView/?ctgItemCd=137762133523 HTTP/1.1" 404 1251 "https://blog.newkolkata.in/item/133523ccoytidm55880.html" "Mozilla/5.0 AppleWebKit/537.36 (KHTML, like Gecko; compatible; GPTBot/1.3; +https://openai.com/gptbot)"
74.7.243.248 - - [07/Feb/2026:10:02:07 -0500] "GET /ctg/search/similarImageSearchResultView/?ctgItemCd=242566238432 HTTP/1.1" 404 1251 "https://blog.newkolkata.in/item/238432kairtidm289.html" "Mozilla/5.0 AppleWebKit/537.36 (KHTML, like Gecko; compatible; GPTBot/1.3; +https://openai.com/gptbot)"
74.7.243.248 - - [07/Feb/2026:10:02:10 -0500] "GET /ctg/search/similarImageSearchResultView/?ctgItemCd=246775242450 HTTP/1.1" 404 1251 "https://blog.newkolkata.in/items/242450pcywtidm7971.html" "Mozilla/5.0 AppleWebKit/537.36 (KHTML, like Gecko; compatible; GPTBot/1.3; +https://openai.com/gptbot)"
74.7.243.248 - - [07/Feb/2026:10:02:13 -0500] "GET /ctg/search/similarImageSearchResultView/?ctgItemCd=104612100747 HTTP/1.1" 404 1251 "https://blog.newkolkata.in/get/100747kairitems.htm" "Mozilla/5.0 AppleWebKit/537.36 (KHTML, like Gecko; compatible; GPTBot/1.3; +https://openai.com/gptbot)"
74.7.243.248 - - [07/Feb/2026:10:02:16 -0500] "GET /ctg/search/similarImageSearchResultView/?ctgItemCd=239667235304 HTTP/1.1" 404 1251 "https://blog.newkolkata.in/getidm878/235304tjvfitems.htm" "Mozilla/5.0 AppleWebKit/537.36 (KHTML, like Gecko; compatible; GPTBot/1.3; +https://openai.com/gptbot)"
74.7.243.248 - - [07/Feb/2026:10:02:19 -0500] "GET /ctg/search/similarImageSearchResultView/?ctgItemCd=128724124810 HTTP/1.1" 404 1251 "https://blog.newkolkata.in/getidm91/124810ccoyitems" "Mozilla/5.0 AppleWebKit/537.36 (KHTML, like Gecko; compatible; GPTBot/1.3; +https://openai.com/gptbot)"
85.208.96.203 - - [07/Feb/2026:10:02:19 -0500] "GET /get/85918sejmitems HTTP/1.1" 404 1251 "-" "Mozilla/5.0 (compatible; SemrushBot/7~bl; +http://www.semrush.com/bot.html)"
74.7.243.248 - - [07/Feb/2026:10:02:23 -0500] "GET /ctg/search/similarImageSearchResultView/?ctgItemCd=123917119802 HTTP/1.1" 404 1251 "https://blog.newkolkata.in/getid/119802zslyitems.htm" "Mozilla/5.0 AppleWebKit/537.36 (KHTML, like Gecko; compatible; GPTBot/1.3; +https://openai.com/gptbot)"
74.7.243.248 - - [07/Feb/2026:10:02:26 -0500] "GET /ctg/search/similarImageSearchResultView/?ctgItemCd=191437187539 HTTP/1.1" 404 1251 "https://blog.newkolkata.in/get/187539tjvfitems.htm" "Mozilla/5.0 AppleWebKit/537.36 (KHTML, like Gecko; compatible; GPTBot/1.3; +https://openai.com/gptbot)"
74.7.243.248 - - [07/Feb/2026:10:02:29 -0500] "GET /ctg/search/similarImageSearchResultView/?ctgItemCd=164198159895 HTTP/1.1" 404 1251 "https://blog.newkolkata.in/getidm69/159895cejpitems.htm" "Mozilla/5.0 AppleWebKit/537.36 (KHTML, like Gecko; compatible; GPTBot/1.3; +https://openai.com/gptbot)"
74.7.243.248 - - [07/Feb/2026:10:02:32 -0500] "GET /ctg/search/similarImageSearchResultView/?ctgItemCd=250985246789 HTTP/1.1" 404 1251 "https://blog.newkolkata.in/getidm/246789jahtitems.htm" "Mozilla/5.0 AppleWebKit/537.36 (KHTML, like Gecko; compatible; GPTBot/1.3; +https://openai.com/gptbot)"
74.7.243.248 - - [07/Feb/2026:10:02:35 -0500] "GET /ctg/search/similarImageSearchResultView/?ctgItemCd=157657153690 HTTP/1.1" 404 1251 "https://blog.newkolkata.in/getidm851/153690jahtitems" "Mozilla/5.0 AppleWebKit/537.36 (KHTML, like Gecko; compatible; GPTBot/1.3; +https://openai.com/gptbot)"
74.7.243.248 - - [07/Feb/2026:10:02:38 -0500] "GET /ctg/search/similarImageSearchResultView/?ctgItemCd=230543226942 HTTP/1.1" 404 1251 "https://blog.newkolkata.in/geti/226942kairitems" "Mozilla/5.0 AppleWebKit/537.36 (KHTML, like Gecko; compatible; GPTBot/1.3; +https://openai.com/gptbot)"
74.7.243.248 - - [07/Feb/2026:10:02:41 -0500] "GET /ctg/search/similarImageSearchResultView/?ctgItemCd=263163259132 HTTP/1.1" 404 1251 "https://blog.newkolkata.in/getidm9744/259132sejmitems" "Mozilla/5.0 AppleWebKit/537.36 (KHTML, like Gecko; compatible; GPTBot/1.3; +https://openai.com/gptbot)"
74.7.243.248 - - [07/Feb/2026:10:02:45 -0500] "GET /ctg/search/similarImageSearchResultView/?ctgItemCd=166250162028 HTTP/1.1" 404 1251 "https://blog.newkolkata.in/getidm/162028zslyitems.htm" "Mozilla/5.0 AppleWebKit/537.36 (KHTML, like Gecko; compatible; GPTBot/1.3; +https://openai.com/gptbot)"
185.191.171.15 - - [07/Feb/2026:10:02:47 -0500] "GET /geti/5047mvrvitems HTTP/1.1" 404 1251 "-" "Mozilla/5.0 (compatible; SemrushBot/7~bl; +http://www.semrush.com/bot.html)"
74.7.243.248 - - [07/Feb/2026:10:02:48 -0500] "GET /ctg/search/similarImageSearchResultView/?ctgItemCd=104216100577 HTTP/1.1" 404 1251 "https://blog.newkolkata.in/geti/100577zslyitems" "Mozilla/5.0 AppleWebKit/537.36 (KHTML, like Gecko; compatible; GPTBot/1.3; +https://openai.com/gptbot)"
74.7.243.248 - - [07/Feb/2026:10:02:51 -0500] "GET /ctg/search/similarImageSearchResultView/?ctgItemCd=210164206155 HTTP/1.1" 404 1251 "https://blog.newkolkata.in/getidm909/206155zslyitems" "Mozilla/5.0 AppleWebKit/537.36 (KHTML, like Gecko; compatible; GPTBot/1.3; +https://openai.com/gptbot)"
74.7.243.248 - - [07/Feb/2026:10:02:54 -0500] "GET /ctg/search/similarImageSearchResultView/?ctgItemCd=157561153487 HTTP/1.1" 404 1251 "https://blog.newkolkata.in/getid/153487cejpitems.htm" "Mozilla/5.0 AppleWebKit/537.36 (KHTML, like Gecko; compatible; GPTBot/1.3; +https://openai.com/gptbot)"
74.7.243.248 - - [07/Feb/2026:10:02:57 -0500] "GET /ctg/search/similarImageSearchResultView/?ctgItemCd=170194166340 HTTP/1.1" 404 1251 "https://blog.newkolkata.in/getidm1/166340jahtitems" "Mozilla/5.0 AppleWebKit/537.36 (KHTML, like Gecko; compatible; GPTBot/1.3; +https://openai.com/gptbot)"
74.7.243.248 - - [07/Feb/2026:10:03:00 -0500] "GET /ctg/search/similarImageSearchResultView/?ctgItemCd=130079125825 HTTP/1.1" 404 1251 "https://blog.newkolkata.in/items/125825sejmtidm951.html" "Mozilla/5.0 AppleWebKit/537.36 (KHTML, like Gecko; compatible; GPTBot/1.3; +https://openai.com/gptbot)"
74.7.243.248 - - [07/Feb/2026:10:03:03 -0500] "GET /ctg/search/similarImageSearchResultView/?ctgItemCd=181484177335 HTTP/1.1" 404 1251 "https://blog.newkolkata.in/items/177335sejmtidm3.html" "Mozilla/5.0 AppleWebKit/537.36 (KHTML, like Gecko; compatible; GPTBot/1.3; +https://openai.com/gptbot)"
74.7.243.248 - - [07/Feb/2026:10:03:06 -0500] "GET /ctg/search/similarImageSearchResultView/?ctgItemCd=113379109032 HTTP/1.1" 404 1251 "https://blog.newkolkata.in/getidm785/109032sejmitems.htm" "Mozilla/5.0 AppleWebKit/537.36 (KHTML, like Gecko; compatible; GPTBot/1.3; +https://openai.com/gptbot)"
74.7.243.248 - - [07/Feb/2026:10:03:09 -0500] "GET /ctg/search/similarImageSearchResultView/?ctgItemCd=276593272409 HTTP/1.1" 404 1251 "https://blog.newkolkata.in/getidm/272409jahtitems.htm" "Mozilla/5.0 AppleWebKit/537.36 (KHTML, like Gecko; compatible; GPTBot/1.3; +https://openai.com/gptbot)"
185.191.171.7 - - [07/Feb/2026:10:03:11 -0500] "GET /get/75354sejmitems.htm HTTP/1.1" 404 1251 "-" "Mozilla/5.0 (compatible; SemrushBot/7~bl; +http://www.semrush.com/bot.html)"
74.7.243.248 - - [07/Feb/2026:10:03:13 -0500] "GET /ctg/search/similarImageSearchResultView/?ctgItemCd=129180125584 HTTP/1.1" 404 1251 "https://blog.newkolkata.in/geti/125584cejpitems" "Mozilla/5.0 AppleWebKit/537.36 (KHTML, like Gecko; compatible; GPTBot/1.3; +https://openai.com/gptbot)"
185.191.171.7 - - [07/Feb/2026:10:03:16 -0500] "GET /getidm/129337tjvfitems HTTP/1.1" 404 1251 "-" "Mozilla/5.0 (compatible; SemrushBot/7~bl; +http://www.semrush.com/bot.html)"
74.7.243.248 - - [07/Feb/2026:10:03:16 -0500] "GET /ctg/search/similarImageSearchResultView/?ctgItemCd=151064147241 HTTP/1.1" 404 1251 "https://blog.newkolkata.in/getidm/147241tjvfitems" "Mozilla/5.0 AppleWebKit/537.36 (KHTML, like Gecko; compatible; GPTBot/1.3; +https://openai.com/gptbot)"
185.191.171.17 - - [07/Feb/2026:10:03:19 -0500] "GET /getidm/158202ccoyitems.htm HTTP/1.1" 404 1251 "-" "Mozilla/5.0 (compatible; SemrushBot/7~bl; +http://www.semrush.com/bot.html)"
74.7.243.248 - - [07/Feb/2026:10:03:19 -0500] "GET /ctg/search/similarImageSearchResultView/?ctgItemCd=210226206314 HTTP/1.1" 404 1251 "https://blog.newkolkata.in/getidm61/206314sejmitems" "Mozilla/5.0 AppleWebKit/537.36 (KHTML, like Gecko; compatible; GPTBot/1.3; +https://openai.com/gptbot)"
74.7.243.248 - - [07/Feb/2026:10:03:22 -0500] "GET /ctg/search/similarImageSearchResultView/?ctgItemCd=256610252629 HTTP/1.1" 404 1251 "https://blog.newkolkata.in/items/252629jahttid.html" "Mozilla/5.0 AppleWebKit/537.36 (KHTML, like Gecko; compatible; GPTBot/1.3; +https://openai.com/gptbot)"
74.7.243.248 - - [07/Feb/2026:10:03:25 -0500] "GET /ctg/search/similarImageSearchResultView/?ctgItemCd=221779217873 HTTP/1.1" 404 1251 "https://blog.newkolkata.in/getidm9/217873mvrvitems" "Mozilla/5.0 AppleWebKit/537.36 (KHTML, like Gecko; compatible; GPTBot/1.3; +https://openai.com/gptbot)"
74.7.243.248 - - [07/Feb/2026:10:03:28 -0500] "GET /ctg/search/similarImageSearchResultView/?ctgItemCd=189800185473 HTTP/1.1" 404 1251 "https://blog.newkolkata.in/items/185473tjvftidm4587.html" "Mozilla/5.0 AppleWebKit/537.36 (KHTML, like Gecko; compatible; GPTBot/1.3; +https://openai.com/gptbot)"
85.208.96.210 - - [07/Feb/2026:10:03:31 -0500] "GET /get/20350pcywitems HTTP/1.1" 404 1251 "-" "Mozilla/5.0 (compatible; SemrushBot/7~bl; +http://www.semrush.com/bot.html)"
74.7.243.248 - - [07/Feb/2026:10:03:32 -0500] "GET /ctg/search/similarImageSearchResultView/?ctgItemCd=188549184618 HTTP/1.1" 404 1251 "https://blog.newkolkata.in/getidm12/184618tjvfitems" "Mozilla/5.0 AppleWebKit/537.36 (KHTML, like Gecko; compatible; GPTBot/1.3; +https://openai.com/gptbot)"
74.7.243.248 - - [07/Feb/2026:10:03:35 -0500] "GET /ctg/search/similarImageSearchResultView/?ctgItemCd=182785178432 HTTP/1.1" 404 1251 "https://blog.newkolkata.in/getidm113/178432tjvfitems.htm" "Mozilla/5.0 AppleWebKit/537.36 (KHTML, like Gecko; compatible; GPTBot/1.3; +https://openai.com/gptbot)"
74.7.243.248 - - [07/Feb/2026:10:03:38 -0500] "GET /ctg/search/similarImageSearchResultView/?ctgItemCd=161786157805 HTTP/1.1" 404 1251 "https://blog.newkolkata.in/items/157805jahttid.html" "Mozilla/5.0 AppleWebKit/537.36 (KHTML, like Gecko; compatible; GPTBot/1.3; +https://openai.com/gptbot)"
74.7.243.248 - - [07/Feb/2026:10:03:41 -0500] "GET /ctg/search/similarImageSearchResultView/?ctgItemCd=247572243953 HTTP/1.1" 404 1251 "https://blog.newkolkata.in/geti/243953ulgpitems" "Mozilla/5.0 AppleWebKit/537.36 (KHTML, like Gecko; compatible; GPTBot/1.3; +https://openai.com/gptbot)"
185.191.171.6 - - [07/Feb/2026:10:03:43 -0500] "GET /get/168358kairitems HTTP/1.1" 404 1251 "-" "Mozilla/5.0 (compatible; SemrushBot/7~bl; +http://www.semrush.com/bot.html)"
74.7.243.248 - - [07/Feb/2026:10:03:44 -0500] "GET /ctg/search/similarImageSearchResultView/?ctgItemCd=297973293688 HTTP/1.1" 404 1251 "https://blog.newkolkata.in/getidm5/293688mvrvitems.htm" "Mozilla/5.0 AppleWebKit/537.36 (KHTML, like Gecko; compatible; GPTBot/1.3; +https://openai.com/gptbot)"
74.7.243.248 - - [07/Feb/2026:10:03:47 -0500] "GET /ctg/search/similarImageSearchResultView/?ctgItemCd=157339153114 HTTP/1.1" 404 1251 "https://blog.newkolkata.in/getidm2/153114jahtitems.htm" "Mozilla/5.0 AppleWebKit/537.36 (KHTML, like Gecko; compatible; GPTBot/1.3; +https://openai.com/gptbot)"
85.208.96.212 - - [07/Feb/2026:10:03:50 -0500] "GET /robots.txt HTTP/1.1" 200 281 "-" "Mozilla/5.0 (compatible; SemrushBot/7~bl; +http://www.semrush.com/bot.html)"
74.7.243.248 - - [07/Feb/2026:10:03:50 -0500] "GET /ctg/search/similarImageSearchResultView/?ctgItemCd=164358160038 HTTP/1.1" 404 1251 "https://blog.newkolkata.in/getidm28/160038mvrvitems.htm" "Mozilla/5.0 AppleWebKit/537.36 (KHTML, like Gecko; compatible; GPTBot/1.3; +https://openai.com/gptbot)"
185.191.171.5 - - [07/Feb/2026:10:03:51 -0500] "GET /getid/204376jahtitems HTTP/1.1" 404 1251 "-" "Mozilla/5.0 (compatible; SemrushBot/7~bl; +http://www.semrush.com/bot.html)"
185.191.171.15 - - [07/Feb/2026:10:03:53 -0500] "GET /get/153789mvrvitems.htm HTTP/1.1" 404 1251 "-" "Mozilla/5.0 (compatible; SemrushBot/7~bl; +http://www.semrush.com/bot.html)"
74.7.243.248 - - [07/Feb/2026:10:03:54 -0500] "GET /ctg/search/similarImageSearchResultView/?ctgItemCd=206232201989 HTTP/1.1" 404 1251 "https://blog.newkolkata.in/getidm6/201989jahtitems.htm" "Mozilla/5.0 AppleWebKit/537.36 (KHTML, like Gecko; compatible; GPTBot/1.3; +https://openai.com/gptbot)"
85.208.96.208 - - [07/Feb/2026:10:03:56 -0500] "GET /get/45502tjvfitems HTTP/1.1" 404 1251 "-" "Mozilla/5.0 (compatible; SemrushBot/7~bl; +http://www.semrush.com/bot.html)"
74.7.243.248 - - [07/Feb/2026:10:03:57 -0500] "GET /ctg/search/similarImageSearchResultView/?ctgItemCd=221869218253 HTTP/1.1" 404 1251 "https://blog.newkolkata.in/geti/218253tjvfitems" "Mozilla/5.0 AppleWebKit/537.36 (KHTML, like Gecko; compatible; GPTBot/1.3; +https://openai.com/gptbot)"
74.7.243.248 - - [07/Feb/2026:10:04:00 -0500] "GET /ctg/search/similarImageSearchResultView/?ctgItemCd=140370136726 HTTP/1.1" 404 1251 "https://blog.newkolkata.in/geti/136726zslyitems" "Mozilla/5.0 AppleWebKit/537.36 (KHTML, like Gecko; compatible; GPTBot/1.3; +https://openai.com/gptbot)"
74.7.243.248 - - [07/Feb/2026:10:04:03 -0500] "GET /ctg/search/similarImageSearchResultView/?ctgItemCd=240086236272 HTTP/1.1" 404 1251 "https://blog.newkolkata.in/getidm/236272ccoyitems" "Mozilla/5.0 AppleWebKit/537.36 (KHTML, like Gecko; compatible; GPTBot/1.3; +https://openai.com/gptbot)"
74.7.243.248 - - [07/Feb/2026:10:04:06 -0500] "GET /ctg/search/similarImageSearchResultView/?ctgItemCd=179492175468 HTTP/1.1" 404 1251 "https://blog.newkolkata.in/getidm2428/175468kairitems" "Mozilla/5.0 AppleWebKit/537.36 (KHTML, like Gecko; compatible; GPTBot/1.3; +https://openai.com/gptbot)"
74.7.243.248 - - [07/Feb/2026:10:04:09 -0500] "GET /ctg/search/similarImageSearchResultView/?ctgItemCd=172697169160 HTTP/1.1" 404 1251 "https://blog.newkolkata.in/get/169160zslyitems" "Mozilla/5.0 AppleWebKit/537.36 (KHTML, like Gecko; compatible; GPTBot/1.3; +https://openai.com/gptbot)"
74.7.243.248 - - [07/Feb/2026:10:04:12 -0500] "GET /ctg/search/similarImageSearchResultView/?ctgItemCd=187250182953 HTTP/1.1" 404 1251 "https://blog.newkolkata.in/getidm51/182953ccoyitems.htm" "Mozilla/5.0 AppleWebKit/537.36 (KHTML, like Gecko; compatible; GPTBot/1.3; +https://openai.com/gptbot)"
74.7.243.248 - - [07/Feb/2026:10:04:16 -0500] "GET /ctg/search/similarImageSearchResultView/?ctgItemCd=258037253910 HTTP/1.1" 404 1251 "https://blog.newkolkata.in/items/253910zslytidm.html" "Mozilla/5.0 AppleWebKit/537.36 (KHTML, like Gecko; compatible; GPTBot/1.3; +https://openai.com/gptbot)"
74.7.243.248 - - [07/Feb/2026:10:04:19 -0500] "GET /ctg/search/similarImageSearchResultView/?ctgItemCd=288160283991 HTTP/1.1" 404 1251 "https://blog.newkolkata.in/items/283991ulgptidm8.html" "Mozilla/5.0 AppleWebKit/537.36 (KHTML, like Gecko; compatible; GPTBot/1.3; +https://openai.com/gptbot)"
74.7.243.248 - - [07/Feb/2026:10:04:22 -0500] "GET /ctg/search/similarImageSearchResultView/?ctgItemCd=125680121403 HTTP/1.1" 404 1251 "https://blog.newkolkata.in/items/121403zslytidm186.html" "Mozilla/5.0 AppleWebKit/537.36 (KHTML, like Gecko; compatible; GPTBot/1.3; +https://openai.com/gptbot)"
74.7.243.248 - - [07/Feb/2026:10:04:25 -0500] "GET /ctg/search/similarImageSearchResultView/?ctgItemCd=158387154154 HTTP/1.1" 404 1251 "https://blog.newkolkata.in/items/154154cejptidm622.html" "Mozilla/5.0 AppleWebKit/537.36 (KHTML, like Gecko; compatible; GPTBot/1.3; +https://openai.com/gptbot)"
185.191.171.18 - - [07/Feb/2026:10:04:28 -0500] "GET /items/43142jahttid.html HTTP/1.1" 404 1251 "-" "Mozilla/5.0 (compatible; SemrushBot/7~bl; +http://www.semrush.com/bot.html)"
74.7.243.248 - - [07/Feb/2026:10:04:28 -0500] "GET /ctg/search/similarImageSearchResultView/?ctgItemCd=263661259472 HTTP/1.1" 404 1251 "https://blog.newkolkata.in/getidm/259472kairitems.htm" "Mozilla/5.0 AppleWebKit/537.36 (KHTML, like Gecko; compatible; GPTBot/1.3; +https://openai.com/gptbot)"
74.7.243.248 - - [07/Feb/2026:10:04:31 -0500] "GET /ctg/search/similarImageSearchResultView/?ctgItemCd=210883206933 HTTP/1.1" 404 1251 "https://blog.newkolkata.in/getidm82/206933mvrvitems" "Mozilla/5.0 AppleWebKit/537.36 (KHTML, like Gecko; compatible; GPTBot/1.3; +https://openai.com/gptbot)"
74.7.243.248 - - [07/Feb/2026:10:04:34 -0500] "GET /ctg/search/similarImageSearchResultView/?ctgItemCd=256503252150 HTTP/1.1" 404 1251 "https://blog.newkolkata.in/items/252150ccoytidm89082.html" "Mozilla/5.0 AppleWebKit/537.36 (KHTML, like Gecko; compatible; GPTBot/1.3; +https://openai.com/gptbot)"
74.7.243.248 - - [07/Feb/2026:10:04:37 -0500] "GET /ctg/search/similarImageSearchResultView/?ctgItemCd=166154162298 HTTP/1.1" 404 1251 "https://blog.newkolkata.in/getidm/162298zslyitems" "Mozilla/5.0 AppleWebKit/537.36 (KHTML, like Gecko; compatible; GPTBot/1.3; +https://openai.com/gptbot)"
74.7.243.248 - - [07/Feb/2026:10:04:41 -0500] "GET /ctg/search/similarImageSearchResultView/?ctgItemCd=190549186531 HTTP/1.1" 404 1251 "https://blog.newkolkata.in/getidm6254/186531kairitems" "Mozilla/5.0 AppleWebKit/537.36 (KHTML, like Gecko; compatible; GPTBot/1.3; +https://openai.com/gptbot)"
185.191.171.11 - - [07/Feb/2026:10:04:43 -0500] "GET /get/162420zslyitems.htm HTTP/1.1" 404 1251 "-" "Mozilla/5.0 (compatible; SemrushBot/7~bl; +http://www.semrush.com/bot.html)"
74.7.243.248 - - [07/Feb/2026:10:04:44 -0500] "GET /ctg/search/similarImageSearchResultView/?ctgItemCd=197056193080 HTTP/1.1" 404 1251 "https://blog.newkolkata.in/items/193080jahttid.html" "Mozilla/5.0 AppleWebKit/537.36 (KHTML, like Gecko; compatible; GPTBot/1.3; +https://openai.com/gptbot)"
85.208.96.212 - - [07/Feb/2026:10:04:45 -0500] "GET /geti/82951ccoyitems HTTP/1.1" 404 1251 "-" "Mozilla/5.0 (compatible; SemrushBot/7~bl; +http://www.semrush.com/bot.html)"
85.208.96.194 - - [07/Feb/2026:10:04:46 -0500] "GET /get/140517zslyitems.htm HTTP/1.1" 404 1251 "-" "Mozilla/5.0 (compatible; SemrushBot/7~bl; +http://www.semrush.com/bot.html)"
74.7.243.248 - - [07/Feb/2026:10:04:47 -0500] "GET /ctg/search/similarImageSearchResultView/?ctgItemCd=196334192336 HTTP/1.1" 404 1251 "https://blog.newkolkata.in/items/192336tjvftid.html" "Mozilla/5.0 AppleWebKit/537.36 (KHTML, like Gecko; compatible; GPTBot/1.3; +https://openai.com/gptbot)"
74.7.243.248 - - [07/Feb/2026:10:04:50 -0500] "GET /ctg/search/similarImageSearchResultView/?ctgItemCd=223126219054 HTTP/1.1" 404 1251 "https://blog.newkolkata.in/getid/219054jahtitems.htm" "Mozilla/5.0 AppleWebKit/537.36 (KHTML, like Gecko; compatible; GPTBot/1.3; +https://openai.com/gptbot)"
74.7.243.248 - - [07/Feb/2026:10:04:53 -0500] "GET /ctg/search/similarImageSearchResultView/?ctgItemCd=221304217226 HTTP/1.1" 404 1251 "https://blog.newkolkata.in/getid/217226ccoyitems.htm" "Mozilla/5.0 AppleWebKit/537.36 (KHTML, like Gecko; compatible; GPTBot/1.3; +https://openai.com/gptbot)"
74.7.243.248 - - [07/Feb/2026:10:04:56 -0500] "GET /ctg/search/similarImageSearchResultView/?ctgItemCd=271809267901 HTTP/1.1" 404 1251 "https://blog.newkolkata.in/ite/267901zslytidm.html" "Mozilla/5.0 AppleWebKit/537.36 (KHTML, like Gecko; compatible; GPTBot/1.3; +https://openai.com/gptbot)"
74.7.243.248 - - [07/Feb/2026:10:04:59 -0500] "GET /ctg/search/similarImageSearchResultView/?ctgItemCd=241546237610 HTTP/1.1" 404 1251 "https://blog.newkolkata.in/getidm71/237610pcywitems" "Mozilla/5.0 AppleWebKit/537.36 (KHTML, like Gecko; compatible; GPTBot/1.3; +https://openai.com/gptbot)"
74.7.243.248 - - [07/Feb/2026:10:05:03 -0500] "GET /ctg/search/similarImageSearchResultView/?ctgItemCd=174319170291 HTTP/1.1" 404 1251 "https://blog.newkolkata.in/ite/170291tjvftidm311.html" "Mozilla/5.0 AppleWebKit/537.36 (KHTML, like Gecko; compatible; GPTBot/1.3; +https://openai.com/gptbot)"
74.7.243.248 - - [07/Feb/2026:10:05:06 -0500] "GET /ctg/search/similarImageSearchResultView/?ctgItemCd=275453271136 HTTP/1.1" 404 1251 "https://blog.newkolkata.in/getidm67/271136pcywitems.htm" "Mozilla/5.0 AppleWebKit/537.36 (KHTML, like Gecko; compatible; GPTBot/1.3; +https://openai.com/gptbot)"
74.7.243.248 - - [07/Feb/2026:10:05:09 -0500] "GET /ctg/search/similarImageSearchResultView/?ctgItemCd=131619127536 HTTP/1.1" 404 1251 "https://blog.newkolkata.in/getid/127536sejmitems.htm" "Mozilla/5.0 AppleWebKit/537.36 (KHTML, like Gecko; compatible; GPTBot/1.3; +https://openai.com/gptbot)"
74.7.243.248 - - [07/Feb/2026:10:05:12 -0500] "GET /ctg/search/similarImageSearchResultView/?ctgItemCd=245052241047 HTTP/1.1" 404 1251 "https://blog.newkolkata.in/geti/241047mvrvitems.htm" "Mozilla/5.0 AppleWebKit/537.36 (KHTML, like Gecko; compatible; GPTBot/1.3; +https://openai.com/gptbot)"
74.7.243.248 - - [07/Feb/2026:10:05:15 -0500] "GET /ctg/search/similarImageSearchResultView/?ctgItemCd=180529176171 HTTP/1.1" 404 1251 "https://blog.newkolkata.in/items/176171ulgptidm50162.html" "Mozilla/5.0 AppleWebKit/537.36 (KHTML, like Gecko; compatible; GPTBot/1.3; +https://openai.com/gptbot)"
85.208.96.208 - - [07/Feb/2026:10:05:18 -0500] "GET /get/36231kairitems.htm HTTP/1.1" 404 1251 "-" "Mozilla/5.0 (compatible; SemrushBot/7~bl; +http://www.semrush.com/bot.html)"
74.7.243.248 - - [07/Feb/2026:10:05:19 -0500] "GET /ctg/search/similarImageSearchResultView/?ctgItemCd=120512116248 HTTP/1.1" 404 1251 "https://blog.newkolkata.in/items/116248ulgptidm908.html" "Mozilla/5.0 AppleWebKit/537.36 (KHTML, like Gecko; compatible; GPTBot/1.3; +https://openai.com/gptbot)"
74.7.243.248 - - [07/Feb/2026:10:05:22 -0500] "GET /ctg/search/similarImageSearchResultView/?ctgItemCd=290121285764 HTTP/1.1" 404 1251 "https://blog.newkolkata.in/items/285764kairtidm50286.html" "Mozilla/5.0 AppleWebKit/537.36 (KHTML, like Gecko; compatible; GPTBot/1.3; +https://openai.com/gptbot)"
74.7.243.248 - - [07/Feb/2026:10:05:25 -0500] "GET /ctg/search/similarImageSearchResultView/?ctgItemCd=199376195482 HTTP/1.1" 404 1251 "https://blog.newkolkata.in/get/195482tjvfitems.htm" "Mozilla/5.0 AppleWebKit/537.36 (KHTML, like Gecko; compatible; GPTBot/1.3; +https://openai.com/gptbot)"
185.191.171.5 - - [07/Feb/2026:10:05:27 -0500] "GET /getidm/203184kairitems.htm HTTP/1.1" 404 1251 "-" "Mozilla/5.0 (compatible; SemrushBot/7~bl; +http://www.semrush.com/bot.html)"
74.7.243.248 - - [07/Feb/2026:10:05:28 -0500] "GET /ctg/search/similarImageSearchResultView/?ctgItemCd=238930234618 HTTP/1.1" 404 1251 "https://blog.newkolkata.in/getidm76/234618tjvfitems.htm" "Mozilla/5.0 AppleWebKit/537.36 (KHTML, like Gecko; compatible; GPTBot/1.3; +https://openai.com/gptbot)"
185.191.171.6 - - [07/Feb/2026:10:05:29 -0500] "GET /get/109894ulgpitems HTTP/1.1" 404 1251 "-" "Mozilla/5.0 (compatible; SemrushBot/7~bl; +http://www.semrush.com/bot.html)"
85.208.96.206 - - [07/Feb/2026:10:05:31 -0500] "GET /get/260700cejpitems.htm HTTP/1.1" 404 1251 "-" "Mozilla/5.0 (compatible; SemrushBot/7~bl; +http://www.semrush.com/bot.html)"
74.7.243.248 - - [07/Feb/2026:10:05:31 -0500] "GET /ctg/search/similarImageSearchResultView/?ctgItemCd=193040189139 HTTP/1.1" 404 1251 "https://blog.newkolkata.in/getidm1/189139mvrvitems" "Mozilla/5.0 AppleWebKit/537.36 (KHTML, like Gecko; compatible; GPTBot/1.3; +https://openai.com/gptbot)"
74.7.243.248 - - [07/Feb/2026:10:05:34 -0500] "GET /ctg/search/similarImageSearchResultView/?ctgItemCd=127527123586 HTTP/1.1" 404 1251 "https://blog.newkolkata.in/getidm97/123586tjvfitems" "Mozilla/5.0 AppleWebKit/537.36 (KHTML, like Gecko; compatible; GPTBot/1.3; +https://openai.com/gptbot)"
74.7.243.248 - - [07/Feb/2026:10:05:38 -0500] "GET /ctg/search/similarImageSearchResultView/?ctgItemCd=235272231166 HTTP/1.1" 404 1251 "https://blog.newkolkata.in/getid/231166mvrvitems.htm" "Mozilla/5.0 AppleWebKit/537.36 (KHTML, like Gecko; compatible; GPTBot/1.3; +https://openai.com/gptbot)"
74.7.243.248 - - [07/Feb/2026:10:05:41 -0500] "GET /ctg/search/similarImageSearchResultView/?ctgItemCd=293548289550 HTTP/1.1" 404 1251 "https://blog.newkolkata.in/getidm354/289550pcywitems" "Mozilla/5.0 AppleWebKit/537.36 (KHTML, like Gecko; compatible; GPTBot/1.3; +https://openai.com/gptbot)"
74.7.243.248 - - [07/Feb/2026:10:05:44 -0500] "GET /ctg/search/similarImageSearchResultView/?ctgItemCd=184066180312 HTTP/1.1" 404 1251 "https://blog.newkolkata.in/ite/180312sejmtid.html" "Mozilla/5.0 AppleWebKit/537.36 (KHTML, like Gecko; compatible; GPTBot/1.3; +https://openai.com/gptbot)"
74.7.243.248 - - [07/Feb/2026:10:05:47 -0500] "GET /ctg/search/similarImageSearchResultView/?ctgItemCd=165643161490 HTTP/1.1" 404 1251 "https://blog.newkolkata.in/items/161490ulgptidm3.html" "Mozilla/5.0 AppleWebKit/537.36 (KHTML, like Gecko; compatible; GPTBot/1.3; +https://openai.com/gptbot)"
74.7.243.248 - - [07/Feb/2026:10:05:51 -0500] "GET /ctg/search/similarImageSearchResultView/?ctgItemCd=123828120016 HTTP/1.1" 404 1251 "https://blog.newkolkata.in/getidm/120016ulgpitems" "Mozilla/5.0 AppleWebKit/537.36 (KHTML, like Gecko; compatible; GPTBot/1.3; +https://openai.com/gptbot)"
85.208.96.205 - - [07/Feb/2026:10:05:53 -0500] "GET /getidm/256417zslyitems HTTP/1.1" 404 1251 "-" "Mozilla/5.0 (compatible; SemrushBot/7~bl; +http://www.semrush.com/bot.html)"
74.7.243.248 - - [07/Feb/2026:10:05:54 -0500] "GET /ctg/search/similarImageSearchResultView/?ctgItemCd=289894285972 HTTP/1.1" 404 1251 "https://blog.newkolkata.in/get/285972zslyitems.htm" "Mozilla/5.0 AppleWebKit/537.36 (KHTML, like Gecko; compatible; GPTBot/1.3; +https://openai.com/gptbot)"
74.7.243.248 - - [07/Feb/2026:10:05:57 -0500] "GET /ctg/search/similarImageSearchResultView/?ctgItemCd=194032189620 HTTP/1.1" 404 1251 "https://blog.newkolkata.in/items/189620kairtidm927466.html" "Mozilla/5.0 AppleWebKit/537.36 (KHTML, like Gecko; compatible; GPTBot/1.3; +https://openai.com/gptbot)"
74.7.243.248 - - [07/Feb/2026:10:06:00 -0500] "GET /ctg/search/similarImageSearchResultView/?ctgItemCd=161634157728 HTTP/1.1" 404 1251 "https://blog.newkolkata.in/item/157728mvrvtid.html" "Mozilla/5.0 AppleWebKit/537.36 (KHTML, like Gecko; compatible; GPTBot/1.3; +https://openai.com/gptbot)"
74.7.243.248 - - [07/Feb/2026:10:06:03 -0500] "GET /ctg/search/similarImageSearchResultView/?ctgItemCd=144274140773 HTTP/1.1" 404 1251 "https://blog.newkolkata.in/get/140773sejmitems" "Mozilla/5.0 AppleWebKit/537.36 (KHTML, like Gecko; compatible; GPTBot/1.3; +https://openai.com/gptbot)"
185.191.171.5 - - [07/Feb/2026:10:06:06 -0500] "GET /get/107158zslyitems HTTP/1.1" 404 1251 "-" "Mozilla/5.0 (compatible; SemrushBot/7~bl; +http://www.semrush.com/bot.html)"
74.7.243.248 - - [07/Feb/2026:10:06:06 -0500] "GET /ctg/search/similarImageSearchResultView/?ctgItemCd=179827175615 HTTP/1.1" 404 1251 "https://blog.newkolkata.in/items/175615tjvftidm26.html" "Mozilla/5.0 AppleWebKit/537.36 (KHTML, like Gecko; compatible; GPTBot/1.3; +https://openai.com/gptbot)"
74.7.243.248 - - [07/Feb/2026:10:06:10 -0500] "GET /ctg/search/similarImageSearchResultView/?ctgItemCd=193127189013 HTTP/1.1" 404 1251 "https://blog.newkolkata.in/items/189013pcywtidm.html" "Mozilla/5.0 AppleWebKit/537.36 (KHTML, like Gecko; compatible; GPTBot/1.3; +https://openai.com/gptbot)"
74.7.243.248 - - [07/Feb/2026:10:06:13 -0500] "GET /ctg/search/similarImageSearchResultView/?ctgItemCd=152650148302 HTTP/1.1" 404 1251 "https://blog.newkolkata.in/getidm963/148302sejmitems.htm" "Mozilla/5.0 AppleWebKit/537.36 (KHTML, like Gecko; compatible; GPTBot/1.3; +https://openai.com/gptbot)"
74.7.243.248 - - [07/Feb/2026:10:06:16 -0500] "GET /ctg/search/similarImageSearchResultView/?ctgItemCd=132887129059 HTTP/1.1" 404 1251 "https://blog.newkolkata.in/getidm/129059ulgpitems" "Mozilla/5.0 AppleWebKit/537.36 (KHTML, like Gecko; compatible; GPTBot/1.3; +https://openai.com/gptbot)"
74.7.243.248 - - [07/Feb/2026:10:06:19 -0500] "GET /ctg/search/similarImageSearchResultView/?ctgItemCd=202101198186 HTTP/1.1" 404 1251 "https://blog.newkolkata.in/get/198186mvrvitems.htm" "Mozilla/5.0 AppleWebKit/537.36 (KHTML, like Gecko; compatible; GPTBot/1.3; +https://openai.com/gptbot)"
74.7.243.248 - - [07/Feb/2026:10:06:22 -0500] "GET /ctg/search/similarImageSearchResultView/?ctgItemCd=187552183680 HTTP/1.1" 404 1251 "https://blog.newkolkata.in/get/183680kairitems.htm" "Mozilla/5.0 AppleWebKit/537.36 (KHTML, like Gecko; compatible; GPTBot/1.3; +https://openai.com/gptbot)"
74.7.243.248 - - [07/Feb/2026:10:06:25 -0500] "GET /ctg/search/similarImageSearchResultView/?ctgItemCd=273685269310 HTTP/1.1" 404 1251 "https://blog.newkolkata.in/items/269310pcywtidm17086.html" "Mozilla/5.0 AppleWebKit/537.36 (KHTML, like Gecko; compatible; GPTBot/1.3; +https://openai.com/gptbot)"
85.208.96.212 - - [07/Feb/2026:10:06:26 -0500] "GET /get/279810ccoyitems.htm HTTP/1.1" 404 1251 "-" "Mozilla/5.0 (compatible; SemrushBot/7~bl; +http://www.semrush.com/bot.html)"
74.7.243.248 - - [07/Feb/2026:10:06:28 -0500] "GET /ctg/search/similarImageSearchResultView/?ctgItemCd=170106165909 HTTP/1.1" 404 1251 "https://blog.newkolkata.in/getidm/165909ccoyitems.htm" "Mozilla/5.0 AppleWebKit/537.36 (KHTML, like Gecko; compatible; GPTBot/1.3; +https://openai.com/gptbot)"
74.7.243.248 - - [07/Feb/2026:10:06:32 -0500] "GET /ctg/search/similarImageSearchResultView/?ctgItemCd=10103696891 HTTP/1.1" 404 1251 "https://blog.newkolkata.in/getidm/96891jahtitems.htm" "Mozilla/5.0 AppleWebKit/537.36 (KHTML, like Gecko; compatible; GPTBot/1.3; +https://openai.com/gptbot)"
74.7.243.248 - - [07/Feb/2026:10:06:35 -0500] "GET /ctg/search/similarImageSearchResultView/?ctgItemCd=131825127803 HTTP/1.1" 404 1251 "https://blog.newkolkata.in/getidm9285/127803kairitems" "Mozilla/5.0 AppleWebKit/537.36 (KHTML, like Gecko; compatible; GPTBot/1.3; +https://openai.com/gptbot)"
74.7.243.248 - - [07/Feb/2026:10:06:38 -0500] "GET /ctg/search/similarImageSearchResultView/?ctgItemCd=198977194671 HTTP/1.1" 404 1251 "https://blog.newkolkata.in/getidm87/194671ccoyitems.htm" "Mozilla/5.0 AppleWebKit/537.36 (KHTML, like Gecko; compatible; GPTBot/1.3; +https://openai.com/gptbot)"
74.7.243.248 - - [07/Feb/2026:10:06:41 -0500] "GET /ctg/search/similarImageSearchResultView/?ctgItemCd=10231598278 HTTP/1.1" 404 1251 "https://blog.newkolkata.in/getid/98278jahtitems.htm" "Mozilla/5.0 AppleWebKit/537.36 (KHTML, like Gecko; compatible; GPTBot/1.3; +https://openai.com/gptbot)"
74.7.243.248 - - [07/Feb/2026:10:06:44 -0500] "GET /ctg/search/similarImageSearchResultView/?ctgItemCd=203420199419 HTTP/1.1" 404 1251 "https://blog.newkolkata.in/geti/199419ulgpitems.htm" "Mozilla/5.0 AppleWebKit/537.36 (KHTML, like Gecko; compatible; GPTBot/1.3; +https://openai.com/gptbot)"
74.7.243.248 - - [07/Feb/2026:10:06:48 -0500] "GET /ctg/search/similarImageSearchResultView/?ctgItemCd=195655191358 HTTP/1.1" 404 1251 "https://blog.newkolkata.in/getidm59/191358kairitems.htm" "Mozilla/5.0 AppleWebKit/537.36 (KHTML, like Gecko; compatible; GPTBot/1.3; +https://openai.com/gptbot)"
74.7.243.248 - - [07/Feb/2026:10:06:51 -0500] "GET /ctg/search/similarImageSearchResultView/?ctgItemCd=243477239382 HTTP/1.1" 404 1251 "https://blog.newkolkata.in/getid/239382ulgpitems.htm" "Mozilla/5.0 AppleWebKit/537.36 (KHTML, like Gecko; compatible; GPTBot/1.3; +https://openai.com/gptbot)"
85.208.96.203 - - [07/Feb/2026:10:06:51 -0500] "GET /get/42334pcywitems HTTP/1.1" 404 1251 "-" "Mozilla/5.0 (compatible; SemrushBot/7~bl; +http://www.semrush.com/bot.html)"
74.7.243.248 - - [07/Feb/2026:10:06:54 -0500] "GET /ctg/search/similarImageSearchResultView/?ctgItemCd=296403292052 HTTP/1.1" 404 1251 "https://blog.newkolkata.in/items/292052kairtidm44865.html" "Mozilla/5.0 AppleWebKit/537.36 (KHTML, like Gecko; compatible; GPTBot/1.3; +https://openai.com/gptbot)"
74.7.243.248 - - [07/Feb/2026:10:06:57 -0500] "GET /ctg/search/similarImageSearchResultView/?ctgItemCd=213530209809 HTTP/1.1" 404 1251 "https://blog.newkolkata.in/getid/209809ulgpitems" "Mozilla/5.0 AppleWebKit/537.36 (KHTML, like Gecko; compatible; GPTBot/1.3; +https://openai.com/gptbot)"
74.7.243.248 - - [07/Feb/2026:10:07:00 -0500] "GET /ctg/search/similarImageSearchResultView/?ctgItemCd=142077138003 HTTP/1.1" 404 1251 "https://blog.newkolkata.in/item/138003kairtidm77.html" "Mozilla/5.0 AppleWebKit/537.36 (KHTML, like Gecko; compatible; GPTBot/1.3; +https://openai.com/gptbot)"
74.7.243.248 - - [07/Feb/2026:10:07:04 -0500] "GET /ctg/search/similarImageSearchResultView/?ctgItemCd=322814318545 HTTP/1.1" 404 1251 "https://blog.newkolkata.in/items/318545pcywtidm430.html" "Mozilla/5.0 AppleWebKit/537.36 (KHTML, like Gecko; compatible; GPTBot/1.3; +https://openai.com/gptbot)"
74.7.243.248 - - [07/Feb/2026:10:07:07 -0500] "GET /ctg/search/similarImageSearchResultView/?ctgItemCd=118663114600 HTTP/1.1" 404 1251 "https://blog.newkolkata.in/getid/114600kairitems.htm" "Mozilla/5.0 AppleWebKit/537.36 (KHTML, like Gecko; compatible; GPTBot/1.3; +https://openai.com/gptbot)"
74.7.243.248 - - [07/Feb/2026:10:07:10 -0500] "GET /ctg/search/similarImageSearchResultView/?ctgItemCd=169230165375 HTTP/1.1" 404 1251 "https://blog.newkolkata.in/getidm/165375zslyitems" "Mozilla/5.0 AppleWebKit/537.36 (KHTML, like Gecko; compatible; GPTBot/1.3; +https://openai.com/gptbot)"
85.208.96.203 - - [07/Feb/2026:10:07:10 -0500] "GET /geti/93631kairitems HTTP/1.1" 404 1251 "-" "Mozilla/5.0 (compatible; SemrushBot/7~bl; +http://www.semrush.com/bot.html)"
74.7.243.248 - - [07/Feb/2026:10:07:13 -0500] "GET /ctg/search/similarImageSearchResultView/?ctgItemCd=252739248865 HTTP/1.1" 404 1251 "https://blog.newkolkata.in/get/248865cejpitems.htm" "Mozilla/5.0 AppleWebKit/537.36 (KHTML, like Gecko; compatible; GPTBot/1.3; +https://openai.com/gptbot)"
74.7.243.248 - - [07/Feb/2026:10:07:16 -0500] "GET /ctg/search/similarImageSearchResultView/?ctgItemCd=122309118590 HTTP/1.1" 404 1251 "https://blog.newkolkata.in/getid/118590tjvfitems" "Mozilla/5.0 AppleWebKit/537.36 (KHTML, like Gecko; compatible; GPTBot/1.3; +https://openai.com/gptbot)"
74.7.243.248 - - [07/Feb/2026:10:07:19 -0500] "GET /ctg/search/similarImageSearchResultView/?ctgItemCd=133672129339 HTTP/1.1" 404 1251 "https://blog.newkolkata.in/getidm52/129339zslyitems.htm" "Mozilla/5.0 AppleWebKit/537.36 (KHTML, like Gecko; compatible; GPTBot/1.3; +https://openai.com/gptbot)"
85.208.96.204 - - [07/Feb/2026:10:07:20 -0500] "GET /geti/65743zslyitems HTTP/1.1" 404 1251 "-" "Mozilla/5.0 (compatible; SemrushBot/7~bl; +http://www.semrush.com/bot.html)"
74.7.243.248 - - [07/Feb/2026:10:07:22 -0500] "GET /ctg/search/similarImageSearchResultView/?ctgItemCd=223609219483 HTTP/1.1" 404 1251 "https://blog.newkolkata.in/item/219483zslytidm83.html" "Mozilla/5.0 AppleWebKit/537.36 (KHTML, like Gecko; compatible; GPTBot/1.3; +https://openai.com/gptbot)"
74.7.243.248 - - [07/Feb/2026:10:07:25 -0500] "GET /ctg/search/similarImageSearchResultView/?ctgItemCd=217844213740 HTTP/1.1" 404 1251 "https://blog.newkolkata.in/getid/213740mvrvitems.htm" "Mozilla/5.0 AppleWebKit/537.36 (KHTML, like Gecko; compatible; GPTBot/1.3; +https://openai.com/gptbot)"
74.7.243.248 - - [07/Feb/2026:10:07:29 -0500] "GET /ctg/search/similarImageSearchResultView/?ctgItemCd=129600125361 HTTP/1.1" 404 1251 "https://blog.newkolkata.in/getidm6/125361ccoyitems.htm" "Mozilla/5.0 AppleWebKit/537.36 (KHTML, like Gecko; compatible; GPTBot/1.3; +https://openai.com/gptbot)"
74.7.243.248 - - [07/Feb/2026:10:07:32 -0500] "GET /ctg/search/similarImageSearchResultView/?ctgItemCd=170557166242 HTTP/1.1" 404 1251 "https://blog.newkolkata.in/getidm82/166242pcywitems.htm" "Mozilla/5.0 AppleWebKit/537.36 (KHTML, like Gecko; compatible; GPTBot/1.3; +https://openai.com/gptbot)"
185.191.171.5 - - [07/Feb/2026:10:07:33 -0500] "GET /getidm/10657pcywitems HTTP/1.1" 404 1251 "-" "Mozilla/5.0 (compatible; SemrushBot/7~bl; +http://www.semrush.com/bot.html)"
74.7.243.248 - - [07/Feb/2026:10:07:35 -0500] "GET /ctg/search/similarImageSearchResultView/?ctgItemCd=159817155639 HTTP/1.1" 404 1251 "https://blog.newkolkata.in/items/155639mvrvtidm1.html" "Mozilla/5.0 AppleWebKit/537.36 (KHTML, like Gecko; compatible; GPTBot/1.3; +https://openai.com/gptbot)"
74.7.243.248 - - [07/Feb/2026:10:07:38 -0500] "GET /ctg/search/similarImageSearchResultView/?ctgItemCd=185095181375 HTTP/1.1" 404 1251 "https://blog.newkolkata.in/getid/181375tjvfitems" "Mozilla/5.0 AppleWebKit/537.36 (KHTML, like Gecko; compatible; GPTBot/1.3; +https://openai.com/gptbot)"
85.208.96.212 - - [07/Feb/2026:10:07:39 -0500] "GET /get/81382tjvfitems HTTP/1.1" 404 1251 "-" "Mozilla/5.0 (compatible; SemrushBot/7~bl; +http://www.semrush.com/bot.html)"
74.7.243.248 - - [07/Feb/2026:10:07:41 -0500] "GET /ctg/search/similarImageSearchResultView/?ctgItemCd=216970213096 HTTP/1.1" 404 1251 "https://blog.newkolkata.in/get/213096ccoyitems.htm" "Mozilla/5.0 AppleWebKit/537.36 (KHTML, like Gecko; compatible; GPTBot/1.3; +https://openai.com/gptbot)"
74.7.243.248 - - [07/Feb/2026:10:07:44 -0500] "GET /ctg/search/similarImageSearchResultView/?ctgItemCd=266203262470 HTTP/1.1" 404 1251 "https://blog.newkolkata.in/getid/262470mvrvitems" "Mozilla/5.0 AppleWebKit/537.36 (KHTML, like Gecko; compatible; GPTBot/1.3; +https://openai.com/gptbot)"
85.208.96.198 - - [07/Feb/2026:10:07:46 -0500] "GET /getid/5344mvrvitems HTTP/1.1" 404 1251 "-" "Mozilla/5.0 (compatible; SemrushBot/7~bl; +http://www.semrush.com/bot.html)"
74.7.243.248 - - [07/Feb/2026:10:07:47 -0500] "GET /ctg/search/similarImageSearchResultView/?ctgItemCd=172756168567 HTTP/1.1" 404 1251 "https://blog.newkolkata.in/ite/168567kairtidm498160.html" "Mozilla/5.0 AppleWebKit/537.36 (KHTML, like Gecko; compatible; GPTBot/1.3; +https://openai.com/gptbot)"
74.7.243.248 - - [07/Feb/2026:10:07:51 -0500] "GET /ctg/search/similarImageSearchResultView/?ctgItemCd=112415108093 HTTP/1.1" 404 1251 "https://blog.newkolkata.in/getidm72/108093mvrvitems.htm" "Mozilla/5.0 AppleWebKit/537.36 (KHTML, like Gecko; compatible; GPTBot/1.3; +https://openai.com/gptbot)"
74.7.243.248 - - [07/Feb/2026:10:07:54 -0500] "GET /ctg/search/similarImageSearchResultView/?ctgItemCd=126449122115 HTTP/1.1" 404 1251 "https://blog.newkolkata.in/getidm936/122115kairitems.htm" "Mozilla/5.0 AppleWebKit/537.36 (KHTML, like Gecko; compatible; GPTBot/1.3; +https://openai.com/gptbot)"
74.7.243.248 - - [07/Feb/2026:10:07:57 -0500] "GET /ctg/search/similarImageSearchResultView/?ctgItemCd=268843264724 HTTP/1.1" 404 1251 "https://blog.newkolkata.in/getid/264724zslyitems.htm" "Mozilla/5.0 AppleWebKit/537.36 (KHTML, like Gecko; compatible; GPTBot/1.3; +https://openai.com/gptbot)"
74.7.243.248 - - [07/Feb/2026:10:08:00 -0500] "GET /ctg/search/similarImageSearchResultView/?ctgItemCd=263387259268 HTTP/1.1" 404 1251 "https://blog.newkolkata.in/getid/259268mvrvitems.htm" "Mozilla/5.0 AppleWebKit/537.36 (KHTML, like Gecko; compatible; GPTBot/1.3; +https://openai.com/gptbot)"
74.7.243.248 - - [07/Feb/2026:10:08:03 -0500] "GET /ctg/search/similarImageSearchResultView/?ctgItemCd=126328122334 HTTP/1.1" 404 1251 "https://blog.newkolkata.in/geti/122334pcywitems.htm" "Mozilla/5.0 AppleWebKit/537.36 (KHTML, like Gecko; compatible; GPTBot/1.3; +https://openai.com/gptbot)"
185.191.171.3 - - [07/Feb/2026:10:08:04 -0500] "GET /geti/77133sejmitems.htm HTTP/1.1" 404 1251 "-" "Mozilla/5.0 (compatible; SemrushBot/7~bl; +http://www.semrush.com/bot.html)"
74.7.243.248 - - [07/Feb/2026:10:08:07 -0500] "GET /ctg/search/similarImageSearchResultView/?ctgItemCd=178519174506 HTTP/1.1" 404 1251 "https://blog.newkolkata.in/ite/174506zslytidm56.html" "Mozilla/5.0 AppleWebKit/537.36 (KHTML, like Gecko; compatible; GPTBot/1.3; +https://openai.com/gptbot)"
85.208.96.200 - - [07/Feb/2026:10:08:08 -0500] "GET /getidm/288913kairitems HTTP/1.1" 404 1251 "-" "Mozilla/5.0 (compatible; SemrushBot/7~bl; +http://www.semrush.com/bot.html)"
74.7.243.248 - - [07/Feb/2026:10:08:10 -0500] "GET /ctg/search/similarImageSearchResultView/?ctgItemCd=212136207953 HTTP/1.1" 404 1251 "https://blog.newkolkata.in/item/207953zslytidm966.html" "Mozilla/5.0 AppleWebKit/537.36 (KHTML, like Gecko; compatible; GPTBot/1.3; +https://openai.com/gptbot)"
74.7.243.248 - - [07/Feb/2026:10:08:13 -0500] "GET /ctg/search/similarImageSearchResultView/?ctgItemCd=265075261153 HTTP/1.1" 404 1251 "https://blog.newkolkata.in/getidm15/261153ulgpitems" "Mozilla/5.0 AppleWebKit/537.36 (KHTML, like Gecko; compatible; GPTBot/1.3; +https://openai.com/gptbot)"
85.208.96.205 - - [07/Feb/2026:10:08:14 -0500] "GET /ite/119735tjvftidm.html HTTP/1.1" 404 1251 "-" "Mozilla/5.0 (compatible; SemrushBot/7~bl; +http://www.semrush.com/bot.html)"
74.7.243.248 - - [07/Feb/2026:10:08:16 -0500] "GET /ctg/search/similarImageSearchResultView/?ctgItemCd=175936171686 HTTP/1.1" 404 1251 "https://blog.newkolkata.in/getidm5/171686sejmitems.htm" "Mozilla/5.0 AppleWebKit/537.36 (KHTML, like Gecko; compatible; GPTBot/1.3; +https://openai.com/gptbot)"
74.7.243.248 - - [07/Feb/2026:10:08:19 -0500] "GET /ctg/search/similarImageSearchResultView/?ctgItemCd=139400135213 HTTP/1.1" 404 1251 "https://blog.newkolkata.in/item/135213ccoytidm2985.html" "Mozilla/5.0 AppleWebKit/537.36 (KHTML, like Gecko; compatible; GPTBot/1.3; +https://openai.com/gptbot)"
74.7.243.248 - - [07/Feb/2026:10:08:22 -0500] "GET /ctg/search/similarImageSearchResultView/?ctgItemCd=159731155667 HTTP/1.1" 404 1251 "https://blog.newkolkata.in/getidm9884/155667pcywitems" "Mozilla/5.0 AppleWebKit/537.36 (KHTML, like Gecko; compatible; GPTBot/1.3; +https://openai.com/gptbot)"
74.7.243.248 - - [07/Feb/2026:10:08:25 -0500] "GET /ctg/search/similarImageSearchResultView/?ctgItemCd=182742178469 HTTP/1.1" 404 1251 "https://blog.newkolkata.in/getidm2/178469pcywitems.htm" "Mozilla/5.0 AppleWebKit/537.36 (KHTML, like Gecko; compatible; GPTBot/1.3; +https://openai.com/gptbot)"
74.7.243.248 - - [07/Feb/2026:10:08:28 -0500] "GET /ctg/search/similarImageSearchResultView/?ctgItemCd=150497146083 HTTP/1.1" 404 1251 "https://blog.newkolkata.in/items/146083ccoytidm698136.html" "Mozilla/5.0 AppleWebKit/537.36 (KHTML, like Gecko; compatible; GPTBot/1.3; +https://openai.com/gptbot)"
85.208.96.206 - - [07/Feb/2026:10:08:30 -0500] "GET /geti/53839kairitems HTTP/1.1" 404 1251 "-" "Mozilla/5.0 (compatible; SemrushBot/7~bl; +http://www.semrush.com/bot.html)"
74.7.243.248 - - [07/Feb/2026:10:08:31 -0500] "GET /ctg/search/similarImageSearchResultView/?ctgItemCd=188485184292 HTTP/1.1" 404 1251 "https://blog.newkolkata.in/ite/184292ulgptidm312277.html" "Mozilla/5.0 AppleWebKit/537.36 (KHTML, like Gecko; compatible; GPTBot/1.3; +https://openai.com/gptbot)"
74.7.243.248 - - [07/Feb/2026:10:08:35 -0500] "GET /ctg/search/similarImageSearchResultView/?ctgItemCd=230694226527 HTTP/1.1" 404 1251 "https://blog.newkolkata.in/ite/226527cejptidm673004.html" "Mozilla/5.0 AppleWebKit/537.36 (KHTML, like Gecko; compatible; GPTBot/1.3; +https://openai.com/gptbot)"
74.7.243.248 - - [07/Feb/2026:10:08:38 -0500] "GET /ctg/search/similarImageSearchResultView/?ctgItemCd=236553232618 HTTP/1.1" 404 1251 "https://blog.newkolkata.in/getidm49/232618tjvfitems" "Mozilla/5.0 AppleWebKit/537.36 (KHTML, like Gecko; compatible; GPTBot/1.3; +https://openai.com/gptbot)"
