74.7.243.248 - - [07/Feb/2026:10:53:33 -0500] "GET /ctg/search/similarImageSearchResultView/?ctgItemCd=161083157219 HTTP/1.1" 404 1251 "https://blog.newkolkata.in/getidm6/157219kairitems" "Mozilla/5.0 AppleWebKit/537.36 (KHTML, like Gecko; compatible; GPTBot/1.3; +https://openai.com/gptbot)"
74.7.243.248 - - [07/Feb/2026:10:53:36 -0500] "GET /ctg/search/similarImageSearchResultView/?ctgItemCd=287876283617 HTTP/1.1" 404 1251 "https://blog.newkolkata.in/getidm7/283617ulgpitems.htm" "Mozilla/5.0 AppleWebKit/537.36 (KHTML, like Gecko; compatible; GPTBot/1.3; +https://openai.com/gptbot)"
74.7.243.248 - - [07/Feb/2026:10:53:40 -0500] "GET /ctg/search/similarImageSearchResultView/?ctgItemCd=109789105976 HTTP/1.1" 404 1251 "https://blog.newkolkata.in/getidm/105976jahtitems" "Mozilla/5.0 AppleWebKit/537.36 (KHTML, like Gecko; compatible; GPTBot/1.3; +https://openai.com/gptbot)"
85.208.96.202 - - [07/Feb/2026:10:53:42 -0500] "GET /get/159270ulgpitems.htm HTTP/1.1" 404 1251 "-" "Mozilla/5.0 (compatible; SemrushBot/7~bl; +http://www.semrush.com/bot.html)"
74.7.243.248 - - [07/Feb/2026:10:53:43 -0500] "GET /ctg/search/similarImageSearchResultView/?ctgItemCd=290779286340 HTTP/1.1" 404 1251 "https://blog.newkolkata.in/items/286340pcywtidm557766.html" "Mozilla/5.0 AppleWebKit/537.36 (KHTML, like Gecko; compatible; GPTBot/1.3; +https://openai.com/gptbot)"
85.208.96.196 - - [07/Feb/2026:10:53:45 -0500] "GET /getidm2/145018ulgpitems HTTP/1.1" 404 1251 "-" "Mozilla/5.0 (compatible; SemrushBot/7~bl; +http://www.semrush.com/bot.html)"
74.7.243.248 - - [07/Feb/2026:10:53:46 -0500] "GET /ctg/search/similarImageSearchResultView/?ctgItemCd=203084198749 HTTP/1.1" 404 1251 "https://blog.newkolkata.in/getidm58/198749pcywitems.htm" "Mozilla/5.0 AppleWebKit/537.36 (KHTML, like Gecko; compatible; GPTBot/1.3; +https://openai.com/gptbot)"
74.7.243.248 - - [07/Feb/2026:10:53:49 -0500] "GET /ctg/search/similarImageSearchResultView/?ctgItemCd=106604102701 HTTP/1.1" 404 1251 "https://blog.newkolkata.in/getidm12/102701sejmitems" "Mozilla/5.0 AppleWebKit/537.36 (KHTML, like Gecko; compatible; GPTBot/1.3; +https://openai.com/gptbot)"
74.7.243.248 - - [07/Feb/2026:10:53:52 -0500] "GET /ctg/search/similarImageSearchResultView/?ctgItemCd=200308196386 HTTP/1.1" 404 1251 "https://blog.newkolkata.in/get/196386zslyitems.htm" "Mozilla/5.0 AppleWebKit/537.36 (KHTML, like Gecko; compatible; GPTBot/1.3; +https://openai.com/gptbot)"
185.191.171.13 - - [07/Feb/2026:10:53:52 -0500] "GET /getidm/181218tjvfitems.htm HTTP/1.1" 404 1251 "-" "Mozilla/5.0 (compatible; SemrushBot/7~bl; +http://www.semrush.com/bot.html)"
74.7.243.248 - - [07/Feb/2026:10:53:55 -0500] "GET /ctg/search/similarImageSearchResultView/?ctgItemCd=210502206607 HTTP/1.1" 404 1251 "https://blog.newkolkata.in/get/206607pcywitems.htm" "Mozilla/5.0 AppleWebKit/537.36 (KHTML, like Gecko; compatible; GPTBot/1.3; +https://openai.com/gptbot)"
74.7.243.248 - - [07/Feb/2026:10:53:59 -0500] "GET /ctg/search/similarImageSearchResultView/?ctgItemCd=214759211063 HTTP/1.1" 404 1251 "https://blog.newkolkata.in/getid/211063ccoyitems" "Mozilla/5.0 AppleWebKit/537.36 (KHTML, like Gecko; compatible; GPTBot/1.3; +https://openai.com/gptbot)"
74.7.243.248 - - [07/Feb/2026:10:54:02 -0500] "GET /ctg/search/similarImageSearchResultView/?ctgItemCd=210192205869 HTTP/1.1" 404 1251 "https://blog.newkolkata.in/getidm36/205869pcywitems.htm" "Mozilla/5.0 AppleWebKit/537.36 (KHTML, like Gecko; compatible; GPTBot/1.3; +https://openai.com/gptbot)"
74.7.243.248 - - [07/Feb/2026:10:54:05 -0500] "GET /ctg/search/similarImageSearchResultView/?ctgItemCd=132120128164 HTTP/1.1" 404 1251 "https://blog.newkolkata.in/getidm190/128164cejpitems" "Mozilla/5.0 AppleWebKit/537.36 (KHTML, like Gecko; compatible; GPTBot/1.3; +https://openai.com/gptbot)"
74.7.243.248 - - [07/Feb/2026:10:54:08 -0500] "GET /ctg/search/similarImageSearchResultView/?ctgItemCd=247748243594 HTTP/1.1" 404 1251 "https://blog.newkolkata.in/items/243594ccoytidm8.html" "Mozilla/5.0 AppleWebKit/537.36 (KHTML, like Gecko; compatible; GPTBot/1.3; +https://openai.com/gptbot)"
74.7.243.248 - - [07/Feb/2026:10:54:12 -0500] "GET /ctg/search/similarImageSearchResultView/?ctgItemCd=154852150995 HTTP/1.1" 404 1251 "https://blog.newkolkata.in/getidm/150995zslyitems" "Mozilla/5.0 AppleWebKit/537.36 (KHTML, like Gecko; compatible; GPTBot/1.3; +https://openai.com/gptbot)"
74.7.243.248 - - [07/Feb/2026:10:54:15 -0500] "GET /ctg/search/similarImageSearchResultView/?ctgItemCd=285364281453 HTTP/1.1" 404 1251 "https://blog.newkolkata.in/getidm84/281453cejpitems" "Mozilla/5.0 AppleWebKit/537.36 (KHTML, like Gecko; compatible; GPTBot/1.3; +https://openai.com/gptbot)"
74.7.243.248 - - [07/Feb/2026:10:54:18 -0500] "GET /ctg/search/similarImageSearchResultView/?ctgItemCd=153513149767 HTTP/1.1" 404 1251 "https://blog.newkolkata.in/getid/149767mvrvitems" "Mozilla/5.0 AppleWebKit/537.36 (KHTML, like Gecko; compatible; GPTBot/1.3; +https://openai.com/gptbot)"
74.7.243.248 - - [07/Feb/2026:10:54:21 -0500] "GET /ctg/search/similarImageSearchResultView/?ctgItemCd=182773178686 HTTP/1.1" 404 1251 "https://blog.newkolkata.in/getid/178686kairitems.htm" "Mozilla/5.0 AppleWebKit/537.36 (KHTML, like Gecko; compatible; GPTBot/1.3; +https://openai.com/gptbot)"
74.7.243.248 - - [07/Feb/2026:10:54:24 -0500] "GET /ctg/search/similarImageSearchResultView/?ctgItemCd=192936188740 HTTP/1.1" 404 1251 "https://blog.newkolkata.in/getidm/188740sejmitems.htm" "Mozilla/5.0 AppleWebKit/537.36 (KHTML, like Gecko; compatible; GPTBot/1.3; +https://openai.com/gptbot)"
74.7.243.248 - - [07/Feb/2026:10:54:28 -0500] "GET /ctg/search/similarImageSearchResultView/?ctgItemCd=145860141869 HTTP/1.1" 404 1251 "https://blog.newkolkata.in/items/141869ccoytid.html" "Mozilla/5.0 AppleWebKit/537.36 (KHTML, like Gecko; compatible; GPTBot/1.3; +https://openai.com/gptbot)"
185.191.171.16 - - [07/Feb/2026:10:54:28 -0500] "GET /get/130414zslyitems HTTP/1.1" 404 1251 "-" "Mozilla/5.0 (compatible; SemrushBot/7~bl; +http://www.semrush.com/bot.html)"
74.7.243.248 - - [07/Feb/2026:10:54:31 -0500] "GET /ctg/search/similarImageSearchResultView/?ctgItemCd=277575274069 HTTP/1.1" 404 1251 "https://blog.newkolkata.in/get/274069ccoyitems" "Mozilla/5.0 AppleWebKit/537.36 (KHTML, like Gecko; compatible; GPTBot/1.3; +https://openai.com/gptbot)"
74.7.243.248 - - [07/Feb/2026:10:54:34 -0500] "GET /ctg/search/similarImageSearchResultView/?ctgItemCd=218986215097 HTTP/1.1" 404 1251 "https://blog.newkolkata.in/get/215097tjvfitems.htm" "Mozilla/5.0 AppleWebKit/537.36 (KHTML, like Gecko; compatible; GPTBot/1.3; +https://openai.com/gptbot)"
185.191.171.9 - - [07/Feb/2026:10:54:37 -0500] "GET /geti/13713ulgpitems.htm HTTP/1.1" 404 1251 "-" "Mozilla/5.0 (compatible; SemrushBot/7~bl; +http://www.semrush.com/bot.html)"
74.7.243.248 - - [07/Feb/2026:10:54:37 -0500] "GET /ctg/search/similarImageSearchResultView/?ctgItemCd=150216146348 HTTP/1.1" 404 1251 "https://blog.newkolkata.in/getidm9/146348kairitems" "Mozilla/5.0 AppleWebKit/537.36 (KHTML, like Gecko; compatible; GPTBot/1.3; +https://openai.com/gptbot)"
74.7.243.248 - - [07/Feb/2026:10:54:40 -0500] "GET /ctg/search/similarImageSearchResultView/?ctgItemCd=158462154817 HTTP/1.1" 404 1251 "https://blog.newkolkata.in/geti/154817zslyitems" "Mozilla/5.0 AppleWebKit/537.36 (KHTML, like Gecko; compatible; GPTBot/1.3; +https://openai.com/gptbot)"
74.7.243.248 - - [07/Feb/2026:10:54:43 -0500] "GET /ctg/search/similarImageSearchResultView/?ctgItemCd=272846269008 HTTP/1.1" 404 1251 "https://blog.newkolkata.in/getidm/269008pcywitems" "Mozilla/5.0 AppleWebKit/537.36 (KHTML, like Gecko; compatible; GPTBot/1.3; +https://openai.com/gptbot)"
185.191.171.13 - - [07/Feb/2026:10:54:46 -0500] "GET /getidm/275377cejpitems HTTP/1.1" 404 1251 "-" "Mozilla/5.0 (compatible; SemrushBot/7~bl; +http://www.semrush.com/bot.html)"
74.7.243.248 - - [07/Feb/2026:10:54:46 -0500] "GET /ctg/search/similarImageSearchResultView/?ctgItemCd=235878232265 HTTP/1.1" 404 1251 "https://blog.newkolkata.in/geti/232265ulgpitems" "Mozilla/5.0 AppleWebKit/537.36 (KHTML, like Gecko; compatible; GPTBot/1.3; +https://openai.com/gptbot)"
74.7.243.248 - - [07/Feb/2026:10:54:49 -0500] "GET /ctg/search/similarImageSearchResultView/?ctgItemCd=274880270496 HTTP/1.1" 404 1251 "https://blog.newkolkata.in/getidm538/270496mvrvitems.htm" "Mozilla/5.0 AppleWebKit/537.36 (KHTML, like Gecko; compatible; GPTBot/1.3; +https://openai.com/gptbot)"
74.7.243.248 - - [07/Feb/2026:10:54:53 -0500] "GET /ctg/search/similarImageSearchResultView/?ctgItemCd=244386240523 HTTP/1.1" 404 1251 "https://blog.newkolkata.in/getidm6/240523sejmitems" "Mozilla/5.0 AppleWebKit/537.36 (KHTML, like Gecko; compatible; GPTBot/1.3; +https://openai.com/gptbot)"
74.7.243.248 - - [07/Feb/2026:10:54:55 -0500] "GET /ctg/search/similarImageSearchResultView/?ctgItemCd=169327165607 HTTP/1.1" 404 1251 "https://blog.newkolkata.in/getid/165607tjvfitems" "Mozilla/5.0 AppleWebKit/537.36 (KHTML, like Gecko; compatible; GPTBot/1.3; +https://openai.com/gptbot)"
74.7.243.248 - - [07/Feb/2026:10:54:59 -0500] "GET /ctg/search/similarImageSearchResultView/?ctgItemCd=124033120017 HTTP/1.1" 404 1251 "https://blog.newkolkata.in/item/120017jahttidm8.html" "Mozilla/5.0 AppleWebKit/537.36 (KHTML, like Gecko; compatible; GPTBot/1.3; +https://openai.com/gptbot)"
74.7.243.248 - - [07/Feb/2026:10:55:02 -0500] "GET /ctg/search/similarImageSearchResultView/?ctgItemCd=249134245605 HTTP/1.1" 404 1251 "https://blog.newkolkata.in/get/245605mvrvitems" "Mozilla/5.0 AppleWebKit/537.36 (KHTML, like Gecko; compatible; GPTBot/1.3; +https://openai.com/gptbot)"
74.7.243.248 - - [07/Feb/2026:10:55:05 -0500] "GET /ctg/search/similarImageSearchResultView/?ctgItemCd=174528170328 HTTP/1.1" 404 1251 "https://blog.newkolkata.in/getidm/170328tjvfitems.htm" "Mozilla/5.0 AppleWebKit/537.36 (KHTML, like Gecko; compatible; GPTBot/1.3; +https://openai.com/gptbot)"
74.7.243.248 - - [07/Feb/2026:10:55:08 -0500] "GET /ctg/search/similarImageSearchResultView/?ctgItemCd=214974210720 HTTP/1.1" 404 1251 "https://blog.newkolkata.in/getidm6/210720pcywitems.htm" "Mozilla/5.0 AppleWebKit/537.36 (KHTML, like Gecko; compatible; GPTBot/1.3; +https://openai.com/gptbot)"
74.7.243.248 - - [07/Feb/2026:10:55:12 -0500] "GET /ctg/search/similarImageSearchResultView/?ctgItemCd=249181245368 HTTP/1.1" 404 1251 "https://blog.newkolkata.in/getidm/245368kairitems" "Mozilla/5.0 AppleWebKit/537.36 (KHTML, like Gecko; compatible; GPTBot/1.3; +https://openai.com/gptbot)"
85.208.96.207 - - [07/Feb/2026:10:55:12 -0500] "GET /getidm9/136858jahtitems HTTP/1.1" 404 1251 "-" "Mozilla/5.0 (compatible; SemrushBot/7~bl; +http://www.semrush.com/bot.html)"
74.7.243.248 - - [07/Feb/2026:10:55:15 -0500] "GET /ctg/search/similarImageSearchResultView/?ctgItemCd=132146128115 HTTP/1.1" 404 1251 "https://blog.newkolkata.in/getidm6904/128115ulgpitems" "Mozilla/5.0 AppleWebKit/537.36 (KHTML, like Gecko; compatible; GPTBot/1.3; +https://openai.com/gptbot)"
74.7.243.248 - - [07/Feb/2026:10:55:18 -0500] "GET /ctg/search/similarImageSearchResultView/?ctgItemCd=266360262193 HTTP/1.1" 404 1251 "https://blog.newkolkata.in/items/262193pcywtidm4.html" "Mozilla/5.0 AppleWebKit/537.36 (KHTML, like Gecko; compatible; GPTBot/1.3; +https://openai.com/gptbot)"
74.7.243.248 - - [07/Feb/2026:10:55:21 -0500] "GET /ctg/search/similarImageSearchResultView/?ctgItemCd=266293262181 HTTP/1.1" 404 1251 "https://blog.newkolkata.in/ite/262181jahttidm40260.html" "Mozilla/5.0 AppleWebKit/537.36 (KHTML, like Gecko; compatible; GPTBot/1.3; +https://openai.com/gptbot)"
74.7.243.248 - - [07/Feb/2026:10:55:24 -0500] "GET /ctg/search/similarImageSearchResultView/?ctgItemCd=187978183768 HTTP/1.1" 404 1251 "https://blog.newkolkata.in/getidm/183768ulgpitems.htm" "Mozilla/5.0 AppleWebKit/537.36 (KHTML, like Gecko; compatible; GPTBot/1.3; +https://openai.com/gptbot)"
74.7.243.248 - - [07/Feb/2026:10:55:27 -0500] "GET /ctg/search/similarImageSearchResultView/?ctgItemCd=250312246393 HTTP/1.1" 404 1251 "https://blog.newkolkata.in/getidm31/246393ccoyitems" "Mozilla/5.0 AppleWebKit/537.36 (KHTML, like Gecko; compatible; GPTBot/1.3; +https://openai.com/gptbot)"
74.7.243.248 - - [07/Feb/2026:10:55:30 -0500] "GET /ctg/search/similarImageSearchResultView/?ctgItemCd=130158126158 HTTP/1.1" 404 1251 "https://blog.newkolkata.in/getidm921/126158mvrvitems" "Mozilla/5.0 AppleWebKit/537.36 (KHTML, like Gecko; compatible; GPTBot/1.3; +https://openai.com/gptbot)"
85.208.96.196 - - [07/Feb/2026:10:55:33 -0500] "GET /geti/105751ulgpitems HTTP/1.1" 404 1251 "-" "Mozilla/5.0 (compatible; SemrushBot/7~bl; +http://www.semrush.com/bot.html)"
74.7.243.248 - - [07/Feb/2026:10:55:34 -0500] "GET /ctg/search/similarImageSearchResultView/?ctgItemCd=195447191713 HTTP/1.1" 404 1251 "https://blog.newkolkata.in/getid/191713mvrvitems" "Mozilla/5.0 AppleWebKit/537.36 (KHTML, like Gecko; compatible; GPTBot/1.3; +https://openai.com/gptbot)"
74.7.243.248 - - [07/Feb/2026:10:55:37 -0500] "GET /ctg/search/similarImageSearchResultView/?ctgItemCd=134797131095 HTTP/1.1" 404 1251 "https://blog.newkolkata.in/getid/131095ccoyitems" "Mozilla/5.0 AppleWebKit/537.36 (KHTML, like Gecko; compatible; GPTBot/1.3; +https://openai.com/gptbot)"
185.191.171.6 - - [07/Feb/2026:10:55:38 -0500] "GET /getid/109840tjvfitems HTTP/1.1" 404 1251 "-" "Mozilla/5.0 (compatible; SemrushBot/7~bl; +http://www.semrush.com/bot.html)"
85.208.96.208 - - [07/Feb/2026:10:55:40 -0500] "GET /getid/203224mvrvitems HTTP/1.1" 404 1251 "-" "Mozilla/5.0 (compatible; SemrushBot/7~bl; +http://www.semrush.com/bot.html)"
74.7.243.248 - - [07/Feb/2026:10:55:40 -0500] "GET /ctg/search/similarImageSearchResultView/?ctgItemCd=187301183227 HTTP/1.1" 404 1251 "https://blog.newkolkata.in/getid/183227jahtitems.htm" "Mozilla/5.0 AppleWebKit/537.36 (KHTML, like Gecko; compatible; GPTBot/1.3; +https://openai.com/gptbot)"
74.7.243.248 - - [07/Feb/2026:10:55:43 -0500] "GET /ctg/search/similarImageSearchResultView/?ctgItemCd=291183287566 HTTP/1.1" 404 1251 "https://blog.newkolkata.in/geti/287566ccoyitems" "Mozilla/5.0 AppleWebKit/537.36 (KHTML, like Gecko; compatible; GPTBot/1.3; +https://openai.com/gptbot)"
185.191.171.6 - - [07/Feb/2026:10:55:44 -0500] "GET /ite/107870tjvftid.html HTTP/1.1" 404 1251 "-" "Mozilla/5.0 (compatible; SemrushBot/7~bl; +http://www.semrush.com/bot.html)"
74.7.243.248 - - [07/Feb/2026:10:55:47 -0500] "GET /ctg/search/similarImageSearchResultView/?ctgItemCd=106232102529 HTTP/1.1" 404 1251 "https://blog.newkolkata.in/getid/102529sejmitems" "Mozilla/5.0 AppleWebKit/537.36 (KHTML, like Gecko; compatible; GPTBot/1.3; +https://openai.com/gptbot)"
74.7.243.248 - - [07/Feb/2026:10:55:50 -0500] "GET /ctg/search/similarImageSearchResultView/?ctgItemCd=259617255731 HTTP/1.1" 404 1251 "https://blog.newkolkata.in/get/255731ulgpitems.htm" "Mozilla/5.0 AppleWebKit/537.36 (KHTML, like Gecko; compatible; GPTBot/1.3; +https://openai.com/gptbot)"
74.7.243.248 - - [07/Feb/2026:10:55:53 -0500] "GET /ctg/search/similarImageSearchResultView/?ctgItemCd=249876245987 HTTP/1.1" 404 1251 "https://blog.newkolkata.in/get/245987sejmitems.htm" "Mozilla/5.0 AppleWebKit/537.36 (KHTML, like Gecko; compatible; GPTBot/1.3; +https://openai.com/gptbot)"
74.7.243.248 - - [07/Feb/2026:10:55:56 -0500] "GET /ctg/search/similarImageSearchResultView/?ctgItemCd=161902158035 HTTP/1.1" 404 1251 "https://blog.newkolkata.in/getidm4/158035sejmitems" "Mozilla/5.0 AppleWebKit/537.36 (KHTML, like Gecko; compatible; GPTBot/1.3; +https://openai.com/gptbot)"
85.208.96.200 - - [07/Feb/2026:10:55:56 -0500] "GET /geti/98335pcywitems HTTP/1.1" 404 1251 "-" "Mozilla/5.0 (compatible; SemrushBot/7~bl; +http://www.semrush.com/bot.html)"
74.7.243.248 - - [07/Feb/2026:10:55:59 -0500] "GET /ctg/search/similarImageSearchResultView/?ctgItemCd=10102796845 HTTP/1.1" 404 1251 "https://blog.newkolkata.in/ite/96845zslytidm862830.html" "Mozilla/5.0 AppleWebKit/537.36 (KHTML, like Gecko; compatible; GPTBot/1.3; +https://openai.com/gptbot)"
74.7.243.248 - - [07/Feb/2026:10:56:02 -0500] "GET /ctg/search/similarImageSearchResultView/?ctgItemCd=268925264892 HTTP/1.1" 404 1251 "https://blog.newkolkata.in/getidm6425/264892sejmitems" "Mozilla/5.0 AppleWebKit/537.36 (KHTML, like Gecko; compatible; GPTBot/1.3; +https://openai.com/gptbot)"
74.7.243.248 - - [07/Feb/2026:10:56:05 -0500] "GET /ctg/search/similarImageSearchResultView/?ctgItemCd=186220182024 HTTP/1.1" 404 1251 "https://blog.newkolkata.in/getidm/182024tjvfitems.htm" "Mozilla/5.0 AppleWebKit/537.36 (KHTML, like Gecko; compatible; GPTBot/1.3; +https://openai.com/gptbot)"
74.7.243.248 - - [07/Feb/2026:10:56:08 -0500] "GET /ctg/search/similarImageSearchResultView/?ctgItemCd=184318179900 HTTP/1.1" 404 1251 "https://blog.newkolkata.in/items/179900tjvftidm702840.html" "Mozilla/5.0 AppleWebKit/537.36 (KHTML, like Gecko; compatible; GPTBot/1.3; +https://openai.com/gptbot)"
74.7.243.248 - - [07/Feb/2026:10:56:11 -0500] "GET /ctg/search/similarImageSearchResultView/?ctgItemCd=210414206550 HTTP/1.1" 404 1251 "https://blog.newkolkata.in/get/206550kairitems.htm" "Mozilla/5.0 AppleWebKit/537.36 (KHTML, like Gecko; compatible; GPTBot/1.3; +https://openai.com/gptbot)"
74.7.243.248 - - [07/Feb/2026:10:56:15 -0500] "GET /ctg/search/similarImageSearchResultView/?ctgItemCd=279396275108 HTTP/1.1" 404 1251 "https://blog.newkolkata.in/items/275108cejptidm4523.html" "Mozilla/5.0 AppleWebKit/537.36 (KHTML, like Gecko; compatible; GPTBot/1.3; +https://openai.com/gptbot)"
185.191.171.9 - - [07/Feb/2026:10:56:16 -0500] "GET /getidm9/9298kairitems HTTP/1.1" 404 1251 "-" "Mozilla/5.0 (compatible; SemrushBot/7~bl; +http://www.semrush.com/bot.html)"
74.7.243.248 - - [07/Feb/2026:10:56:18 -0500] "GET /ctg/search/similarImageSearchResultView/?ctgItemCd=130726127120 HTTP/1.1" 404 1251 "https://blog.newkolkata.in/geti/127120ulgpitems" "Mozilla/5.0 AppleWebKit/537.36 (KHTML, like Gecko; compatible; GPTBot/1.3; +https://openai.com/gptbot)"
74.7.243.248 - - [07/Feb/2026:10:56:21 -0500] "GET /ctg/search/similarImageSearchResultView/?ctgItemCd=133747129768 HTTP/1.1" 404 1251 "https://blog.newkolkata.in/geti/129768cejpitems.htm" "Mozilla/5.0 AppleWebKit/537.36 (KHTML, like Gecko; compatible; GPTBot/1.3; +https://openai.com/gptbot)"
85.208.96.206 - - [07/Feb/2026:10:56:24 -0500] "GET /getidm8/41458pcywitems HTTP/1.1" 404 1251 "-" "Mozilla/5.0 (compatible; SemrushBot/7~bl; +http://www.semrush.com/bot.html)"
74.7.243.248 - - [07/Feb/2026:10:56:24 -0500] "GET /ctg/search/similarImageSearchResultView/?ctgItemCd=236216231908 HTTP/1.1" 404 1251 "https://blog.newkolkata.in/item/231908tjvftidm244199.html" "Mozilla/5.0 AppleWebKit/537.36 (KHTML, like Gecko; compatible; GPTBot/1.3; +https://openai.com/gptbot)"
74.7.243.248 - - [07/Feb/2026:10:56:28 -0500] "GET /ctg/search/similarImageSearchResultView/?ctgItemCd=180561176950 HTTP/1.1" 404 1251 "https://blog.newkolkata.in/geti/176950ccoyitems" "Mozilla/5.0 AppleWebKit/537.36 (KHTML, like Gecko; compatible; GPTBot/1.3; +https://openai.com/gptbot)"
85.208.96.207 - - [07/Feb/2026:10:56:28 -0500] "GET /getid/134608kairitems HTTP/1.1" 404 1251 "-" "Mozilla/5.0 (compatible; SemrushBot/7~bl; +http://www.semrush.com/bot.html)"
74.7.243.248 - - [07/Feb/2026:10:56:31 -0500] "GET /ctg/search/similarImageSearchResultView/?ctgItemCd=220096215842 HTTP/1.1" 404 1251 "https://blog.newkolkata.in/item/215842ulgptidm34595.html" "Mozilla/5.0 AppleWebKit/537.36 (KHTML, like Gecko; compatible; GPTBot/1.3; +https://openai.com/gptbot)"
52.167.144.231 - - [07/Feb/2026:10:56:33 -0500] "GET /maker/4001/ HTTP/1.1" 404 1251 "-" "Mozilla/5.0 AppleWebKit/537.36 (KHTML, like Gecko; compatible; bingbot/2.0; +http://www.bing.com/bingbot.htm) Chrome/116.0.1938.76 Safari/537.36"
74.7.243.248 - - [07/Feb/2026:10:56:34 -0500] "GET /ctg/search/similarImageSearchResultView/?ctgItemCd=191500187195 HTTP/1.1" 404 1251 "https://blog.newkolkata.in/getidm10/187195ulgpitems.htm" "Mozilla/5.0 AppleWebKit/537.36 (KHTML, like Gecko; compatible; GPTBot/1.3; +https://openai.com/gptbot)"
74.7.243.248 - - [07/Feb/2026:10:56:37 -0500] "GET /ctg/search/similarImageSearchResultView/?ctgItemCd=275002271034 HTTP/1.1" 404 1251 "https://blog.newkolkata.in/geti/271034kairitems.htm" "Mozilla/5.0 AppleWebKit/537.36 (KHTML, like Gecko; compatible; GPTBot/1.3; +https://openai.com/gptbot)"
74.7.243.248 - - [07/Feb/2026:10:56:40 -0500] "GET /ctg/search/similarImageSearchResultView/?ctgItemCd=195681191697 HTTP/1.1" 404 1251 "https://blog.newkolkata.in/geti/191697kairitems.htm" "Mozilla/5.0 AppleWebKit/537.36 (KHTML, like Gecko; compatible; GPTBot/1.3; +https://openai.com/gptbot)"
74.7.243.248 - - [07/Feb/2026:10:56:43 -0500] "GET /ctg/search/similarImageSearchResultView/?ctgItemCd=195794192001 HTTP/1.1" 404 1251 "https://blog.newkolkata.in/getidm/192001cejpitems" "Mozilla/5.0 AppleWebKit/537.36 (KHTML, like Gecko; compatible; GPTBot/1.3; +https://openai.com/gptbot)"
74.7.243.248 - - [07/Feb/2026:10:56:46 -0500] "GET /ctg/search/similarImageSearchResultView/?ctgItemCd=193439189514 HTTP/1.1" 404 1251 "https://blog.newkolkata.in/getidm26/189514sejmitems" "Mozilla/5.0 AppleWebKit/537.36 (KHTML, like Gecko; compatible; GPTBot/1.3; +https://openai.com/gptbot)"
74.7.243.248 - - [07/Feb/2026:10:56:49 -0500] "GET /ctg/search/similarImageSearchResultView/?ctgItemCd=261415257130 HTTP/1.1" 404 1251 "https://blog.newkolkata.in/getidm83/257130jahtitems.htm" "Mozilla/5.0 AppleWebKit/537.36 (KHTML, like Gecko; compatible; GPTBot/1.3; +https://openai.com/gptbot)"
74.7.243.248 - - [07/Feb/2026:10:56:52 -0500] "GET /ctg/search/similarImageSearchResultView/?ctgItemCd=297890293746 HTTP/1.1" 404 1251 "https://blog.newkolkata.in/ite/293746tjvftidm25061.html" "Mozilla/5.0 AppleWebKit/537.36 (KHTML, like Gecko; compatible; GPTBot/1.3; +https://openai.com/gptbot)"
74.7.243.248 - - [07/Feb/2026:10:56:55 -0500] "GET /ctg/search/similarImageSearchResultView/?ctgItemCd=143701139354 HTTP/1.1" 404 1251 "https://blog.newkolkata.in/items/139354cejptidm42179.html" "Mozilla/5.0 AppleWebKit/537.36 (KHTML, like Gecko; compatible; GPTBot/1.3; +https://openai.com/gptbot)"
74.7.243.248 - - [07/Feb/2026:10:56:58 -0500] "GET /ctg/search/similarImageSearchResultView/?ctgItemCd=186385182484 HTTP/1.1" 404 1251 "https://blog.newkolkata.in/get/182484pcywitems.htm" "Mozilla/5.0 AppleWebKit/537.36 (KHTML, like Gecko; compatible; GPTBot/1.3; +https://openai.com/gptbot)"
74.7.243.248 - - [07/Feb/2026:10:57:02 -0500] "GET /ctg/search/similarImageSearchResultView/?ctgItemCd=264747261050 HTTP/1.1" 404 1251 "https://blog.newkolkata.in/getid/261050ccoyitems" "Mozilla/5.0 AppleWebKit/537.36 (KHTML, like Gecko; compatible; GPTBot/1.3; +https://openai.com/gptbot)"
74.7.243.248 - - [07/Feb/2026:10:57:05 -0500] "GET /ctg/search/similarImageSearchResultView/?ctgItemCd=247656244141 HTTP/1.1" 404 1251 "https://blog.newkolkata.in/get/244141pcywitems" "Mozilla/5.0 AppleWebKit/537.36 (KHTML, like Gecko; compatible; GPTBot/1.3; +https://openai.com/gptbot)"
74.7.243.248 - - [07/Feb/2026:10:57:08 -0500] "GET /ctg/search/similarImageSearchResultView/?ctgItemCd=209408205188 HTTP/1.1" 404 1251 "https://blog.newkolkata.in/getidm/205188mvrvitems.htm" "Mozilla/5.0 AppleWebKit/537.36 (KHTML, like Gecko; compatible; GPTBot/1.3; +https://openai.com/gptbot)"
74.7.243.248 - - [07/Feb/2026:10:57:11 -0500] "GET /ctg/search/similarImageSearchResultView/?ctgItemCd=137481133463 HTTP/1.1" 404 1251 "https://blog.newkolkata.in/items/133463zslytid.html" "Mozilla/5.0 AppleWebKit/537.36 (KHTML, like Gecko; compatible; GPTBot/1.3; +https://openai.com/gptbot)"
74.7.243.248 - - [07/Feb/2026:10:57:14 -0500] "GET /ctg/search/similarImageSearchResultView/?ctgItemCd=209958206437 HTTP/1.1" 404 1251 "https://blog.newkolkata.in/get/206437pcywitems" "Mozilla/5.0 AppleWebKit/537.36 (KHTML, like Gecko; compatible; GPTBot/1.3; +https://openai.com/gptbot)"
185.191.171.16 - - [07/Feb/2026:10:57:14 -0500] "GET /geti/40509kairitems.htm HTTP/1.1" 404 1251 "-" "Mozilla/5.0 (compatible; SemrushBot/7~bl; +http://www.semrush.com/bot.html)"
85.208.96.197 - - [07/Feb/2026:10:57:16 -0500] "GET /geti/49434zslyitems.htm HTTP/1.1" 404 1251 "-" "Mozilla/5.0 (compatible; SemrushBot/7~bl; +http://www.semrush.com/bot.html)"
74.7.243.248 - - [07/Feb/2026:10:57:17 -0500] "GET /ctg/search/similarImageSearchResultView/?ctgItemCd=131258127200 HTTP/1.1" 404 1251 "https://blog.newkolkata.in/getid/127200cejpitems.htm" "Mozilla/5.0 AppleWebKit/537.36 (KHTML, like Gecko; compatible; GPTBot/1.3; +https://openai.com/gptbot)"
185.191.171.13 - - [07/Feb/2026:10:57:18 -0500] "GET /get/8427zslyitems.htm HTTP/1.1" 404 1251 "-" "Mozilla/5.0 (compatible; SemrushBot/7~bl; +http://www.semrush.com/bot.html)"
74.7.243.248 - - [07/Feb/2026:10:57:20 -0500] "GET /ctg/search/similarImageSearchResultView/?ctgItemCd=128635124665 HTTP/1.1" 404 1251 "https://blog.newkolkata.in/geti/124665cejpitems.htm" "Mozilla/5.0 AppleWebKit/537.36 (KHTML, like Gecko; compatible; GPTBot/1.3; +https://openai.com/gptbot)"
74.7.243.248 - - [07/Feb/2026:10:57:23 -0500] "GET /ctg/search/similarImageSearchResultView/?ctgItemCd=246878243025 HTTP/1.1" 404 1251 "https://blog.newkolkata.in/getidm9/243025cejpitems" "Mozilla/5.0 AppleWebKit/537.36 (KHTML, like Gecko; compatible; GPTBot/1.3; +https://openai.com/gptbot)"
74.7.243.248 - - [07/Feb/2026:10:57:27 -0500] "GET /ctg/search/similarImageSearchResultView/?ctgItemCd=10283098741 HTTP/1.1" 404 1251 "https://blog.newkolkata.in/ite/98741sejmtidm54407.html" "Mozilla/5.0 AppleWebKit/537.36 (KHTML, like Gecko; compatible; GPTBot/1.3; +https://openai.com/gptbot)"
85.208.96.208 - - [07/Feb/2026:10:57:27 -0500] "GET /getid/74080tjvfitems HTTP/1.1" 404 1251 "-" "Mozilla/5.0 (compatible; SemrushBot/7~bl; +http://www.semrush.com/bot.html)"
74.7.243.248 - - [07/Feb/2026:10:57:30 -0500] "GET /ctg/search/similarImageSearchResultView/?ctgItemCd=239835235775 HTTP/1.1" 404 1251 "https://blog.newkolkata.in/getidm3087/235775mvrvitems" "Mozilla/5.0 AppleWebKit/537.36 (KHTML, like Gecko; compatible; GPTBot/1.3; +https://openai.com/gptbot)"
74.7.243.248 - - [07/Feb/2026:10:57:33 -0500] "GET /ctg/search/similarImageSearchResultView/?ctgItemCd=279698276103 HTTP/1.1" 404 1251 "https://blog.newkolkata.in/geti/276103kairitems" "Mozilla/5.0 AppleWebKit/537.36 (KHTML, like Gecko; compatible; GPTBot/1.3; +https://openai.com/gptbot)"
74.7.243.248 - - [07/Feb/2026:10:57:36 -0500] "GET /ctg/search/similarImageSearchResultView/?ctgItemCd=156650153041 HTTP/1.1" 404 1251 "https://blog.newkolkata.in/geti/153041tjvfitems" "Mozilla/5.0 AppleWebKit/537.36 (KHTML, like Gecko; compatible; GPTBot/1.3; +https://openai.com/gptbot)"
185.191.171.17 - - [07/Feb/2026:10:57:37 -0500] "GET /getidm/133705tjvfitems HTTP/1.1" 404 1251 "-" "Mozilla/5.0 (compatible; SemrushBot/7~bl; +http://www.semrush.com/bot.html)"
74.7.243.248 - - [07/Feb/2026:10:57:39 -0500] "GET /ctg/search/similarImageSearchResultView/?ctgItemCd=163408159542 HTTP/1.1" 404 1251 "https://blog.newkolkata.in/ite/159542kairtidm.html" "Mozilla/5.0 AppleWebKit/537.36 (KHTML, like Gecko; compatible; GPTBot/1.3; +https://openai.com/gptbot)"
74.7.243.248 - - [07/Feb/2026:10:57:42 -0500] "GET /ctg/search/similarImageSearchResultView/?ctgItemCd=182250178237 HTTP/1.1" 404 1251 "https://blog.newkolkata.in/item/178237mvrvtidm.html" "Mozilla/5.0 AppleWebKit/537.36 (KHTML, like Gecko; compatible; GPTBot/1.3; +https://openai.com/gptbot)"
74.7.243.248 - - [07/Feb/2026:10:57:45 -0500] "GET /ctg/search/similarImageSearchResultView/?ctgItemCd=301251296906 HTTP/1.1" 404 1251 "https://blog.newkolkata.in/items/296906pcywtidm9929.html" "Mozilla/5.0 AppleWebKit/537.36 (KHTML, like Gecko; compatible; GPTBot/1.3; +https://openai.com/gptbot)"
185.191.171.11 - - [07/Feb/2026:10:57:48 -0500] "GET /geti/81943ulgpitems HTTP/1.1" 404 1251 "-" "Mozilla/5.0 (compatible; SemrushBot/7~bl; +http://www.semrush.com/bot.html)"
74.7.243.248 - - [07/Feb/2026:10:57:48 -0500] "GET /ctg/search/similarImageSearchResultView/?ctgItemCd=113069108745 HTTP/1.1" 404 1251 "https://blog.newkolkata.in/items/108745pcywtidm1374.html" "Mozilla/5.0 AppleWebKit/537.36 (KHTML, like Gecko; compatible; GPTBot/1.3; +https://openai.com/gptbot)"
85.208.96.200 - - [07/Feb/2026:10:57:49 -0500] "GET /ite/14240zslytidm2.html HTTP/1.1" 404 1251 "-" "Mozilla/5.0 (compatible; SemrushBot/7~bl; +http://www.semrush.com/bot.html)"
74.7.243.248 - - [07/Feb/2026:10:57:51 -0500] "GET /ctg/search/similarImageSearchResultView/?ctgItemCd=108047103749 HTTP/1.1" 404 1251 "https://blog.newkolkata.in/items/103749kairtidm5427.html" "Mozilla/5.0 AppleWebKit/537.36 (KHTML, like Gecko; compatible; GPTBot/1.3; +https://openai.com/gptbot)"
207.46.13.54 - - [07/Feb/2026:10:57:52 -0500] "GET /products.php?shop/uvula/mandarah92434263980.html HTTP/1.1" 404 1251 "-" "Mozilla/5.0 AppleWebKit/537.36 (KHTML, like Gecko; compatible; bingbot/2.0; +http://www.bing.com/bingbot.htm) Chrome/116.0.1938.76 Safari/537.36"
74.7.243.248 - - [07/Feb/2026:10:57:55 -0500] "GET /ctg/search/similarImageSearchResultView/?ctgItemCd=254507250681 HTTP/1.1" 404 1251 "https://blog.newkolkata.in/getidm/250681tjvfitems" "Mozilla/5.0 AppleWebKit/537.36 (KHTML, like Gecko; compatible; GPTBot/1.3; +https://openai.com/gptbot)"
185.191.171.13 - - [07/Feb/2026:10:57:55 -0500] "GET /get/131046ulgpitems.htm HTTP/1.1" 404 1251 "-" "Mozilla/5.0 (compatible; SemrushBot/7~bl; +http://www.semrush.com/bot.html)"
74.7.243.248 - - [07/Feb/2026:10:57:58 -0500] "GET /ctg/search/similarImageSearchResultView/?ctgItemCd=275845271653 HTTP/1.1" 404 1251 "https://blog.newkolkata.in/getidm/271653sejmitems.htm" "Mozilla/5.0 AppleWebKit/537.36 (KHTML, like Gecko; compatible; GPTBot/1.3; +https://openai.com/gptbot)"
74.7.243.248 - - [07/Feb/2026:10:58:01 -0500] "GET /ctg/search/similarImageSearchResultView/?ctgItemCd=240427236081 HTTP/1.1" 404 1251 "https://blog.newkolkata.in/getidm690/236081ccoyitems.htm" "Mozilla/5.0 AppleWebKit/537.36 (KHTML, like Gecko; compatible; GPTBot/1.3; +https://openai.com/gptbot)"
40.77.167.28 - - [07/Feb/2026:10:58:02 -0500] "GET /ite/251712tjvftid.html HTTP/1.1" 404 1251 "-" "Mozilla/5.0 AppleWebKit/537.36 (KHTML, like Gecko; compatible; bingbot/2.0; +http://www.bing.com/bingbot.htm) Chrome/116.0.1938.76 Safari/537.36"
74.7.243.248 - - [07/Feb/2026:10:58:04 -0500] "GET /ctg/search/similarImageSearchResultView/?ctgItemCd=263524259894 HTTP/1.1" 404 1251 "https://blog.newkolkata.in/geti/259894ulgpitems" "Mozilla/5.0 AppleWebKit/537.36 (KHTML, like Gecko; compatible; GPTBot/1.3; +https://openai.com/gptbot)"
74.7.243.248 - - [07/Feb/2026:10:58:07 -0500] "GET /ctg/search/similarImageSearchResultView/?ctgItemCd=152362147995 HTTP/1.1" 404 1251 "https://blog.newkolkata.in/items/147995tjvftidm10251.html" "Mozilla/5.0 AppleWebKit/537.36 (KHTML, like Gecko; compatible; GPTBot/1.3; +https://openai.com/gptbot)"
74.7.243.248 - - [07/Feb/2026:10:58:10 -0500] "GET /ctg/search/similarImageSearchResultView/?ctgItemCd=241454237039 HTTP/1.1" 404 1251 "https://blog.newkolkata.in/items/237039sejmtidm771286.html" "Mozilla/5.0 AppleWebKit/537.36 (KHTML, like Gecko; compatible; GPTBot/1.3; +https://openai.com/gptbot)"
74.7.243.248 - - [07/Feb/2026:10:58:13 -0500] "GET /ctg/search/similarImageSearchResultView/?ctgItemCd=10247398631 HTTP/1.1" 404 1251 "https://blog.newkolkata.in/get/98631ulgpitems.htm" "Mozilla/5.0 AppleWebKit/537.36 (KHTML, like Gecko; compatible; GPTBot/1.3; +https://openai.com/gptbot)"
74.7.243.248 - - [07/Feb/2026:10:58:17 -0500] "GET /ctg/search/similarImageSearchResultView/?ctgItemCd=279375275151 HTTP/1.1" 404 1251 "https://blog.newkolkata.in/getidm/275151zslyitems.htm" "Mozilla/5.0 AppleWebKit/537.36 (KHTML, like Gecko; compatible; GPTBot/1.3; +https://openai.com/gptbot)"
74.7.243.248 - - [07/Feb/2026:10:58:20 -0500] "GET /ctg/search/similarImageSearchResultView/?ctgItemCd=197880193803 HTTP/1.1" 404 1251 "https://blog.newkolkata.in/item/193803jahttidm80.html" "Mozilla/5.0 AppleWebKit/537.36 (KHTML, like Gecko; compatible; GPTBot/1.3; +https://openai.com/gptbot)"
74.7.243.248 - - [07/Feb/2026:10:58:23 -0500] "GET /ctg/search/similarImageSearchResultView/?ctgItemCd=220165215930 HTTP/1.1" 404 1251 "https://blog.newkolkata.in/items/215930zslytidm48.html" "Mozilla/5.0 AppleWebKit/537.36 (KHTML, like Gecko; compatible; GPTBot/1.3; +https://openai.com/gptbot)"
74.7.243.248 - - [07/Feb/2026:10:58:26 -0500] "GET /ctg/search/similarImageSearchResultView/?ctgItemCd=236844232968 HTTP/1.1" 404 1251 "https://blog.newkolkata.in/get/232968kairitems.htm" "Mozilla/5.0 AppleWebKit/537.36 (KHTML, like Gecko; compatible; GPTBot/1.3; +https://openai.com/gptbot)"
74.7.243.248 - - [07/Feb/2026:10:58:29 -0500] "GET /ctg/search/similarImageSearchResultView/?ctgItemCd=116984112721 HTTP/1.1" 404 1251 "https://blog.newkolkata.in/items/112721tjvftidm697.html" "Mozilla/5.0 AppleWebKit/537.36 (KHTML, like Gecko; compatible; GPTBot/1.3; +https://openai.com/gptbot)"
74.7.243.248 - - [07/Feb/2026:10:58:33 -0500] "GET /ctg/search/similarImageSearchResultView/?ctgItemCd=213057209190 HTTP/1.1" 404 1251 "https://blog.newkolkata.in/get/209190kairitems.htm" "Mozilla/5.0 AppleWebKit/537.36 (KHTML, like Gecko; compatible; GPTBot/1.3; +https://openai.com/gptbot)"
185.191.171.13 - - [07/Feb/2026:10:58:33 -0500] "GET /get/269772cejpitems.htm HTTP/1.1" 404 1251 "-" "Mozilla/5.0 (compatible; SemrushBot/7~bl; +http://www.semrush.com/bot.html)"
74.7.243.248 - - [07/Feb/2026:10:58:36 -0500] "GET /ctg/search/similarImageSearchResultView/?ctgItemCd=183132179048 HTTP/1.1" 404 1251 "https://blog.newkolkata.in/item/179048kairtidm82.html" "Mozilla/5.0 AppleWebKit/537.36 (KHTML, like Gecko; compatible; GPTBot/1.3; +https://openai.com/gptbot)"
85.208.96.202 - - [07/Feb/2026:10:58:38 -0500] "GET /get/81465sejmitems.htm HTTP/1.1" 404 1251 "-" "Mozilla/5.0 (compatible; SemrushBot/7~bl; +http://www.semrush.com/bot.html)"
74.7.243.248 - - [07/Feb/2026:10:58:39 -0500] "GET /ctg/search/similarImageSearchResultView/?ctgItemCd=232805229309 HTTP/1.1" 404 1251 "https://blog.newkolkata.in/get/229309jahtitems" "Mozilla/5.0 AppleWebKit/537.36 (KHTML, like Gecko; compatible; GPTBot/1.3; +https://openai.com/gptbot)"
74.7.243.248 - - [07/Feb/2026:10:58:42 -0500] "GET /ctg/search/similarImageSearchResultView/?ctgItemCd=250959246767 HTTP/1.1" 404 1251 "https://blog.newkolkata.in/getidm/246767jahtitems.htm" "Mozilla/5.0 AppleWebKit/537.36 (KHTML, like Gecko; compatible; GPTBot/1.3; +https://openai.com/gptbot)"
74.7.243.248 - - [07/Feb/2026:10:58:45 -0500] "GET /ctg/search/similarImageSearchResultView/?ctgItemCd=266588263096 HTTP/1.1" 404 1251 "https://blog.newkolkata.in/get/263096cejpitems" "Mozilla/5.0 AppleWebKit/537.36 (KHTML, like Gecko; compatible; GPTBot/1.3; +https://openai.com/gptbot)"
74.7.243.248 - - [07/Feb/2026:10:58:49 -0500] "GET /ctg/search/similarImageSearchResultView/?ctgItemCd=126088121716 HTTP/1.1" 404 1251 "https://blog.newkolkata.in/getidm464/121716mvrvitems.htm" "Mozilla/5.0 AppleWebKit/537.36 (KHTML, like Gecko; compatible; GPTBot/1.3; +https://openai.com/gptbot)"
74.7.243.248 - - [07/Feb/2026:10:58:52 -0500] "GET /ctg/search/similarImageSearchResultView/?ctgItemCd=189016184922 HTTP/1.1" 404 1251 "https://blog.newkolkata.in/ite/184922ulgptidm4609.html" "Mozilla/5.0 AppleWebKit/537.36 (KHTML, like Gecko; compatible; GPTBot/1.3; +https://openai.com/gptbot)"
74.7.243.248 - - [07/Feb/2026:10:58:55 -0500] "GET /ctg/search/similarImageSearchResultView/?ctgItemCd=10364599798 HTTP/1.1" 404 1251 "https://blog.newkolkata.in/get/99798ccoyitems.htm" "Mozilla/5.0 AppleWebKit/537.36 (KHTML, like Gecko; compatible; GPTBot/1.3; +https://openai.com/gptbot)"
185.191.171.4 - - [07/Feb/2026:10:58:56 -0500] "GET /get/181152ccoyitems.htm HTTP/1.1" 404 1251 "-" "Mozilla/5.0 (compatible; SemrushBot/7~bl; +http://www.semrush.com/bot.html)"
74.7.243.248 - - [07/Feb/2026:10:58:58 -0500] "GET /ctg/search/similarImageSearchResultView/?ctgItemCd=254197249905 HTTP/1.1" 404 1251 "https://blog.newkolkata.in/items/249905mvrvtidm379.html" "Mozilla/5.0 AppleWebKit/537.36 (KHTML, like Gecko; compatible; GPTBot/1.3; +https://openai.com/gptbot)"
74.7.243.248 - - [07/Feb/2026:10:59:01 -0500] "GET /ctg/search/similarImageSearchResultView/?ctgItemCd=104876100569 HTTP/1.1" 404 1251 "https://blog.newkolkata.in/getidm20/100569pcywitems.htm" "Mozilla/5.0 AppleWebKit/537.36 (KHTML, like Gecko; compatible; GPTBot/1.3; +https://openai.com/gptbot)"
74.7.243.248 - - [07/Feb/2026:10:59:04 -0500] "GET /ctg/search/similarImageSearchResultView/?ctgItemCd=267274262899 HTTP/1.1" 404 1251 "https://blog.newkolkata.in/getidm963/262899ulgpitems.htm" "Mozilla/5.0 AppleWebKit/537.36 (KHTML, like Gecko; compatible; GPTBot/1.3; +https://openai.com/gptbot)"
207.46.13.54 - - [07/Feb/2026:10:59:04 -0500] "GET /items/161105ccoytidm9209.html HTTP/1.1" 404 1251 "-" "Mozilla/5.0 AppleWebKit/537.36 (KHTML, like Gecko; compatible; bingbot/2.0; +http://www.bing.com/bingbot.htm) Chrome/116.0.1938.76 Safari/537.36"
74.7.243.248 - - [07/Feb/2026:10:59:07 -0500] "GET /ctg/search/similarImageSearchResultView/?ctgItemCd=243421239430 HTTP/1.1" 404 1251 "https://blog.newkolkata.in/geti/239430tjvfitems.htm" "Mozilla/5.0 AppleWebKit/537.36 (KHTML, like Gecko; compatible; GPTBot/1.3; +https://openai.com/gptbot)"
74.7.243.248 - - [07/Feb/2026:10:59:10 -0500] "GET /ctg/search/similarImageSearchResultView/?ctgItemCd=257521253540 HTTP/1.1" 404 1251 "https://blog.newkolkata.in/items/253540ccoytid.html" "Mozilla/5.0 AppleWebKit/537.36 (KHTML, like Gecko; compatible; GPTBot/1.3; +https://openai.com/gptbot)"
74.7.243.248 - - [07/Feb/2026:10:59:13 -0500] "GET /ctg/search/similarImageSearchResultView/?ctgItemCd=201176197100 HTTP/1.1" 404 1251 "https://blog.newkolkata.in/getid/197100ccoyitems.htm" "Mozilla/5.0 AppleWebKit/537.36 (KHTML, like Gecko; compatible; GPTBot/1.3; +https://openai.com/gptbot)"
74.7.243.248 - - [07/Feb/2026:10:59:16 -0500] "GET /ctg/search/similarImageSearchResultView/?ctgItemCd=273387269195 HTTP/1.1" 404 1251 "https://blog.newkolkata.in/getidm/269195jahtitems.htm" "Mozilla/5.0 AppleWebKit/537.36 (KHTML, like Gecko; compatible; GPTBot/1.3; +https://openai.com/gptbot)"
185.191.171.13 - - [07/Feb/2026:10:59:16 -0500] "GET /getidm81/69211ccoyitems HTTP/1.1" 404 1251 "-" "Mozilla/5.0 (compatible; SemrushBot/7~bl; +http://www.semrush.com/bot.html)"
74.7.243.248 - - [07/Feb/2026:10:59:19 -0500] "GET /ctg/search/similarImageSearchResultView/?ctgItemCd=107782103915 HTTP/1.1" 404 1251 "https://blog.newkolkata.in/getidm7/103915sejmitems" "Mozilla/5.0 AppleWebKit/537.36 (KHTML, like Gecko; compatible; GPTBot/1.3; +https://openai.com/gptbot)"
74.7.243.248 - - [07/Feb/2026:10:59:22 -0500] "GET /ctg/search/similarImageSearchResultView/?ctgItemCd=120075116185 HTTP/1.1" 404 1251 "https://blog.newkolkata.in/getidm7/116185pcywitems" "Mozilla/5.0 AppleWebKit/537.36 (KHTML, like Gecko; compatible; GPTBot/1.3; +https://openai.com/gptbot)"
74.7.243.248 - - [07/Feb/2026:10:59:26 -0500] "GET /ctg/search/similarImageSearchResultView/?ctgItemCd=10215598328 HTTP/1.1" 404 1251 "https://blog.newkolkata.in/getidm5/98328ccoyitems" "Mozilla/5.0 AppleWebKit/537.36 (KHTML, like Gecko; compatible; GPTBot/1.3; +https://openai.com/gptbot)"
74.7.243.248 - - [07/Feb/2026:10:59:29 -0500] "GET /ctg/search/similarImageSearchResultView/?ctgItemCd=203136199306 HTTP/1.1" 404 1251 "https://blog.newkolkata.in/getidm/199306ulgpitems" "Mozilla/5.0 AppleWebKit/537.36 (KHTML, like Gecko; compatible; GPTBot/1.3; +https://openai.com/gptbot)"
74.7.243.248 - - [07/Feb/2026:10:59:32 -0500] "GET /ctg/search/similarImageSearchResultView/?ctgItemCd=10293698705 HTTP/1.1" 404 1251 "https://blog.newkolkata.in/items/98705ulgptidm799.html" "Mozilla/5.0 AppleWebKit/537.36 (KHTML, like Gecko; compatible; GPTBot/1.3; +https://openai.com/gptbot)"
74.7.243.248 - - [07/Feb/2026:10:59:35 -0500] "GET /ctg/search/similarImageSearchResultView/?ctgItemCd=164473160236 HTTP/1.1" 404 1251 "https://blog.newkolkata.in/getidm3/160236sejmitems.htm" "Mozilla/5.0 AppleWebKit/537.36 (KHTML, like Gecko; compatible; GPTBot/1.3; +https://openai.com/gptbot)"
74.7.243.248 - - [07/Feb/2026:10:59:39 -0500] "GET /ctg/search/similarImageSearchResultView/?ctgItemCd=322131317897 HTTP/1.1" 404 1251 "https://blog.newkolkata.in/items/317897pcywtidm92.html" "Mozilla/5.0 AppleWebKit/537.36 (KHTML, like Gecko; compatible; GPTBot/1.3; +https://openai.com/gptbot)"
185.191.171.18 - - [07/Feb/2026:10:59:41 -0500] "GET /get/255597jahtitems.htm HTTP/1.1" 404 1251 "-" "Mozilla/5.0 (compatible; SemrushBot/7~bl; +http://www.semrush.com/bot.html)"
74.7.243.248 - - [07/Feb/2026:10:59:42 -0500] "GET /ctg/search/similarImageSearchResultView/?ctgItemCd=310511306624 HTTP/1.1" 404 1251 "https://blog.newkolkata.in/getidm5/306624pcywitems" "Mozilla/5.0 AppleWebKit/537.36 (KHTML, like Gecko; compatible; GPTBot/1.3; +https://openai.com/gptbot)"
85.208.96.208 - - [07/Feb/2026:10:59:43 -0500] "GET /item/166406pcywtid.html HTTP/1.1" 404 1251 "-" "Mozilla/5.0 (compatible; SemrushBot/7~bl; +http://www.semrush.com/bot.html)"
85.208.96.201 - - [07/Feb/2026:10:59:44 -0500] "GET /getidm4/7306ulgpitems HTTP/1.1" 404 1251 "-" "Mozilla/5.0 (compatible; SemrushBot/7~bl; +http://www.semrush.com/bot.html)"
74.7.243.248 - - [07/Feb/2026:10:59:45 -0500] "GET /ctg/search/similarImageSearchResultView/?ctgItemCd=248917245210 HTTP/1.1" 404 1251 "https://blog.newkolkata.in/getid/245210ulgpitems" "Mozilla/5.0 AppleWebKit/537.36 (KHTML, like Gecko; compatible; GPTBot/1.3; +https://openai.com/gptbot)"
74.7.243.248 - - [07/Feb/2026:10:59:48 -0500] "GET /ctg/search/similarImageSearchResultView/?ctgItemCd=120572116426 HTTP/1.1" 404 1251 "https://blog.newkolkata.in/item/116426ulgptidm529.html" "Mozilla/5.0 AppleWebKit/537.36 (KHTML, like Gecko; compatible; GPTBot/1.3; +https://openai.com/gptbot)"
74.7.243.248 - - [07/Feb/2026:10:59:51 -0500] "GET /ctg/search/similarImageSearchResultView/?ctgItemCd=221166216783 HTTP/1.1" 404 1251 "https://blog.newkolkata.in/getidm682/216783mvrvitems.htm" "Mozilla/5.0 AppleWebKit/537.36 (KHTML, like Gecko; compatible; GPTBot/1.3; +https://openai.com/gptbot)"
74.7.243.248 - - [07/Feb/2026:10:59:55 -0500] "GET /ctg/search/similarImageSearchResultView/?ctgItemCd=10099296731 HTTP/1.1" 404 1251 "https://blog.newkolkata.in/getidm64/96731ulgpitems.htm" "Mozilla/5.0 AppleWebKit/537.36 (KHTML, like Gecko; compatible; GPTBot/1.3; +https://openai.com/gptbot)"
85.208.96.210 - - [07/Feb/2026:10:59:56 -0500] "GET /get/183378pcywitems.htm HTTP/1.1" 404 1251 "-" "Mozilla/5.0 (compatible; SemrushBot/7~bl; +http://www.semrush.com/bot.html)"
74.7.243.248 - - [07/Feb/2026:10:59:58 -0500] "GET /ctg/search/similarImageSearchResultView/?ctgItemCd=160709157097 HTTP/1.1" 404 1251 "https://blog.newkolkata.in/geti/157097ccoyitems" "Mozilla/5.0 AppleWebKit/537.36 (KHTML, like Gecko; compatible; GPTBot/1.3; +https://openai.com/gptbot)"
85.208.96.198 - - [07/Feb/2026:10:59:58 -0500] "GET /getidm86/62251zslyitems HTTP/1.1" 404 1251 "-" "Mozilla/5.0 (compatible; SemrushBot/7~bl; +http://www.semrush.com/bot.html)"
74.7.243.248 - - [07/Feb/2026:11:00:01 -0500] "GET /ctg/search/similarImageSearchResultView/?ctgItemCd=123395119419 HTTP/1.1" 404 1251 "https://blog.newkolkata.in/getidm582/119419ccoyitems" "Mozilla/5.0 AppleWebKit/537.36 (KHTML, like Gecko; compatible; GPTBot/1.3; +https://openai.com/gptbot)"
66.249.66.45 - - [07/Feb/2026:11:00:03 -0500] "GET /products.php?shop/incubative/fumer75132196869.html HTTP/1.1" 404 1251 "-" "Mozilla/5.0 (Linux; Android 6.0.1; Nexus 5X Build/MMB29P) AppleWebKit/537.36 (KHTML, like Gecko) Chrome/144.0.7559.132 Mobile Safari/537.36 (compatible; Googlebot/2.1; +http://www.google.com/bot.html)"
74.7.243.248 - - [07/Feb/2026:11:00:04 -0500] "GET /ctg/search/similarImageSearchResultView/?ctgItemCd=135008130932 HTTP/1.1" 404 1251 "https://blog.newkolkata.in/getid/130932ccoyitems.htm" "Mozilla/5.0 AppleWebKit/537.36 (KHTML, like Gecko; compatible; GPTBot/1.3; +https://openai.com/gptbot)"
74.7.243.248 - - [07/Feb/2026:11:00:08 -0500] "GET /ctg/search/similarImageSearchResultView/?ctgItemCd=153496149983 HTTP/1.1" 404 1251 "https://blog.newkolkata.in/get/149983sejmitems" "Mozilla/5.0 AppleWebKit/537.36 (KHTML, like Gecko; compatible; GPTBot/1.3; +https://openai.com/gptbot)"
74.7.243.248 - - [07/Feb/2026:11:00:11 -0500] "GET /ctg/search/similarImageSearchResultView/?ctgItemCd=245945242104 HTTP/1.1" 404 1251 "https://blog.newkolkata.in/getidm/242104zslyitems" "Mozilla/5.0 AppleWebKit/537.36 (KHTML, like Gecko; compatible; GPTBot/1.3; +https://openai.com/gptbot)"
74.7.243.248 - - [07/Feb/2026:11:00:14 -0500] "GET /ctg/search/similarImageSearchResultView/?ctgItemCd=125985121749 HTTP/1.1" 404 1251 "https://blog.newkolkata.in/getidm4/121749kairitems.htm" "Mozilla/5.0 AppleWebKit/537.36 (KHTML, like Gecko; compatible; GPTBot/1.3; +https://openai.com/gptbot)"
74.7.243.248 - - [07/Feb/2026:11:00:17 -0500] "GET /ctg/search/similarImageSearchResultView/?ctgItemCd=209182205234 HTTP/1.1" 404 1251 "https://blog.newkolkata.in/getidm69/205234mvrvitems" "Mozilla/5.0 AppleWebKit/537.36 (KHTML, like Gecko; compatible; GPTBot/1.3; +https://openai.com/gptbot)"
74.7.243.248 - - [07/Feb/2026:11:00:20 -0500] "GET /ctg/search/similarImageSearchResultView/?ctgItemCd=249526245340 HTTP/1.1" 404 1251 "https://blog.newkolkata.in/getidm/245340sejmitems.htm" "Mozilla/5.0 AppleWebKit/537.36 (KHTML, like Gecko; compatible; GPTBot/1.3; +https://openai.com/gptbot)"
185.191.171.6 - - [07/Feb/2026:11:00:20 -0500] "GET /geti/58375sejmitems HTTP/1.1" 404 1251 "-" "Mozilla/5.0 (compatible; SemrushBot/7~bl; +http://www.semrush.com/bot.html)"
74.7.243.248 - - [07/Feb/2026:11:00:23 -0500] "GET /ctg/search/similarImageSearchResultView/?ctgItemCd=290456286846 HTTP/1.1" 404 1251 "https://blog.newkolkata.in/geti/286846kairitems" "Mozilla/5.0 AppleWebKit/537.36 (KHTML, like Gecko; compatible; GPTBot/1.3; +https://openai.com/gptbot)"
74.7.243.248 - - [07/Feb/2026:11:00:26 -0500] "GET /ctg/search/similarImageSearchResultView/?ctgItemCd=268445264371 HTTP/1.1" 404 1251 "https://blog.newkolkata.in/getid/264371jahtitems.htm" "Mozilla/5.0 AppleWebKit/537.36 (KHTML, like Gecko; compatible; GPTBot/1.3; +https://openai.com/gptbot)"
74.7.243.248 - - [07/Feb/2026:11:00:29 -0500] "GET /ctg/search/similarImageSearchResultView/?ctgItemCd=235044231536 HTTP/1.1" 404 1251 "https://blog.newkolkata.in/get/231536ulgpitems" "Mozilla/5.0 AppleWebKit/537.36 (KHTML, like Gecko; compatible; GPTBot/1.3; +https://openai.com/gptbot)"
185.191.171.19 - - [07/Feb/2026:11:00:31 -0500] "GET /getid/110368sejmitems HTTP/1.1" 404 1251 "-" "Mozilla/5.0 (compatible; SemrushBot/7~bl; +http://www.semrush.com/bot.html)"
74.7.243.248 - - [07/Feb/2026:11:00:32 -0500] "GET /ctg/search/similarImageSearchResultView/?ctgItemCd=139481135183 HTTP/1.1" 404 1251 "https://blog.newkolkata.in/item/135183sejmtidm496715.html" "Mozilla/5.0 AppleWebKit/537.36 (KHTML, like Gecko; compatible; GPTBot/1.3; +https://openai.com/gptbot)"
185.191.171.19 - - [07/Feb/2026:11:00:35 -0500] "GET /getidm/189217mvrvitems HTTP/1.1" 404 1251 "-" "Mozilla/5.0 (compatible; SemrushBot/7~bl; +http://www.semrush.com/bot.html)"
74.7.243.248 - - [07/Feb/2026:11:00:36 -0500] "GET /ctg/search/similarImageSearchResultView/?ctgItemCd=190818186380 HTTP/1.1" 404 1251 "https://blog.newkolkata.in/items/186380tjvftidm907979.html" "Mozilla/5.0 AppleWebKit/537.36 (KHTML, like Gecko; compatible; GPTBot/1.3; +https://openai.com/gptbot)"
74.7.243.248 - - [07/Feb/2026:11:00:39 -0500] "GET /ctg/search/similarImageSearchResultView/?ctgItemCd=230403226429 HTTP/1.1" 404 1251 "https://blog.newkolkata.in/getidm327/226429sejmitems" "Mozilla/5.0 AppleWebKit/537.36 (KHTML, like Gecko; compatible; GPTBot/1.3; +https://openai.com/gptbot)"
74.7.243.248 - - [07/Feb/2026:11:00:42 -0500] "GET /ctg/search/similarImageSearchResultView/?ctgItemCd=205724201904 HTTP/1.1" 404 1251 "https://blog.newkolkata.in/getidm/201904tjvfitems" "Mozilla/5.0 AppleWebKit/537.36 (KHTML, like Gecko; compatible; GPTBot/1.3; +https://openai.com/gptbot)"
74.7.243.248 - - [07/Feb/2026:11:00:45 -0500] "GET /ctg/search/similarImageSearchResultView/?ctgItemCd=266803262914 HTTP/1.1" 404 1251 "https://blog.newkolkata.in/get/262914tjvfitems.htm" "Mozilla/5.0 AppleWebKit/537.36 (KHTML, like Gecko; compatible; GPTBot/1.3; +https://openai.com/gptbot)"
74.7.243.248 - - [07/Feb/2026:11:00:48 -0500] "GET /ctg/search/similarImageSearchResultView/?ctgItemCd=105429101565 HTTP/1.1" 404 1251 "https://blog.newkolkata.in/get/101565kairitems.htm" "Mozilla/5.0 AppleWebKit/537.36 (KHTML, like Gecko; compatible; GPTBot/1.3; +https://openai.com/gptbot)"
74.7.243.248 - - [07/Feb/2026:11:00:51 -0500] "GET /ctg/search/similarImageSearchResultView/?ctgItemCd=172294168577 HTTP/1.1" 404 1251 "https://blog.newkolkata.in/getid/168577ccoyitems" "Mozilla/5.0 AppleWebKit/537.36 (KHTML, like Gecko; compatible; GPTBot/1.3; +https://openai.com/gptbot)"
52.167.144.24 - - [07/Feb/2026:11:00:53 -0500] "GET /bezopasnyi-dostup-bystryi-vkhod-v-pin-up-kazino-cherez-sotsialnye-seti-3/ HTTP/1.1" 404 1251 "-" "Mozilla/5.0 AppleWebKit/537.36 (KHTML, like Gecko; compatible; bingbot/2.0; +http://www.bing.com/bingbot.htm) Chrome/116.0.1938.76 Safari/537.36"
74.7.243.248 - - [07/Feb/2026:11:00:54 -0500] "GET /ctg/search/similarImageSearchResultView/?ctgItemCd=199012195405 HTTP/1.1" 404 1251 "https://blog.newkolkata.in/geti/195405ccoyitems" "Mozilla/5.0 AppleWebKit/537.36 (KHTML, like Gecko; compatible; GPTBot/1.3; +https://openai.com/gptbot)"
74.7.243.248 - - [07/Feb/2026:11:00:58 -0500] "GET /ctg/search/similarImageSearchResultView/?ctgItemCd=270059266441 HTTP/1.1" 404 1251 "https://blog.newkolkata.in/geti/266441tjvfitems" "Mozilla/5.0 AppleWebKit/537.36 (KHTML, like Gecko; compatible; GPTBot/1.3; +https://openai.com/gptbot)"
74.7.243.248 - - [07/Feb/2026:11:01:01 -0500] "GET /ctg/search/similarImageSearchResultView/?ctgItemCd=264386260497 HTTP/1.1" 404 1251 "https://blog.newkolkata.in/getidm9/260497tjvfitems" "Mozilla/5.0 AppleWebKit/537.36 (KHTML, like Gecko; compatible; GPTBot/1.3; +https://openai.com/gptbot)"
