74.7.243.248 - - [07/Feb/2026:09:53:23 -0500] "GET /ctg/search/similarImageSearchResultView/?ctgItemCd=292065287699 HTTP/1.1" 404 1251 "https://blog.newkolkata.in/items/287699kairtidm45507.html" "Mozilla/5.0 AppleWebKit/537.36 (KHTML, like Gecko; compatible; GPTBot/1.3; +https://openai.com/gptbot)"
85.208.96.206 - - [07/Feb/2026:09:53:23 -0500] "GET /get/45934ccoyitems HTTP/1.1" 404 1251 "-" "Mozilla/5.0 (compatible; SemrushBot/7~bl; +http://www.semrush.com/bot.html)"
74.7.243.248 - - [07/Feb/2026:09:53:26 -0500] "GET /ctg/search/similarImageSearchResultView/?ctgItemCd=108867104773 HTTP/1.1" 404 1251 "https://blog.newkolkata.in/items/104773sejmtidm.html" "Mozilla/5.0 AppleWebKit/537.36 (KHTML, like Gecko; compatible; GPTBot/1.3; +https://openai.com/gptbot)"
74.7.243.248 - - [07/Feb/2026:09:53:29 -0500] "GET /ctg/search/similarImageSearchResultView/?ctgItemCd=285800281944 HTTP/1.1" 404 1251 "https://blog.newkolkata.in/getidm/281944zslyitems" "Mozilla/5.0 AppleWebKit/537.36 (KHTML, like Gecko; compatible; GPTBot/1.3; +https://openai.com/gptbot)"
74.7.243.248 - - [07/Feb/2026:09:53:32 -0500] "GET /ctg/search/similarImageSearchResultView/?ctgItemCd=138031134142 HTTP/1.1" 404 1251 "https://blog.newkolkata.in/get/134142pcywitems.htm" "Mozilla/5.0 AppleWebKit/537.36 (KHTML, like Gecko; compatible; GPTBot/1.3; +https://openai.com/gptbot)"
74.7.243.248 - - [07/Feb/2026:09:53:35 -0500] "GET /ctg/search/similarImageSearchResultView/?ctgItemCd=189691185772 HTTP/1.1" 404 1251 "https://blog.newkolkata.in/get/185772zslyitems.htm" "Mozilla/5.0 AppleWebKit/537.36 (KHTML, like Gecko; compatible; GPTBot/1.3; +https://openai.com/gptbot)"
74.7.243.248 - - [07/Feb/2026:09:53:39 -0500] "GET /ctg/search/similarImageSearchResultView/?ctgItemCd=203309199677 HTTP/1.1" 404 1251 "https://blog.newkolkata.in/geti/199677ulgpitems" "Mozilla/5.0 AppleWebKit/537.36 (KHTML, like Gecko; compatible; GPTBot/1.3; +https://openai.com/gptbot)"
74.7.243.248 - - [07/Feb/2026:09:53:42 -0500] "GET /ctg/search/similarImageSearchResultView/?ctgItemCd=181293177055 HTTP/1.1" 404 1251 "https://blog.newkolkata.in/items/177055zslytidm55.html" "Mozilla/5.0 AppleWebKit/537.36 (KHTML, like Gecko; compatible; GPTBot/1.3; +https://openai.com/gptbot)"
74.7.243.248 - - [07/Feb/2026:09:53:45 -0500] "GET /ctg/search/similarImageSearchResultView/?ctgItemCd=166261162379 HTTP/1.1" 404 1251 "https://blog.newkolkata.in/getidm2/162379tjvfitems" "Mozilla/5.0 AppleWebKit/537.36 (KHTML, like Gecko; compatible; GPTBot/1.3; +https://openai.com/gptbot)"
74.7.243.248 - - [07/Feb/2026:09:53:48 -0500] "GET /ctg/search/similarImageSearchResultView/?ctgItemCd=188262184083 HTTP/1.1" 404 1251 "https://blog.newkolkata.in/getidm/184083cejpitems.htm" "Mozilla/5.0 AppleWebKit/537.36 (KHTML, like Gecko; compatible; GPTBot/1.3; +https://openai.com/gptbot)"
185.191.171.19 - - [07/Feb/2026:09:53:49 -0500] "GET /geti/251767kairitems HTTP/1.1" 404 1251 "-" "Mozilla/5.0 (compatible; SemrushBot/7~bl; +http://www.semrush.com/bot.html)"
74.7.243.248 - - [07/Feb/2026:09:53:51 -0500] "GET /ctg/search/similarImageSearchResultView/?ctgItemCd=141120137203 HTTP/1.1" 404 1251 "https://blog.newkolkata.in/getidm67/137203ccoyitems" "Mozilla/5.0 AppleWebKit/537.36 (KHTML, like Gecko; compatible; GPTBot/1.3; +https://openai.com/gptbot)"
185.191.171.13 - - [07/Feb/2026:09:53:52 -0500] "GET /getidm/83737kairitems HTTP/1.1" 404 1251 "-" "Mozilla/5.0 (compatible; SemrushBot/7~bl; +http://www.semrush.com/bot.html)"
74.7.243.248 - - [07/Feb/2026:09:53:54 -0500] "GET /ctg/search/similarImageSearchResultView/?ctgItemCd=242911239277 HTTP/1.1" 404 1251 "https://blog.newkolkata.in/geti/239277pcywitems" "Mozilla/5.0 AppleWebKit/537.36 (KHTML, like Gecko; compatible; GPTBot/1.3; +https://openai.com/gptbot)"
74.7.243.248 - - [07/Feb/2026:09:53:58 -0500] "GET /ctg/search/similarImageSearchResultView/?ctgItemCd=130094125796 HTTP/1.1" 404 1251 "https://blog.newkolkata.in/getidm23/125796ccoyitems.htm" "Mozilla/5.0 AppleWebKit/537.36 (KHTML, like Gecko; compatible; GPTBot/1.3; +https://openai.com/gptbot)"
74.7.243.248 - - [07/Feb/2026:09:54:01 -0500] "GET /ctg/search/similarImageSearchResultView/?ctgItemCd=184654181048 HTTP/1.1" 404 1251 "https://blog.newkolkata.in/geti/181048sejmitems" "Mozilla/5.0 AppleWebKit/537.36 (KHTML, like Gecko; compatible; GPTBot/1.3; +https://openai.com/gptbot)"
74.7.243.248 - - [07/Feb/2026:09:54:04 -0500] "GET /ctg/search/similarImageSearchResultView/?ctgItemCd=251165247165 HTTP/1.1" 404 1251 "https://blog.newkolkata.in/getidm820/247165mvrvitems" "Mozilla/5.0 AppleWebKit/537.36 (KHTML, like Gecko; compatible; GPTBot/1.3; +https://openai.com/gptbot)"
74.7.243.248 - - [07/Feb/2026:09:54:07 -0500] "GET /ctg/search/similarImageSearchResultView/?ctgItemCd=247631243919 HTTP/1.1" 404 1251 "https://blog.newkolkata.in/getid/243919sejmitems" "Mozilla/5.0 AppleWebKit/537.36 (KHTML, like Gecko; compatible; GPTBot/1.3; +https://openai.com/gptbot)"
52.167.144.169 - - [07/Feb/2026:09:54:09 -0500] "GET /get/183820kairitems.htm HTTP/1.1" 404 1251 "-" "Mozilla/5.0 AppleWebKit/537.36 (KHTML, like Gecko; compatible; bingbot/2.0; +http://www.bing.com/bingbot.htm) Chrome/116.0.1938.76 Safari/537.36"
85.208.96.205 - - [07/Feb/2026:09:54:10 -0500] "GET /geti/34629tjvfitems.htm HTTP/1.1" 404 1251 "-" "Mozilla/5.0 (compatible; SemrushBot/7~bl; +http://www.semrush.com/bot.html)"
74.7.243.248 - - [07/Feb/2026:09:54:10 -0500] "GET /ctg/search/similarImageSearchResultView/?ctgItemCd=256833252647 HTTP/1.1" 404 1251 "https://blog.newkolkata.in/getidm/252647kairitems.htm" "Mozilla/5.0 AppleWebKit/537.36 (KHTML, like Gecko; compatible; GPTBot/1.3; +https://openai.com/gptbot)"
74.7.243.248 - - [07/Feb/2026:09:54:13 -0500] "GET /ctg/search/similarImageSearchResultView/?ctgItemCd=171964168041 HTTP/1.1" 404 1251 "https://blog.newkolkata.in/ite/168041ccoytidm8.html" "Mozilla/5.0 AppleWebKit/537.36 (KHTML, like Gecko; compatible; GPTBot/1.3; +https://openai.com/gptbot)"
74.7.243.248 - - [07/Feb/2026:09:54:17 -0500] "GET /ctg/search/similarImageSearchResultView/?ctgItemCd=250582246494 HTTP/1.1" 404 1251 "https://blog.newkolkata.in/items/246494cejptidm.html" "Mozilla/5.0 AppleWebKit/537.36 (KHTML, like Gecko; compatible; GPTBot/1.3; +https://openai.com/gptbot)"
74.7.243.248 - - [07/Feb/2026:09:54:20 -0500] "GET /ctg/search/similarImageSearchResultView/?ctgItemCd=109489105992 HTTP/1.1" 404 1251 "https://blog.newkolkata.in/get/105992kairitems" "Mozilla/5.0 AppleWebKit/537.36 (KHTML, like Gecko; compatible; GPTBot/1.3; +https://openai.com/gptbot)"
74.7.243.248 - - [07/Feb/2026:09:54:23 -0500] "GET /ctg/search/similarImageSearchResultView/?ctgItemCd=253129249265 HTTP/1.1" 404 1251 "https://blog.newkolkata.in/getidm3/249265jahtitems" "Mozilla/5.0 AppleWebKit/537.36 (KHTML, like Gecko; compatible; GPTBot/1.3; +https://openai.com/gptbot)"
74.7.243.248 - - [07/Feb/2026:09:54:26 -0500] "GET /ctg/search/similarImageSearchResultView/?ctgItemCd=252387247958 HTTP/1.1" 404 1251 "https://blog.newkolkata.in/items/247958tjvftidm518441.html" "Mozilla/5.0 AppleWebKit/537.36 (KHTML, like Gecko; compatible; GPTBot/1.3; +https://openai.com/gptbot)"
74.7.243.248 - - [07/Feb/2026:09:54:29 -0500] "GET /ctg/search/similarImageSearchResultView/?ctgItemCd=208914204942 HTTP/1.1" 404 1251 "https://blog.newkolkata.in/geti/204942kairitems.htm" "Mozilla/5.0 AppleWebKit/537.36 (KHTML, like Gecko; compatible; GPTBot/1.3; +https://openai.com/gptbot)"
74.7.243.248 - - [07/Feb/2026:09:54:32 -0500] "GET /ctg/search/similarImageSearchResultView/?ctgItemCd=120455116854 HTTP/1.1" 404 1251 "https://blog.newkolkata.in/geti/116854kairitems" "Mozilla/5.0 AppleWebKit/537.36 (KHTML, like Gecko; compatible; GPTBot/1.3; +https://openai.com/gptbot)"
52.167.144.168 - - [07/Feb/2026:09:54:35 -0500] "GET /get/193669mvrvitems.htm HTTP/1.1" 404 1251 "-" "Mozilla/5.0 AppleWebKit/537.36 (KHTML, like Gecko; compatible; bingbot/2.0; +http://www.bing.com/bingbot.htm) Chrome/116.0.1938.76 Safari/537.36"
74.7.243.248 - - [07/Feb/2026:09:54:36 -0500] "GET /ctg/search/similarImageSearchResultView/?ctgItemCd=126038121738 HTTP/1.1" 404 1251 "https://blog.newkolkata.in/getidm14/121738ulgpitems.htm" "Mozilla/5.0 AppleWebKit/537.36 (KHTML, like Gecko; compatible; GPTBot/1.3; +https://openai.com/gptbot)"
85.208.96.197 - - [07/Feb/2026:09:54:37 -0500] "GET /getidm/125862mvrvitems.htm HTTP/1.1" 404 1251 "-" "Mozilla/5.0 (compatible; SemrushBot/7~bl; +http://www.semrush.com/bot.html)"
74.7.243.248 - - [07/Feb/2026:09:54:39 -0500] "GET /ctg/search/similarImageSearchResultView/?ctgItemCd=185528181430 HTTP/1.1" 404 1251 "https://blog.newkolkata.in/items/181430ulgptidm.html" "Mozilla/5.0 AppleWebKit/537.36 (KHTML, like Gecko; compatible; GPTBot/1.3; +https://openai.com/gptbot)"
74.7.243.248 - - [07/Feb/2026:09:54:42 -0500] "GET /ctg/search/similarImageSearchResultView/?ctgItemCd=197120193210 HTTP/1.1" 404 1251 "https://blog.newkolkata.in/getidm14/193210sejmitems" "Mozilla/5.0 AppleWebKit/537.36 (KHTML, like Gecko; compatible; GPTBot/1.3; +https://openai.com/gptbot)"
74.7.243.248 - - [07/Feb/2026:09:54:45 -0500] "GET /ctg/search/similarImageSearchResultView/?ctgItemCd=224786221080 HTTP/1.1" 404 1251 "https://blog.newkolkata.in/getid/221080ulgpitems" "Mozilla/5.0 AppleWebKit/537.36 (KHTML, like Gecko; compatible; GPTBot/1.3; +https://openai.com/gptbot)"
74.7.243.248 - - [07/Feb/2026:09:54:48 -0500] "GET /ctg/search/similarImageSearchResultView/?ctgItemCd=168064163748 HTTP/1.1" 404 1251 "https://blog.newkolkata.in/item/163748pcywtidm401926.html" "Mozilla/5.0 AppleWebKit/537.36 (KHTML, like Gecko; compatible; GPTBot/1.3; +https://openai.com/gptbot)"
74.7.243.248 - - [07/Feb/2026:09:54:51 -0500] "GET /ctg/search/similarImageSearchResultView/?ctgItemCd=224007219804 HTTP/1.1" 404 1251 "https://blog.newkolkata.in/getidm/219804tjvfitems.htm" "Mozilla/5.0 AppleWebKit/537.36 (KHTML, like Gecko; compatible; GPTBot/1.3; +https://openai.com/gptbot)"
185.191.171.13 - - [07/Feb/2026:09:54:52 -0500] "GET /getidm/275785mvrvitems HTTP/1.1" 404 1251 "-" "Mozilla/5.0 (compatible; SemrushBot/7~bl; +http://www.semrush.com/bot.html)"
74.7.243.248 - - [07/Feb/2026:09:54:55 -0500] "GET /ctg/search/similarImageSearchResultView/?ctgItemCd=230417226918 HTTP/1.1" 404 1251 "https://blog.newkolkata.in/get/226918kairitems" "Mozilla/5.0 AppleWebKit/537.36 (KHTML, like Gecko; compatible; GPTBot/1.3; +https://openai.com/gptbot)"
74.7.243.248 - - [07/Feb/2026:09:54:58 -0500] "GET /ctg/search/similarImageSearchResultView/?ctgItemCd=258084254170 HTTP/1.1" 404 1251 "https://blog.newkolkata.in/getidm42/254170sejmitems" "Mozilla/5.0 AppleWebKit/537.36 (KHTML, like Gecko; compatible; GPTBot/1.3; +https://openai.com/gptbot)"
74.7.243.248 - - [07/Feb/2026:09:55:01 -0500] "GET /ctg/search/similarImageSearchResultView/?ctgItemCd=290670286769 HTTP/1.1" 404 1251 "https://blog.newkolkata.in/get/286769ulgpitems.htm" "Mozilla/5.0 AppleWebKit/537.36 (KHTML, like Gecko; compatible; GPTBot/1.3; +https://openai.com/gptbot)"
85.208.96.195 - - [07/Feb/2026:09:55:03 -0500] "GET /getidm/153049jahtitems HTTP/1.1" 404 1251 "-" "Mozilla/5.0 (compatible; SemrushBot/7~bl; +http://www.semrush.com/bot.html)"
74.7.243.248 - - [07/Feb/2026:09:55:04 -0500] "GET /ctg/search/similarImageSearchResultView/?ctgItemCd=180682176644 HTTP/1.1" 404 1251 "https://blog.newkolkata.in/getidm1724/176644tjvfitems" "Mozilla/5.0 AppleWebKit/537.36 (KHTML, like Gecko; compatible; GPTBot/1.3; +https://openai.com/gptbot)"
85.208.96.204 - - [07/Feb/2026:09:55:06 -0500] "GET /getidm/119017sejmitems HTTP/1.1" 404 1251 "-" "Mozilla/5.0 (compatible; SemrushBot/7~bl; +http://www.semrush.com/bot.html)"
74.7.243.248 - - [07/Feb/2026:09:55:07 -0500] "GET /ctg/search/similarImageSearchResultView/?ctgItemCd=194029189824 HTTP/1.1" 404 1251 "https://blog.newkolkata.in/items/189824kairtidm94.html" "Mozilla/5.0 AppleWebKit/537.36 (KHTML, like Gecko; compatible; GPTBot/1.3; +https://openai.com/gptbot)"
185.191.171.6 - - [07/Feb/2026:09:55:08 -0500] "GET /get/246336mvrvitems.htm HTTP/1.1" 404 1251 "-" "Mozilla/5.0 (compatible; SemrushBot/7~bl; +http://www.semrush.com/bot.html)"
74.7.243.248 - - [07/Feb/2026:09:55:10 -0500] "GET /ctg/search/similarImageSearchResultView/?ctgItemCd=211827207853 HTTP/1.1" 404 1251 "https://blog.newkolkata.in/getidm246/207853sejmitems" "Mozilla/5.0 AppleWebKit/537.36 (KHTML, like Gecko; compatible; GPTBot/1.3; +https://openai.com/gptbot)"
185.191.171.13 - - [07/Feb/2026:09:55:12 -0500] "GET /geti/130255cejpitems HTTP/1.1" 404 1251 "-" "Mozilla/5.0 (compatible; SemrushBot/7~bl; +http://www.semrush.com/bot.html)"
74.7.243.248 - - [07/Feb/2026:09:55:14 -0500] "GET /ctg/search/similarImageSearchResultView/?ctgItemCd=188005183958 HTTP/1.1" 404 1251 "https://blog.newkolkata.in/getidm9134/183958tjvfitems" "Mozilla/5.0 AppleWebKit/537.36 (KHTML, like Gecko; compatible; GPTBot/1.3; +https://openai.com/gptbot)"
74.7.243.248 - - [07/Feb/2026:09:55:17 -0500] "GET /ctg/search/similarImageSearchResultView/?ctgItemCd=104493100593 HTTP/1.1" 404 1251 "https://blog.newkolkata.in/getidm51/100593cejpitems" "Mozilla/5.0 AppleWebKit/537.36 (KHTML, like Gecko; compatible; GPTBot/1.3; +https://openai.com/gptbot)"
74.7.243.248 - - [07/Feb/2026:09:55:20 -0500] "GET /ctg/search/similarImageSearchResultView/?ctgItemCd=184579180386 HTTP/1.1" 404 1251 "https://blog.newkolkata.in/getidm/180386ccoyitems.htm" "Mozilla/5.0 AppleWebKit/537.36 (KHTML, like Gecko; compatible; GPTBot/1.3; +https://openai.com/gptbot)"
74.7.243.248 - - [07/Feb/2026:09:55:23 -0500] "GET /ctg/search/similarImageSearchResultView/?ctgItemCd=254004249817 HTTP/1.1" 404 1251 "https://blog.newkolkata.in/item/249817jahttidm3642.html" "Mozilla/5.0 AppleWebKit/537.36 (KHTML, like Gecko; compatible; GPTBot/1.3; +https://openai.com/gptbot)"
74.7.243.248 - - [07/Feb/2026:09:55:26 -0500] "GET /ctg/search/similarImageSearchResultView/?ctgItemCd=137341133426 HTTP/1.1" 404 1251 "https://blog.newkolkata.in/getidm80/133426ccoyitems" "Mozilla/5.0 AppleWebKit/537.36 (KHTML, like Gecko; compatible; GPTBot/1.3; +https://openai.com/gptbot)"
85.208.96.198 - - [07/Feb/2026:09:55:26 -0500] "GET /get/74787mvrvitems.htm HTTP/1.1" 404 1251 "-" "Mozilla/5.0 (compatible; SemrushBot/7~bl; +http://www.semrush.com/bot.html)"
74.7.243.248 - - [07/Feb/2026:09:55:29 -0500] "GET /ctg/search/similarImageSearchResultView/?ctgItemCd=252900248569 HTTP/1.1" 404 1251 "https://blog.newkolkata.in/items/248569pcywtidm2830.html" "Mozilla/5.0 AppleWebKit/537.36 (KHTML, like Gecko; compatible; GPTBot/1.3; +https://openai.com/gptbot)"
74.7.243.248 - - [07/Feb/2026:09:55:33 -0500] "GET /ctg/search/similarImageSearchResultView/?ctgItemCd=168587164611 HTTP/1.1" 404 1251 "https://blog.newkolkata.in/getidm362/164611ulgpitems" "Mozilla/5.0 AppleWebKit/537.36 (KHTML, like Gecko; compatible; GPTBot/1.3; +https://openai.com/gptbot)"
74.7.243.248 - - [07/Feb/2026:09:55:36 -0500] "GET /ctg/search/similarImageSearchResultView/?ctgItemCd=220301215939 HTTP/1.1" 404 1251 "https://blog.newkolkata.in/items/215939ulgptidm40701.html" "Mozilla/5.0 AppleWebKit/537.36 (KHTML, like Gecko; compatible; GPTBot/1.3; +https://openai.com/gptbot)"
74.7.243.248 - - [07/Feb/2026:09:55:39 -0500] "GET /ctg/search/similarImageSearchResultView/?ctgItemCd=175094171316 HTTP/1.1" 404 1251 "https://blog.newkolkata.in/ite/171316pcywtid.html" "Mozilla/5.0 AppleWebKit/537.36 (KHTML, like Gecko; compatible; GPTBot/1.3; +https://openai.com/gptbot)"
85.208.96.210 - - [07/Feb/2026:09:55:41 -0500] "GET /get/206350tjvfitems HTTP/1.1" 404 1251 "-" "Mozilla/5.0 (compatible; SemrushBot/7~bl; +http://www.semrush.com/bot.html)"
74.7.243.248 - - [07/Feb/2026:09:55:42 -0500] "GET /ctg/search/similarImageSearchResultView/?ctgItemCd=192960189421 HTTP/1.1" 404 1251 "https://blog.newkolkata.in/get/189421zslyitems" "Mozilla/5.0 AppleWebKit/537.36 (KHTML, like Gecko; compatible; GPTBot/1.3; +https://openai.com/gptbot)"
85.208.96.205 - - [07/Feb/2026:09:55:44 -0500] "GET /getid/32544kairitems.htm HTTP/1.1" 404 1251 "-" "Mozilla/5.0 (compatible; SemrushBot/7~bl; +http://www.semrush.com/bot.html)"
74.7.243.248 - - [07/Feb/2026:09:55:45 -0500] "GET /ctg/search/similarImageSearchResultView/?ctgItemCd=260113256210 HTTP/1.1" 404 1251 "https://blog.newkolkata.in/getidm56/256210cejpitems" "Mozilla/5.0 AppleWebKit/537.36 (KHTML, like Gecko; compatible; GPTBot/1.3; +https://openai.com/gptbot)"
74.7.243.248 - - [07/Feb/2026:09:55:49 -0500] "GET /ctg/search/similarImageSearchResultView/?ctgItemCd=173473169846 HTTP/1.1" 404 1251 "https://blog.newkolkata.in/geti/169846ulgpitems" "Mozilla/5.0 AppleWebKit/537.36 (KHTML, like Gecko; compatible; GPTBot/1.3; +https://openai.com/gptbot)"
74.7.243.248 - - [07/Feb/2026:09:55:52 -0500] "GET /ctg/search/similarImageSearchResultView/?ctgItemCd=281015276611 HTTP/1.1" 404 1251 "https://blog.newkolkata.in/items/276611zslytidm67597.html" "Mozilla/5.0 AppleWebKit/537.36 (KHTML, like Gecko; compatible; GPTBot/1.3; +https://openai.com/gptbot)"
74.7.243.248 - - [07/Feb/2026:09:55:55 -0500] "GET /ctg/search/similarImageSearchResultView/?ctgItemCd=109946106423 HTTP/1.1" 404 1251 "https://blog.newkolkata.in/get/106423mvrvitems" "Mozilla/5.0 AppleWebKit/537.36 (KHTML, like Gecko; compatible; GPTBot/1.3; +https://openai.com/gptbot)"
74.7.243.248 - - [07/Feb/2026:09:55:58 -0500] "GET /ctg/search/similarImageSearchResultView/?ctgItemCd=184693180443 HTTP/1.1" 404 1251 "https://blog.newkolkata.in/item/180443tjvftidm48424.html" "Mozilla/5.0 AppleWebKit/537.36 (KHTML, like Gecko; compatible; GPTBot/1.3; +https://openai.com/gptbot)"
74.7.243.248 - - [07/Feb/2026:09:56:01 -0500] "GET /ctg/search/similarImageSearchResultView/?ctgItemCd=120707116340 HTTP/1.1" 404 1251 "https://blog.newkolkata.in/getidm363/116340mvrvitems.htm" "Mozilla/5.0 AppleWebKit/537.36 (KHTML, like Gecko; compatible; GPTBot/1.3; +https://openai.com/gptbot)"
74.7.243.248 - - [07/Feb/2026:09:56:04 -0500] "GET /ctg/search/similarImageSearchResultView/?ctgItemCd=179094175106 HTTP/1.1" 404 1251 "https://blog.newkolkata.in/geti/175106ulgpitems.htm" "Mozilla/5.0 AppleWebKit/537.36 (KHTML, like Gecko; compatible; GPTBot/1.3; +https://openai.com/gptbot)"
74.7.243.248 - - [07/Feb/2026:09:56:07 -0500] "GET /ctg/search/similarImageSearchResultView/?ctgItemCd=261138256883 HTTP/1.1" 404 1251 "https://blog.newkolkata.in/item/256883tjvftidm25161.html" "Mozilla/5.0 AppleWebKit/537.36 (KHTML, like Gecko; compatible; GPTBot/1.3; +https://openai.com/gptbot)"
74.7.243.248 - - [07/Feb/2026:09:56:10 -0500] "GET /ctg/search/similarImageSearchResultView/?ctgItemCd=126641123016 HTTP/1.1" 404 1251 "https://blog.newkolkata.in/geti/123016mvrvitems" "Mozilla/5.0 AppleWebKit/537.36 (KHTML, like Gecko; compatible; GPTBot/1.3; +https://openai.com/gptbot)"
74.7.243.248 - - [07/Feb/2026:09:56:14 -0500] "GET /ctg/search/similarImageSearchResultView/?ctgItemCd=224928220793 HTTP/1.1" 404 1251 "https://blog.newkolkata.in/item/220793ccoytidm444.html" "Mozilla/5.0 AppleWebKit/537.36 (KHTML, like Gecko; compatible; GPTBot/1.3; +https://openai.com/gptbot)"
74.7.243.248 - - [07/Feb/2026:09:56:17 -0500] "GET /ctg/search/similarImageSearchResultView/?ctgItemCd=217199213216 HTTP/1.1" 404 1251 "https://blog.newkolkata.in/geti/213216ulgpitems.htm" "Mozilla/5.0 AppleWebKit/537.36 (KHTML, like Gecko; compatible; GPTBot/1.3; +https://openai.com/gptbot)"
74.7.243.248 - - [07/Feb/2026:09:56:20 -0500] "GET /ctg/search/similarImageSearchResultView/?ctgItemCd=274850270554 HTTP/1.1" 404 1251 "https://blog.newkolkata.in/items/270554jahttidm3707.html" "Mozilla/5.0 AppleWebKit/537.36 (KHTML, like Gecko; compatible; GPTBot/1.3; +https://openai.com/gptbot)"
74.7.243.248 - - [07/Feb/2026:09:56:23 -0500] "GET /ctg/search/similarImageSearchResultView/?ctgItemCd=149201144948 HTTP/1.1" 404 1251 "https://blog.newkolkata.in/getidm7/144948sejmitems.htm" "Mozilla/5.0 AppleWebKit/537.36 (KHTML, like Gecko; compatible; GPTBot/1.3; +https://openai.com/gptbot)"
74.7.243.248 - - [07/Feb/2026:09:56:26 -0500] "GET /ctg/search/similarImageSearchResultView/?ctgItemCd=264738260648 HTTP/1.1" 404 1251 "https://blog.newkolkata.in/items/260648jahttidm.html" "Mozilla/5.0 AppleWebKit/537.36 (KHTML, like Gecko; compatible; GPTBot/1.3; +https://openai.com/gptbot)"
185.191.171.7 - - [07/Feb/2026:09:56:27 -0500] "GET /geti/83167cejpitems HTTP/1.1" 404 1251 "-" "Mozilla/5.0 (compatible; SemrushBot/7~bl; +http://www.semrush.com/bot.html)"
85.208.96.202 - - [07/Feb/2026:09:56:28 -0500] "GET /getidm/112177mvrvitems HTTP/1.1" 404 1251 "-" "Mozilla/5.0 (compatible; SemrushBot/7~bl; +http://www.semrush.com/bot.html)"
74.7.243.248 - - [07/Feb/2026:09:56:29 -0500] "GET /ctg/search/similarImageSearchResultView/?ctgItemCd=169665165429 HTTP/1.1" 404 1251 "https://blog.newkolkata.in/getidm1/165429kairitems.htm" "Mozilla/5.0 AppleWebKit/537.36 (KHTML, like Gecko; compatible; GPTBot/1.3; +https://openai.com/gptbot)"
85.208.96.212 - - [07/Feb/2026:09:56:30 -0500] "GET /get/121050jahtitems.htm HTTP/1.1" 404 1251 "-" "Mozilla/5.0 (compatible; SemrushBot/7~bl; +http://www.semrush.com/bot.html)"
74.7.243.248 - - [07/Feb/2026:09:56:32 -0500] "GET /ctg/search/similarImageSearchResultView/?ctgItemCd=300726296300 HTTP/1.1" 404 1251 "https://blog.newkolkata.in/items/296300pcywtidm152819.html" "Mozilla/5.0 AppleWebKit/537.36 (KHTML, like Gecko; compatible; GPTBot/1.3; +https://openai.com/gptbot)"
74.7.243.248 - - [07/Feb/2026:09:56:36 -0500] "GET /ctg/search/similarImageSearchResultView/?ctgItemCd=288116284208 HTTP/1.1" 404 1251 "https://blog.newkolkata.in/getidm8/284208zslyitems" "Mozilla/5.0 AppleWebKit/537.36 (KHTML, like Gecko; compatible; GPTBot/1.3; +https://openai.com/gptbot)"
85.208.96.203 - - [07/Feb/2026:09:56:39 -0500] "GET /getid/163552ulgpitems HTTP/1.1" 404 1251 "-" "Mozilla/5.0 (compatible; SemrushBot/7~bl; +http://www.semrush.com/bot.html)"
74.7.243.248 - - [07/Feb/2026:09:56:39 -0500] "GET /ctg/search/similarImageSearchResultView/?ctgItemCd=269063265012 HTTP/1.1" 404 1251 "https://blog.newkolkata.in/getidm5683/265012mvrvitems" "Mozilla/5.0 AppleWebKit/537.36 (KHTML, like Gecko; compatible; GPTBot/1.3; +https://openai.com/gptbot)"
74.7.243.248 - - [07/Feb/2026:09:56:42 -0500] "GET /ctg/search/similarImageSearchResultView/?ctgItemCd=246549242331 HTTP/1.1" 404 1251 "https://blog.newkolkata.in/getidm/242331zslyitems.htm" "Mozilla/5.0 AppleWebKit/537.36 (KHTML, like Gecko; compatible; GPTBot/1.3; +https://openai.com/gptbot)"
74.7.243.248 - - [07/Feb/2026:09:56:45 -0500] "GET /ctg/search/similarImageSearchResultView/?ctgItemCd=291039286943 HTTP/1.1" 404 1251 "https://blog.newkolkata.in/items/286943kairtidm.html" "Mozilla/5.0 AppleWebKit/537.36 (KHTML, like Gecko; compatible; GPTBot/1.3; +https://openai.com/gptbot)"
74.7.243.248 - - [07/Feb/2026:09:56:48 -0500] "GET /ctg/search/similarImageSearchResultView/?ctgItemCd=124674120425 HTTP/1.1" 404 1251 "https://blog.newkolkata.in/items/120425ccoytidm596.html" "Mozilla/5.0 AppleWebKit/537.36 (KHTML, like Gecko; compatible; GPTBot/1.3; +https://openai.com/gptbot)"
74.7.243.248 - - [07/Feb/2026:09:56:52 -0500] "GET /ctg/search/similarImageSearchResultView/?ctgItemCd=202680198324 HTTP/1.1" 404 1251 "https://blog.newkolkata.in/getidm799/198324jahtitems.htm" "Mozilla/5.0 AppleWebKit/537.36 (KHTML, like Gecko; compatible; GPTBot/1.3; +https://openai.com/gptbot)"
185.191.171.5 - - [07/Feb/2026:09:56:54 -0500] "GET /getidm/153697sejmitems HTTP/1.1" 404 1251 "-" "Mozilla/5.0 (compatible; SemrushBot/7~bl; +http://www.semrush.com/bot.html)"
74.7.243.248 - - [07/Feb/2026:09:56:55 -0500] "GET /ctg/search/similarImageSearchResultView/?ctgItemCd=130941126859 HTTP/1.1" 404 1251 "https://blog.newkolkata.in/getid/126859jahtitems.htm" "Mozilla/5.0 AppleWebKit/537.36 (KHTML, like Gecko; compatible; GPTBot/1.3; +https://openai.com/gptbot)"
185.191.171.19 - - [07/Feb/2026:09:56:57 -0500] "GET /get/158325kairitems.htm HTTP/1.1" 404 1251 "-" "Mozilla/5.0 (compatible; SemrushBot/7~bl; +http://www.semrush.com/bot.html)"
74.7.243.248 - - [07/Feb/2026:09:56:58 -0500] "GET /ctg/search/similarImageSearchResultView/?ctgItemCd=143045139161 HTTP/1.1" 404 1251 "https://blog.newkolkata.in/get/139161ulgpitems.htm" "Mozilla/5.0 AppleWebKit/537.36 (KHTML, like Gecko; compatible; GPTBot/1.3; +https://openai.com/gptbot)"
74.7.243.248 - - [07/Feb/2026:09:57:01 -0500] "GET /ctg/search/similarImageSearchResultView/?ctgItemCd=210090205731 HTTP/1.1" 404 1251 "https://blog.newkolkata.in/getidm396/205731tjvfitems.htm" "Mozilla/5.0 AppleWebKit/537.36 (KHTML, like Gecko; compatible; GPTBot/1.3; +https://openai.com/gptbot)"
74.7.243.248 - - [07/Feb/2026:09:57:04 -0500] "GET /ctg/search/similarImageSearchResultView/?ctgItemCd=303783299895 HTTP/1.1" 404 1251 "https://blog.newkolkata.in/get/299895kairitems.htm" "Mozilla/5.0 AppleWebKit/537.36 (KHTML, like Gecko; compatible; GPTBot/1.3; +https://openai.com/gptbot)"
185.191.171.6 - - [07/Feb/2026:09:57:05 -0500] "GET /getidm/206208jahtitems.htm HTTP/1.1" 404 1251 "-" "Mozilla/5.0 (compatible; SemrushBot/7~bl; +http://www.semrush.com/bot.html)"
74.7.243.248 - - [07/Feb/2026:09:57:07 -0500] "GET /ctg/search/similarImageSearchResultView/?ctgItemCd=218001213909 HTTP/1.1" 404 1251 "https://blog.newkolkata.in/getid/213909ulgpitems.htm" "Mozilla/5.0 AppleWebKit/537.36 (KHTML, like Gecko; compatible; GPTBot/1.3; +https://openai.com/gptbot)"
74.7.243.248 - - [07/Feb/2026:09:57:11 -0500] "GET /ctg/search/similarImageSearchResultView/?ctgItemCd=268004264101 HTTP/1.1" 404 1251 "https://blog.newkolkata.in/getidm62/264101jahtitems" "Mozilla/5.0 AppleWebKit/537.36 (KHTML, like Gecko; compatible; GPTBot/1.3; +https://openai.com/gptbot)"
74.7.243.248 - - [07/Feb/2026:09:57:13 -0500] "GET /ctg/search/similarImageSearchResultView/?ctgItemCd=145278141048 HTTP/1.1" 404 1251 "https://blog.newkolkata.in/getidm9/141048cejpitems.htm" "Mozilla/5.0 AppleWebKit/537.36 (KHTML, like Gecko; compatible; GPTBot/1.3; +https://openai.com/gptbot)"
74.7.243.248 - - [07/Feb/2026:09:57:17 -0500] "GET /ctg/search/similarImageSearchResultView/?ctgItemCd=134550130380 HTTP/1.1" 404 1251 "https://blog.newkolkata.in/getidm/130380cejpitems.htm" "Mozilla/5.0 AppleWebKit/537.36 (KHTML, like Gecko; compatible; GPTBot/1.3; +https://openai.com/gptbot)"
74.7.243.248 - - [07/Feb/2026:09:57:20 -0500] "GET /ctg/search/similarImageSearchResultView/?ctgItemCd=280517276198 HTTP/1.1" 404 1251 "https://blog.newkolkata.in/getidm49/276198ulgpitems.htm" "Mozilla/5.0 AppleWebKit/537.36 (KHTML, like Gecko; compatible; GPTBot/1.3; +https://openai.com/gptbot)"
74.7.243.248 - - [07/Feb/2026:09:57:23 -0500] "GET /ctg/search/similarImageSearchResultView/?ctgItemCd=114598110857 HTTP/1.1" 404 1251 "https://blog.newkolkata.in/getid/110857zslyitems" "Mozilla/5.0 AppleWebKit/537.36 (KHTML, like Gecko; compatible; GPTBot/1.3; +https://openai.com/gptbot)"
85.208.96.193 - - [07/Feb/2026:09:57:24 -0500] "GET /get/265887kairitems.htm HTTP/1.1" 404 1251 "-" "Mozilla/5.0 (compatible; SemrushBot/7~bl; +http://www.semrush.com/bot.html)"
74.7.243.248 - - [07/Feb/2026:09:57:26 -0500] "GET /ctg/search/similarImageSearchResultView/?ctgItemCd=186644183046 HTTP/1.1" 404 1251 "https://blog.newkolkata.in/geti/183046kairitems" "Mozilla/5.0 AppleWebKit/537.36 (KHTML, like Gecko; compatible; GPTBot/1.3; +https://openai.com/gptbot)"
74.7.243.248 - - [07/Feb/2026:09:57:29 -0500] "GET /ctg/search/similarImageSearchResultView/?ctgItemCd=294047289912 HTTP/1.1" 404 1251 "https://blog.newkolkata.in/item/289912kairtidm803.html" "Mozilla/5.0 AppleWebKit/537.36 (KHTML, like Gecko; compatible; GPTBot/1.3; +https://openai.com/gptbot)"
74.7.243.248 - - [07/Feb/2026:09:57:32 -0500] "GET /ctg/search/similarImageSearchResultView/?ctgItemCd=243275239261 HTTP/1.1" 404 1251 "https://blog.newkolkata.in/items/239261mvrvtid.html" "Mozilla/5.0 AppleWebKit/537.36 (KHTML, like Gecko; compatible; GPTBot/1.3; +https://openai.com/gptbot)"
74.7.243.248 - - [07/Feb/2026:09:57:35 -0500] "GET /ctg/search/similarImageSearchResultView/?ctgItemCd=271535267140 HTTP/1.1" 404 1251 "https://blog.newkolkata.in/items/267140cejptidm496450.html" "Mozilla/5.0 AppleWebKit/537.36 (KHTML, like Gecko; compatible; GPTBot/1.3; +https://openai.com/gptbot)"
74.7.243.248 - - [07/Feb/2026:09:57:39 -0500] "GET /ctg/search/similarImageSearchResultView/?ctgItemCd=242230237979 HTTP/1.1" 404 1251 "https://blog.newkolkata.in/getidm6/237979kairitems.htm" "Mozilla/5.0 AppleWebKit/537.36 (KHTML, like Gecko; compatible; GPTBot/1.3; +https://openai.com/gptbot)"
74.7.243.248 - - [07/Feb/2026:09:57:42 -0500] "GET /ctg/search/similarImageSearchResultView/?ctgItemCd=154041149852 HTTP/1.1" 404 1251 "https://blog.newkolkata.in/getidm/149852jahtitems.htm" "Mozilla/5.0 AppleWebKit/537.36 (KHTML, like Gecko; compatible; GPTBot/1.3; +https://openai.com/gptbot)"
74.7.243.248 - - [07/Feb/2026:09:57:45 -0500] "GET /ctg/search/similarImageSearchResultView/?ctgItemCd=151149146809 HTTP/1.1" 404 1251 "https://blog.newkolkata.in/items/146809pcywtidm9487.html" "Mozilla/5.0 AppleWebKit/537.36 (KHTML, like Gecko; compatible; GPTBot/1.3; +https://openai.com/gptbot)"
74.7.243.248 - - [07/Feb/2026:09:57:48 -0500] "GET /ctg/search/similarImageSearchResultView/?ctgItemCd=231541227560 HTTP/1.1" 404 1251 "https://blog.newkolkata.in/geti/227560sejmitems.htm" "Mozilla/5.0 AppleWebKit/537.36 (KHTML, like Gecko; compatible; GPTBot/1.3; +https://openai.com/gptbot)"
74.7.243.248 - - [07/Feb/2026:09:57:51 -0500] "GET /ctg/search/similarImageSearchResultView/?ctgItemCd=142458138475 HTTP/1.1" 404 1251 "https://blog.newkolkata.in/getidm270/138475ulgpitems" "Mozilla/5.0 AppleWebKit/537.36 (KHTML, like Gecko; compatible; GPTBot/1.3; +https://openai.com/gptbot)"
185.191.171.18 - - [07/Feb/2026:09:57:52 -0500] "GET /ite/267455zslytidm.html HTTP/1.1" 404 1251 "-" "Mozilla/5.0 (compatible; SemrushBot/7~bl; +http://www.semrush.com/bot.html)"
185.191.171.10 - - [07/Feb/2026:09:57:54 -0500] "GET /getidm/127164cejpitems.htm HTTP/1.1" 404 1251 "-" "Mozilla/5.0 (compatible; SemrushBot/7~bl; +http://www.semrush.com/bot.html)"
74.7.243.248 - - [07/Feb/2026:09:57:54 -0500] "GET /ctg/search/similarImageSearchResultView/?ctgItemCd=217468213658 HTTP/1.1" 404 1251 "https://blog.newkolkata.in/getidm/213658jahtitems" "Mozilla/5.0 AppleWebKit/537.36 (KHTML, like Gecko; compatible; GPTBot/1.3; +https://openai.com/gptbot)"
74.7.243.248 - - [07/Feb/2026:09:57:58 -0500] "GET /ctg/search/similarImageSearchResultView/?ctgItemCd=105947101970 HTTP/1.1" 404 1251 "https://blog.newkolkata.in/getidm517/101970ulgpitems" "Mozilla/5.0 AppleWebKit/537.36 (KHTML, like Gecko; compatible; GPTBot/1.3; +https://openai.com/gptbot)"
74.7.243.248 - - [07/Feb/2026:09:58:01 -0500] "GET /ctg/search/similarImageSearchResultView/?ctgItemCd=231865227880 HTTP/1.1" 404 1251 "https://blog.newkolkata.in/geti/227880ccoyitems.htm" "Mozilla/5.0 AppleWebKit/537.36 (KHTML, like Gecko; compatible; GPTBot/1.3; +https://openai.com/gptbot)"
74.7.243.248 - - [07/Feb/2026:09:58:04 -0500] "GET /ctg/search/similarImageSearchResultView/?ctgItemCd=230475226522 HTTP/1.1" 404 1251 "https://blog.newkolkata.in/getidm28/226522zslyitems" "Mozilla/5.0 AppleWebKit/537.36 (KHTML, like Gecko; compatible; GPTBot/1.3; +https://openai.com/gptbot)"
74.7.243.248 - - [07/Feb/2026:09:58:07 -0500] "GET /ctg/search/similarImageSearchResultView/?ctgItemCd=271506268021 HTTP/1.1" 404 1251 "https://blog.newkolkata.in/get/268021cejpitems" "Mozilla/5.0 AppleWebKit/537.36 (KHTML, like Gecko; compatible; GPTBot/1.3; +https://openai.com/gptbot)"
74.7.243.248 - - [07/Feb/2026:09:58:10 -0500] "GET /ctg/search/similarImageSearchResultView/?ctgItemCd=197504193806 HTTP/1.1" 404 1251 "https://blog.newkolkata.in/getid/193806cejpitems" "Mozilla/5.0 AppleWebKit/537.36 (KHTML, like Gecko; compatible; GPTBot/1.3; +https://openai.com/gptbot)"
74.7.243.248 - - [07/Feb/2026:09:58:13 -0500] "GET /ctg/search/similarImageSearchResultView/?ctgItemCd=219856215711 HTTP/1.1" 404 1251 "https://blog.newkolkata.in/items/215711sejmtidm8.html" "Mozilla/5.0 AppleWebKit/537.36 (KHTML, like Gecko; compatible; GPTBot/1.3; +https://openai.com/gptbot)"
185.191.171.17 - - [07/Feb/2026:09:58:14 -0500] "GET /getidm/210303sejmitems.htm HTTP/1.1" 404 1251 "-" "Mozilla/5.0 (compatible; SemrushBot/7~bl; +http://www.semrush.com/bot.html)"
74.7.243.248 - - [07/Feb/2026:09:58:16 -0500] "GET /ctg/search/similarImageSearchResultView/?ctgItemCd=270410266806 HTTP/1.1" 404 1251 "https://blog.newkolkata.in/geti/266806jahtitems" "Mozilla/5.0 AppleWebKit/537.36 (KHTML, like Gecko; compatible; GPTBot/1.3; +https://openai.com/gptbot)"
74.7.243.248 - - [07/Feb/2026:09:58:19 -0500] "GET /ctg/search/similarImageSearchResultView/?ctgItemCd=262661258440 HTTP/1.1" 404 1251 "https://blog.newkolkata.in/items/258440pcywtidm19.html" "Mozilla/5.0 AppleWebKit/537.36 (KHTML, like Gecko; compatible; GPTBot/1.3; +https://openai.com/gptbot)"
74.7.243.248 - - [07/Feb/2026:09:58:23 -0500] "GET /ctg/search/similarImageSearchResultView/?ctgItemCd=194327190463 HTTP/1.1" 404 1251 "https://blog.newkolkata.in/get/190463cejpitems.htm" "Mozilla/5.0 AppleWebKit/537.36 (KHTML, like Gecko; compatible; GPTBot/1.3; +https://openai.com/gptbot)"
74.7.243.248 - - [07/Feb/2026:09:58:26 -0500] "GET /ctg/search/similarImageSearchResultView/?ctgItemCd=163831159893 HTTP/1.1" 404 1251 "https://blog.newkolkata.in/getidm12/159893tjvfitems" "Mozilla/5.0 AppleWebKit/537.36 (KHTML, like Gecko; compatible; GPTBot/1.3; +https://openai.com/gptbot)"
74.7.243.248 - - [07/Feb/2026:09:58:29 -0500] "GET /ctg/search/similarImageSearchResultView/?ctgItemCd=175245170893 HTTP/1.1" 404 1251 "https://blog.newkolkata.in/getidm462/170893sejmitems.htm" "Mozilla/5.0 AppleWebKit/537.36 (KHTML, like Gecko; compatible; GPTBot/1.3; +https://openai.com/gptbot)"
74.7.243.248 - - [07/Feb/2026:09:58:32 -0500] "GET /ctg/search/similarImageSearchResultView/?ctgItemCd=10142697395 HTTP/1.1" 404 1251 "https://blog.newkolkata.in/getid/97395cejpitems.htm" "Mozilla/5.0 AppleWebKit/537.36 (KHTML, like Gecko; compatible; GPTBot/1.3; +https://openai.com/gptbot)"
74.7.243.248 - - [07/Feb/2026:09:58:35 -0500] "GET /ctg/search/similarImageSearchResultView/?ctgItemCd=163053158675 HTTP/1.1" 404 1251 "https://blog.newkolkata.in/items/158675ulgptidm39436.html" "Mozilla/5.0 AppleWebKit/537.36 (KHTML, like Gecko; compatible; GPTBot/1.3; +https://openai.com/gptbot)"
74.7.243.248 - - [07/Feb/2026:09:58:38 -0500] "GET /ctg/search/similarImageSearchResultView/?ctgItemCd=137042132711 HTTP/1.1" 404 1251 "https://blog.newkolkata.in/getidm624/132711kairitems.htm" "Mozilla/5.0 AppleWebKit/537.36 (KHTML, like Gecko; compatible; GPTBot/1.3; +https://openai.com/gptbot)"
74.7.243.248 - - [07/Feb/2026:09:58:42 -0500] "GET /ctg/search/similarImageSearchResultView/?ctgItemCd=217563213581 HTTP/1.1" 404 1251 "https://blog.newkolkata.in/items/213581ccoytid.html" "Mozilla/5.0 AppleWebKit/537.36 (KHTML, like Gecko; compatible; GPTBot/1.3; +https://openai.com/gptbot)"
74.7.243.248 - - [07/Feb/2026:09:58:45 -0500] "GET /ctg/search/similarImageSearchResultView/?ctgItemCd=107534103633 HTTP/1.1" 404 1251 "https://blog.newkolkata.in/getidm9/103633zslyitems" "Mozilla/5.0 AppleWebKit/537.36 (KHTML, like Gecko; compatible; GPTBot/1.3; +https://openai.com/gptbot)"
74.7.243.248 - - [07/Feb/2026:09:58:48 -0500] "GET /ctg/search/similarImageSearchResultView/?ctgItemCd=168201164001 HTTP/1.1" 404 1251 "https://blog.newkolkata.in/getidm/164001pcywitems.htm" "Mozilla/5.0 AppleWebKit/537.36 (KHTML, like Gecko; compatible; GPTBot/1.3; +https://openai.com/gptbot)"
74.7.243.248 - - [07/Feb/2026:09:58:51 -0500] "GET /ctg/search/similarImageSearchResultView/?ctgItemCd=228550224660 HTTP/1.1" 404 1251 "https://blog.newkolkata.in/getidm9/224660pcywitems" "Mozilla/5.0 AppleWebKit/537.36 (KHTML, like Gecko; compatible; GPTBot/1.3; +https://openai.com/gptbot)"
74.7.243.248 - - [07/Feb/2026:09:58:54 -0500] "GET /ctg/search/similarImageSearchResultView/?ctgItemCd=10078996690 HTTP/1.1" 404 1251 "https://blog.newkolkata.in/items/96690jahttidm5.html" "Mozilla/5.0 AppleWebKit/537.36 (KHTML, like Gecko; compatible; GPTBot/1.3; +https://openai.com/gptbot)"
85.208.96.201 - - [07/Feb/2026:09:58:55 -0500] "GET /geti/247015sejmitems HTTP/1.1" 404 1251 "-" "Mozilla/5.0 (compatible; SemrushBot/7~bl; +http://www.semrush.com/bot.html)"
74.7.243.248 - - [07/Feb/2026:09:58:57 -0500] "GET /ctg/search/similarImageSearchResultView/?ctgItemCd=189443185576 HTTP/1.1" 404 1251 "https://blog.newkolkata.in/ite/185576cejptidm.html" "Mozilla/5.0 AppleWebKit/537.36 (KHTML, like Gecko; compatible; GPTBot/1.3; +https://openai.com/gptbot)"
74.7.243.248 - - [07/Feb/2026:09:59:00 -0500] "GET /ctg/search/similarImageSearchResultView/?ctgItemCd=308949305056 HTTP/1.1" 404 1251 "https://blog.newkolkata.in/get/305056pcywitems.htm" "Mozilla/5.0 AppleWebKit/537.36 (KHTML, like Gecko; compatible; GPTBot/1.3; +https://openai.com/gptbot)"
185.191.171.18 - - [07/Feb/2026:09:59:01 -0500] "GET /getidm/1206cejpitems.htm HTTP/1.1" 404 1251 "-" "Mozilla/5.0 (compatible; SemrushBot/7~bl; +http://www.semrush.com/bot.html)"
74.7.243.248 - - [07/Feb/2026:09:59:04 -0500] "GET /ctg/search/similarImageSearchResultView/?ctgItemCd=179838175964 HTTP/1.1" 404 1251 "https://blog.newkolkata.in/getidm9/175964jahtitems" "Mozilla/5.0 AppleWebKit/537.36 (KHTML, like Gecko; compatible; GPTBot/1.3; +https://openai.com/gptbot)"
85.208.96.201 - - [07/Feb/2026:09:59:07 -0500] "GET /getidm/289969kairitems HTTP/1.1" 404 1251 "-" "Mozilla/5.0 (compatible; SemrushBot/7~bl; +http://www.semrush.com/bot.html)"
74.7.243.248 - - [07/Feb/2026:09:59:07 -0500] "GET /ctg/search/similarImageSearchResultView/?ctgItemCd=119827115673 HTTP/1.1" 404 1251 "https://blog.newkolkata.in/item/115673pcywtidm730.html" "Mozilla/5.0 AppleWebKit/537.36 (KHTML, like Gecko; compatible; GPTBot/1.3; +https://openai.com/gptbot)"
74.7.243.248 - - [07/Feb/2026:09:59:10 -0500] "GET /ctg/search/similarImageSearchResultView/?ctgItemCd=235476231573 HTTP/1.1" 404 1251 "https://blog.newkolkata.in/get/231573mvrvitems.htm" "Mozilla/5.0 AppleWebKit/537.36 (KHTML, like Gecko; compatible; GPTBot/1.3; +https://openai.com/gptbot)"
74.7.243.248 - - [07/Feb/2026:09:59:14 -0500] "GET /ctg/search/similarImageSearchResultView/?ctgItemCd=282913278550 HTTP/1.1" 404 1251 "https://blog.newkolkata.in/items/278550tjvftidm71500.html" "Mozilla/5.0 AppleWebKit/537.36 (KHTML, like Gecko; compatible; GPTBot/1.3; +https://openai.com/gptbot)"
74.7.243.248 - - [07/Feb/2026:09:59:17 -0500] "GET /ctg/search/similarImageSearchResultView/?ctgItemCd=131738127538 HTTP/1.1" 404 1251 "https://blog.newkolkata.in/item/127538sejmtidm7729.html" "Mozilla/5.0 AppleWebKit/537.36 (KHTML, like Gecko; compatible; GPTBot/1.3; +https://openai.com/gptbot)"
74.7.243.248 - - [07/Feb/2026:09:59:20 -0500] "GET /ctg/search/similarImageSearchResultView/?ctgItemCd=249842245941 HTTP/1.1" 404 1251 "https://blog.newkolkata.in/ite/245941mvrvtidm.html" "Mozilla/5.0 AppleWebKit/537.36 (KHTML, like Gecko; compatible; GPTBot/1.3; +https://openai.com/gptbot)"
74.7.243.248 - - [07/Feb/2026:09:59:23 -0500] "GET /ctg/search/similarImageSearchResultView/?ctgItemCd=275896271593 HTTP/1.1" 404 1251 "https://blog.newkolkata.in/getidm58/271593ccoyitems.htm" "Mozilla/5.0 AppleWebKit/537.36 (KHTML, like Gecko; compatible; GPTBot/1.3; +https://openai.com/gptbot)"
74.7.243.248 - - [07/Feb/2026:09:59:26 -0500] "GET /ctg/search/similarImageSearchResultView/?ctgItemCd=132597128246 HTTP/1.1" 404 1251 "https://blog.newkolkata.in/getidm987/128246kairitems.htm" "Mozilla/5.0 AppleWebKit/537.36 (KHTML, like Gecko; compatible; GPTBot/1.3; +https://openai.com/gptbot)"
85.208.96.193 - - [07/Feb/2026:09:59:26 -0500] "GET /getidm/9tjvfitems.htm HTTP/1.1" 404 1251 "-" "Mozilla/5.0 (compatible; SemrushBot/7~bl; +http://www.semrush.com/bot.html)"
185.191.171.4 - - [07/Feb/2026:09:59:28 -0500] "GET /get/96982sejmitems HTTP/1.1" 404 1251 "-" "Mozilla/5.0 (compatible; SemrushBot/7~bl; +http://www.semrush.com/bot.html)"
74.7.243.248 - - [07/Feb/2026:09:59:29 -0500] "GET /ctg/search/similarImageSearchResultView/?ctgItemCd=169210165015 HTTP/1.1" 404 1251 "https://blog.newkolkata.in/getidm/165015ulgpitems.htm" "Mozilla/5.0 AppleWebKit/537.36 (KHTML, like Gecko; compatible; GPTBot/1.3; +https://openai.com/gptbot)"
185.191.171.17 - - [07/Feb/2026:09:59:30 -0500] "GET /get/251638tjvfitems HTTP/1.1" 404 1251 "-" "Mozilla/5.0 (compatible; SemrushBot/7~bl; +http://www.semrush.com/bot.html)"
185.191.171.4 - - [07/Feb/2026:09:59:32 -0500] "GET /getidm14/32515zslyitems HTTP/1.1" 404 1251 "-" "Mozilla/5.0 (compatible; SemrushBot/7~bl; +http://www.semrush.com/bot.html)"
74.7.243.248 - - [07/Feb/2026:09:59:32 -0500] "GET /ctg/search/similarImageSearchResultView/?ctgItemCd=255944251579 HTTP/1.1" 404 1251 "https://blog.newkolkata.in/getidm913/251579tjvfitems.htm" "Mozilla/5.0 AppleWebKit/537.36 (KHTML, like Gecko; compatible; GPTBot/1.3; +https://openai.com/gptbot)"
74.7.243.248 - - [07/Feb/2026:09:59:36 -0500] "GET /ctg/search/similarImageSearchResultView/?ctgItemCd=131675128057 HTTP/1.1" 404 1251 "https://blog.newkolkata.in/geti/128057tjvfitems" "Mozilla/5.0 AppleWebKit/537.36 (KHTML, like Gecko; compatible; GPTBot/1.3; +https://openai.com/gptbot)"
74.7.243.248 - - [07/Feb/2026:09:59:39 -0500] "GET /ctg/search/similarImageSearchResultView/?ctgItemCd=168718164725 HTTP/1.1" 404 1251 "https://blog.newkolkata.in/getidm344/164725pcywitems" "Mozilla/5.0 AppleWebKit/537.36 (KHTML, like Gecko; compatible; GPTBot/1.3; +https://openai.com/gptbot)"
74.7.243.248 - - [07/Feb/2026:09:59:42 -0500] "GET /ctg/search/similarImageSearchResultView/?ctgItemCd=120569116277 HTTP/1.1" 404 1251 "https://blog.newkolkata.in/getidm75/116277kairitems.htm" "Mozilla/5.0 AppleWebKit/537.36 (KHTML, like Gecko; compatible; GPTBot/1.3; +https://openai.com/gptbot)"
185.191.171.19 - - [07/Feb/2026:09:59:43 -0500] "GET /getid/52888tjvfitems HTTP/1.1" 404 1251 "-" "Mozilla/5.0 (compatible; SemrushBot/7~bl; +http://www.semrush.com/bot.html)"
74.7.243.248 - - [07/Feb/2026:09:59:45 -0500] "GET /ctg/search/similarImageSearchResultView/?ctgItemCd=261659257310 HTTP/1.1" 404 1251 "https://blog.newkolkata.in/items/257310jahttidm95193.html" "Mozilla/5.0 AppleWebKit/537.36 (KHTML, like Gecko; compatible; GPTBot/1.3; +https://openai.com/gptbot)"
74.7.243.248 - - [07/Feb/2026:09:59:48 -0500] "GET /ctg/search/similarImageSearchResultView/?ctgItemCd=245856241982 HTTP/1.1" 404 1251 "https://blog.newkolkata.in/ite/241982sejmtidm.html" "Mozilla/5.0 AppleWebKit/537.36 (KHTML, like Gecko; compatible; GPTBot/1.3; +https://openai.com/gptbot)"
85.208.96.193 - - [07/Feb/2026:09:59:48 -0500] "GET /item/90431ccoytidm.html HTTP/1.1" 404 1251 "-" "Mozilla/5.0 (compatible; SemrushBot/7~bl; +http://www.semrush.com/bot.html)"
74.7.243.248 - - [07/Feb/2026:09:59:51 -0500] "GET /ctg/search/similarImageSearchResultView/?ctgItemCd=200738196707 HTTP/1.1" 404 1251 "https://blog.newkolkata.in/getidm9323/196707ccoyitems" "Mozilla/5.0 AppleWebKit/537.36 (KHTML, like Gecko; compatible; GPTBot/1.3; +https://openai.com/gptbot)"
74.7.243.248 - - [07/Feb/2026:09:59:54 -0500] "GET /ctg/search/similarImageSearchResultView/?ctgItemCd=191829187939 HTTP/1.1" 404 1251 "https://blog.newkolkata.in/getidm1/187939tjvfitems" "Mozilla/5.0 AppleWebKit/537.36 (KHTML, like Gecko; compatible; GPTBot/1.3; +https://openai.com/gptbot)"
74.7.243.248 - - [07/Feb/2026:09:59:58 -0500] "GET /ctg/search/similarImageSearchResultView/?ctgItemCd=239171234796 HTTP/1.1" 404 1251 "https://blog.newkolkata.in/getidm246/234796pcywitems.htm" "Mozilla/5.0 AppleWebKit/537.36 (KHTML, like Gecko; compatible; GPTBot/1.3; +https://openai.com/gptbot)"
74.7.243.248 - - [07/Feb/2026:10:00:01 -0500] "GET /ctg/search/similarImageSearchResultView/?ctgItemCd=174132169901 HTTP/1.1" 404 1251 "https://blog.newkolkata.in/getidm2/169901cejpitems.htm" "Mozilla/5.0 AppleWebKit/537.36 (KHTML, like Gecko; compatible; GPTBot/1.3; +https://openai.com/gptbot)"
74.7.243.248 - - [07/Feb/2026:10:00:04 -0500] "GET /ctg/search/similarImageSearchResultView/?ctgItemCd=261439257331 HTTP/1.1" 404 1251 "https://blog.newkolkata.in/getid/257331mvrvitems.htm" "Mozilla/5.0 AppleWebKit/537.36 (KHTML, like Gecko; compatible; GPTBot/1.3; +https://openai.com/gptbot)"
74.7.243.248 - - [07/Feb/2026:10:00:08 -0500] "GET /ctg/search/similarImageSearchResultView/?ctgItemCd=232576228495 HTTP/1.1" 404 1251 "https://blog.newkolkata.in/getid/228495jahtitems.htm" "Mozilla/5.0 AppleWebKit/537.36 (KHTML, like Gecko; compatible; GPTBot/1.3; +https://openai.com/gptbot)"
74.7.243.248 - - [07/Feb/2026:10:00:11 -0500] "GET /ctg/search/similarImageSearchResultView/?ctgItemCd=200705196547 HTTP/1.1" 404 1251 "https://blog.newkolkata.in/ite/196547mvrvtidm31600.html" "Mozilla/5.0 AppleWebKit/537.36 (KHTML, like Gecko; compatible; GPTBot/1.3; +https://openai.com/gptbot)"
74.7.243.248 - - [07/Feb/2026:10:00:14 -0500] "GET /ctg/search/similarImageSearchResultView/?ctgItemCd=163458159527 HTTP/1.1" 404 1251 "https://blog.newkolkata.in/ite/159527sejmtidm6.html" "Mozilla/5.0 AppleWebKit/537.36 (KHTML, like Gecko; compatible; GPTBot/1.3; +https://openai.com/gptbot)"
74.7.243.248 - - [07/Feb/2026:10:00:17 -0500] "GET /ctg/search/similarImageSearchResultView/?ctgItemCd=212509208530 HTTP/1.1" 404 1251 "https://blog.newkolkata.in/getidm940/208530tjvfitems" "Mozilla/5.0 AppleWebKit/537.36 (KHTML, like Gecko; compatible; GPTBot/1.3; +https://openai.com/gptbot)"
74.7.243.248 - - [07/Feb/2026:10:00:20 -0500] "GET /ctg/search/similarImageSearchResultView/?ctgItemCd=227969224368 HTTP/1.1" 404 1251 "https://blog.newkolkata.in/geti/224368jahtitems" "Mozilla/5.0 AppleWebKit/537.36 (KHTML, like Gecko; compatible; GPTBot/1.3; +https://openai.com/gptbot)"
74.7.243.248 - - [07/Feb/2026:10:00:23 -0500] "GET /ctg/search/similarImageSearchResultView/?ctgItemCd=312748308324 HTTP/1.1" 404 1251 "https://blog.newkolkata.in/items/308324pcywtidm175551.html" "Mozilla/5.0 AppleWebKit/537.36 (KHTML, like Gecko; compatible; GPTBot/1.3; +https://openai.com/gptbot)"
74.7.243.248 - - [07/Feb/2026:10:00:26 -0500] "GET /ctg/search/similarImageSearchResultView/?ctgItemCd=250364245988 HTTP/1.1" 404 1251 "https://blog.newkolkata.in/getidm125/245988pcywitems.htm" "Mozilla/5.0 AppleWebKit/537.36 (KHTML, like Gecko; compatible; GPTBot/1.3; +https://openai.com/gptbot)"
185.191.171.10 - - [07/Feb/2026:10:00:27 -0500] "GET /getidm35/3475cejpitems HTTP/1.1" 404 1251 "-" "Mozilla/5.0 (compatible; SemrushBot/7~bl; +http://www.semrush.com/bot.html)"
74.7.243.248 - - [07/Feb/2026:10:00:30 -0500] "GET /ctg/search/similarImageSearchResultView/?ctgItemCd=178180174210 HTTP/1.1" 404 1251 "https://blog.newkolkata.in/getidm577/174210ccoyitems" "Mozilla/5.0 AppleWebKit/537.36 (KHTML, like Gecko; compatible; GPTBot/1.3; +https://openai.com/gptbot)"
74.7.243.248 - - [07/Feb/2026:10:00:33 -0500] "GET /ctg/search/similarImageSearchResultView/?ctgItemCd=190284186409 HTTP/1.1" 404 1251 "https://blog.newkolkata.in/getidm6/186409sejmitems" "Mozilla/5.0 AppleWebKit/537.36 (KHTML, like Gecko; compatible; GPTBot/1.3; +https://openai.com/gptbot)"
74.7.243.248 - - [07/Feb/2026:10:00:36 -0500] "GET /ctg/search/similarImageSearchResultView/?ctgItemCd=289984285764 HTTP/1.1" 404 1251 "https://blog.newkolkata.in/getidm/285764pcywitems.htm" "Mozilla/5.0 AppleWebKit/537.36 (KHTML, like Gecko; compatible; GPTBot/1.3; +https://openai.com/gptbot)"
85.208.96.208 - - [07/Feb/2026:10:00:36 -0500] "GET /getidm/142465tjvfitems HTTP/1.1" 404 1251 "-" "Mozilla/5.0 (compatible; SemrushBot/7~bl; +http://www.semrush.com/bot.html)"
85.208.96.207 - - [07/Feb/2026:10:00:39 -0500] "GET /getidm/115824zslyitems.htm HTTP/1.1" 404 1251 "-" "Mozilla/5.0 (compatible; SemrushBot/7~bl; +http://www.semrush.com/bot.html)"
74.7.243.248 - - [07/Feb/2026:10:00:39 -0500] "GET /ctg/search/similarImageSearchResultView/?ctgItemCd=120267115989 HTTP/1.1" 404 1251 "https://blog.newkolkata.in/getidm9/115989pcywitems.htm" "Mozilla/5.0 AppleWebKit/537.36 (KHTML, like Gecko; compatible; GPTBot/1.3; +https://openai.com/gptbot)"
85.208.96.209 - - [07/Feb/2026:10:00:41 -0500] "GET /get/286702zslyitems HTTP/1.1" 404 1251 "-" "Mozilla/5.0 (compatible; SemrushBot/7~bl; +http://www.semrush.com/bot.html)"
74.7.243.248 - - [07/Feb/2026:10:00:43 -0500] "GET /ctg/search/similarImageSearchResultView/?ctgItemCd=237684233683 HTTP/1.1" 404 1251 "https://blog.newkolkata.in/getidm542/233683mvrvitems" "Mozilla/5.0 AppleWebKit/537.36 (KHTML, like Gecko; compatible; GPTBot/1.3; +https://openai.com/gptbot)"
74.7.243.248 - - [07/Feb/2026:10:00:46 -0500] "GET /ctg/search/similarImageSearchResultView/?ctgItemCd=197667193645 HTTP/1.1" 404 1251 "https://blog.newkolkata.in/geti/193645zslyitems.htm" "Mozilla/5.0 AppleWebKit/537.36 (KHTML, like Gecko; compatible; GPTBot/1.3; +https://openai.com/gptbot)"
74.7.243.248 - - [07/Feb/2026:10:00:49 -0500] "GET /ctg/search/similarImageSearchResultView/?ctgItemCd=200442196487 HTTP/1.1" 404 1251 "https://blog.newkolkata.in/ite/196487pcywtidm4.html" "Mozilla/5.0 AppleWebKit/537.36 (KHTML, like Gecko; compatible; GPTBot/1.3; +https://openai.com/gptbot)"
74.7.243.248 - - [07/Feb/2026:10:00:52 -0500] "GET /ctg/search/similarImageSearchResultView/?ctgItemCd=236405232496 HTTP/1.1" 404 1251 "https://blog.newkolkata.in/ite/232496zslytidm.html" "Mozilla/5.0 AppleWebKit/537.36 (KHTML, like Gecko; compatible; GPTBot/1.3; +https://openai.com/gptbot)"
74.7.243.248 - - [07/Feb/2026:10:00:55 -0500] "GET /ctg/search/similarImageSearchResultView/?ctgItemCd=216899213396 HTTP/1.1" 404 1251 "https://blog.newkolkata.in/get/213396sejmitems" "Mozilla/5.0 AppleWebKit/537.36 (KHTML, like Gecko; compatible; GPTBot/1.3; +https://openai.com/gptbot)"
74.7.243.248 - - [07/Feb/2026:10:00:58 -0500] "GET /ctg/search/similarImageSearchResultView/?ctgItemCd=160698156723 HTTP/1.1" 404 1251 "https://blog.newkolkata.in/geti/156723kairitems.htm" "Mozilla/5.0 AppleWebKit/537.36 (KHTML, like Gecko; compatible; GPTBot/1.3; +https://openai.com/gptbot)"
