74.7.243.248 - - [07/Feb/2026:08:52:55 -0500] "GET /ctg/search/similarImageSearchResultView/?ctgItemCd=112333108291 HTTP/1.1" 404 1251 "https://blog.newkolkata.in/getidm6849/108291ulgpitems" "Mozilla/5.0 AppleWebKit/537.36 (KHTML, like Gecko; compatible; GPTBot/1.3; +https://openai.com/gptbot)"
74.7.243.248 - - [07/Feb/2026:08:52:58 -0500] "GET /ctg/search/similarImageSearchResultView/?ctgItemCd=177728173513 HTTP/1.1" 404 1251 "https://blog.newkolkata.in/items/173513pcywtidm34.html" "Mozilla/5.0 AppleWebKit/537.36 (KHTML, like Gecko; compatible; GPTBot/1.3; +https://openai.com/gptbot)"
74.7.243.248 - - [07/Feb/2026:08:53:01 -0500] "GET /ctg/search/similarImageSearchResultView/?ctgItemCd=115690111720 HTTP/1.1" 404 1251 "https://blog.newkolkata.in/geti/111720ccoyitems.htm" "Mozilla/5.0 AppleWebKit/537.36 (KHTML, like Gecko; compatible; GPTBot/1.3; +https://openai.com/gptbot)"
74.7.243.248 - - [07/Feb/2026:08:53:04 -0500] "GET /ctg/search/similarImageSearchResultView/?ctgItemCd=152226147921 HTTP/1.1" 404 1251 "https://blog.newkolkata.in/getidm89/147921sejmitems.htm" "Mozilla/5.0 AppleWebKit/537.36 (KHTML, like Gecko; compatible; GPTBot/1.3; +https://openai.com/gptbot)"
74.7.243.248 - - [07/Feb/2026:08:53:07 -0500] "GET /ctg/search/similarImageSearchResultView/?ctgItemCd=144964140555 HTTP/1.1" 404 1251 "https://blog.newkolkata.in/items/140555kairtidm279955.html" "Mozilla/5.0 AppleWebKit/537.36 (KHTML, like Gecko; compatible; GPTBot/1.3; +https://openai.com/gptbot)"
74.7.243.248 - - [07/Feb/2026:08:53:10 -0500] "GET /ctg/search/similarImageSearchResultView/?ctgItemCd=107528103444 HTTP/1.1" 404 1251 "https://blog.newkolkata.in/getid/103444ulgpitems.htm" "Mozilla/5.0 AppleWebKit/537.36 (KHTML, like Gecko; compatible; GPTBot/1.3; +https://openai.com/gptbot)"
74.7.243.248 - - [07/Feb/2026:08:53:14 -0500] "GET /ctg/search/similarImageSearchResultView/?ctgItemCd=151689148000 HTTP/1.1" 404 1251 "https://blog.newkolkata.in/getid/148000kairitems" "Mozilla/5.0 AppleWebKit/537.36 (KHTML, like Gecko; compatible; GPTBot/1.3; +https://openai.com/gptbot)"
74.7.243.248 - - [07/Feb/2026:08:53:17 -0500] "GET /ctg/search/similarImageSearchResultView/?ctgItemCd=279205274999 HTTP/1.1" 404 1251 "https://blog.newkolkata.in/items/274999cejptidm47.html" "Mozilla/5.0 AppleWebKit/537.36 (KHTML, like Gecko; compatible; GPTBot/1.3; +https://openai.com/gptbot)"
74.7.243.248 - - [07/Feb/2026:08:53:20 -0500] "GET /ctg/search/similarImageSearchResultView/?ctgItemCd=277750274060 HTTP/1.1" 404 1251 "https://blog.newkolkata.in/getid/274060cejpitems" "Mozilla/5.0 AppleWebKit/537.36 (KHTML, like Gecko; compatible; GPTBot/1.3; +https://openai.com/gptbot)"
185.191.171.5 - - [07/Feb/2026:08:53:22 -0500] "GET /get/163596tjvfitems.htm HTTP/1.1" 404 1251 "-" "Mozilla/5.0 (compatible; SemrushBot/7~bl; +http://www.semrush.com/bot.html)"
74.7.243.248 - - [07/Feb/2026:08:53:23 -0500] "GET /ctg/search/similarImageSearchResultView/?ctgItemCd=197000192774 HTTP/1.1" 404 1251 "https://blog.newkolkata.in/getidm/192774mvrvitems.htm" "Mozilla/5.0 AppleWebKit/537.36 (KHTML, like Gecko; compatible; GPTBot/1.3; +https://openai.com/gptbot)"
74.7.243.248 - - [07/Feb/2026:08:53:26 -0500] "GET /ctg/search/similarImageSearchResultView/?ctgItemCd=162888159358 HTTP/1.1" 404 1251 "https://blog.newkolkata.in/get/159358pcywitems" "Mozilla/5.0 AppleWebKit/537.36 (KHTML, like Gecko; compatible; GPTBot/1.3; +https://openai.com/gptbot)"
85.208.96.199 - - [07/Feb/2026:08:53:28 -0500] "GET /getidm/186174zslyitems.htm HTTP/1.1" 404 1251 "-" "Mozilla/5.0 (compatible; SemrushBot/7~bl; +http://www.semrush.com/bot.html)"
74.7.243.248 - - [07/Feb/2026:08:53:29 -0500] "GET /ctg/search/similarImageSearchResultView/?ctgItemCd=222190218015 HTTP/1.1" 404 1251 "https://blog.newkolkata.in/item/218015jahttidm6218.html" "Mozilla/5.0 AppleWebKit/537.36 (KHTML, like Gecko; compatible; GPTBot/1.3; +https://openai.com/gptbot)"
74.7.243.248 - - [07/Feb/2026:08:53:32 -0500] "GET /ctg/search/similarImageSearchResultView/?ctgItemCd=130638126660 HTTP/1.1" 404 1251 "https://blog.newkolkata.in/getidm731/126660ulgpitems" "Mozilla/5.0 AppleWebKit/537.36 (KHTML, like Gecko; compatible; GPTBot/1.3; +https://openai.com/gptbot)"
74.7.243.248 - - [07/Feb/2026:08:53:36 -0500] "GET /ctg/search/similarImageSearchResultView/?ctgItemCd=170851166600 HTTP/1.1" 404 1251 "https://blog.newkolkata.in/items/166600ulgptidm430.html" "Mozilla/5.0 AppleWebKit/537.36 (KHTML, like Gecko; compatible; GPTBot/1.3; +https://openai.com/gptbot)"
85.208.96.196 - - [07/Feb/2026:08:53:37 -0500] "GET /getidm1/108130tjvfitems HTTP/1.1" 404 1251 "-" "Mozilla/5.0 (compatible; SemrushBot/7~bl; +http://www.semrush.com/bot.html)"
74.7.243.248 - - [07/Feb/2026:08:53:39 -0500] "GET /ctg/search/similarImageSearchResultView/?ctgItemCd=121000116763 HTTP/1.1" 404 1251 "https://blog.newkolkata.in/getidm5/116763kairitems.htm" "Mozilla/5.0 AppleWebKit/537.36 (KHTML, like Gecko; compatible; GPTBot/1.3; +https://openai.com/gptbot)"
74.7.243.248 - - [07/Feb/2026:08:53:42 -0500] "GET /ctg/search/similarImageSearchResultView/?ctgItemCd=141777137890 HTTP/1.1" 404 1251 "https://blog.newkolkata.in/getidm7/137890tjvfitems" "Mozilla/5.0 AppleWebKit/537.36 (KHTML, like Gecko; compatible; GPTBot/1.3; +https://openai.com/gptbot)"
74.7.243.248 - - [07/Feb/2026:08:53:45 -0500] "GET /ctg/search/similarImageSearchResultView/?ctgItemCd=262145257771 HTTP/1.1" 404 1251 "https://blog.newkolkata.in/items/257771ulgptidm64059.html" "Mozilla/5.0 AppleWebKit/537.36 (KHTML, like Gecko; compatible; GPTBot/1.3; +https://openai.com/gptbot)"
74.7.243.248 - - [07/Feb/2026:08:53:48 -0500] "GET /ctg/search/similarImageSearchResultView/?ctgItemCd=161624157777 HTTP/1.1" 404 1251 "https://blog.newkolkata.in/getidm/157777pcywitems" "Mozilla/5.0 AppleWebKit/537.36 (KHTML, like Gecko; compatible; GPTBot/1.3; +https://openai.com/gptbot)"
74.7.243.248 - - [07/Feb/2026:08:53:51 -0500] "GET /ctg/search/similarImageSearchResultView/?ctgItemCd=195416191222 HTTP/1.1" 404 1251 "https://blog.newkolkata.in/getidm/191222ulgpitems.htm" "Mozilla/5.0 AppleWebKit/537.36 (KHTML, like Gecko; compatible; GPTBot/1.3; +https://openai.com/gptbot)"
74.7.243.248 - - [07/Feb/2026:08:53:55 -0500] "GET /ctg/search/similarImageSearchResultView/?ctgItemCd=181630177715 HTTP/1.1" 404 1251 "https://blog.newkolkata.in/getidm92/177715cejpitems" "Mozilla/5.0 AppleWebKit/537.36 (KHTML, like Gecko; compatible; GPTBot/1.3; +https://openai.com/gptbot)"
74.7.243.248 - - [07/Feb/2026:08:53:58 -0500] "GET /ctg/search/similarImageSearchResultView/?ctgItemCd=222990218777 HTTP/1.1" 404 1251 "https://blog.newkolkata.in/items/218777sejmtidm58.html" "Mozilla/5.0 AppleWebKit/537.36 (KHTML, like Gecko; compatible; GPTBot/1.3; +https://openai.com/gptbot)"
85.208.96.199 - - [07/Feb/2026:08:53:59 -0500] "GET /get/84742sejmitems HTTP/1.1" 404 1251 "-" "Mozilla/5.0 (compatible; SemrushBot/7~bl; +http://www.semrush.com/bot.html)"
74.7.243.248 - - [07/Feb/2026:08:54:01 -0500] "GET /ctg/search/similarImageSearchResultView/?ctgItemCd=248622244598 HTTP/1.1" 404 1251 "https://blog.newkolkata.in/item/244598zslytidm.html" "Mozilla/5.0 AppleWebKit/537.36 (KHTML, like Gecko; compatible; GPTBot/1.3; +https://openai.com/gptbot)"
85.208.96.212 - - [07/Feb/2026:08:54:03 -0500] "GET /getid/301720pcywitems HTTP/1.1" 404 1251 "-" "Mozilla/5.0 (compatible; SemrushBot/7~bl; +http://www.semrush.com/bot.html)"
74.7.243.248 - - [07/Feb/2026:08:54:04 -0500] "GET /ctg/search/similarImageSearchResultView/?ctgItemCd=117281112956 HTTP/1.1" 404 1251 "https://blog.newkolkata.in/getidm27/112956mvrvitems.htm" "Mozilla/5.0 AppleWebKit/537.36 (KHTML, like Gecko; compatible; GPTBot/1.3; +https://openai.com/gptbot)"
74.7.243.248 - - [07/Feb/2026:08:54:07 -0500] "GET /ctg/search/similarImageSearchResultView/?ctgItemCd=158887155190 HTTP/1.1" 404 1251 "https://blog.newkolkata.in/getid/155190kairitems" "Mozilla/5.0 AppleWebKit/537.36 (KHTML, like Gecko; compatible; GPTBot/1.3; +https://openai.com/gptbot)"
74.7.243.248 - - [07/Feb/2026:08:54:11 -0500] "GET /ctg/search/similarImageSearchResultView/?ctgItemCd=228000223917 HTTP/1.1" 404 1251 "https://blog.newkolkata.in/getid/223917sejmitems.htm" "Mozilla/5.0 AppleWebKit/537.36 (KHTML, like Gecko; compatible; GPTBot/1.3; +https://openai.com/gptbot)"
74.7.243.248 - - [07/Feb/2026:08:54:14 -0500] "GET /ctg/search/similarImageSearchResultView/?ctgItemCd=124051119849 HTTP/1.1" 404 1251 "https://blog.newkolkata.in/items/119849cejptidm87.html" "Mozilla/5.0 AppleWebKit/537.36 (KHTML, like Gecko; compatible; GPTBot/1.3; +https://openai.com/gptbot)"
74.7.243.248 - - [07/Feb/2026:08:54:17 -0500] "GET /ctg/search/similarImageSearchResultView/?ctgItemCd=189311185007 HTTP/1.1" 404 1251 "https://blog.newkolkata.in/getidm53/185007tjvfitems.htm" "Mozilla/5.0 AppleWebKit/537.36 (KHTML, like Gecko; compatible; GPTBot/1.3; +https://openai.com/gptbot)"
74.7.243.248 - - [07/Feb/2026:08:54:20 -0500] "GET /ctg/search/similarImageSearchResultView/?ctgItemCd=109992105816 HTTP/1.1" 404 1251 "https://blog.newkolkata.in/item/105816jahttidm8222.html" "Mozilla/5.0 AppleWebKit/537.36 (KHTML, like Gecko; compatible; GPTBot/1.3; +https://openai.com/gptbot)"
74.7.243.248 - - [07/Feb/2026:08:54:23 -0500] "GET /ctg/search/similarImageSearchResultView/?ctgItemCd=162054157770 HTTP/1.1" 404 1251 "https://blog.newkolkata.in/getidm42/157770cejpitems.htm" "Mozilla/5.0 AppleWebKit/537.36 (KHTML, like Gecko; compatible; GPTBot/1.3; +https://openai.com/gptbot)"
74.7.243.248 - - [07/Feb/2026:08:54:26 -0500] "GET /ctg/search/similarImageSearchResultView/?ctgItemCd=129489125554 HTTP/1.1" 404 1251 "https://blog.newkolkata.in/getidm76/125554tjvfitems" "Mozilla/5.0 AppleWebKit/537.36 (KHTML, like Gecko; compatible; GPTBot/1.3; +https://openai.com/gptbot)"
74.7.243.248 - - [07/Feb/2026:08:54:29 -0500] "GET /ctg/search/similarImageSearchResultView/?ctgItemCd=222403218341 HTTP/1.1" 404 1251 "https://blog.newkolkata.in/getidm3938/218341zslyitems" "Mozilla/5.0 AppleWebKit/537.36 (KHTML, like Gecko; compatible; GPTBot/1.3; +https://openai.com/gptbot)"
74.7.243.248 - - [07/Feb/2026:08:54:33 -0500] "GET /ctg/search/similarImageSearchResultView/?ctgItemCd=203011198809 HTTP/1.1" 404 1251 "https://blog.newkolkata.in/items/198809jahttidm52.html" "Mozilla/5.0 AppleWebKit/537.36 (KHTML, like Gecko; compatible; GPTBot/1.3; +https://openai.com/gptbot)"
74.7.243.248 - - [07/Feb/2026:08:54:36 -0500] "GET /ctg/search/similarImageSearchResultView/?ctgItemCd=182030177741 HTTP/1.1" 404 1251 "https://blog.newkolkata.in/getidm33/177741kairitems.htm" "Mozilla/5.0 AppleWebKit/537.36 (KHTML, like Gecko; compatible; GPTBot/1.3; +https://openai.com/gptbot)"
85.208.96.196 - - [07/Feb/2026:08:54:38 -0500] "GET /getidm2/10042mvrvitems HTTP/1.1" 404 1251 "-" "Mozilla/5.0 (compatible; SemrushBot/7~bl; +http://www.semrush.com/bot.html)"
74.7.243.248 - - [07/Feb/2026:08:54:39 -0500] "GET /ctg/search/similarImageSearchResultView/?ctgItemCd=250006246230 HTTP/1.1" 404 1251 "https://blog.newkolkata.in/ite/246230pcywtid.html" "Mozilla/5.0 AppleWebKit/537.36 (KHTML, like Gecko; compatible; GPTBot/1.3; +https://openai.com/gptbot)"
74.7.243.248 - - [07/Feb/2026:08:54:42 -0500] "GET /ctg/search/similarImageSearchResultView/?ctgItemCd=170419166672 HTTP/1.1" 404 1251 "https://blog.newkolkata.in/getid/166672zslyitems" "Mozilla/5.0 AppleWebKit/537.36 (KHTML, like Gecko; compatible; GPTBot/1.3; +https://openai.com/gptbot)"
185.191.171.1 - - [07/Feb/2026:08:54:42 -0500] "GET /geti/268711sejmitems HTTP/1.1" 404 1251 "-" "Mozilla/5.0 (compatible; SemrushBot/7~bl; +http://www.semrush.com/bot.html)"
85.208.96.201 - - [07/Feb/2026:08:54:44 -0500] "GET /geti/120343sejmitems HTTP/1.1" 404 1251 "-" "Mozilla/5.0 (compatible; SemrushBot/7~bl; +http://www.semrush.com/bot.html)"
74.7.243.248 - - [07/Feb/2026:08:54:45 -0500] "GET /ctg/search/similarImageSearchResultView/?ctgItemCd=115292111703 HTTP/1.1" 404 1251 "https://blog.newkolkata.in/geti/111703kairitems" "Mozilla/5.0 AppleWebKit/537.36 (KHTML, like Gecko; compatible; GPTBot/1.3; +https://openai.com/gptbot)"
74.7.243.248 - - [07/Feb/2026:08:54:48 -0500] "GET /ctg/search/similarImageSearchResultView/?ctgItemCd=261111256785 HTTP/1.1" 404 1251 "https://blog.newkolkata.in/getidm27/256785pcywitems.htm" "Mozilla/5.0 AppleWebKit/537.36 (KHTML, like Gecko; compatible; GPTBot/1.3; +https://openai.com/gptbot)"
74.7.243.248 - - [07/Feb/2026:08:54:51 -0500] "GET /ctg/search/similarImageSearchResultView/?ctgItemCd=295556291368 HTTP/1.1" 404 1251 "https://blog.newkolkata.in/items/291368zslytidm4.html" "Mozilla/5.0 AppleWebKit/537.36 (KHTML, like Gecko; compatible; GPTBot/1.3; +https://openai.com/gptbot)"
74.7.243.248 - - [07/Feb/2026:08:54:55 -0500] "GET /ctg/search/similarImageSearchResultView/?ctgItemCd=163555159309 HTTP/1.1" 404 1251 "https://blog.newkolkata.in/getidm4/159309ccoyitems.htm" "Mozilla/5.0 AppleWebKit/537.36 (KHTML, like Gecko; compatible; GPTBot/1.3; +https://openai.com/gptbot)"
74.7.243.248 - - [07/Feb/2026:08:54:58 -0500] "GET /ctg/search/similarImageSearchResultView/?ctgItemCd=245376241113 HTTP/1.1" 404 1251 "https://blog.newkolkata.in/getidm7/241113mvrvitems.htm" "Mozilla/5.0 AppleWebKit/537.36 (KHTML, like Gecko; compatible; GPTBot/1.3; +https://openai.com/gptbot)"
74.7.243.248 - - [07/Feb/2026:08:55:01 -0500] "GET /ctg/search/similarImageSearchResultView/?ctgItemCd=194442190319 HTTP/1.1" 404 1251 "https://blog.newkolkata.in/items/190319mvrvtidm.html" "Mozilla/5.0 AppleWebKit/537.36 (KHTML, like Gecko; compatible; GPTBot/1.3; +https://openai.com/gptbot)"
74.7.243.248 - - [07/Feb/2026:08:55:04 -0500] "GET /ctg/search/similarImageSearchResultView/?ctgItemCd=230552226564 HTTP/1.1" 404 1251 "https://blog.newkolkata.in/getidm683/226564ulgpitems" "Mozilla/5.0 AppleWebKit/537.36 (KHTML, like Gecko; compatible; GPTBot/1.3; +https://openai.com/gptbot)"
85.208.96.208 - - [07/Feb/2026:08:55:06 -0500] "GET /get/122583kairitems.htm HTTP/1.1" 404 1251 "-" "Mozilla/5.0 (compatible; SemrushBot/7~bl; +http://www.semrush.com/bot.html)"
74.7.243.248 - - [07/Feb/2026:08:55:07 -0500] "GET /ctg/search/similarImageSearchResultView/?ctgItemCd=115807111569 HTTP/1.1" 404 1251 "https://blog.newkolkata.in/items/111569zslytidm48.html" "Mozilla/5.0 AppleWebKit/537.36 (KHTML, like Gecko; compatible; GPTBot/1.3; +https://openai.com/gptbot)"
74.7.243.248 - - [07/Feb/2026:08:55:10 -0500] "GET /ctg/search/similarImageSearchResultView/?ctgItemCd=112956108888 HTTP/1.1" 404 1251 "https://blog.newkolkata.in/getidm4288/108888mvrvitems" "Mozilla/5.0 AppleWebKit/537.36 (KHTML, like Gecko; compatible; GPTBot/1.3; +https://openai.com/gptbot)"
74.7.243.248 - - [07/Feb/2026:08:55:13 -0500] "GET /ctg/search/similarImageSearchResultView/?ctgItemCd=238887234609 HTTP/1.1" 404 1251 "https://blog.newkolkata.in/getidm12/234609cejpitems.htm" "Mozilla/5.0 AppleWebKit/537.36 (KHTML, like Gecko; compatible; GPTBot/1.3; +https://openai.com/gptbot)"
185.191.171.17 - - [07/Feb/2026:08:55:14 -0500] "GET /item/242966tjvftid.html HTTP/1.1" 404 1251 "-" "Mozilla/5.0 (compatible; SemrushBot/7~bl; +http://www.semrush.com/bot.html)"
74.7.243.248 - - [07/Feb/2026:08:55:16 -0500] "GET /ctg/search/similarImageSearchResultView/?ctgItemCd=245554241718 HTTP/1.1" 404 1251 "https://blog.newkolkata.in/getidm/241718pcywitems" "Mozilla/5.0 AppleWebKit/537.36 (KHTML, like Gecko; compatible; GPTBot/1.3; +https://openai.com/gptbot)"
74.7.243.248 - - [07/Feb/2026:08:55:20 -0500] "GET /ctg/search/similarImageSearchResultView/?ctgItemCd=289540285556 HTTP/1.1" 404 1251 "https://blog.newkolkata.in/getidm106/285556ulgpitems" "Mozilla/5.0 AppleWebKit/537.36 (KHTML, like Gecko; compatible; GPTBot/1.3; +https://openai.com/gptbot)"
74.7.243.248 - - [07/Feb/2026:08:55:23 -0500] "GET /ctg/search/similarImageSearchResultView/?ctgItemCd=172221167965 HTTP/1.1" 404 1251 "https://blog.newkolkata.in/items/167965kairtidm239.html" "Mozilla/5.0 AppleWebKit/537.36 (KHTML, like Gecko; compatible; GPTBot/1.3; +https://openai.com/gptbot)"
74.7.243.248 - - [07/Feb/2026:08:55:26 -0500] "GET /ctg/search/similarImageSearchResultView/?ctgItemCd=138886134894 HTTP/1.1" 404 1251 "https://blog.newkolkata.in/items/134894sejmtid.html" "Mozilla/5.0 AppleWebKit/537.36 (KHTML, like Gecko; compatible; GPTBot/1.3; +https://openai.com/gptbot)"
74.7.243.248 - - [07/Feb/2026:08:55:29 -0500] "GET /ctg/search/similarImageSearchResultView/?ctgItemCd=293092288816 HTTP/1.1" 404 1251 "https://blog.newkolkata.in/getidm7/288816pcywitems.htm" "Mozilla/5.0 AppleWebKit/537.36 (KHTML, like Gecko; compatible; GPTBot/1.3; +https://openai.com/gptbot)"
74.7.243.248 - - [07/Feb/2026:08:55:32 -0500] "GET /ctg/search/similarImageSearchResultView/?ctgItemCd=230702226496 HTTP/1.1" 404 1251 "https://blog.newkolkata.in/items/226496sejmtidm18.html" "Mozilla/5.0 AppleWebKit/537.36 (KHTML, like Gecko; compatible; GPTBot/1.3; +https://openai.com/gptbot)"
74.7.243.248 - - [07/Feb/2026:08:55:35 -0500] "GET /ctg/search/similarImageSearchResultView/?ctgItemCd=111579107286 HTTP/1.1" 404 1251 "https://blog.newkolkata.in/getidm76/107286kairitems.htm" "Mozilla/5.0 AppleWebKit/537.36 (KHTML, like Gecko; compatible; GPTBot/1.3; +https://openai.com/gptbot)"
74.7.243.248 - - [07/Feb/2026:08:55:39 -0500] "GET /ctg/search/similarImageSearchResultView/?ctgItemCd=270283266671 HTTP/1.1" 404 1251 "https://blog.newkolkata.in/geti/266671sejmitems" "Mozilla/5.0 AppleWebKit/537.36 (KHTML, like Gecko; compatible; GPTBot/1.3; +https://openai.com/gptbot)"
185.191.171.18 - - [07/Feb/2026:08:55:41 -0500] "GET /item/197726cejptid.html HTTP/1.1" 404 1251 "-" "Mozilla/5.0 (compatible; SemrushBot/7~bl; +http://www.semrush.com/bot.html)"
74.7.243.248 - - [07/Feb/2026:08:55:42 -0500] "GET /ctg/search/similarImageSearchResultView/?ctgItemCd=275555271298 HTTP/1.1" 404 1251 "https://blog.newkolkata.in/items/271298ccoytidm283.html" "Mozilla/5.0 AppleWebKit/537.36 (KHTML, like Gecko; compatible; GPTBot/1.3; +https://openai.com/gptbot)"
74.7.243.248 - - [07/Feb/2026:08:55:45 -0500] "GET /ctg/search/similarImageSearchResultView/?ctgItemCd=234012229716 HTTP/1.1" 404 1251 "https://blog.newkolkata.in/getidm49/229716jahtitems.htm" "Mozilla/5.0 AppleWebKit/537.36 (KHTML, like Gecko; compatible; GPTBot/1.3; +https://openai.com/gptbot)"
74.7.243.248 - - [07/Feb/2026:08:55:48 -0500] "GET /ctg/search/similarImageSearchResultView/?ctgItemCd=282033277775 HTTP/1.1" 404 1251 "https://blog.newkolkata.in/getidm8/277775ccoyitems.htm" "Mozilla/5.0 AppleWebKit/537.36 (KHTML, like Gecko; compatible; GPTBot/1.3; +https://openai.com/gptbot)"
74.7.243.248 - - [07/Feb/2026:08:55:51 -0500] "GET /ctg/search/similarImageSearchResultView/?ctgItemCd=202220197969 HTTP/1.1" 404 1251 "https://blog.newkolkata.in/items/197969zslytidm70.html" "Mozilla/5.0 AppleWebKit/537.36 (KHTML, like Gecko; compatible; GPTBot/1.3; +https://openai.com/gptbot)"
74.7.243.248 - - [07/Feb/2026:08:55:54 -0500] "GET /ctg/search/similarImageSearchResultView/?ctgItemCd=197411193435 HTTP/1.1" 404 1251 "https://blog.newkolkata.in/geti/193435jahtitems.htm" "Mozilla/5.0 AppleWebKit/537.36 (KHTML, like Gecko; compatible; GPTBot/1.3; +https://openai.com/gptbot)"
85.208.96.204 - - [07/Feb/2026:08:55:57 -0500] "GET /geti/119143pcywitems HTTP/1.1" 404 1251 "-" "Mozilla/5.0 (compatible; SemrushBot/7~bl; +http://www.semrush.com/bot.html)"
74.7.243.248 - - [07/Feb/2026:08:55:57 -0500] "GET /ctg/search/similarImageSearchResultView/?ctgItemCd=150807146660 HTTP/1.1" 404 1251 "https://blog.newkolkata.in/ite/146660tjvftidm18439.html" "Mozilla/5.0 AppleWebKit/537.36 (KHTML, like Gecko; compatible; GPTBot/1.3; +https://openai.com/gptbot)"
74.7.243.248 - - [07/Feb/2026:08:56:00 -0500] "GET /ctg/search/similarImageSearchResultView/?ctgItemCd=214111209897 HTTP/1.1" 404 1251 "https://blog.newkolkata.in/items/209897ccoytidm57.html" "Mozilla/5.0 AppleWebKit/537.36 (KHTML, like Gecko; compatible; GPTBot/1.3; +https://openai.com/gptbot)"
74.7.243.248 - - [07/Feb/2026:08:56:03 -0500] "GET /ctg/search/similarImageSearchResultView/?ctgItemCd=270839266645 HTTP/1.1" 404 1251 "https://blog.newkolkata.in/ite/266645ulgptidm240770.html" "Mozilla/5.0 AppleWebKit/537.36 (KHTML, like Gecko; compatible; GPTBot/1.3; +https://openai.com/gptbot)"
74.7.243.248 - - [07/Feb/2026:08:56:07 -0500] "GET /ctg/search/similarImageSearchResultView/?ctgItemCd=211128206984 HTTP/1.1" 404 1251 "https://blog.newkolkata.in/items/206984jahttidm3.html" "Mozilla/5.0 AppleWebKit/537.36 (KHTML, like Gecko; compatible; GPTBot/1.3; +https://openai.com/gptbot)"
74.7.243.248 - - [07/Feb/2026:08:56:10 -0500] "GET /ctg/search/similarImageSearchResultView/?ctgItemCd=284096280001 HTTP/1.1" 404 1251 "https://blog.newkolkata.in/item/280001pcywtidm65.html" "Mozilla/5.0 AppleWebKit/537.36 (KHTML, like Gecko; compatible; GPTBot/1.3; +https://openai.com/gptbot)"
185.191.171.18 - - [07/Feb/2026:08:56:12 -0500] "GET /getidm/231025jahtitems HTTP/1.1" 404 1251 "-" "Mozilla/5.0 (compatible; SemrushBot/7~bl; +http://www.semrush.com/bot.html)"
74.7.243.248 - - [07/Feb/2026:08:56:13 -0500] "GET /ctg/search/similarImageSearchResultView/?ctgItemCd=130111125766 HTTP/1.1" 404 1251 "https://blog.newkolkata.in/getidm473/125766jahtitems.htm" "Mozilla/5.0 AppleWebKit/537.36 (KHTML, like Gecko; compatible; GPTBot/1.3; +https://openai.com/gptbot)"
185.191.171.19 - - [07/Feb/2026:08:56:14 -0500] "GET /getidm/10873sejmitems HTTP/1.1" 404 1251 "-" "Mozilla/5.0 (compatible; SemrushBot/7~bl; +http://www.semrush.com/bot.html)"
185.191.171.19 - - [07/Feb/2026:08:56:16 -0500] "GET /getidm/16620cejpitems.htm HTTP/1.1" 404 1251 "-" "Mozilla/5.0 (compatible; SemrushBot/7~bl; +http://www.semrush.com/bot.html)"
74.7.243.248 - - [07/Feb/2026:08:56:16 -0500] "GET /ctg/search/similarImageSearchResultView/?ctgItemCd=253822249840 HTTP/1.1" 404 1251 "https://blog.newkolkata.in/items/249840jahttid.html" "Mozilla/5.0 AppleWebKit/537.36 (KHTML, like Gecko; compatible; GPTBot/1.3; +https://openai.com/gptbot)"
74.7.243.248 - - [07/Feb/2026:08:56:19 -0500] "GET /ctg/search/similarImageSearchResultView/?ctgItemCd=240722236696 HTTP/1.1" 404 1251 "https://blog.newkolkata.in/item/236696cejptidm2.html" "Mozilla/5.0 AppleWebKit/537.36 (KHTML, like Gecko; compatible; GPTBot/1.3; +https://openai.com/gptbot)"
85.208.96.212 - - [07/Feb/2026:08:56:22 -0500] "GET /getid/148576kairitems HTTP/1.1" 404 1251 "-" "Mozilla/5.0 (compatible; SemrushBot/7~bl; +http://www.semrush.com/bot.html)"
74.7.243.248 - - [07/Feb/2026:08:56:22 -0500] "GET /ctg/search/similarImageSearchResultView/?ctgItemCd=122721118464 HTTP/1.1" 404 1251 "https://blog.newkolkata.in/getidm6/118464tjvfitems.htm" "Mozilla/5.0 AppleWebKit/537.36 (KHTML, like Gecko; compatible; GPTBot/1.3; +https://openai.com/gptbot)"
74.7.243.248 - - [07/Feb/2026:08:56:25 -0500] "GET /ctg/search/similarImageSearchResultView/?ctgItemCd=222285217950 HTTP/1.1" 404 1251 "https://blog.newkolkata.in/getidm903/217950cejpitems.htm" "Mozilla/5.0 AppleWebKit/537.36 (KHTML, like Gecko; compatible; GPTBot/1.3; +https://openai.com/gptbot)"
74.7.243.248 - - [07/Feb/2026:08:56:28 -0500] "GET /ctg/search/similarImageSearchResultView/?ctgItemCd=145553141482 HTTP/1.1" 404 1251 "https://blog.newkolkata.in/ite/141482jahttidm2449.html" "Mozilla/5.0 AppleWebKit/537.36 (KHTML, like Gecko; compatible; GPTBot/1.3; +https://openai.com/gptbot)"
185.191.171.17 - - [07/Feb/2026:08:56:30 -0500] "GET /getidm/192054ulgpitems.htm HTTP/1.1" 404 1251 "-" "Mozilla/5.0 (compatible; SemrushBot/7~bl; +http://www.semrush.com/bot.html)"
74.7.243.248 - - [07/Feb/2026:08:56:32 -0500] "GET /ctg/search/similarImageSearchResultView/?ctgItemCd=120291116430 HTTP/1.1" 404 1251 "https://blog.newkolkata.in/get/116430kairitems.htm" "Mozilla/5.0 AppleWebKit/537.36 (KHTML, like Gecko; compatible; GPTBot/1.3; +https://openai.com/gptbot)"
74.7.243.248 - - [07/Feb/2026:08:56:35 -0500] "GET /ctg/search/similarImageSearchResultView/?ctgItemCd=192816188836 HTTP/1.1" 404 1251 "https://blog.newkolkata.in/getidm908/188836kairitems" "Mozilla/5.0 AppleWebKit/537.36 (KHTML, like Gecko; compatible; GPTBot/1.3; +https://openai.com/gptbot)"
74.7.243.248 - - [07/Feb/2026:08:56:38 -0500] "GET /ctg/search/similarImageSearchResultView/?ctgItemCd=222360217971 HTTP/1.1" 404 1251 "https://blog.newkolkata.in/getidm834/217971zslyitems.htm" "Mozilla/5.0 AppleWebKit/537.36 (KHTML, like Gecko; compatible; GPTBot/1.3; +https://openai.com/gptbot)"
85.208.96.211 - - [07/Feb/2026:08:56:38 -0500] "GET /ite/113030pcywtid.html HTTP/1.1" 404 1251 "-" "Mozilla/5.0 (compatible; SemrushBot/7~bl; +http://www.semrush.com/bot.html)"
74.7.243.248 - - [07/Feb/2026:08:56:41 -0500] "GET /ctg/search/similarImageSearchResultView/?ctgItemCd=111029106772 HTTP/1.1" 404 1251 "https://blog.newkolkata.in/getidm7/106772tjvfitems.htm" "Mozilla/5.0 AppleWebKit/537.36 (KHTML, like Gecko; compatible; GPTBot/1.3; +https://openai.com/gptbot)"
74.7.243.248 - - [07/Feb/2026:08:56:44 -0500] "GET /ctg/search/similarImageSearchResultView/?ctgItemCd=137425133325 HTTP/1.1" 404 1251 "https://blog.newkolkata.in/items/133325tjvftidm.html" "Mozilla/5.0 AppleWebKit/537.36 (KHTML, like Gecko; compatible; GPTBot/1.3; +https://openai.com/gptbot)"
85.208.96.208 - - [07/Feb/2026:08:56:46 -0500] "GET /getidm1/106042sejmitems HTTP/1.1" 404 1251 "-" "Mozilla/5.0 (compatible; SemrushBot/7~bl; +http://www.semrush.com/bot.html)"
74.7.243.248 - - [07/Feb/2026:08:56:48 -0500] "GET /ctg/search/similarImageSearchResultView/?ctgItemCd=284822280673 HTTP/1.1" 404 1251 "https://blog.newkolkata.in/item/280673ulgptidm742.html" "Mozilla/5.0 AppleWebKit/537.36 (KHTML, like Gecko; compatible; GPTBot/1.3; +https://openai.com/gptbot)"
85.208.96.210 - - [07/Feb/2026:08:56:50 -0500] "GET /geti/31567mvrvitems HTTP/1.1" 404 1251 "-" "Mozilla/5.0 (compatible; SemrushBot/7~bl; +http://www.semrush.com/bot.html)"
74.7.243.248 - - [07/Feb/2026:08:56:51 -0500] "GET /ctg/search/similarImageSearchResultView/?ctgItemCd=205722201754 HTTP/1.1" 404 1251 "https://blog.newkolkata.in/getidm992/201754kairitems" "Mozilla/5.0 AppleWebKit/537.36 (KHTML, like Gecko; compatible; GPTBot/1.3; +https://openai.com/gptbot)"
74.7.243.248 - - [07/Feb/2026:08:56:54 -0500] "GET /ctg/search/similarImageSearchResultView/?ctgItemCd=166999162705 HTTP/1.1" 404 1251 "https://blog.newkolkata.in/getidm81/162705sejmitems.htm" "Mozilla/5.0 AppleWebKit/537.36 (KHTML, like Gecko; compatible; GPTBot/1.3; +https://openai.com/gptbot)"
74.7.243.248 - - [07/Feb/2026:08:56:57 -0500] "GET /ctg/search/similarImageSearchResultView/?ctgItemCd=276444272031 HTTP/1.1" 404 1251 "https://blog.newkolkata.in/items/272031pcywtidm650115.html" "Mozilla/5.0 AppleWebKit/537.36 (KHTML, like Gecko; compatible; GPTBot/1.3; +https://openai.com/gptbot)"
74.7.243.248 - - [07/Feb/2026:08:57:00 -0500] "GET /ctg/search/similarImageSearchResultView/?ctgItemCd=167555163278 HTTP/1.1" 404 1251 "https://blog.newkolkata.in/getidm6/163278mvrvitems.htm" "Mozilla/5.0 AppleWebKit/537.36 (KHTML, like Gecko; compatible; GPTBot/1.3; +https://openai.com/gptbot)"
74.7.243.248 - - [07/Feb/2026:08:57:03 -0500] "GET /ctg/search/similarImageSearchResultView/?ctgItemCd=237608233307 HTTP/1.1" 404 1251 "https://blog.newkolkata.in/getidm91/233307ulgpitems.htm" "Mozilla/5.0 AppleWebKit/537.36 (KHTML, like Gecko; compatible; GPTBot/1.3; +https://openai.com/gptbot)"
74.7.243.248 - - [07/Feb/2026:08:57:07 -0500] "GET /ctg/search/similarImageSearchResultView/?ctgItemCd=234448230118 HTTP/1.1" 404 1251 "https://blog.newkolkata.in/getidm605/230118jahtitems.htm" "Mozilla/5.0 AppleWebKit/537.36 (KHTML, like Gecko; compatible; GPTBot/1.3; +https://openai.com/gptbot)"
74.7.243.248 - - [07/Feb/2026:08:57:10 -0500] "GET /ctg/search/similarImageSearchResultView/?ctgItemCd=133343129277 HTTP/1.1" 404 1251 "https://blog.newkolkata.in/getidm4275/129277zslyitems" "Mozilla/5.0 AppleWebKit/537.36 (KHTML, like Gecko; compatible; GPTBot/1.3; +https://openai.com/gptbot)"
74.7.243.248 - - [07/Feb/2026:08:57:13 -0500] "GET /ctg/search/similarImageSearchResultView/?ctgItemCd=169211165343 HTTP/1.1" 404 1251 "https://blog.newkolkata.in/get/165343jahtitems.htm" "Mozilla/5.0 AppleWebKit/537.36 (KHTML, like Gecko; compatible; GPTBot/1.3; +https://openai.com/gptbot)"
74.7.243.248 - - [07/Feb/2026:08:57:16 -0500] "GET /ctg/search/similarImageSearchResultView/?ctgItemCd=237750233385 HTTP/1.1" 404 1251 "https://blog.newkolkata.in/getidm333/233385pcywitems.htm" "Mozilla/5.0 AppleWebKit/537.36 (KHTML, like Gecko; compatible; GPTBot/1.3; +https://openai.com/gptbot)"
74.7.243.248 - - [07/Feb/2026:08:57:19 -0500] "GET /ctg/search/similarImageSearchResultView/?ctgItemCd=125559121375 HTTP/1.1" 404 1251 "https://blog.newkolkata.in/items/121375cejptidm37.html" "Mozilla/5.0 AppleWebKit/537.36 (KHTML, like Gecko; compatible; GPTBot/1.3; +https://openai.com/gptbot)"
74.7.243.248 - - [07/Feb/2026:08:57:22 -0500] "GET /ctg/search/similarImageSearchResultView/?ctgItemCd=151222147283 HTTP/1.1" 404 1251 "https://blog.newkolkata.in/getidm23/147283pcywitems" "Mozilla/5.0 AppleWebKit/537.36 (KHTML, like Gecko; compatible; GPTBot/1.3; +https://openai.com/gptbot)"
74.7.243.248 - - [07/Feb/2026:08:57:25 -0500] "GET /ctg/search/similarImageSearchResultView/?ctgItemCd=129846125556 HTTP/1.1" 404 1251 "https://blog.newkolkata.in/getidm30/125556ccoyitems.htm" "Mozilla/5.0 AppleWebKit/537.36 (KHTML, like Gecko; compatible; GPTBot/1.3; +https://openai.com/gptbot)"
85.208.96.198 - - [07/Feb/2026:08:57:27 -0500] "GET /getidm9/172762sejmitems HTTP/1.1" 404 1251 "-" "Mozilla/5.0 (compatible; SemrushBot/7~bl; +http://www.semrush.com/bot.html)"
74.7.243.248 - - [07/Feb/2026:08:57:29 -0500] "GET /ctg/search/similarImageSearchResultView/?ctgItemCd=242777238590 HTTP/1.1" 404 1251 "https://blog.newkolkata.in/getidm/238590kairitems.htm" "Mozilla/5.0 AppleWebKit/537.36 (KHTML, like Gecko; compatible; GPTBot/1.3; +https://openai.com/gptbot)"
74.7.243.248 - - [07/Feb/2026:08:57:32 -0500] "GET /ctg/search/similarImageSearchResultView/?ctgItemCd=107542103666 HTTP/1.1" 404 1251 "https://blog.newkolkata.in/get/103666sejmitems.htm" "Mozilla/5.0 AppleWebKit/537.36 (KHTML, like Gecko; compatible; GPTBot/1.3; +https://openai.com/gptbot)"
74.7.243.248 - - [07/Feb/2026:08:57:35 -0500] "GET /ctg/search/similarImageSearchResultView/?ctgItemCd=183784179990 HTTP/1.1" 404 1251 "https://blog.newkolkata.in/ite/179990pcywtid.html" "Mozilla/5.0 AppleWebKit/537.36 (KHTML, like Gecko; compatible; GPTBot/1.3; +https://openai.com/gptbot)"
74.7.243.248 - - [07/Feb/2026:08:57:38 -0500] "GET /ctg/search/similarImageSearchResultView/?ctgItemCd=111468107208 HTTP/1.1" 404 1251 "https://blog.newkolkata.in/getidm6/107208pcywitems.htm" "Mozilla/5.0 AppleWebKit/537.36 (KHTML, like Gecko; compatible; GPTBot/1.3; +https://openai.com/gptbot)"
185.191.171.13 - - [07/Feb/2026:08:57:41 -0500] "GET /geti/194359sejmitems HTTP/1.1" 404 1251 "-" "Mozilla/5.0 (compatible; SemrushBot/7~bl; +http://www.semrush.com/bot.html)"
74.7.243.248 - - [07/Feb/2026:08:57:42 -0500] "GET /ctg/search/similarImageSearchResultView/?ctgItemCd=282071277749 HTTP/1.1" 404 1251 "https://blog.newkolkata.in/getidm20/277749pcywitems.htm" "Mozilla/5.0 AppleWebKit/537.36 (KHTML, like Gecko; compatible; GPTBot/1.3; +https://openai.com/gptbot)"
74.7.243.248 - - [07/Feb/2026:08:57:45 -0500] "GET /ctg/search/similarImageSearchResultView/?ctgItemCd=222194218176 HTTP/1.1" 404 1251 "https://blog.newkolkata.in/item/218176cejptidm1.html" "Mozilla/5.0 AppleWebKit/537.36 (KHTML, like Gecko; compatible; GPTBot/1.3; +https://openai.com/gptbot)"
74.7.243.248 - - [07/Feb/2026:08:57:48 -0500] "GET /ctg/search/similarImageSearchResultView/?ctgItemCd=111831107953 HTTP/1.1" 404 1251 "https://blog.newkolkata.in/getidm1/107953tjvfitems" "Mozilla/5.0 AppleWebKit/537.36 (KHTML, like Gecko; compatible; GPTBot/1.3; +https://openai.com/gptbot)"
74.7.243.248 - - [07/Feb/2026:08:57:51 -0500] "GET /ctg/search/similarImageSearchResultView/?ctgItemCd=253834249555 HTTP/1.1" 404 1251 "https://blog.newkolkata.in/getidm5/249555mvrvitems.htm" "Mozilla/5.0 AppleWebKit/537.36 (KHTML, like Gecko; compatible; GPTBot/1.3; +https://openai.com/gptbot)"
85.208.96.194 - - [07/Feb/2026:08:57:54 -0500] "GET /getidm7/30778jahtitems HTTP/1.1" 404 1251 "-" "Mozilla/5.0 (compatible; SemrushBot/7~bl; +http://www.semrush.com/bot.html)"
74.7.243.248 - - [07/Feb/2026:08:57:54 -0500] "GET /ctg/search/similarImageSearchResultView/?ctgItemCd=158884154986 HTTP/1.1" 404 1251 "https://blog.newkolkata.in/get/154986tjvfitems.htm" "Mozilla/5.0 AppleWebKit/537.36 (KHTML, like Gecko; compatible; GPTBot/1.3; +https://openai.com/gptbot)"
74.7.243.248 - - [07/Feb/2026:08:57:57 -0500] "GET /ctg/search/similarImageSearchResultView/?ctgItemCd=170211166228 HTTP/1.1" 404 1251 "https://blog.newkolkata.in/getidm291/166228ulgpitems" "Mozilla/5.0 AppleWebKit/537.36 (KHTML, like Gecko; compatible; GPTBot/1.3; +https://openai.com/gptbot)"
74.7.243.248 - - [07/Feb/2026:08:58:00 -0500] "GET /ctg/search/similarImageSearchResultView/?ctgItemCd=270541266674 HTTP/1.1" 404 1251 "https://blog.newkolkata.in/getidm3/266674kairitems" "Mozilla/5.0 AppleWebKit/537.36 (KHTML, like Gecko; compatible; GPTBot/1.3; +https://openai.com/gptbot)"
185.191.171.18 - - [07/Feb/2026:08:58:03 -0500] "GET /getidm/274825ccoyitems HTTP/1.1" 404 1251 "-" "Mozilla/5.0 (compatible; SemrushBot/7~bl; +http://www.semrush.com/bot.html)"
74.7.243.248 - - [07/Feb/2026:08:58:04 -0500] "GET /ctg/search/similarImageSearchResultView/?ctgItemCd=258881254801 HTTP/1.1" 404 1251 "https://blog.newkolkata.in/item/254801sejmtidm70.html" "Mozilla/5.0 AppleWebKit/537.36 (KHTML, like Gecko; compatible; GPTBot/1.3; +https://openai.com/gptbot)"
185.191.171.7 - - [07/Feb/2026:08:58:05 -0500] "GET /ite/27815pcywtidm.html HTTP/1.1" 404 1251 "-" "Mozilla/5.0 (compatible; SemrushBot/7~bl; +http://www.semrush.com/bot.html)"
74.7.243.248 - - [07/Feb/2026:08:58:07 -0500] "GET /ctg/search/similarImageSearchResultView/?ctgItemCd=153411149264 HTTP/1.1" 404 1251 "https://blog.newkolkata.in/items/149264jahttidm9.html" "Mozilla/5.0 AppleWebKit/537.36 (KHTML, like Gecko; compatible; GPTBot/1.3; +https://openai.com/gptbot)"
74.7.243.248 - - [07/Feb/2026:08:58:10 -0500] "GET /ctg/search/similarImageSearchResultView/?ctgItemCd=140831136664 HTTP/1.1" 404 1251 "https://blog.newkolkata.in/items/136664pcywtidm1.html" "Mozilla/5.0 AppleWebKit/537.36 (KHTML, like Gecko; compatible; GPTBot/1.3; +https://openai.com/gptbot)"
74.7.243.248 - - [07/Feb/2026:08:58:13 -0500] "GET /ctg/search/similarImageSearchResultView/?ctgItemCd=111692107731 HTTP/1.1" 404 1251 "https://blog.newkolkata.in/getidm99/107731zslyitems" "Mozilla/5.0 AppleWebKit/537.36 (KHTML, like Gecko; compatible; GPTBot/1.3; +https://openai.com/gptbot)"
74.7.243.248 - - [07/Feb/2026:08:58:16 -0500] "GET /ctg/search/similarImageSearchResultView/?ctgItemCd=273722269816 HTTP/1.1" 404 1251 "https://blog.newkolkata.in/get/269816pcywitems.htm" "Mozilla/5.0 AppleWebKit/537.36 (KHTML, like Gecko; compatible; GPTBot/1.3; +https://openai.com/gptbot)"
74.7.243.248 - - [07/Feb/2026:08:58:19 -0500] "GET /ctg/search/similarImageSearchResultView/?ctgItemCd=267444263567 HTTP/1.1" 404 1251 "https://blog.newkolkata.in/item/263567sejmtid.html" "Mozilla/5.0 AppleWebKit/537.36 (KHTML, like Gecko; compatible; GPTBot/1.3; +https://openai.com/gptbot)"
74.7.243.248 - - [07/Feb/2026:08:58:22 -0500] "GET /ctg/search/similarImageSearchResultView/?ctgItemCd=267888263796 HTTP/1.1" 404 1251 "https://blog.newkolkata.in/getid/263796sejmitems.htm" "Mozilla/5.0 AppleWebKit/537.36 (KHTML, like Gecko; compatible; GPTBot/1.3; +https://openai.com/gptbot)"
74.7.243.248 - - [07/Feb/2026:08:58:25 -0500] "GET /ctg/search/similarImageSearchResultView/?ctgItemCd=188878184905 HTTP/1.1" 404 1251 "https://blog.newkolkata.in/geti/184905cejpitems.htm" "Mozilla/5.0 AppleWebKit/537.36 (KHTML, like Gecko; compatible; GPTBot/1.3; +https://openai.com/gptbot)"
85.208.96.194 - - [07/Feb/2026:08:58:26 -0500] "GET /getidm/246721cejpitems HTTP/1.1" 404 1251 "-" "Mozilla/5.0 (compatible; SemrushBot/7~bl; +http://www.semrush.com/bot.html)"
74.7.243.248 - - [07/Feb/2026:08:58:28 -0500] "GET /ctg/search/similarImageSearchResultView/?ctgItemCd=222553218334 HTTP/1.1" 404 1251 "https://blog.newkolkata.in/items/218334pcywtidm55.html" "Mozilla/5.0 AppleWebKit/537.36 (KHTML, like Gecko; compatible; GPTBot/1.3; +https://openai.com/gptbot)"
74.7.243.248 - - [07/Feb/2026:08:58:32 -0500] "GET /ctg/search/similarImageSearchResultView/?ctgItemCd=290640286888 HTTP/1.1" 404 1251 "https://blog.newkolkata.in/getid/286888mvrvitems" "Mozilla/5.0 AppleWebKit/537.36 (KHTML, like Gecko; compatible; GPTBot/1.3; +https://openai.com/gptbot)"
74.7.243.248 - - [07/Feb/2026:08:58:35 -0500] "GET /ctg/search/similarImageSearchResultView/?ctgItemCd=199904195728 HTTP/1.1" 404 1251 "https://blog.newkolkata.in/items/195728pcywtidm4.html" "Mozilla/5.0 AppleWebKit/537.36 (KHTML, like Gecko; compatible; GPTBot/1.3; +https://openai.com/gptbot)"
74.7.243.248 - - [07/Feb/2026:08:58:38 -0500] "GET /ctg/search/similarImageSearchResultView/?ctgItemCd=222835218911 HTTP/1.1" 404 1251 "https://blog.newkolkata.in/getidm67/218911sejmitems" "Mozilla/5.0 AppleWebKit/537.36 (KHTML, like Gecko; compatible; GPTBot/1.3; +https://openai.com/gptbot)"
74.7.243.248 - - [07/Feb/2026:08:58:41 -0500] "GET /ctg/search/similarImageSearchResultView/?ctgItemCd=281837277761 HTTP/1.1" 404 1251 "https://blog.newkolkata.in/getid/277761cejpitems.htm" "Mozilla/5.0 AppleWebKit/537.36 (KHTML, like Gecko; compatible; GPTBot/1.3; +https://openai.com/gptbot)"
74.7.243.248 - - [07/Feb/2026:08:58:44 -0500] "GET /ctg/search/similarImageSearchResultView/?ctgItemCd=222001217933 HTTP/1.1" 404 1251 "https://blog.newkolkata.in/getidm4989/217933mvrvitems" "Mozilla/5.0 AppleWebKit/537.36 (KHTML, like Gecko; compatible; GPTBot/1.3; +https://openai.com/gptbot)"
74.7.243.248 - - [07/Feb/2026:08:58:47 -0500] "GET /ctg/search/similarImageSearchResultView/?ctgItemCd=109440105553 HTTP/1.1" 404 1251 "https://blog.newkolkata.in/getidm7/105553pcywitems" "Mozilla/5.0 AppleWebKit/537.36 (KHTML, like Gecko; compatible; GPTBot/1.3; +https://openai.com/gptbot)"
74.7.243.248 - - [07/Feb/2026:08:58:50 -0500] "GET /ctg/search/similarImageSearchResultView/?ctgItemCd=146660142457 HTTP/1.1" 404 1251 "https://blog.newkolkata.in/items/142457sejmtidm39.html" "Mozilla/5.0 AppleWebKit/537.36 (KHTML, like Gecko; compatible; GPTBot/1.3; +https://openai.com/gptbot)"
74.7.243.248 - - [07/Feb/2026:08:58:53 -0500] "GET /ctg/search/similarImageSearchResultView/?ctgItemCd=212777208959 HTTP/1.1" 404 1251 "https://blog.newkolkata.in/getidm/208959kairitems" "Mozilla/5.0 AppleWebKit/537.36 (KHTML, like Gecko; compatible; GPTBot/1.3; +https://openai.com/gptbot)"
74.7.243.248 - - [07/Feb/2026:08:58:56 -0500] "GET /ctg/search/similarImageSearchResultView/?ctgItemCd=175556171369 HTTP/1.1" 404 1251 "https://blog.newkolkata.in/getidm/171369kairitems.htm" "Mozilla/5.0 AppleWebKit/537.36 (KHTML, like Gecko; compatible; GPTBot/1.3; +https://openai.com/gptbot)"
85.208.96.200 - - [07/Feb/2026:08:58:58 -0500] "GET /getid/267616sejmitems HTTP/1.1" 404 1251 "-" "Mozilla/5.0 (compatible; SemrushBot/7~bl; +http://www.semrush.com/bot.html)"
74.7.243.248 - - [07/Feb/2026:08:59:00 -0500] "GET /ctg/search/similarImageSearchResultView/?ctgItemCd=176911172644 HTTP/1.1" 404 1251 "https://blog.newkolkata.in/getidm7/172644pcywitems.htm" "Mozilla/5.0 AppleWebKit/537.36 (KHTML, like Gecko; compatible; GPTBot/1.3; +https://openai.com/gptbot)"
185.191.171.4 - - [07/Feb/2026:08:59:01 -0500] "GET /getid/21736jahtitems HTTP/1.1" 404 1251 "-" "Mozilla/5.0 (compatible; SemrushBot/7~bl; +http://www.semrush.com/bot.html)"
74.7.243.248 - - [07/Feb/2026:08:59:03 -0500] "GET /ctg/search/similarImageSearchResultView/?ctgItemCd=249993246180 HTTP/1.1" 404 1251 "https://blog.newkolkata.in/getidm/246180ccoyitems" "Mozilla/5.0 AppleWebKit/537.36 (KHTML, like Gecko; compatible; GPTBot/1.3; +https://openai.com/gptbot)"
74.7.243.248 - - [07/Feb/2026:08:59:06 -0500] "GET /ctg/search/similarImageSearchResultView/?ctgItemCd=222000217738 HTTP/1.1" 404 1251 "https://blog.newkolkata.in/items/217738tjvftidm214.html" "Mozilla/5.0 AppleWebKit/537.36 (KHTML, like Gecko; compatible; GPTBot/1.3; +https://openai.com/gptbot)"
74.7.243.248 - - [07/Feb/2026:08:59:09 -0500] "GET /ctg/search/similarImageSearchResultView/?ctgItemCd=224952220986 HTTP/1.1" 404 1251 "https://blog.newkolkata.in/getidm802/220986jahtitems" "Mozilla/5.0 AppleWebKit/537.36 (KHTML, like Gecko; compatible; GPTBot/1.3; +https://openai.com/gptbot)"
74.7.243.248 - - [07/Feb/2026:08:59:12 -0500] "GET /ctg/search/similarImageSearchResultView/?ctgItemCd=153211149072 HTTP/1.1" 404 1251 "https://blog.newkolkata.in/items/149072kairtidm4.html" "Mozilla/5.0 AppleWebKit/537.36 (KHTML, like Gecko; compatible; GPTBot/1.3; +https://openai.com/gptbot)"
85.208.96.198 - - [07/Feb/2026:08:59:15 -0500] "GET /get/39591mvrvitems.htm HTTP/1.1" 404 1251 "-" "Mozilla/5.0 (compatible; SemrushBot/7~bl; +http://www.semrush.com/bot.html)"
74.7.243.248 - - [07/Feb/2026:08:59:15 -0500] "GET /ctg/search/similarImageSearchResultView/?ctgItemCd=260604256777 HTTP/1.1" 404 1251 "https://blog.newkolkata.in/getidm/256777sejmitems" "Mozilla/5.0 AppleWebKit/537.36 (KHTML, like Gecko; compatible; GPTBot/1.3; +https://openai.com/gptbot)"
185.191.171.12 - - [07/Feb/2026:08:59:18 -0500] "GET /getid/229000jahtitems HTTP/1.1" 404 1251 "-" "Mozilla/5.0 (compatible; SemrushBot/7~bl; +http://www.semrush.com/bot.html)"
74.7.243.248 - - [07/Feb/2026:08:59:18 -0500] "GET /ctg/search/similarImageSearchResultView/?ctgItemCd=235522231657 HTTP/1.1" 404 1251 "https://blog.newkolkata.in/get/231657cejpitems.htm" "Mozilla/5.0 AppleWebKit/537.36 (KHTML, like Gecko; compatible; GPTBot/1.3; +https://openai.com/gptbot)"
74.7.243.248 - - [07/Feb/2026:08:59:21 -0500] "GET /ctg/search/similarImageSearchResultView/?ctgItemCd=240422236389 HTTP/1.1" 404 1251 "https://blog.newkolkata.in/getidm4455/236389ccoyitems" "Mozilla/5.0 AppleWebKit/537.36 (KHTML, like Gecko; compatible; GPTBot/1.3; +https://openai.com/gptbot)"
66.249.66.11 - - [07/Feb/2026:08:59:24 -0500] "GET /detail.php?products/85800124472 HTTP/1.1" 404 1251 "-" "Mozilla/5.0 (Linux; Android 6.0.1; Nexus 5X Build/MMB29P) AppleWebKit/537.36 (KHTML, like Gecko) Chrome/144.0.7559.132 Mobile Safari/537.36 (compatible; Googlebot/2.1; +http://www.google.com/bot.html)"
74.7.243.248 - - [07/Feb/2026:08:59:25 -0500] "GET /ctg/search/similarImageSearchResultView/?ctgItemCd=111280107245 HTTP/1.1" 404 1251 "https://blog.newkolkata.in/getidm3991/107245ulgpitems" "Mozilla/5.0 AppleWebKit/537.36 (KHTML, like Gecko; compatible; GPTBot/1.3; +https://openai.com/gptbot)"
74.7.243.248 - - [07/Feb/2026:08:59:28 -0500] "GET /ctg/search/similarImageSearchResultView/?ctgItemCd=288853284955 HTTP/1.1" 404 1251 "https://blog.newkolkata.in/get/284955tjvfitems.htm" "Mozilla/5.0 AppleWebKit/537.36 (KHTML, like Gecko; compatible; GPTBot/1.3; +https://openai.com/gptbot)"
74.7.243.248 - - [07/Feb/2026:08:59:31 -0500] "GET /ctg/search/similarImageSearchResultView/?ctgItemCd=240122236039 HTTP/1.1" 404 1251 "https://blog.newkolkata.in/ite/236039jahttidm9757.html" "Mozilla/5.0 AppleWebKit/537.36 (KHTML, like Gecko; compatible; GPTBot/1.3; +https://openai.com/gptbot)"
74.7.243.248 - - [07/Feb/2026:08:59:34 -0500] "GET /ctg/search/similarImageSearchResultView/?ctgItemCd=222374218486 HTTP/1.1" 404 1251 "https://blog.newkolkata.in/item/218486tjvftid.html" "Mozilla/5.0 AppleWebKit/537.36 (KHTML, like Gecko; compatible; GPTBot/1.3; +https://openai.com/gptbot)"
74.7.243.248 - - [07/Feb/2026:08:59:38 -0500] "GET /ctg/search/similarImageSearchResultView/?ctgItemCd=299571295554 HTTP/1.1" 404 1251 "https://blog.newkolkata.in/geti/295554mvrvitems.htm" "Mozilla/5.0 AppleWebKit/537.36 (KHTML, like Gecko; compatible; GPTBot/1.3; +https://openai.com/gptbot)"
74.7.243.248 - - [07/Feb/2026:08:59:41 -0500] "GET /ctg/search/similarImageSearchResultView/?ctgItemCd=256777253270 HTTP/1.1" 404 1251 "https://blog.newkolkata.in/get/253270ulgpitems" "Mozilla/5.0 AppleWebKit/537.36 (KHTML, like Gecko; compatible; GPTBot/1.3; +https://openai.com/gptbot)"
185.191.171.1 - - [07/Feb/2026:08:59:42 -0500] "GET /get/235164tjvfitems.htm HTTP/1.1" 404 1251 "-" "Mozilla/5.0 (compatible; SemrushBot/7~bl; +http://www.semrush.com/bot.html)"
74.7.243.248 - - [07/Feb/2026:08:59:44 -0500] "GET /ctg/search/similarImageSearchResultView/?ctgItemCd=148399144427 HTTP/1.1" 404 1251 "https://blog.newkolkata.in/getidm346/144427sejmitems" "Mozilla/5.0 AppleWebKit/537.36 (KHTML, like Gecko; compatible; GPTBot/1.3; +https://openai.com/gptbot)"
74.7.243.248 - - [07/Feb/2026:08:59:47 -0500] "GET /ctg/search/similarImageSearchResultView/?ctgItemCd=169990166452 HTTP/1.1" 404 1251 "https://blog.newkolkata.in/get/166452zslyitems" "Mozilla/5.0 AppleWebKit/537.36 (KHTML, like Gecko; compatible; GPTBot/1.3; +https://openai.com/gptbot)"
74.7.243.248 - - [07/Feb/2026:08:59:50 -0500] "GET /ctg/search/similarImageSearchResultView/?ctgItemCd=106395102224 HTTP/1.1" 404 1251 "https://blog.newkolkata.in/items/102224zslytidm5.html" "Mozilla/5.0 AppleWebKit/537.36 (KHTML, like Gecko; compatible; GPTBot/1.3; +https://openai.com/gptbot)"
74.7.243.248 - - [07/Feb/2026:08:59:53 -0500] "GET /ctg/search/similarImageSearchResultView/?ctgItemCd=222196218194 HTTP/1.1" 404 1251 "https://blog.newkolkata.in/item/218194pcywtidm.html" "Mozilla/5.0 AppleWebKit/537.36 (KHTML, like Gecko; compatible; GPTBot/1.3; +https://openai.com/gptbot)"
74.7.243.248 - - [07/Feb/2026:08:59:56 -0500] "GET /ctg/search/similarImageSearchResultView/?ctgItemCd=204888201382 HTTP/1.1" 404 1251 "https://blog.newkolkata.in/get/201382tjvfitems" "Mozilla/5.0 AppleWebKit/537.36 (KHTML, like Gecko; compatible; GPTBot/1.3; +https://openai.com/gptbot)"
185.191.171.18 - - [07/Feb/2026:08:59:58 -0500] "GET /geti/134023kairitems HTTP/1.1" 404 1251 "-" "Mozilla/5.0 (compatible; SemrushBot/7~bl; +http://www.semrush.com/bot.html)"
74.7.243.248 - - [07/Feb/2026:09:00:00 -0500] "GET /ctg/search/similarImageSearchResultView/?ctgItemCd=170302166600 HTTP/1.1" 404 1251 "https://blog.newkolkata.in/getid/166600ccoyitems" "Mozilla/5.0 AppleWebKit/537.36 (KHTML, like Gecko; compatible; GPTBot/1.3; +https://openai.com/gptbot)"
74.7.243.248 - - [07/Feb/2026:09:00:03 -0500] "GET /ctg/search/similarImageSearchResultView/?ctgItemCd=246668242237 HTTP/1.1" 404 1251 "https://blog.newkolkata.in/items/242237pcywtidm917473.html" "Mozilla/5.0 AppleWebKit/537.36 (KHTML, like Gecko; compatible; GPTBot/1.3; +https://openai.com/gptbot)"
74.7.243.248 - - [07/Feb/2026:09:00:06 -0500] "GET /ctg/search/similarImageSearchResultView/?ctgItemCd=148569144457 HTTP/1.1" 404 1251 "https://blog.newkolkata.in/getid/144457mvrvitems.htm" "Mozilla/5.0 AppleWebKit/537.36 (KHTML, like Gecko; compatible; GPTBot/1.3; +https://openai.com/gptbot)"
74.7.243.248 - - [07/Feb/2026:09:00:09 -0500] "GET /ctg/search/similarImageSearchResultView/?ctgItemCd=259334255000 HTTP/1.1" 404 1251 "https://blog.newkolkata.in/getidm189/255000jahtitems.htm" "Mozilla/5.0 AppleWebKit/537.36 (KHTML, like Gecko; compatible; GPTBot/1.3; +https://openai.com/gptbot)"
185.191.171.9 - - [07/Feb/2026:09:00:11 -0500] "GET /getidm/113808cejpitems.htm HTTP/1.1" 404 1251 "-" "Mozilla/5.0 (compatible; SemrushBot/7~bl; +http://www.semrush.com/bot.html)"
74.7.243.248 - - [07/Feb/2026:09:00:12 -0500] "GET /ctg/search/similarImageSearchResultView/?ctgItemCd=150153146662 HTTP/1.1" 404 1251 "https://blog.newkolkata.in/get/146662cejpitems" "Mozilla/5.0 AppleWebKit/537.36 (KHTML, like Gecko; compatible; GPTBot/1.3; +https://openai.com/gptbot)"
185.191.171.3 - - [07/Feb/2026:09:00:13 -0500] "GET /get/264396ccoyitems.htm HTTP/1.1" 404 1251 "-" "Mozilla/5.0 (compatible; SemrushBot/7~bl; +http://www.semrush.com/bot.html)"
74.7.243.248 - - [07/Feb/2026:09:00:16 -0500] "GET /ctg/search/similarImageSearchResultView/?ctgItemCd=222938218580 HTTP/1.1" 404 1251 "https://blog.newkolkata.in/getidm976/218580sejmitems.htm" "Mozilla/5.0 AppleWebKit/537.36 (KHTML, like Gecko; compatible; GPTBot/1.3; +https://openai.com/gptbot)"
74.7.243.248 - - [07/Feb/2026:09:00:19 -0500] "GET /ctg/search/similarImageSearchResultView/?ctgItemCd=307779303442 HTTP/1.1" 404 1251 "https://blog.newkolkata.in/getidm179/303442kairitems.htm" "Mozilla/5.0 AppleWebKit/537.36 (KHTML, like Gecko; compatible; GPTBot/1.3; +https://openai.com/gptbot)"
74.7.243.248 - - [07/Feb/2026:09:00:22 -0500] "GET /ctg/search/similarImageSearchResultView/?ctgItemCd=241422237718 HTTP/1.1" 404 1251 "https://blog.newkolkata.in/getid/237718kairitems" "Mozilla/5.0 AppleWebKit/537.36 (KHTML, like Gecko; compatible; GPTBot/1.3; +https://openai.com/gptbot)"
74.7.243.248 - - [07/Feb/2026:09:00:25 -0500] "GET /ctg/search/similarImageSearchResultView/?ctgItemCd=119792115556 HTTP/1.1" 404 1251 "https://blog.newkolkata.in/item/115556kairtidm31497.html" "Mozilla/5.0 AppleWebKit/537.36 (KHTML, like Gecko; compatible; GPTBot/1.3; +https://openai.com/gptbot)"
74.7.243.248 - - [07/Feb/2026:09:00:28 -0500] "GET /ctg/search/similarImageSearchResultView/?ctgItemCd=222254217976 HTTP/1.1" 404 1251 "https://blog.newkolkata.in/items/217976tjvftidm289.html" "Mozilla/5.0 AppleWebKit/537.36 (KHTML, like Gecko; compatible; GPTBot/1.3; +https://openai.com/gptbot)"
74.7.243.248 - - [07/Feb/2026:09:00:31 -0500] "GET /ctg/search/similarImageSearchResultView/?ctgItemCd=133314129069 HTTP/1.1" 404 1251 "https://blog.newkolkata.in/getidm2/129069sejmitems.htm" "Mozilla/5.0 AppleWebKit/537.36 (KHTML, like Gecko; compatible; GPTBot/1.3; +https://openai.com/gptbot)"
74.7.243.248 - - [07/Feb/2026:09:00:35 -0500] "GET /ctg/search/similarImageSearchResultView/?ctgItemCd=239111235422 HTTP/1.1" 404 1251 "https://blog.newkolkata.in/getid/235422cejpitems" "Mozilla/5.0 AppleWebKit/537.36 (KHTML, like Gecko; compatible; GPTBot/1.3; +https://openai.com/gptbot)"
185.191.171.15 - - [07/Feb/2026:09:00:37 -0500] "GET /getidm/158538sejmitems.htm HTTP/1.1" 404 1251 "-" "Mozilla/5.0 (compatible; SemrushBot/7~bl; +http://www.semrush.com/bot.html)"
