74.7.243.248 - - [07/Feb/2026:08:30:29 -0500] "GET /ctg/search/similarImageSearchResultView/?ctgItemCd=258881254894 HTTP/1.1" 404 1251 "https://blog.newkolkata.in/items/254894kairtid.html" "Mozilla/5.0 AppleWebKit/537.36 (KHTML, like Gecko; compatible; GPTBot/1.3; +https://openai.com/gptbot)"
74.7.243.248 - - [07/Feb/2026:08:30:33 -0500] "GET /ctg/search/similarImageSearchResultView/?ctgItemCd=213322209507 HTTP/1.1" 404 1251 "https://blog.newkolkata.in/getidm/209507ccoyitems" "Mozilla/5.0 AppleWebKit/537.36 (KHTML, like Gecko; compatible; GPTBot/1.3; +https://openai.com/gptbot)"
185.191.171.1 - - [07/Feb/2026:08:30:34 -0500] "GET /get/216958zslyitems HTTP/1.1" 404 1251 "-" "Mozilla/5.0 (compatible; SemrushBot/7~bl; +http://www.semrush.com/bot.html)"
74.7.243.248 - - [07/Feb/2026:08:30:36 -0500] "GET /ctg/search/similarImageSearchResultView/?ctgItemCd=104552100666 HTTP/1.1" 404 1251 "https://blog.newkolkata.in/getidm6/100666pcywitems" "Mozilla/5.0 AppleWebKit/537.36 (KHTML, like Gecko; compatible; GPTBot/1.3; +https://openai.com/gptbot)"
185.191.171.11 - - [07/Feb/2026:08:30:37 -0500] "GET /get/105526pcywitems HTTP/1.1" 404 1251 "-" "Mozilla/5.0 (compatible; SemrushBot/7~bl; +http://www.semrush.com/bot.html)"
74.7.243.248 - - [07/Feb/2026:08:30:39 -0500] "GET /ctg/search/similarImageSearchResultView/?ctgItemCd=197770193521 HTTP/1.1" 404 1251 "https://blog.newkolkata.in/getidm3/193521ulgpitems.htm" "Mozilla/5.0 AppleWebKit/537.36 (KHTML, like Gecko; compatible; GPTBot/1.3; +https://openai.com/gptbot)"
74.7.243.248 - - [07/Feb/2026:08:30:42 -0500] "GET /ctg/search/similarImageSearchResultView/?ctgItemCd=159479155562 HTTP/1.1" 404 1251 "https://blog.newkolkata.in/ite/155562jahttidm5.html" "Mozilla/5.0 AppleWebKit/537.36 (KHTML, like Gecko; compatible; GPTBot/1.3; +https://openai.com/gptbot)"
74.7.243.248 - - [07/Feb/2026:08:30:45 -0500] "GET /ctg/search/similarImageSearchResultView/?ctgItemCd=236845233350 HTTP/1.1" 404 1251 "https://blog.newkolkata.in/get/233350sejmitems" "Mozilla/5.0 AppleWebKit/537.36 (KHTML, like Gecko; compatible; GPTBot/1.3; +https://openai.com/gptbot)"
74.7.243.248 - - [07/Feb/2026:08:30:49 -0500] "GET /ctg/search/similarImageSearchResultView/?ctgItemCd=260888256548 HTTP/1.1" 404 1251 "https://blog.newkolkata.in/getidm114/256548jahtitems.htm" "Mozilla/5.0 AppleWebKit/537.36 (KHTML, like Gecko; compatible; GPTBot/1.3; +https://openai.com/gptbot)"
74.7.243.248 - - [07/Feb/2026:08:30:52 -0500] "GET /ctg/search/similarImageSearchResultView/?ctgItemCd=107251103339 HTTP/1.1" 404 1251 "https://blog.newkolkata.in/getidm75/103339jahtitems" "Mozilla/5.0 AppleWebKit/537.36 (KHTML, like Gecko; compatible; GPTBot/1.3; +https://openai.com/gptbot)"
74.7.243.248 - - [07/Feb/2026:08:30:55 -0500] "GET /ctg/search/similarImageSearchResultView/?ctgItemCd=111279107294 HTTP/1.1" 404 1251 "https://blog.newkolkata.in/items/107294ccoytid.html" "Mozilla/5.0 AppleWebKit/537.36 (KHTML, like Gecko; compatible; GPTBot/1.3; +https://openai.com/gptbot)"
74.7.243.248 - - [07/Feb/2026:08:30:58 -0500] "GET /ctg/search/similarImageSearchResultView/?ctgItemCd=202999198557 HTTP/1.1" 404 1251 "https://blog.newkolkata.in/items/198557pcywtidm284850.html" "Mozilla/5.0 AppleWebKit/537.36 (KHTML, like Gecko; compatible; GPTBot/1.3; +https://openai.com/gptbot)"
74.7.243.248 - - [07/Feb/2026:08:31:02 -0500] "GET /ctg/search/similarImageSearchResultView/?ctgItemCd=248888244563 HTTP/1.1" 404 1251 "https://blog.newkolkata.in/getidm45/244563mvrvitems.htm" "Mozilla/5.0 AppleWebKit/537.36 (KHTML, like Gecko; compatible; GPTBot/1.3; +https://openai.com/gptbot)"
185.191.171.13 - - [07/Feb/2026:08:31:04 -0500] "GET /item/45071tjvftidm.html HTTP/1.1" 404 1251 "-" "Mozilla/5.0 (compatible; SemrushBot/7~bl; +http://www.semrush.com/bot.html)"
74.7.243.248 - - [07/Feb/2026:08:31:05 -0500] "GET /ctg/search/similarImageSearchResultView/?ctgItemCd=233351229044 HTTP/1.1" 404 1251 "https://blog.newkolkata.in/getidm11/229044pcywitems.htm" "Mozilla/5.0 AppleWebKit/537.36 (KHTML, like Gecko; compatible; GPTBot/1.3; +https://openai.com/gptbot)"
74.7.243.248 - - [07/Feb/2026:08:31:08 -0500] "GET /ctg/search/similarImageSearchResultView/?ctgItemCd=257522253606 HTTP/1.1" 404 1251 "https://blog.newkolkata.in/ite/253606kairtidm6.html" "Mozilla/5.0 AppleWebKit/537.36 (KHTML, like Gecko; compatible; GPTBot/1.3; +https://openai.com/gptbot)"
74.7.243.248 - - [07/Feb/2026:08:31:11 -0500] "GET /ctg/search/similarImageSearchResultView/?ctgItemCd=141597137775 HTTP/1.1" 404 1251 "https://blog.newkolkata.in/getidm/137775ccoyitems" "Mozilla/5.0 AppleWebKit/537.36 (KHTML, like Gecko; compatible; GPTBot/1.3; +https://openai.com/gptbot)"
74.7.243.248 - - [07/Feb/2026:08:31:14 -0500] "GET /ctg/search/similarImageSearchResultView/?ctgItemCd=167444163202 HTTP/1.1" 404 1251 "https://blog.newkolkata.in/items/163202ccoytidm238.html" "Mozilla/5.0 AppleWebKit/537.36 (KHTML, like Gecko; compatible; GPTBot/1.3; +https://openai.com/gptbot)"
74.7.243.248 - - [07/Feb/2026:08:31:17 -0500] "GET /ctg/search/similarImageSearchResultView/?ctgItemCd=149065145558 HTTP/1.1" 404 1251 "https://blog.newkolkata.in/get/145558sejmitems" "Mozilla/5.0 AppleWebKit/537.36 (KHTML, like Gecko; compatible; GPTBot/1.3; +https://openai.com/gptbot)"
74.7.243.248 - - [07/Feb/2026:08:31:20 -0500] "GET /ctg/search/similarImageSearchResultView/?ctgItemCd=170444166405 HTTP/1.1" 404 1251 "https://blog.newkolkata.in/getidm4469/166405ulgpitems" "Mozilla/5.0 AppleWebKit/537.36 (KHTML, like Gecko; compatible; GPTBot/1.3; +https://openai.com/gptbot)"
74.7.243.248 - - [07/Feb/2026:08:31:23 -0500] "GET /ctg/search/similarImageSearchResultView/?ctgItemCd=186999182702 HTTP/1.1" 404 1251 "https://blog.newkolkata.in/item/182702tjvftidm671430.html" "Mozilla/5.0 AppleWebKit/537.36 (KHTML, like Gecko; compatible; GPTBot/1.3; +https://openai.com/gptbot)"
74.7.243.248 - - [07/Feb/2026:08:31:27 -0500] "GET /ctg/search/similarImageSearchResultView/?ctgItemCd=308999304832 HTTP/1.1" 404 1251 "https://blog.newkolkata.in/items/304832pcywtidm7.html" "Mozilla/5.0 AppleWebKit/537.36 (KHTML, like Gecko; compatible; GPTBot/1.3; +https://openai.com/gptbot)"
185.191.171.8 - - [07/Feb/2026:08:31:27 -0500] "GET /getidm/142725kairitems.htm HTTP/1.1" 404 1251 "-" "Mozilla/5.0 (compatible; SemrushBot/7~bl; +http://www.semrush.com/bot.html)"
74.7.243.248 - - [07/Feb/2026:08:31:30 -0500] "GET /ctg/search/similarImageSearchResultView/?ctgItemCd=111693107478 HTTP/1.1" 404 1251 "https://blog.newkolkata.in/items/107478tjvftidm81.html" "Mozilla/5.0 AppleWebKit/537.36 (KHTML, like Gecko; compatible; GPTBot/1.3; +https://openai.com/gptbot)"
74.7.243.248 - - [07/Feb/2026:08:31:33 -0500] "GET /ctg/search/similarImageSearchResultView/?ctgItemCd=118221114679 HTTP/1.1" 404 1251 "https://blog.newkolkata.in/get/114679zslyitems" "Mozilla/5.0 AppleWebKit/537.36 (KHTML, like Gecko; compatible; GPTBot/1.3; +https://openai.com/gptbot)"
74.7.243.248 - - [07/Feb/2026:08:31:36 -0500] "GET /ctg/search/similarImageSearchResultView/?ctgItemCd=111368107144 HTTP/1.1" 404 1251 "https://blog.newkolkata.in/items/107144zslytidm31.html" "Mozilla/5.0 AppleWebKit/537.36 (KHTML, like Gecko; compatible; GPTBot/1.3; +https://openai.com/gptbot)"
185.191.171.5 - - [07/Feb/2026:08:31:37 -0500] "GET /getid/155848tjvfitems HTTP/1.1" 404 1251 "-" "Mozilla/5.0 (compatible; SemrushBot/7~bl; +http://www.semrush.com/bot.html)"
74.7.243.248 - - [07/Feb/2026:08:31:39 -0500] "GET /ctg/search/similarImageSearchResultView/?ctgItemCd=300063296054 HTTP/1.1" 404 1251 "https://blog.newkolkata.in/items/296054pcywtid.html" "Mozilla/5.0 AppleWebKit/537.36 (KHTML, like Gecko; compatible; GPTBot/1.3; +https://openai.com/gptbot)"
74.7.243.248 - - [07/Feb/2026:08:31:42 -0500] "GET /ctg/search/similarImageSearchResultView/?ctgItemCd=280296276000 HTTP/1.1" 404 1251 "https://blog.newkolkata.in/getidm71/276000ulgpitems.htm" "Mozilla/5.0 AppleWebKit/537.36 (KHTML, like Gecko; compatible; GPTBot/1.3; +https://openai.com/gptbot)"
74.7.243.248 - - [07/Feb/2026:08:31:46 -0500] "GET /ctg/search/similarImageSearchResultView/?ctgItemCd=244485241006 HTTP/1.1" 404 1251 "https://blog.newkolkata.in/get/241006cejpitems" "Mozilla/5.0 AppleWebKit/537.36 (KHTML, like Gecko; compatible; GPTBot/1.3; +https://openai.com/gptbot)"
74.7.243.248 - - [07/Feb/2026:08:31:49 -0500] "GET /ctg/search/similarImageSearchResultView/?ctgItemCd=275938272224 HTTP/1.1" 404 1251 "https://blog.newkolkata.in/getid/272224tjvfitems" "Mozilla/5.0 AppleWebKit/537.36 (KHTML, like Gecko; compatible; GPTBot/1.3; +https://openai.com/gptbot)"
85.208.96.203 - - [07/Feb/2026:08:31:50 -0500] "GET /getidm/156963ulgpitems.htm HTTP/1.1" 404 1251 "-" "Mozilla/5.0 (compatible; SemrushBot/7~bl; +http://www.semrush.com/bot.html)"
74.7.243.248 - - [07/Feb/2026:08:31:52 -0500] "GET /ctg/search/similarImageSearchResultView/?ctgItemCd=164911160584 HTTP/1.1" 404 1251 "https://blog.newkolkata.in/getidm47/160584mvrvitems.htm" "Mozilla/5.0 AppleWebKit/537.36 (KHTML, like Gecko; compatible; GPTBot/1.3; +https://openai.com/gptbot)"
185.191.171.19 - - [07/Feb/2026:08:31:52 -0500] "GET /getidm/163297ccoyitems HTTP/1.1" 404 1251 "-" "Mozilla/5.0 (compatible; SemrushBot/7~bl; +http://www.semrush.com/bot.html)"
74.7.243.248 - - [07/Feb/2026:08:31:55 -0500] "GET /ctg/search/similarImageSearchResultView/?ctgItemCd=270642266658 HTTP/1.1" 404 1251 "https://blog.newkolkata.in/geti/266658kairitems.htm" "Mozilla/5.0 AppleWebKit/537.36 (KHTML, like Gecko; compatible; GPTBot/1.3; +https://openai.com/gptbot)"
74.7.243.248 - - [07/Feb/2026:08:31:58 -0500] "GET /ctg/search/similarImageSearchResultView/?ctgItemCd=196911192548 HTTP/1.1" 404 1251 "https://blog.newkolkata.in/items/192548jahttidm90696.html" "Mozilla/5.0 AppleWebKit/537.36 (KHTML, like Gecko; compatible; GPTBot/1.3; +https://openai.com/gptbot)"
74.7.243.248 - - [07/Feb/2026:08:32:01 -0500] "GET /ctg/search/similarImageSearchResultView/?ctgItemCd=202164197775 HTTP/1.1" 404 1251 "https://blog.newkolkata.in/getidm283/197775mvrvitems.htm" "Mozilla/5.0 AppleWebKit/537.36 (KHTML, like Gecko; compatible; GPTBot/1.3; +https://openai.com/gptbot)"
74.7.243.248 - - [07/Feb/2026:08:32:04 -0500] "GET /ctg/search/similarImageSearchResultView/?ctgItemCd=152911148966 HTTP/1.1" 404 1251 "https://blog.newkolkata.in/ite/148966tjvftidm4.html" "Mozilla/5.0 AppleWebKit/537.36 (KHTML, like Gecko; compatible; GPTBot/1.3; +https://openai.com/gptbot)"
74.7.243.248 - - [07/Feb/2026:08:32:08 -0500] "GET /ctg/search/similarImageSearchResultView/?ctgItemCd=111952108242 HTTP/1.1" 404 1251 "https://blog.newkolkata.in/getid/108242ulgpitems" "Mozilla/5.0 AppleWebKit/537.36 (KHTML, like Gecko; compatible; GPTBot/1.3; +https://openai.com/gptbot)"
74.7.243.248 - - [07/Feb/2026:08:32:11 -0500] "GET /ctg/search/similarImageSearchResultView/?ctgItemCd=244438240365 HTTP/1.1" 404 1251 "https://blog.newkolkata.in/item/240365cejptidm85.html" "Mozilla/5.0 AppleWebKit/537.36 (KHTML, like Gecko; compatible; GPTBot/1.3; +https://openai.com/gptbot)"
85.208.96.194 - - [07/Feb/2026:08:32:12 -0500] "GET /getidm1/200602ulgpitems HTTP/1.1" 404 1251 "-" "Mozilla/5.0 (compatible; SemrushBot/7~bl; +http://www.semrush.com/bot.html)"
74.7.243.248 - - [07/Feb/2026:08:32:14 -0500] "GET /ctg/search/similarImageSearchResultView/?ctgItemCd=222732219040 HTTP/1.1" 404 1251 "https://blog.newkolkata.in/getid/219040kairitems" "Mozilla/5.0 AppleWebKit/537.36 (KHTML, like Gecko; compatible; GPTBot/1.3; +https://openai.com/gptbot)"
85.208.96.206 - - [07/Feb/2026:08:32:15 -0500] "GET /getid/177304mvrvitems HTTP/1.1" 404 1251 "-" "Mozilla/5.0 (compatible; SemrushBot/7~bl; +http://www.semrush.com/bot.html)"
74.7.243.248 - - [07/Feb/2026:08:32:17 -0500] "GET /ctg/search/similarImageSearchResultView/?ctgItemCd=202611198730 HTTP/1.1" 404 1251 "https://blog.newkolkata.in/getidm1/198730tjvfitems" "Mozilla/5.0 AppleWebKit/537.36 (KHTML, like Gecko; compatible; GPTBot/1.3; +https://openai.com/gptbot)"
74.7.243.248 - - [07/Feb/2026:08:32:20 -0500] "GET /ctg/search/similarImageSearchResultView/?ctgItemCd=127711123642 HTTP/1.1" 404 1251 "https://blog.newkolkata.in/getid/123642jahtitems.htm" "Mozilla/5.0 AppleWebKit/537.36 (KHTML, like Gecko; compatible; GPTBot/1.3; +https://openai.com/gptbot)"
185.191.171.12 - - [07/Feb/2026:08:32:20 -0500] "GET /geti/17409pcywitems.htm HTTP/1.1" 404 1251 "-" "Mozilla/5.0 (compatible; SemrushBot/7~bl; +http://www.semrush.com/bot.html)"
85.208.96.194 - - [07/Feb/2026:08:32:23 -0500] "GET /getid/120688ulgpitems HTTP/1.1" 404 1251 "-" "Mozilla/5.0 (compatible; SemrushBot/7~bl; +http://www.semrush.com/bot.html)"
74.7.243.248 - - [07/Feb/2026:08:32:23 -0500] "GET /ctg/search/similarImageSearchResultView/?ctgItemCd=168054164440 HTTP/1.1" 404 1251 "https://blog.newkolkata.in/geti/164440tjvfitems" "Mozilla/5.0 AppleWebKit/537.36 (KHTML, like Gecko; compatible; GPTBot/1.3; +https://openai.com/gptbot)"
74.7.243.248 - - [07/Feb/2026:08:32:26 -0500] "GET /ctg/search/similarImageSearchResultView/?ctgItemCd=204204199923 HTTP/1.1" 404 1251 "https://blog.newkolkata.in/getidm4/199923mvrvitems.htm" "Mozilla/5.0 AppleWebKit/537.36 (KHTML, like Gecko; compatible; GPTBot/1.3; +https://openai.com/gptbot)"
74.7.243.248 - - [07/Feb/2026:08:32:30 -0500] "GET /ctg/search/similarImageSearchResultView/?ctgItemCd=220141215999 HTTP/1.1" 404 1251 "https://blog.newkolkata.in/items/215999zslytidm.html" "Mozilla/5.0 AppleWebKit/537.36 (KHTML, like Gecko; compatible; GPTBot/1.3; +https://openai.com/gptbot)"
74.7.243.248 - - [07/Feb/2026:08:32:33 -0500] "GET /ctg/search/similarImageSearchResultView/?ctgItemCd=120541116689 HTTP/1.1" 404 1251 "https://blog.newkolkata.in/getidm/116689mvrvitems" "Mozilla/5.0 AppleWebKit/537.36 (KHTML, like Gecko; compatible; GPTBot/1.3; +https://openai.com/gptbot)"
74.7.243.248 - - [07/Feb/2026:08:32:36 -0500] "GET /ctg/search/similarImageSearchResultView/?ctgItemCd=285622281417 HTTP/1.1" 404 1251 "https://blog.newkolkata.in/items/281417ccoytidm78.html" "Mozilla/5.0 AppleWebKit/537.36 (KHTML, like Gecko; compatible; GPTBot/1.3; +https://openai.com/gptbot)"
74.7.243.248 - - [07/Feb/2026:08:32:39 -0500] "GET /ctg/search/similarImageSearchResultView/?ctgItemCd=222531218485 HTTP/1.1" 404 1251 "https://blog.newkolkata.in/getidm9094/218485tjvfitems" "Mozilla/5.0 AppleWebKit/537.36 (KHTML, like Gecko; compatible; GPTBot/1.3; +https://openai.com/gptbot)"
74.7.243.248 - - [07/Feb/2026:08:32:42 -0500] "GET /ctg/search/similarImageSearchResultView/?ctgItemCd=244485240368 HTTP/1.1" 404 1251 "https://blog.newkolkata.in/getid/240368zslyitems.htm" "Mozilla/5.0 AppleWebKit/537.36 (KHTML, like Gecko; compatible; GPTBot/1.3; +https://openai.com/gptbot)"
74.7.243.248 - - [07/Feb/2026:08:32:45 -0500] "GET /ctg/search/similarImageSearchResultView/?ctgItemCd=222458218166 HTTP/1.1" 404 1251 "https://blog.newkolkata.in/getidm48/218166jahtitems.htm" "Mozilla/5.0 AppleWebKit/537.36 (KHTML, like Gecko; compatible; GPTBot/1.3; +https://openai.com/gptbot)"
185.191.171.5 - - [07/Feb/2026:08:32:47 -0500] "GET /getidm/161425jahtitems HTTP/1.1" 404 1251 "-" "Mozilla/5.0 (compatible; SemrushBot/7~bl; +http://www.semrush.com/bot.html)"
74.7.243.248 - - [07/Feb/2026:08:32:49 -0500] "GET /ctg/search/similarImageSearchResultView/?ctgItemCd=211119207250 HTTP/1.1" 404 1251 "https://blog.newkolkata.in/getidm3/207250ulgpitems" "Mozilla/5.0 AppleWebKit/537.36 (KHTML, like Gecko; compatible; GPTBot/1.3; +https://openai.com/gptbot)"
74.7.243.248 - - [07/Feb/2026:08:32:52 -0500] "GET /ctg/search/similarImageSearchResultView/?ctgItemCd=248400243999 HTTP/1.1" 404 1251 "https://blog.newkolkata.in/items/243999jahttidm452101.html" "Mozilla/5.0 AppleWebKit/537.36 (KHTML, like Gecko; compatible; GPTBot/1.3; +https://openai.com/gptbot)"
74.7.243.248 - - [07/Feb/2026:08:32:55 -0500] "GET /ctg/search/similarImageSearchResultView/?ctgItemCd=111527107650 HTTP/1.1" 404 1251 "https://blog.newkolkata.in/getidm6/107650tjvfitems" "Mozilla/5.0 AppleWebKit/537.36 (KHTML, like Gecko; compatible; GPTBot/1.3; +https://openai.com/gptbot)"
74.7.243.248 - - [07/Feb/2026:08:32:58 -0500] "GET /ctg/search/similarImageSearchResultView/?ctgItemCd=235822231930 HTTP/1.1" 404 1251 "https://blog.newkolkata.in/get/231930pcywitems.htm" "Mozilla/5.0 AppleWebKit/537.36 (KHTML, like Gecko; compatible; GPTBot/1.3; +https://openai.com/gptbot)"
74.7.243.248 - - [07/Feb/2026:08:33:02 -0500] "GET /ctg/search/similarImageSearchResultView/?ctgItemCd=294622290809 HTTP/1.1" 404 1251 "https://blog.newkolkata.in/getidm/290809kairitems" "Mozilla/5.0 AppleWebKit/537.36 (KHTML, like Gecko; compatible; GPTBot/1.3; +https://openai.com/gptbot)"
85.208.96.209 - - [07/Feb/2026:08:33:03 -0500] "GET /get/123465ccoyitems.htm HTTP/1.1" 404 1251 "-" "Mozilla/5.0 (compatible; SemrushBot/7~bl; +http://www.semrush.com/bot.html)"
185.191.171.7 - - [07/Feb/2026:08:33:04 -0500] "GET /getid/149368ccoyitems HTTP/1.1" 404 1251 "-" "Mozilla/5.0 (compatible; SemrushBot/7~bl; +http://www.semrush.com/bot.html)"
74.7.243.248 - - [07/Feb/2026:08:33:05 -0500] "GET /ctg/search/similarImageSearchResultView/?ctgItemCd=203332198993 HTTP/1.1" 404 1251 "https://blog.newkolkata.in/getidm53/198993mvrvitems.htm" "Mozilla/5.0 AppleWebKit/537.36 (KHTML, like Gecko; compatible; GPTBot/1.3; +https://openai.com/gptbot)"
185.191.171.6 - - [07/Feb/2026:08:33:06 -0500] "GET /geti/60199ulgpitems HTTP/1.1" 404 1251 "-" "Mozilla/5.0 (compatible; SemrushBot/7~bl; +http://www.semrush.com/bot.html)"
85.208.96.211 - - [07/Feb/2026:08:33:08 -0500] "GET /getidm1/195298tjvfitems HTTP/1.1" 404 1251 "-" "Mozilla/5.0 (compatible; SemrushBot/7~bl; +http://www.semrush.com/bot.html)"
74.7.243.248 - - [07/Feb/2026:08:33:08 -0500] "GET /ctg/search/similarImageSearchResultView/?ctgItemCd=174448170249 HTTP/1.1" 404 1251 "https://blog.newkolkata.in/items/170249sejmtidm53.html" "Mozilla/5.0 AppleWebKit/537.36 (KHTML, like Gecko; compatible; GPTBot/1.3; +https://openai.com/gptbot)"
74.7.243.248 - - [07/Feb/2026:08:33:11 -0500] "GET /ctg/search/similarImageSearchResultView/?ctgItemCd=130774126888 HTTP/1.1" 404 1251 "https://blog.newkolkata.in/get/126888ccoyitems.htm" "Mozilla/5.0 AppleWebKit/537.36 (KHTML, like Gecko; compatible; GPTBot/1.3; +https://openai.com/gptbot)"
74.7.243.248 - - [07/Feb/2026:08:33:14 -0500] "GET /ctg/search/similarImageSearchResultView/?ctgItemCd=136561132227 HTTP/1.1" 404 1251 "https://blog.newkolkata.in/items/132227zslytidm8118.html" "Mozilla/5.0 AppleWebKit/537.36 (KHTML, like Gecko; compatible; GPTBot/1.3; +https://openai.com/gptbot)"
74.7.243.248 - - [07/Feb/2026:08:33:17 -0500] "GET /ctg/search/similarImageSearchResultView/?ctgItemCd=287555283176 HTTP/1.1" 404 1251 "https://blog.newkolkata.in/getidm183/283176mvrvitems.htm" "Mozilla/5.0 AppleWebKit/537.36 (KHTML, like Gecko; compatible; GPTBot/1.3; +https://openai.com/gptbot)"
85.208.96.197 - - [07/Feb/2026:08:33:18 -0500] "GET /getidm/290737pcywitems HTTP/1.1" 404 1251 "-" "Mozilla/5.0 (compatible; SemrushBot/7~bl; +http://www.semrush.com/bot.html)"
74.7.243.248 - - [07/Feb/2026:08:33:20 -0500] "GET /ctg/search/similarImageSearchResultView/?ctgItemCd=226037222165 HTTP/1.1" 404 1251 "https://blog.newkolkata.in/get/222165sejmitems.htm" "Mozilla/5.0 AppleWebKit/537.36 (KHTML, like Gecko; compatible; GPTBot/1.3; +https://openai.com/gptbot)"
74.7.243.248 - - [07/Feb/2026:08:33:24 -0500] "GET /ctg/search/similarImageSearchResultView/?ctgItemCd=120241116346 HTTP/1.1" 404 1251 "https://blog.newkolkata.in/get/116346pcywitems.htm" "Mozilla/5.0 AppleWebKit/537.36 (KHTML, like Gecko; compatible; GPTBot/1.3; +https://openai.com/gptbot)"
74.7.243.248 - - [07/Feb/2026:08:33:27 -0500] "GET /ctg/search/similarImageSearchResultView/?ctgItemCd=142905138666 HTTP/1.1" 404 1251 "https://blog.newkolkata.in/getidm1/138666kairitems.htm" "Mozilla/5.0 AppleWebKit/537.36 (KHTML, like Gecko; compatible; GPTBot/1.3; +https://openai.com/gptbot)"
74.7.243.248 - - [07/Feb/2026:08:33:30 -0500] "GET /ctg/search/similarImageSearchResultView/?ctgItemCd=165311161027 HTTP/1.1" 404 1251 "https://blog.newkolkata.in/getidm88/161027cejpitems.htm" "Mozilla/5.0 AppleWebKit/537.36 (KHTML, like Gecko; compatible; GPTBot/1.3; +https://openai.com/gptbot)"
74.7.243.248 - - [07/Feb/2026:08:33:33 -0500] "GET /ctg/search/similarImageSearchResultView/?ctgItemCd=291043286666 HTTP/1.1" 404 1251 "https://blog.newkolkata.in/getidm173/286666pcywitems.htm" "Mozilla/5.0 AppleWebKit/537.36 (KHTML, like Gecko; compatible; GPTBot/1.3; +https://openai.com/gptbot)"
74.7.243.248 - - [07/Feb/2026:08:33:36 -0500] "GET /ctg/search/similarImageSearchResultView/?ctgItemCd=145888142390 HTTP/1.1" 404 1251 "https://blog.newkolkata.in/get/142390sejmitems" "Mozilla/5.0 AppleWebKit/537.36 (KHTML, like Gecko; compatible; GPTBot/1.3; +https://openai.com/gptbot)"
74.7.243.248 - - [07/Feb/2026:08:33:39 -0500] "GET /ctg/search/similarImageSearchResultView/?ctgItemCd=253111248761 HTTP/1.1" 404 1251 "https://blog.newkolkata.in/getidm272/248761ccoyitems.htm" "Mozilla/5.0 AppleWebKit/537.36 (KHTML, like Gecko; compatible; GPTBot/1.3; +https://openai.com/gptbot)"
74.7.243.248 - - [07/Feb/2026:08:33:42 -0500] "GET /ctg/search/similarImageSearchResultView/?ctgItemCd=171444167091 HTTP/1.1" 404 1251 "https://blog.newkolkata.in/getidm143/167091ulgpitems.htm" "Mozilla/5.0 AppleWebKit/537.36 (KHTML, like Gecko; compatible; GPTBot/1.3; +https://openai.com/gptbot)"
74.7.243.248 - - [07/Feb/2026:08:33:45 -0500] "GET /ctg/search/similarImageSearchResultView/?ctgItemCd=168978164777 HTTP/1.1" 404 1251 "https://blog.newkolkata.in/items/164777cejptidm77.html" "Mozilla/5.0 AppleWebKit/537.36 (KHTML, like Gecko; compatible; GPTBot/1.3; +https://openai.com/gptbot)"
74.7.243.248 - - [07/Feb/2026:08:33:49 -0500] "GET /ctg/search/similarImageSearchResultView/?ctgItemCd=268887264902 HTTP/1.1" 404 1251 "https://blog.newkolkata.in/items/264902ccoytid.html" "Mozilla/5.0 AppleWebKit/537.36 (KHTML, like Gecko; compatible; GPTBot/1.3; +https://openai.com/gptbot)"
74.7.243.248 - - [07/Feb/2026:08:33:52 -0500] "GET /ctg/search/similarImageSearchResultView/?ctgItemCd=111360107028 HTTP/1.1" 404 1251 "https://blog.newkolkata.in/getidm640/107028jahtitems.htm" "Mozilla/5.0 AppleWebKit/537.36 (KHTML, like Gecko; compatible; GPTBot/1.3; +https://openai.com/gptbot)"
74.7.243.248 - - [07/Feb/2026:08:33:55 -0500] "GET /ctg/search/similarImageSearchResultView/?ctgItemCd=247999243702 HTTP/1.1" 404 1251 "https://blog.newkolkata.in/getidm15/243702ulgpitems.htm" "Mozilla/5.0 AppleWebKit/537.36 (KHTML, like Gecko; compatible; GPTBot/1.3; +https://openai.com/gptbot)"
74.7.243.248 - - [07/Feb/2026:08:33:58 -0500] "GET /ctg/search/similarImageSearchResultView/?ctgItemCd=230492226613 HTTP/1.1" 404 1251 "https://blog.newkolkata.in/item/226613tjvftid.html" "Mozilla/5.0 AppleWebKit/537.36 (KHTML, like Gecko; compatible; GPTBot/1.3; +https://openai.com/gptbot)"
74.7.243.248 - - [07/Feb/2026:08:34:01 -0500] "GET /ctg/search/similarImageSearchResultView/?ctgItemCd=170711166984 HTTP/1.1" 404 1251 "https://blog.newkolkata.in/getid/166984ulgpitems" "Mozilla/5.0 AppleWebKit/537.36 (KHTML, like Gecko; compatible; GPTBot/1.3; +https://openai.com/gptbot)"
85.208.96.203 - - [07/Feb/2026:08:34:02 -0500] "GET /get/254062ulgpitems HTTP/1.1" 404 1251 "-" "Mozilla/5.0 (compatible; SemrushBot/7~bl; +http://www.semrush.com/bot.html)"
74.7.243.248 - - [07/Feb/2026:08:34:05 -0500] "GET /ctg/search/similarImageSearchResultView/?ctgItemCd=123741119376 HTTP/1.1" 404 1251 "https://blog.newkolkata.in/getidm197/119376ulgpitems.htm" "Mozilla/5.0 AppleWebKit/537.36 (KHTML, like Gecko; compatible; GPTBot/1.3; +https://openai.com/gptbot)"
85.208.96.200 - - [07/Feb/2026:08:34:05 -0500] "GET /getid/202840tjvfitems HTTP/1.1" 404 1251 "-" "Mozilla/5.0 (compatible; SemrushBot/7~bl; +http://www.semrush.com/bot.html)"
74.7.243.248 - - [07/Feb/2026:08:34:08 -0500] "GET /ctg/search/similarImageSearchResultView/?ctgItemCd=179995176059 HTTP/1.1" 404 1251 "https://blog.newkolkata.in/getidm26/176059tjvfitems" "Mozilla/5.0 AppleWebKit/537.36 (KHTML, like Gecko; compatible; GPTBot/1.3; +https://openai.com/gptbot)"
74.7.243.248 - - [07/Feb/2026:08:34:11 -0500] "GET /ctg/search/similarImageSearchResultView/?ctgItemCd=291879287444 HTTP/1.1" 404 1251 "https://blog.newkolkata.in/items/287444pcywtidm240974.html" "Mozilla/5.0 AppleWebKit/537.36 (KHTML, like Gecko; compatible; GPTBot/1.3; +https://openai.com/gptbot)"
74.7.243.248 - - [07/Feb/2026:08:34:14 -0500] "GET /ctg/search/similarImageSearchResultView/?ctgItemCd=173339169122 HTTP/1.1" 404 1251 "https://blog.newkolkata.in/getidm/169122mvrvitems.htm" "Mozilla/5.0 AppleWebKit/537.36 (KHTML, like Gecko; compatible; GPTBot/1.3; +https://openai.com/gptbot)"
74.7.243.248 - - [07/Feb/2026:08:34:17 -0500] "GET /ctg/search/similarImageSearchResultView/?ctgItemCd=235705232111 HTTP/1.1" 404 1251 "https://blog.newkolkata.in/geti/232111sejmitems" "Mozilla/5.0 AppleWebKit/537.36 (KHTML, like Gecko; compatible; GPTBot/1.3; +https://openai.com/gptbot)"
74.7.243.248 - - [07/Feb/2026:08:34:20 -0500] "GET /ctg/search/similarImageSearchResultView/?ctgItemCd=233303228954 HTTP/1.1" 404 1251 "https://blog.newkolkata.in/getidm700/228954sejmitems.htm" "Mozilla/5.0 AppleWebKit/537.36 (KHTML, like Gecko; compatible; GPTBot/1.3; +https://openai.com/gptbot)"
74.7.243.248 - - [07/Feb/2026:08:34:23 -0500] "GET /ctg/search/similarImageSearchResultView/?ctgItemCd=130009125676 HTTP/1.1" 404 1251 "https://blog.newkolkata.in/getidm106/125676cejpitems.htm" "Mozilla/5.0 AppleWebKit/537.36 (KHTML, like Gecko; compatible; GPTBot/1.3; +https://openai.com/gptbot)"
74.7.243.248 - - [07/Feb/2026:08:34:26 -0500] "GET /ctg/search/similarImageSearchResultView/?ctgItemCd=192783188863 HTTP/1.1" 404 1251 "https://blog.newkolkata.in/getidm55/188863cejpitems" "Mozilla/5.0 AppleWebKit/537.36 (KHTML, like Gecko; compatible; GPTBot/1.3; +https://openai.com/gptbot)"
74.7.243.248 - - [07/Feb/2026:08:34:30 -0500] "GET /ctg/search/similarImageSearchResultView/?ctgItemCd=133397129544 HTTP/1.1" 404 1251 "https://blog.newkolkata.in/getidm/129544zslyitems" "Mozilla/5.0 AppleWebKit/537.36 (KHTML, like Gecko; compatible; GPTBot/1.3; +https://openai.com/gptbot)"
185.191.171.9 - - [07/Feb/2026:08:34:31 -0500] "GET /ite/255590mvrvtid.html HTTP/1.1" 404 1251 "-" "Mozilla/5.0 (compatible; SemrushBot/7~bl; +http://www.semrush.com/bot.html)"
74.7.243.248 - - [07/Feb/2026:08:34:33 -0500] "GET /ctg/search/similarImageSearchResultView/?ctgItemCd=248619244433 HTTP/1.1" 404 1251 "https://blog.newkolkata.in/items/244433jahttidm60.html" "Mozilla/5.0 AppleWebKit/537.36 (KHTML, like Gecko; compatible; GPTBot/1.3; +https://openai.com/gptbot)"
207.46.13.54 - - [07/Feb/2026:08:34:34 -0500] "GET /odr/order/quickOrderView/ HTTP/1.1" 404 1251 "-" "Mozilla/5.0 AppleWebKit/537.36 (KHTML, like Gecko; compatible; bingbot/2.0; +http://www.bing.com/bingbot.htm) Chrome/116.0.1938.76 Safari/537.36"
185.191.171.18 - - [07/Feb/2026:08:34:35 -0500] "GET /getidm/177529ccoyitems HTTP/1.1" 404 1251 "-" "Mozilla/5.0 (compatible; SemrushBot/7~bl; +http://www.semrush.com/bot.html)"
74.7.243.248 - - [07/Feb/2026:08:34:36 -0500] "GET /ctg/search/similarImageSearchResultView/?ctgItemCd=291099287111 HTTP/1.1" 404 1251 "https://blog.newkolkata.in/item/287111tjvftidm.html" "Mozilla/5.0 AppleWebKit/537.36 (KHTML, like Gecko; compatible; GPTBot/1.3; +https://openai.com/gptbot)"
74.7.243.248 - - [07/Feb/2026:08:34:39 -0500] "GET /ctg/search/similarImageSearchResultView/?ctgItemCd=196308192000 HTTP/1.1" 404 1251 "https://blog.newkolkata.in/getidm31/192000mvrvitems.htm" "Mozilla/5.0 AppleWebKit/537.36 (KHTML, like Gecko; compatible; GPTBot/1.3; +https://openai.com/gptbot)"
74.7.243.248 - - [07/Feb/2026:08:34:42 -0500] "GET /ctg/search/similarImageSearchResultView/?ctgItemCd=269993265619 HTTP/1.1" 404 1251 "https://blog.newkolkata.in/items/265619tjvftidm72841.html" "Mozilla/5.0 AppleWebKit/537.36 (KHTML, like Gecko; compatible; GPTBot/1.3; +https://openai.com/gptbot)"
85.208.96.199 - - [07/Feb/2026:08:34:45 -0500] "GET /geti/14719ccoyitems HTTP/1.1" 404 1251 "-" "Mozilla/5.0 (compatible; SemrushBot/7~bl; +http://www.semrush.com/bot.html)"
74.7.243.248 - - [07/Feb/2026:08:34:46 -0500] "GET /ctg/search/similarImageSearchResultView/?ctgItemCd=251615247777 HTTP/1.1" 404 1251 "https://blog.newkolkata.in/getidm/247777tjvfitems" "Mozilla/5.0 AppleWebKit/537.36 (KHTML, like Gecko; compatible; GPTBot/1.3; +https://openai.com/gptbot)"
74.7.243.248 - - [07/Feb/2026:08:34:49 -0500] "GET /ctg/search/similarImageSearchResultView/?ctgItemCd=148312144403 HTTP/1.1" 404 1251 "https://blog.newkolkata.in/getidm31/144403sejmitems" "Mozilla/5.0 AppleWebKit/537.36 (KHTML, like Gecko; compatible; GPTBot/1.3; +https://openai.com/gptbot)"
74.7.243.248 - - [07/Feb/2026:08:34:52 -0500] "GET /ctg/search/similarImageSearchResultView/?ctgItemCd=211999208026 HTTP/1.1" 404 1251 "https://blog.newkolkata.in/getidm279/208026sejmitems" "Mozilla/5.0 AppleWebKit/537.36 (KHTML, like Gecko; compatible; GPTBot/1.3; +https://openai.com/gptbot)"
74.7.243.248 - - [07/Feb/2026:08:34:55 -0500] "GET /ctg/search/similarImageSearchResultView/?ctgItemCd=204258199988 HTTP/1.1" 404 1251 "https://blog.newkolkata.in/getidm1/199988ulgpitems.htm" "Mozilla/5.0 AppleWebKit/537.36 (KHTML, like Gecko; compatible; GPTBot/1.3; +https://openai.com/gptbot)"
74.7.243.248 - - [07/Feb/2026:08:34:58 -0500] "GET /ctg/search/similarImageSearchResultView/?ctgItemCd=138888134960 HTTP/1.1" 404 1251 "https://blog.newkolkata.in/ite/134960sejmtidm9.html" "Mozilla/5.0 AppleWebKit/537.36 (KHTML, like Gecko; compatible; GPTBot/1.3; +https://openai.com/gptbot)"
74.7.243.248 - - [07/Feb/2026:08:35:01 -0500] "GET /ctg/search/similarImageSearchResultView/?ctgItemCd=235444231668 HTTP/1.1" 404 1251 "https://blog.newkolkata.in/ite/231668tjvftid.html" "Mozilla/5.0 AppleWebKit/537.36 (KHTML, like Gecko; compatible; GPTBot/1.3; +https://openai.com/gptbot)"
74.7.243.248 - - [07/Feb/2026:08:35:05 -0500] "GET /ctg/search/similarImageSearchResultView/?ctgItemCd=230992227016 HTTP/1.1" 404 1251 "https://blog.newkolkata.in/geti/227016ccoyitems.htm" "Mozilla/5.0 AppleWebKit/537.36 (KHTML, like Gecko; compatible; GPTBot/1.3; +https://openai.com/gptbot)"
85.208.96.199 - - [07/Feb/2026:08:35:07 -0500] "GET /getidm/140205zslyitems.htm HTTP/1.1" 404 1251 "-" "Mozilla/5.0 (compatible; SemrushBot/7~bl; +http://www.semrush.com/bot.html)"
74.7.243.248 - - [07/Feb/2026:08:35:08 -0500] "GET /ctg/search/similarImageSearchResultView/?ctgItemCd=240122235834 HTTP/1.1" 404 1251 "https://blog.newkolkata.in/getidm75/235834cejpitems.htm" "Mozilla/5.0 AppleWebKit/537.36 (KHTML, like Gecko; compatible; GPTBot/1.3; +https://openai.com/gptbot)"
74.7.243.248 - - [07/Feb/2026:08:35:11 -0500] "GET /ctg/search/similarImageSearchResultView/?ctgItemCd=152311148550 HTTP/1.1" 404 1251 "https://blog.newkolkata.in/ite/148550ccoytid.html" "Mozilla/5.0 AppleWebKit/537.36 (KHTML, like Gecko; compatible; GPTBot/1.3; +https://openai.com/gptbot)"
74.7.243.248 - - [07/Feb/2026:08:35:14 -0500] "GET /ctg/search/similarImageSearchResultView/?ctgItemCd=127775123961 HTTP/1.1" 404 1251 "https://blog.newkolkata.in/getidm/123961ccoyitems" "Mozilla/5.0 AppleWebKit/537.36 (KHTML, like Gecko; compatible; GPTBot/1.3; +https://openai.com/gptbot)"
74.7.243.248 - - [07/Feb/2026:08:35:17 -0500] "GET /ctg/search/similarImageSearchResultView/?ctgItemCd=111508107776 HTTP/1.1" 404 1251 "https://blog.newkolkata.in/getid/107776pcywitems" "Mozilla/5.0 AppleWebKit/537.36 (KHTML, like Gecko; compatible; GPTBot/1.3; +https://openai.com/gptbot)"
74.7.243.248 - - [07/Feb/2026:08:35:20 -0500] "GET /ctg/search/similarImageSearchResultView/?ctgItemCd=263025258887 HTTP/1.1" 404 1251 "https://blog.newkolkata.in/items/258887mvrvtidm.html" "Mozilla/5.0 AppleWebKit/537.36 (KHTML, like Gecko; compatible; GPTBot/1.3; +https://openai.com/gptbot)"
74.7.243.248 - - [07/Feb/2026:08:35:23 -0500] "GET /ctg/search/similarImageSearchResultView/?ctgItemCd=222549218441 HTTP/1.1" 404 1251 "https://blog.newkolkata.in/item/218441pcywtidm96.html" "Mozilla/5.0 AppleWebKit/537.36 (KHTML, like Gecko; compatible; GPTBot/1.3; +https://openai.com/gptbot)"
74.7.243.248 - - [07/Feb/2026:08:35:27 -0500] "GET /ctg/search/similarImageSearchResultView/?ctgItemCd=122277118363 HTTP/1.1" 404 1251 "https://blog.newkolkata.in/getidm29/118363kairitems" "Mozilla/5.0 AppleWebKit/537.36 (KHTML, like Gecko; compatible; GPTBot/1.3; +https://openai.com/gptbot)"
74.7.243.248 - - [07/Feb/2026:08:35:30 -0500] "GET /ctg/search/similarImageSearchResultView/?ctgItemCd=124307119991 HTTP/1.1" 404 1251 "https://blog.newkolkata.in/getidm38/119991tjvfitems.htm" "Mozilla/5.0 AppleWebKit/537.36 (KHTML, like Gecko; compatible; GPTBot/1.3; +https://openai.com/gptbot)"
74.7.243.248 - - [07/Feb/2026:08:35:33 -0500] "GET /ctg/search/similarImageSearchResultView/?ctgItemCd=130511126276 HTTP/1.1" 404 1251 "https://blog.newkolkata.in/getidm8/126276cejpitems.htm" "Mozilla/5.0 AppleWebKit/537.36 (KHTML, like Gecko; compatible; GPTBot/1.3; +https://openai.com/gptbot)"
193.24.211.70 - - [07/Feb/2026:08:35:34 -0500] "POST /wp-content/plugins/gallery_1766681009/assets/css/custom-file-3-1766681012.php HTTP/1.1" 200 72 "-" "Mozilla/5.0 (Macintosh; Intel Mac OS X 10_15_7) AppleWebKit/537.36 (KHTML, like Gecko) Chrome/120.0.0.0 Safari/537.36"
193.24.211.70 - - [07/Feb/2026:08:35:35 -0500] "POST /wp-content/plugins/gallery_1766681009/assets/css/custom-file-3-1766681012.php HTTP/1.1" 200 44 "-" "Mozilla/5.0 (Macintosh; Intel Mac OS X 10_15_7) AppleWebKit/537.36 (KHTML, like Gecko) Chrome/120.0.0.0 Safari/537.36"
74.7.243.248 - - [07/Feb/2026:08:35:36 -0500] "GET /ctg/search/similarImageSearchResultView/?ctgItemCd=170895166634 HTTP/1.1" 404 1251 "https://blog.newkolkata.in/items/166634jahttidm999.html" "Mozilla/5.0 AppleWebKit/537.36 (KHTML, like Gecko; compatible; GPTBot/1.3; +https://openai.com/gptbot)"
74.7.243.248 - - [07/Feb/2026:08:35:39 -0500] "GET /ctg/search/similarImageSearchResultView/?ctgItemCd=287770283538 HTTP/1.1" 404 1251 "https://blog.newkolkata.in/getidm/283538zslyitems.htm" "Mozilla/5.0 AppleWebKit/537.36 (KHTML, like Gecko; compatible; GPTBot/1.3; +https://openai.com/gptbot)"
74.7.243.248 - - [07/Feb/2026:08:35:42 -0500] "GET /ctg/search/similarImageSearchResultView/?ctgItemCd=143777140254 HTTP/1.1" 404 1251 "https://blog.newkolkata.in/get/140254mvrvitems" "Mozilla/5.0 AppleWebKit/537.36 (KHTML, like Gecko; compatible; GPTBot/1.3; +https://openai.com/gptbot)"
40.77.167.62 - - [07/Feb/2026:08:35:43 -0500] "GET /items/111898pcywtidm99496.html HTTP/1.1" 404 1251 "-" "Mozilla/5.0 AppleWebKit/537.36 (KHTML, like Gecko; compatible; bingbot/2.0; +http://www.bing.com/bingbot.htm) Chrome/116.0.1938.76 Safari/537.36"
85.208.96.206 - - [07/Feb/2026:08:35:43 -0500] "GET /getidm/239257ccoyitems HTTP/1.1" 404 1251 "-" "Mozilla/5.0 (compatible; SemrushBot/7~bl; +http://www.semrush.com/bot.html)"
85.208.96.194 - - [07/Feb/2026:08:35:45 -0500] "GET /get/162357ccoyitems.htm HTTP/1.1" 404 1251 "-" "Mozilla/5.0 (compatible; SemrushBot/7~bl; +http://www.semrush.com/bot.html)"
74.7.243.248 - - [07/Feb/2026:08:35:45 -0500] "GET /ctg/search/similarImageSearchResultView/?ctgItemCd=142087137888 HTTP/1.1" 404 1251 "https://blog.newkolkata.in/items/137888zslytidm9.html" "Mozilla/5.0 AppleWebKit/537.36 (KHTML, like Gecko; compatible; GPTBot/1.3; +https://openai.com/gptbot)"
74.7.243.248 - - [07/Feb/2026:08:35:49 -0500] "GET /ctg/search/similarImageSearchResultView/?ctgItemCd=128011123949 HTTP/1.1" 404 1251 "https://blog.newkolkata.in/getidm8508/123949mvrvitems" "Mozilla/5.0 AppleWebKit/537.36 (KHTML, like Gecko; compatible; GPTBot/1.3; +https://openai.com/gptbot)"
74.7.243.248 - - [07/Feb/2026:08:35:52 -0500] "GET /ctg/search/similarImageSearchResultView/?ctgItemCd=126586122280 HTTP/1.1" 404 1251 "https://blog.newkolkata.in/getidm99/122280ulgpitems.htm" "Mozilla/5.0 AppleWebKit/537.36 (KHTML, like Gecko; compatible; GPTBot/1.3; +https://openai.com/gptbot)"
74.7.243.248 - - [07/Feb/2026:08:35:55 -0500] "GET /ctg/search/similarImageSearchResultView/?ctgItemCd=197555193260 HTTP/1.1" 404 1251 "https://blog.newkolkata.in/getidm99/193260jahtitems.htm" "Mozilla/5.0 AppleWebKit/537.36 (KHTML, like Gecko; compatible; GPTBot/1.3; +https://openai.com/gptbot)"
85.208.96.199 - - [07/Feb/2026:08:35:57 -0500] "GET /geti/229783pcywitems HTTP/1.1" 404 1251 "-" "Mozilla/5.0 (compatible; SemrushBot/7~bl; +http://www.semrush.com/bot.html)"
74.7.243.248 - - [07/Feb/2026:08:35:58 -0500] "GET /ctg/search/similarImageSearchResultView/?ctgItemCd=270868266657 HTTP/1.1" 404 1251 "https://blog.newkolkata.in/items/266657ulgptidm11.html" "Mozilla/5.0 AppleWebKit/537.36 (KHTML, like Gecko; compatible; GPTBot/1.3; +https://openai.com/gptbot)"
185.191.171.1 - - [07/Feb/2026:08:36:00 -0500] "GET /get/207948kairitems.htm HTTP/1.1" 404 1251 "-" "Mozilla/5.0 (compatible; SemrushBot/7~bl; +http://www.semrush.com/bot.html)"
74.7.243.248 - - [07/Feb/2026:08:36:01 -0500] "GET /ctg/search/similarImageSearchResultView/?ctgItemCd=111374107028 HTTP/1.1" 404 1251 "https://blog.newkolkata.in/getidm763/107028sejmitems.htm" "Mozilla/5.0 AppleWebKit/537.36 (KHTML, like Gecko; compatible; GPTBot/1.3; +https://openai.com/gptbot)"
74.7.243.248 - - [07/Feb/2026:08:36:05 -0500] "GET /ctg/search/similarImageSearchResultView/?ctgItemCd=111850107657 HTTP/1.1" 404 1251 "https://blog.newkolkata.in/items/107657kairtidm25.html" "Mozilla/5.0 AppleWebKit/537.36 (KHTML, like Gecko; compatible; GPTBot/1.3; +https://openai.com/gptbot)"
74.7.243.248 - - [07/Feb/2026:08:36:08 -0500] "GET /ctg/search/similarImageSearchResultView/?ctgItemCd=139407135111 HTTP/1.1" 404 1251 "https://blog.newkolkata.in/getidm90/135111tjvfitems.htm" "Mozilla/5.0 AppleWebKit/537.36 (KHTML, like Gecko; compatible; GPTBot/1.3; +https://openai.com/gptbot)"
74.7.243.248 - - [07/Feb/2026:08:36:11 -0500] "GET /ctg/search/similarImageSearchResultView/?ctgItemCd=159698155520 HTTP/1.1" 404 1251 "https://blog.newkolkata.in/getidm/155520jahtitems.htm" "Mozilla/5.0 AppleWebKit/537.36 (KHTML, like Gecko; compatible; GPTBot/1.3; +https://openai.com/gptbot)"
74.7.243.248 - - [07/Feb/2026:08:36:14 -0500] "GET /ctg/search/similarImageSearchResultView/?ctgItemCd=116208111977 HTTP/1.1" 404 1251 "https://blog.newkolkata.in/items/111977zslytidm20.html" "Mozilla/5.0 AppleWebKit/537.36 (KHTML, like Gecko; compatible; GPTBot/1.3; +https://openai.com/gptbot)"
185.191.171.17 - - [07/Feb/2026:08:36:17 -0500] "GET /get/174478ulgpitems HTTP/1.1" 404 1251 "-" "Mozilla/5.0 (compatible; SemrushBot/7~bl; +http://www.semrush.com/bot.html)"
74.7.243.248 - - [07/Feb/2026:08:36:18 -0500] "GET /ctg/search/similarImageSearchResultView/?ctgItemCd=290422286509 HTTP/1.1" 404 1251 "https://blog.newkolkata.in/getidm7/286509zslyitems" "Mozilla/5.0 AppleWebKit/537.36 (KHTML, like Gecko; compatible; GPTBot/1.3; +https://openai.com/gptbot)"
85.208.96.208 - - [07/Feb/2026:08:36:19 -0500] "GET /getidm9/268402ulgpitems HTTP/1.1" 404 1251 "-" "Mozilla/5.0 (compatible; SemrushBot/7~bl; +http://www.semrush.com/bot.html)"
185.191.171.9 - - [07/Feb/2026:08:36:21 -0500] "GET /getidm/244513jahtitems HTTP/1.1" 404 1251 "-" "Mozilla/5.0 (compatible; SemrushBot/7~bl; +http://www.semrush.com/bot.html)"
74.7.243.248 - - [07/Feb/2026:08:36:21 -0500] "GET /ctg/search/similarImageSearchResultView/?ctgItemCd=222073218105 HTTP/1.1" 404 1251 "https://blog.newkolkata.in/ite/218105sejmtidm16.html" "Mozilla/5.0 AppleWebKit/537.36 (KHTML, like Gecko; compatible; GPTBot/1.3; +https://openai.com/gptbot)"
74.7.243.248 - - [07/Feb/2026:08:36:24 -0500] "GET /ctg/search/similarImageSearchResultView/?ctgItemCd=222707218715 HTTP/1.1" 404 1251 "https://blog.newkolkata.in/geti/218715ulgpitems.htm" "Mozilla/5.0 AppleWebKit/537.36 (KHTML, like Gecko; compatible; GPTBot/1.3; +https://openai.com/gptbot)"
74.7.243.248 - - [07/Feb/2026:08:36:27 -0500] "GET /ctg/search/similarImageSearchResultView/?ctgItemCd=148200144496 HTTP/1.1" 404 1251 "https://blog.newkolkata.in/getid/144496kairitems" "Mozilla/5.0 AppleWebKit/537.36 (KHTML, like Gecko; compatible; GPTBot/1.3; +https://openai.com/gptbot)"
74.7.243.248 - - [07/Feb/2026:08:36:30 -0500] "GET /ctg/search/similarImageSearchResultView/?ctgItemCd=147395143336 HTTP/1.1" 404 1251 "https://blog.newkolkata.in/item/143336mvrvtidm6.html" "Mozilla/5.0 AppleWebKit/537.36 (KHTML, like Gecko; compatible; GPTBot/1.3; +https://openai.com/gptbot)"
185.191.171.4 - - [07/Feb/2026:08:36:31 -0500] "GET /geti/254215ccoyitems HTTP/1.1" 404 1251 "-" "Mozilla/5.0 (compatible; SemrushBot/7~bl; +http://www.semrush.com/bot.html)"
74.7.243.248 - - [07/Feb/2026:08:36:33 -0500] "GET /ctg/search/similarImageSearchResultView/?ctgItemCd=176037172225 HTTP/1.1" 404 1251 "https://blog.newkolkata.in/getidm/172225sejmitems" "Mozilla/5.0 AppleWebKit/537.36 (KHTML, like Gecko; compatible; GPTBot/1.3; +https://openai.com/gptbot)"
74.7.243.248 - - [07/Feb/2026:08:36:36 -0500] "GET /ctg/search/similarImageSearchResultView/?ctgItemCd=249562245557 HTTP/1.1" 404 1251 "https://blog.newkolkata.in/item/245557pcywtidm.html" "Mozilla/5.0 AppleWebKit/537.36 (KHTML, like Gecko; compatible; GPTBot/1.3; +https://openai.com/gptbot)"
74.7.243.248 - - [07/Feb/2026:08:36:40 -0500] "GET /ctg/search/similarImageSearchResultView/?ctgItemCd=162999158790 HTTP/1.1" 404 1251 "https://blog.newkolkata.in/getidm/158790tjvfitems.htm" "Mozilla/5.0 AppleWebKit/537.36 (KHTML, like Gecko; compatible; GPTBot/1.3; +https://openai.com/gptbot)"
74.7.243.248 - - [07/Feb/2026:08:36:43 -0500] "GET /ctg/search/similarImageSearchResultView/?ctgItemCd=233369229870 HTTP/1.1" 404 1251 "https://blog.newkolkata.in/get/229870jahtitems" "Mozilla/5.0 AppleWebKit/537.36 (KHTML, like Gecko; compatible; GPTBot/1.3; +https://openai.com/gptbot)"
74.7.243.248 - - [07/Feb/2026:08:36:46 -0500] "GET /ctg/search/similarImageSearchResultView/?ctgItemCd=104231100078 HTTP/1.1" 404 1251 "https://blog.newkolkata.in/items/100078ulgptidm8.html" "Mozilla/5.0 AppleWebKit/537.36 (KHTML, like Gecko; compatible; GPTBot/1.3; +https://openai.com/gptbot)"
74.7.243.248 - - [07/Feb/2026:08:36:49 -0500] "GET /ctg/search/similarImageSearchResultView/?ctgItemCd=250322246198 HTTP/1.1" 404 1251 "https://blog.newkolkata.in/getid/246198zslyitems.htm" "Mozilla/5.0 AppleWebKit/537.36 (KHTML, like Gecko; compatible; GPTBot/1.3; +https://openai.com/gptbot)"
74.7.243.248 - - [07/Feb/2026:08:36:52 -0500] "GET /ctg/search/similarImageSearchResultView/?ctgItemCd=218880214914 HTTP/1.1" 404 1251 "https://blog.newkolkata.in/getidm243/214914ccoyitems" "Mozilla/5.0 AppleWebKit/537.36 (KHTML, like Gecko; compatible; GPTBot/1.3; +https://openai.com/gptbot)"
74.7.243.248 - - [07/Feb/2026:08:36:55 -0500] "GET /ctg/search/similarImageSearchResultView/?ctgItemCd=254483250666 HTTP/1.1" 404 1251 "https://blog.newkolkata.in/getidm/250666ccoyitems" "Mozilla/5.0 AppleWebKit/537.36 (KHTML, like Gecko; compatible; GPTBot/1.3; +https://openai.com/gptbot)"
185.191.171.1 - - [07/Feb/2026:08:36:57 -0500] "GET /get/49587cejpitems.htm HTTP/1.1" 404 1251 "-" "Mozilla/5.0 (compatible; SemrushBot/7~bl; +http://www.semrush.com/bot.html)"
74.7.243.248 - - [07/Feb/2026:08:36:58 -0500] "GET /ctg/search/similarImageSearchResultView/?ctgItemCd=123001119083 HTTP/1.1" 404 1251 "https://blog.newkolkata.in/getidm52/119083sejmitems" "Mozilla/5.0 AppleWebKit/537.36 (KHTML, like Gecko; compatible; GPTBot/1.3; +https://openai.com/gptbot)"
74.7.243.248 - - [07/Feb/2026:08:37:01 -0500] "GET /ctg/search/similarImageSearchResultView/?ctgItemCd=279991276145 HTTP/1.1" 404 1251 "https://blog.newkolkata.in/getidm/276145mvrvitems" "Mozilla/5.0 AppleWebKit/537.36 (KHTML, like Gecko; compatible; GPTBot/1.3; +https://openai.com/gptbot)"
74.7.243.248 - - [07/Feb/2026:08:37:05 -0500] "GET /ctg/search/similarImageSearchResultView/?ctgItemCd=222587218620 HTTP/1.1" 404 1251 "https://blog.newkolkata.in/getidm561/218620ccoyitems" "Mozilla/5.0 AppleWebKit/537.36 (KHTML, like Gecko; compatible; GPTBot/1.3; +https://openai.com/gptbot)"
74.7.243.248 - - [07/Feb/2026:08:37:08 -0500] "GET /ctg/search/similarImageSearchResultView/?ctgItemCd=280352276111 HTTP/1.1" 404 1251 "https://blog.newkolkata.in/getidm7/276111sejmitems.htm" "Mozilla/5.0 AppleWebKit/537.36 (KHTML, like Gecko; compatible; GPTBot/1.3; +https://openai.com/gptbot)"
185.191.171.11 - - [07/Feb/2026:08:37:10 -0500] "GET /getidm/188379zslyitems.htm HTTP/1.1" 404 1251 "-" "Mozilla/5.0 (compatible; SemrushBot/7~bl; +http://www.semrush.com/bot.html)"
74.7.243.248 - - [07/Feb/2026:08:37:11 -0500] "GET /ctg/search/similarImageSearchResultView/?ctgItemCd=133316129598 HTTP/1.1" 404 1251 "https://blog.newkolkata.in/getid/129598sejmitems" "Mozilla/5.0 AppleWebKit/537.36 (KHTML, like Gecko; compatible; GPTBot/1.3; +https://openai.com/gptbot)"
185.191.171.11 - - [07/Feb/2026:08:37:13 -0500] "GET /get/194590sejmitems HTTP/1.1" 404 1251 "-" "Mozilla/5.0 (compatible; SemrushBot/7~bl; +http://www.semrush.com/bot.html)"
74.7.243.248 - - [07/Feb/2026:08:37:14 -0500] "GET /ctg/search/similarImageSearchResultView/?ctgItemCd=177732173415 HTTP/1.1" 404 1251 "https://blog.newkolkata.in/getidm93/173415pcywitems.htm" "Mozilla/5.0 AppleWebKit/537.36 (KHTML, like Gecko; compatible; GPTBot/1.3; +https://openai.com/gptbot)"
74.7.243.248 - - [07/Feb/2026:08:37:17 -0500] "GET /ctg/search/similarImageSearchResultView/?ctgItemCd=210999207131 HTTP/1.1" 404 1251 "https://blog.newkolkata.in/get/207131sejmitems.htm" "Mozilla/5.0 AppleWebKit/537.36 (KHTML, like Gecko; compatible; GPTBot/1.3; +https://openai.com/gptbot)"
74.7.243.248 - - [07/Feb/2026:08:37:20 -0500] "GET /ctg/search/similarImageSearchResultView/?ctgItemCd=117061113257 HTTP/1.1" 404 1251 "https://blog.newkolkata.in/getidm/113257kairitems" "Mozilla/5.0 AppleWebKit/537.36 (KHTML, like Gecko; compatible; GPTBot/1.3; +https://openai.com/gptbot)"
85.208.96.202 - - [07/Feb/2026:08:37:20 -0500] "GET /get/234478tjvfitems HTTP/1.1" 404 1251 "-" "Mozilla/5.0 (compatible; SemrushBot/7~bl; +http://www.semrush.com/bot.html)"
85.208.96.202 - - [07/Feb/2026:08:37:22 -0500] "GET /getidm/167085jahtitems.htm HTTP/1.1" 404 1251 "-" "Mozilla/5.0 (compatible; SemrushBot/7~bl; +http://www.semrush.com/bot.html)"
85.208.96.201 - - [07/Feb/2026:08:37:23 -0500] "GET /getidm4/229642cejpitems HTTP/1.1" 404 1251 "-" "Mozilla/5.0 (compatible; SemrushBot/7~bl; +http://www.semrush.com/bot.html)"
74.7.243.248 - - [07/Feb/2026:08:37:23 -0500] "GET /ctg/search/similarImageSearchResultView/?ctgItemCd=314533310638 HTTP/1.1" 404 1251 "https://blog.newkolkata.in/get/310638pcywitems.htm" "Mozilla/5.0 AppleWebKit/537.36 (KHTML, like Gecko; compatible; GPTBot/1.3; +https://openai.com/gptbot)"
74.7.243.248 - - [07/Feb/2026:08:37:26 -0500] "GET /ctg/search/similarImageSearchResultView/?ctgItemCd=318160314440 HTTP/1.1" 404 1251 "https://blog.newkolkata.in/getid/314440pcywitems" "Mozilla/5.0 AppleWebKit/537.36 (KHTML, like Gecko; compatible; GPTBot/1.3; +https://openai.com/gptbot)"
74.7.243.248 - - [07/Feb/2026:08:37:29 -0500] "GET /ctg/search/similarImageSearchResultView/?ctgItemCd=277735273896 HTTP/1.1" 404 1251 "https://blog.newkolkata.in/getidm/273896tjvfitems" "Mozilla/5.0 AppleWebKit/537.36 (KHTML, like Gecko; compatible; GPTBot/1.3; +https://openai.com/gptbot)"
74.7.243.248 - - [07/Feb/2026:08:37:33 -0500] "GET /ctg/search/similarImageSearchResultView/?ctgItemCd=288861284595 HTTP/1.1" 404 1251 "https://blog.newkolkata.in/getidm8/284595ulgpitems.htm" "Mozilla/5.0 AppleWebKit/537.36 (KHTML, like Gecko; compatible; GPTBot/1.3; +https://openai.com/gptbot)"
74.7.243.248 - - [07/Feb/2026:08:37:36 -0500] "GET /ctg/search/similarImageSearchResultView/?ctgItemCd=212666209071 HTTP/1.1" 404 1251 "https://blog.newkolkata.in/geti/209071kairitems" "Mozilla/5.0 AppleWebKit/537.36 (KHTML, like Gecko; compatible; GPTBot/1.3; +https://openai.com/gptbot)"
74.7.243.248 - - [07/Feb/2026:08:37:39 -0500] "GET /ctg/search/similarImageSearchResultView/?ctgItemCd=139992136288 HTTP/1.1" 404 1251 "https://blog.newkolkata.in/getid/136288kairitems" "Mozilla/5.0 AppleWebKit/537.36 (KHTML, like Gecko; compatible; GPTBot/1.3; +https://openai.com/gptbot)"
74.7.243.248 - - [07/Feb/2026:08:37:42 -0500] "GET /ctg/search/similarImageSearchResultView/?ctgItemCd=271422267083 HTTP/1.1" 404 1251 "https://blog.newkolkata.in/getidm59/267083zslyitems.htm" "Mozilla/5.0 AppleWebKit/537.36 (KHTML, like Gecko; compatible; GPTBot/1.3; +https://openai.com/gptbot)"
74.7.243.248 - - [07/Feb/2026:08:37:45 -0500] "GET /ctg/search/similarImageSearchResultView/?ctgItemCd=133307128952 HTTP/1.1" 404 1251 "https://blog.newkolkata.in/getidm124/128952ulgpitems.htm" "Mozilla/5.0 AppleWebKit/537.36 (KHTML, like Gecko; compatible; GPTBot/1.3; +https://openai.com/gptbot)"
74.7.243.248 - - [07/Feb/2026:08:37:48 -0500] "GET /ctg/search/similarImageSearchResultView/?ctgItemCd=139516135444 HTTP/1.1" 404 1251 "https://blog.newkolkata.in/getid/135444jahtitems.htm" "Mozilla/5.0 AppleWebKit/537.36 (KHTML, like Gecko; compatible; GPTBot/1.3; +https://openai.com/gptbot)"
74.7.243.248 - - [07/Feb/2026:08:37:52 -0500] "GET /ctg/search/similarImageSearchResultView/?ctgItemCd=285551281461 HTTP/1.1" 404 1251 "https://blog.newkolkata.in/getid/281461ulgpitems.htm" "Mozilla/5.0 AppleWebKit/537.36 (KHTML, like Gecko; compatible; GPTBot/1.3; +https://openai.com/gptbot)"
74.7.243.248 - - [07/Feb/2026:08:37:55 -0500] "GET /ctg/search/similarImageSearchResultView/?ctgItemCd=222038217637 HTTP/1.1" 404 1251 "https://blog.newkolkata.in/items/217637kairtidm677300.html" "Mozilla/5.0 AppleWebKit/537.36 (KHTML, like Gecko; compatible; GPTBot/1.3; +https://openai.com/gptbot)"
74.7.243.248 - - [07/Feb/2026:08:37:58 -0500] "GET /ctg/search/similarImageSearchResultView/?ctgItemCd=232062227811 HTTP/1.1" 404 1251 "https://blog.newkolkata.in/getidm3/227811tjvfitems.htm" "Mozilla/5.0 AppleWebKit/537.36 (KHTML, like Gecko; compatible; GPTBot/1.3; +https://openai.com/gptbot)"
85.208.96.202 - - [07/Feb/2026:08:38:00 -0500] "GET /ite/84695zslytidm.html HTTP/1.1" 404 1251 "-" "Mozilla/5.0 (compatible; SemrushBot/7~bl; +http://www.semrush.com/bot.html)"
