74.7.243.248 - - [07/Feb/2026:08:00:01 -0500] "GET /ctg/search/similarImageSearchResultView/?ctgItemCd=269998266185 HTTP/1.1" 404 1251 "https://blog.newkolkata.in/getidm/266185kairitems" "Mozilla/5.0 AppleWebKit/537.36 (KHTML, like Gecko; compatible; GPTBot/1.3; +https://openai.com/gptbot)"
74.7.243.248 - - [07/Feb/2026:08:00:04 -0500] "GET /ctg/search/similarImageSearchResultView/?ctgItemCd=117461113352 HTTP/1.1" 404 1251 "https://blog.newkolkata.in/getid/113352zslyitems.htm" "Mozilla/5.0 AppleWebKit/537.36 (KHTML, like Gecko; compatible; GPTBot/1.3; +https://openai.com/gptbot)"
185.191.171.6 - - [07/Feb/2026:08:00:06 -0500] "GET /get/102990kairitems.htm HTTP/1.1" 404 1251 "-" "Mozilla/5.0 (compatible; SemrushBot/7~bl; +http://www.semrush.com/bot.html)"
74.7.243.248 - - [07/Feb/2026:08:00:07 -0500] "GET /ctg/search/similarImageSearchResultView/?ctgItemCd=274888271168 HTTP/1.1" 404 1251 "https://blog.newkolkata.in/getid/271168tjvfitems" "Mozilla/5.0 AppleWebKit/537.36 (KHTML, like Gecko; compatible; GPTBot/1.3; +https://openai.com/gptbot)"
74.7.243.248 - - [07/Feb/2026:08:00:10 -0500] "GET /ctg/search/similarImageSearchResultView/?ctgItemCd=122204117923 HTTP/1.1" 404 1251 "https://blog.newkolkata.in/item/117923zslytidm87191.html" "Mozilla/5.0 AppleWebKit/537.36 (KHTML, like Gecko; compatible; GPTBot/1.3; +https://openai.com/gptbot)"
85.208.96.208 - - [07/Feb/2026:08:00:11 -0500] "GET /getid/255256mvrvitems HTTP/1.1" 404 1251 "-" "Mozilla/5.0 (compatible; SemrushBot/7~bl; +http://www.semrush.com/bot.html)"
74.7.243.248 - - [07/Feb/2026:08:00:13 -0500] "GET /ctg/search/similarImageSearchResultView/?ctgItemCd=202511198687 HTTP/1.1" 404 1251 "https://blog.newkolkata.in/getidm/198687kairitems" "Mozilla/5.0 AppleWebKit/537.36 (KHTML, like Gecko; compatible; GPTBot/1.3; +https://openai.com/gptbot)"
74.7.243.248 - - [07/Feb/2026:08:00:16 -0500] "GET /ctg/search/similarImageSearchResultView/?ctgItemCd=191444187128 HTTP/1.1" 404 1251 "https://blog.newkolkata.in/getidm23/187128pcywitems.htm" "Mozilla/5.0 AppleWebKit/537.36 (KHTML, like Gecko; compatible; GPTBot/1.3; +https://openai.com/gptbot)"
85.208.96.199 - - [07/Feb/2026:08:00:18 -0500] "GET /getidm5/37738kairitems HTTP/1.1" 404 1251 "-" "Mozilla/5.0 (compatible; SemrushBot/7~bl; +http://www.semrush.com/bot.html)"
74.7.243.248 - - [07/Feb/2026:08:00:20 -0500] "GET /ctg/search/similarImageSearchResultView/?ctgItemCd=111158107024 HTTP/1.1" 404 1251 "https://blog.newkolkata.in/items/107024kairtidm8.html" "Mozilla/5.0 AppleWebKit/537.36 (KHTML, like Gecko; compatible; GPTBot/1.3; +https://openai.com/gptbot)"
74.7.243.248 - - [07/Feb/2026:08:00:23 -0500] "GET /ctg/search/similarImageSearchResultView/?ctgItemCd=170393166672 HTTP/1.1" 404 1251 "https://blog.newkolkata.in/getid/166672ulgpitems" "Mozilla/5.0 AppleWebKit/537.36 (KHTML, like Gecko; compatible; GPTBot/1.3; +https://openai.com/gptbot)"
74.7.243.248 - - [07/Feb/2026:08:00:26 -0500] "GET /ctg/search/similarImageSearchResultView/?ctgItemCd=222238217859 HTTP/1.1" 404 1251 "https://blog.newkolkata.in/items/217859ulgptidm16892.html" "Mozilla/5.0 AppleWebKit/537.36 (KHTML, like Gecko; compatible; GPTBot/1.3; +https://openai.com/gptbot)"
74.7.243.248 - - [07/Feb/2026:08:00:29 -0500] "GET /ctg/search/similarImageSearchResultView/?ctgItemCd=160222155970 HTTP/1.1" 404 1251 "https://blog.newkolkata.in/getidm9/155970sejmitems.htm" "Mozilla/5.0 AppleWebKit/537.36 (KHTML, like Gecko; compatible; GPTBot/1.3; +https://openai.com/gptbot)"
85.208.96.209 - - [07/Feb/2026:08:00:31 -0500] "GET /getid/222880tjvfitems HTTP/1.1" 404 1251 "-" "Mozilla/5.0 (compatible; SemrushBot/7~bl; +http://www.semrush.com/bot.html)"
74.7.243.248 - - [07/Feb/2026:08:00:32 -0500] "GET /ctg/search/similarImageSearchResultView/?ctgItemCd=270794266648 HTTP/1.1" 404 1251 "https://blog.newkolkata.in/items/266648kairtidm2.html" "Mozilla/5.0 AppleWebKit/537.36 (KHTML, like Gecko; compatible; GPTBot/1.3; +https://openai.com/gptbot)"
74.7.243.248 - - [07/Feb/2026:08:00:35 -0500] "GET /ctg/search/similarImageSearchResultView/?ctgItemCd=222508218650 HTTP/1.1" 404 1251 "https://blog.newkolkata.in/getidm3/218650jahtitems" "Mozilla/5.0 AppleWebKit/537.36 (KHTML, like Gecko; compatible; GPTBot/1.3; +https://openai.com/gptbot)"
74.7.243.248 - - [07/Feb/2026:08:00:39 -0500] "GET /ctg/search/similarImageSearchResultView/?ctgItemCd=159049155526 HTTP/1.1" 404 1251 "https://blog.newkolkata.in/get/155526pcywitems" "Mozilla/5.0 AppleWebKit/537.36 (KHTML, like Gecko; compatible; GPTBot/1.3; +https://openai.com/gptbot)"
74.7.243.248 - - [07/Feb/2026:08:00:42 -0500] "GET /ctg/search/similarImageSearchResultView/?ctgItemCd=200086195945 HTTP/1.1" 404 1251 "https://blog.newkolkata.in/item/195945ccoytidm260.html" "Mozilla/5.0 AppleWebKit/537.36 (KHTML, like Gecko; compatible; GPTBot/1.3; +https://openai.com/gptbot)"
74.7.243.248 - - [07/Feb/2026:08:00:45 -0500] "GET /ctg/search/similarImageSearchResultView/?ctgItemCd=281728277745 HTTP/1.1" 404 1251 "https://blog.newkolkata.in/ite/277745kairtidm78.html" "Mozilla/5.0 AppleWebKit/537.36 (KHTML, like Gecko; compatible; GPTBot/1.3; +https://openai.com/gptbot)"
74.7.243.248 - - [07/Feb/2026:08:00:48 -0500] "GET /ctg/search/similarImageSearchResultView/?ctgItemCd=262776258444 HTTP/1.1" 404 1251 "https://blog.newkolkata.in/getidm15/258444zslyitems.htm" "Mozilla/5.0 AppleWebKit/537.36 (KHTML, like Gecko; compatible; GPTBot/1.3; +https://openai.com/gptbot)"
114.119.141.228 - - [07/Feb/2026:08:00:48 -0500] "GET /getidm13/224594jahtitems HTTP/1.1" 404 1251 "https://blog.newkolkata.in/sitemap453.xml" "Mozilla/5.0 (Linux; Android 7.0;) AppleWebKit/537.36 (KHTML, like Gecko) Mobile Safari/537.36 (compatible; PetalBot;+https://webmaster.petalsearch.com/site/petalbot)"
74.7.243.248 - - [07/Feb/2026:08:00:51 -0500] "GET /ctg/search/similarImageSearchResultView/?ctgItemCd=114321110806 HTTP/1.1" 404 1251 "https://blog.newkolkata.in/get/110806pcywitems" "Mozilla/5.0 AppleWebKit/537.36 (KHTML, like Gecko; compatible; GPTBot/1.3; +https://openai.com/gptbot)"
74.7.243.248 - - [07/Feb/2026:08:00:54 -0500] "GET /ctg/search/similarImageSearchResultView/?ctgItemCd=222687218346 HTTP/1.1" 404 1251 "https://blog.newkolkata.in/item/218346zslytidm817993.html" "Mozilla/5.0 AppleWebKit/537.36 (KHTML, like Gecko; compatible; GPTBot/1.3; +https://openai.com/gptbot)"
74.7.243.248 - - [07/Feb/2026:08:00:58 -0500] "GET /ctg/search/similarImageSearchResultView/?ctgItemCd=144484140273 HTTP/1.1" 404 1251 "https://blog.newkolkata.in/items/140273pcywtidm15.html" "Mozilla/5.0 AppleWebKit/537.36 (KHTML, like Gecko; compatible; GPTBot/1.3; +https://openai.com/gptbot)"
74.7.243.248 - - [07/Feb/2026:08:01:01 -0500] "GET /ctg/search/similarImageSearchResultView/?ctgItemCd=248370244492 HTTP/1.1" 404 1251 "https://blog.newkolkata.in/get/244492ccoyitems.htm" "Mozilla/5.0 AppleWebKit/537.36 (KHTML, like Gecko; compatible; GPTBot/1.3; +https://openai.com/gptbot)"
74.7.243.248 - - [07/Feb/2026:08:01:04 -0500] "GET /ctg/search/similarImageSearchResultView/?ctgItemCd=189222185352 HTTP/1.1" 404 1251 "https://blog.newkolkata.in/get/185352kairitems.htm" "Mozilla/5.0 AppleWebKit/537.36 (KHTML, like Gecko; compatible; GPTBot/1.3; +https://openai.com/gptbot)"
74.7.243.248 - - [07/Feb/2026:08:01:07 -0500] "GET /ctg/search/similarImageSearchResultView/?ctgItemCd=222578218369 HTTP/1.1" 404 1251 "https://blog.newkolkata.in/items/218369ulgptidm21.html" "Mozilla/5.0 AppleWebKit/537.36 (KHTML, like Gecko; compatible; GPTBot/1.3; +https://openai.com/gptbot)"
74.7.243.248 - - [07/Feb/2026:08:01:10 -0500] "GET /ctg/search/similarImageSearchResultView/?ctgItemCd=233082229016 HTTP/1.1" 404 1251 "https://blog.newkolkata.in/item/229016zslytidm6.html" "Mozilla/5.0 AppleWebKit/537.36 (KHTML, like Gecko; compatible; GPTBot/1.3; +https://openai.com/gptbot)"
74.7.243.248 - - [07/Feb/2026:08:01:13 -0500] "GET /ctg/search/similarImageSearchResultView/?ctgItemCd=111450107950 HTTP/1.1" 404 1251 "https://blog.newkolkata.in/get/107950ccoyitems" "Mozilla/5.0 AppleWebKit/537.36 (KHTML, like Gecko; compatible; GPTBot/1.3; +https://openai.com/gptbot)"
74.7.243.248 - - [07/Feb/2026:08:01:17 -0500] "GET /ctg/search/similarImageSearchResultView/?ctgItemCd=111623107259 HTTP/1.1" 404 1251 "https://blog.newkolkata.in/getidm739/107259ulgpitems.htm" "Mozilla/5.0 AppleWebKit/537.36 (KHTML, like Gecko; compatible; GPTBot/1.3; +https://openai.com/gptbot)"
74.7.243.248 - - [07/Feb/2026:08:01:20 -0500] "GET /ctg/search/similarImageSearchResultView/?ctgItemCd=245000240987 HTTP/1.1" 404 1251 "https://blog.newkolkata.in/items/240987pcywtid.html" "Mozilla/5.0 AppleWebKit/537.36 (KHTML, like Gecko; compatible; GPTBot/1.3; +https://openai.com/gptbot)"
185.191.171.15 - - [07/Feb/2026:08:01:21 -0500] "GET /get/258958ulgpitems HTTP/1.1" 404 1251 "-" "Mozilla/5.0 (compatible; SemrushBot/7~bl; +http://www.semrush.com/bot.html)"
74.7.243.248 - - [07/Feb/2026:08:01:23 -0500] "GET /ctg/search/similarImageSearchResultView/?ctgItemCd=253339248946 HTTP/1.1" 404 1251 "https://blog.newkolkata.in/getidm832/248946zslyitems.htm" "Mozilla/5.0 AppleWebKit/537.36 (KHTML, like Gecko; compatible; GPTBot/1.3; +https://openai.com/gptbot)"
74.7.243.248 - - [07/Feb/2026:08:01:26 -0500] "GET /ctg/search/similarImageSearchResultView/?ctgItemCd=111520107509 HTTP/1.1" 404 1251 "https://blog.newkolkata.in/getidm5016/107509jahtitems" "Mozilla/5.0 AppleWebKit/537.36 (KHTML, like Gecko; compatible; GPTBot/1.3; +https://openai.com/gptbot)"
74.7.243.248 - - [07/Feb/2026:08:01:29 -0500] "GET /ctg/search/similarImageSearchResultView/?ctgItemCd=281650277735 HTTP/1.1" 404 1251 "https://blog.newkolkata.in/getidm30/277735jahtitems" "Mozilla/5.0 AppleWebKit/537.36 (KHTML, like Gecko; compatible; GPTBot/1.3; +https://openai.com/gptbot)"
74.7.243.248 - - [07/Feb/2026:08:01:32 -0500] "GET /ctg/search/similarImageSearchResultView/?ctgItemCd=227101222983 HTTP/1.1" 404 1251 "https://blog.newkolkata.in/items/222983pcywtidm.html" "Mozilla/5.0 AppleWebKit/537.36 (KHTML, like Gecko; compatible; GPTBot/1.3; +https://openai.com/gptbot)"
85.208.96.199 - - [07/Feb/2026:08:01:34 -0500] "GET /ite/203615pcywtidm.html HTTP/1.1" 404 1251 "-" "Mozilla/5.0 (compatible; SemrushBot/7~bl; +http://www.semrush.com/bot.html)"
74.7.243.248 - - [07/Feb/2026:08:01:35 -0500] "GET /ctg/search/similarImageSearchResultView/?ctgItemCd=154048149666 HTTP/1.1" 404 1251 "https://blog.newkolkata.in/getidm460/149666mvrvitems.htm" "Mozilla/5.0 AppleWebKit/537.36 (KHTML, like Gecko; compatible; GPTBot/1.3; +https://openai.com/gptbot)"
74.7.243.248 - - [07/Feb/2026:08:01:38 -0500] "GET /ctg/search/similarImageSearchResultView/?ctgItemCd=219522215679 HTTP/1.1" 404 1251 "https://blog.newkolkata.in/getidm/215679pcywitems" "Mozilla/5.0 AppleWebKit/537.36 (KHTML, like Gecko; compatible; GPTBot/1.3; +https://openai.com/gptbot)"
74.7.243.248 - - [07/Feb/2026:08:01:42 -0500] "GET /ctg/search/similarImageSearchResultView/?ctgItemCd=259760255519 HTTP/1.1" 404 1251 "https://blog.newkolkata.in/getidm6/255519jahtitems.htm" "Mozilla/5.0 AppleWebKit/537.36 (KHTML, like Gecko; compatible; GPTBot/1.3; +https://openai.com/gptbot)"
74.7.243.248 - - [07/Feb/2026:08:01:45 -0500] "GET /ctg/search/similarImageSearchResultView/?ctgItemCd=143777140156 HTTP/1.1" 404 1251 "https://blog.newkolkata.in/geti/140156pcywitems" "Mozilla/5.0 AppleWebKit/537.36 (KHTML, like Gecko; compatible; GPTBot/1.3; +https://openai.com/gptbot)"
74.7.243.248 - - [07/Feb/2026:08:01:48 -0500] "GET /ctg/search/similarImageSearchResultView/?ctgItemCd=265345261117 HTTP/1.1" 404 1251 "https://blog.newkolkata.in/getidm2/261117jahtitems.htm" "Mozilla/5.0 AppleWebKit/537.36 (KHTML, like Gecko; compatible; GPTBot/1.3; +https://openai.com/gptbot)"
74.7.243.248 - - [07/Feb/2026:08:01:51 -0500] "GET /ctg/search/similarImageSearchResultView/?ctgItemCd=162228158299 HTTP/1.1" 404 1251 "https://blog.newkolkata.in/getidm86/158299kairitems" "Mozilla/5.0 AppleWebKit/537.36 (KHTML, like Gecko; compatible; GPTBot/1.3; +https://openai.com/gptbot)"
185.191.171.9 - - [07/Feb/2026:08:01:54 -0500] "GET /items/74918tjvftid.html HTTP/1.1" 404 1251 "-" "Mozilla/5.0 (compatible; SemrushBot/7~bl; +http://www.semrush.com/bot.html)"
74.7.243.248 - - [07/Feb/2026:08:01:54 -0500] "GET /ctg/search/similarImageSearchResultView/?ctgItemCd=200942196555 HTTP/1.1" 404 1251 "https://blog.newkolkata.in/getidm171/196555zslyitems.htm" "Mozilla/5.0 AppleWebKit/537.36 (KHTML, like Gecko; compatible; GPTBot/1.3; +https://openai.com/gptbot)"
74.7.243.248 - - [07/Feb/2026:08:01:58 -0500] "GET /ctg/search/similarImageSearchResultView/?ctgItemCd=233000228949 HTTP/1.1" 404 1251 "https://blog.newkolkata.in/getidm8310/228949pcywitems" "Mozilla/5.0 AppleWebKit/537.36 (KHTML, like Gecko; compatible; GPTBot/1.3; +https://openai.com/gptbot)"
185.191.171.7 - - [07/Feb/2026:08:01:58 -0500] "GET /getid/66976jahtitems HTTP/1.1" 404 1251 "-" "Mozilla/5.0 (compatible; SemrushBot/7~bl; +http://www.semrush.com/bot.html)"
74.7.243.248 - - [07/Feb/2026:08:02:01 -0500] "GET /ctg/search/similarImageSearchResultView/?ctgItemCd=111486107875 HTTP/1.1" 404 1251 "https://blog.newkolkata.in/geti/107875ccoyitems" "Mozilla/5.0 AppleWebKit/537.36 (KHTML, like Gecko; compatible; GPTBot/1.3; +https://openai.com/gptbot)"
74.7.243.248 - - [07/Feb/2026:08:02:04 -0500] "GET /ctg/search/similarImageSearchResultView/?ctgItemCd=260122256145 HTTP/1.1" 404 1251 "https://blog.newkolkata.in/ite/256145ccoytidm65.html" "Mozilla/5.0 AppleWebKit/537.36 (KHTML, like Gecko; compatible; GPTBot/1.3; +https://openai.com/gptbot)"
74.7.243.248 - - [07/Feb/2026:08:02:07 -0500] "GET /ctg/search/similarImageSearchResultView/?ctgItemCd=140011135824 HTTP/1.1" 404 1251 "https://blog.newkolkata.in/items/135824zslytidm9.html" "Mozilla/5.0 AppleWebKit/537.36 (KHTML, like Gecko; compatible; GPTBot/1.3; +https://openai.com/gptbot)"
74.7.243.248 - - [07/Feb/2026:08:02:10 -0500] "GET /ctg/search/similarImageSearchResultView/?ctgItemCd=118041113829 HTTP/1.1" 404 1251 "https://blog.newkolkata.in/getidm/113829pcywitems.htm" "Mozilla/5.0 AppleWebKit/537.36 (KHTML, like Gecko; compatible; GPTBot/1.3; +https://openai.com/gptbot)"
74.7.243.248 - - [07/Feb/2026:08:02:14 -0500] "GET /ctg/search/similarImageSearchResultView/?ctgItemCd=297832293666 HTTP/1.1" 404 1251 "https://blog.newkolkata.in/item/293666pcywtidm904.html" "Mozilla/5.0 AppleWebKit/537.36 (KHTML, like Gecko; compatible; GPTBot/1.3; +https://openai.com/gptbot)"
74.7.243.248 - - [07/Feb/2026:08:02:17 -0500] "GET /ctg/search/similarImageSearchResultView/?ctgItemCd=131316127774 HTTP/1.1" 404 1251 "https://blog.newkolkata.in/get/127774zslyitems" "Mozilla/5.0 AppleWebKit/537.36 (KHTML, like Gecko; compatible; GPTBot/1.3; +https://openai.com/gptbot)"
74.7.243.248 - - [07/Feb/2026:08:02:20 -0500] "GET /ctg/search/similarImageSearchResultView/?ctgItemCd=129886125556 HTTP/1.1" 404 1251 "https://blog.newkolkata.in/getidm25/125556zslyitems.htm" "Mozilla/5.0 AppleWebKit/537.36 (KHTML, like Gecko; compatible; GPTBot/1.3; +https://openai.com/gptbot)"
74.7.243.248 - - [07/Feb/2026:08:02:23 -0500] "GET /ctg/search/similarImageSearchResultView/?ctgItemCd=192000188126 HTTP/1.1" 404 1251 "https://blog.newkolkata.in/item/188126sejmtid.html" "Mozilla/5.0 AppleWebKit/537.36 (KHTML, like Gecko; compatible; GPTBot/1.3; +https://openai.com/gptbot)"
74.7.243.248 - - [07/Feb/2026:08:02:26 -0500] "GET /ctg/search/similarImageSearchResultView/?ctgItemCd=177786173990 HTTP/1.1" 404 1251 "https://blog.newkolkata.in/ite/173990mvrvtid.html" "Mozilla/5.0 AppleWebKit/537.36 (KHTML, like Gecko; compatible; GPTBot/1.3; +https://openai.com/gptbot)"
74.7.243.248 - - [07/Feb/2026:08:02:29 -0500] "GET /ctg/search/similarImageSearchResultView/?ctgItemCd=222894218744 HTTP/1.1" 404 1251 "https://blog.newkolkata.in/items/218744ccoytidm5.html" "Mozilla/5.0 AppleWebKit/537.36 (KHTML, like Gecko; compatible; GPTBot/1.3; +https://openai.com/gptbot)"
74.7.243.248 - - [07/Feb/2026:08:02:32 -0500] "GET /ctg/search/similarImageSearchResultView/?ctgItemCd=234555230838 HTTP/1.1" 404 1251 "https://blog.newkolkata.in/getid/230838ulgpitems" "Mozilla/5.0 AppleWebKit/537.36 (KHTML, like Gecko; compatible; GPTBot/1.3; +https://openai.com/gptbot)"
185.191.171.17 - - [07/Feb/2026:08:02:35 -0500] "GET /getidm2/217762tjvfitems HTTP/1.1" 404 1251 "-" "Mozilla/5.0 (compatible; SemrushBot/7~bl; +http://www.semrush.com/bot.html)"
74.7.243.248 - - [07/Feb/2026:08:02:36 -0500] "GET /ctg/search/similarImageSearchResultView/?ctgItemCd=289713286111 HTTP/1.1" 404 1251 "https://blog.newkolkata.in/geti/286111ccoyitems" "Mozilla/5.0 AppleWebKit/537.36 (KHTML, like Gecko; compatible; GPTBot/1.3; +https://openai.com/gptbot)"
74.7.243.248 - - [07/Feb/2026:08:02:39 -0500] "GET /ctg/search/similarImageSearchResultView/?ctgItemCd=128311124452 HTTP/1.1" 404 1251 "https://blog.newkolkata.in/get/124452cejpitems.htm" "Mozilla/5.0 AppleWebKit/537.36 (KHTML, like Gecko; compatible; GPTBot/1.3; +https://openai.com/gptbot)"
74.7.243.248 - - [07/Feb/2026:08:02:42 -0500] "GET /ctg/search/similarImageSearchResultView/?ctgItemCd=147775143442 HTTP/1.1" 404 1251 "https://blog.newkolkata.in/getidm236/143442kairitems.htm" "Mozilla/5.0 AppleWebKit/537.36 (KHTML, like Gecko; compatible; GPTBot/1.3; +https://openai.com/gptbot)"
85.208.96.198 - - [07/Feb/2026:08:02:42 -0500] "GET /ite/221870kairtid.html HTTP/1.1" 404 1251 "-" "Mozilla/5.0 (compatible; SemrushBot/7~bl; +http://www.semrush.com/bot.html)"
185.191.171.11 - - [07/Feb/2026:08:02:45 -0500] "GET /getidm7/123442ccoyitems HTTP/1.1" 404 1251 "-" "Mozilla/5.0 (compatible; SemrushBot/7~bl; +http://www.semrush.com/bot.html)"
74.7.243.248 - - [07/Feb/2026:08:02:45 -0500] "GET /ctg/search/similarImageSearchResultView/?ctgItemCd=237044233328 HTTP/1.1" 404 1251 "https://blog.newkolkata.in/getid/233328tjvfitems" "Mozilla/5.0 AppleWebKit/537.36 (KHTML, like Gecko; compatible; GPTBot/1.3; +https://openai.com/gptbot)"
74.7.243.248 - - [07/Feb/2026:08:02:48 -0500] "GET /ctg/search/similarImageSearchResultView/?ctgItemCd=133306129790 HTTP/1.1" 404 1251 "https://blog.newkolkata.in/get/129790ulgpitems" "Mozilla/5.0 AppleWebKit/537.36 (KHTML, like Gecko; compatible; GPTBot/1.3; +https://openai.com/gptbot)"
185.191.171.5 - - [07/Feb/2026:08:02:49 -0500] "GET /geti/96432cejpitems.htm HTTP/1.1" 404 1251 "-" "Mozilla/5.0 (compatible; SemrushBot/7~bl; +http://www.semrush.com/bot.html)"
74.7.243.248 - - [07/Feb/2026:08:02:51 -0500] "GET /ctg/search/similarImageSearchResultView/?ctgItemCd=246666242780 HTTP/1.1" 404 1251 "https://blog.newkolkata.in/getidm2/242780pcywitems" "Mozilla/5.0 AppleWebKit/537.36 (KHTML, like Gecko; compatible; GPTBot/1.3; +https://openai.com/gptbot)"
185.191.171.3 - - [07/Feb/2026:08:02:52 -0500] "GET /get/302301pcywitems.htm HTTP/1.1" 404 1251 "-" "Mozilla/5.0 (compatible; SemrushBot/7~bl; +http://www.semrush.com/bot.html)"
74.7.243.248 - - [07/Feb/2026:08:02:55 -0500] "GET /ctg/search/similarImageSearchResultView/?ctgItemCd=209990205981 HTTP/1.1" 404 1251 "https://blog.newkolkata.in/getidm3216/205981cejpitems" "Mozilla/5.0 AppleWebKit/537.36 (KHTML, like Gecko; compatible; GPTBot/1.3; +https://openai.com/gptbot)"
74.7.243.248 - - [07/Feb/2026:08:02:58 -0500] "GET /ctg/search/similarImageSearchResultView/?ctgItemCd=209777205461 HTTP/1.1" 404 1251 "https://blog.newkolkata.in/getidm60/205461mvrvitems.htm" "Mozilla/5.0 AppleWebKit/537.36 (KHTML, like Gecko; compatible; GPTBot/1.3; +https://openai.com/gptbot)"
74.7.243.248 - - [07/Feb/2026:08:03:01 -0500] "GET /ctg/search/similarImageSearchResultView/?ctgItemCd=245316241333 HTTP/1.1" 404 1251 "https://blog.newkolkata.in/getidm595/241333tjvfitems" "Mozilla/5.0 AppleWebKit/537.36 (KHTML, like Gecko; compatible; GPTBot/1.3; +https://openai.com/gptbot)"
74.7.243.248 - - [07/Feb/2026:08:03:04 -0500] "GET /ctg/search/similarImageSearchResultView/?ctgItemCd=222532218447 HTTP/1.1" 404 1251 "https://blog.newkolkata.in/items/218447cejptidm.html" "Mozilla/5.0 AppleWebKit/537.36 (KHTML, like Gecko; compatible; GPTBot/1.3; +https://openai.com/gptbot)"
74.7.243.248 - - [07/Feb/2026:08:03:07 -0500] "GET /ctg/search/similarImageSearchResultView/?ctgItemCd=302022298146 HTTP/1.1" 404 1251 "https://blog.newkolkata.in/get/298146kairitems.htm" "Mozilla/5.0 AppleWebKit/537.36 (KHTML, like Gecko; compatible; GPTBot/1.3; +https://openai.com/gptbot)"
74.7.243.248 - - [07/Feb/2026:08:03:11 -0500] "GET /ctg/search/similarImageSearchResultView/?ctgItemCd=213332209318 HTTP/1.1" 404 1251 "https://blog.newkolkata.in/items/209318mvrvtid.html" "Mozilla/5.0 AppleWebKit/537.36 (KHTML, like Gecko; compatible; GPTBot/1.3; +https://openai.com/gptbot)"
74.7.243.248 - - [07/Feb/2026:08:03:14 -0500] "GET /ctg/search/similarImageSearchResultView/?ctgItemCd=155587151260 HTTP/1.1" 404 1251 "https://blog.newkolkata.in/getidm94/151260zslyitems.htm" "Mozilla/5.0 AppleWebKit/537.36 (KHTML, like Gecko; compatible; GPTBot/1.3; +https://openai.com/gptbot)"
185.191.171.13 - - [07/Feb/2026:08:03:14 -0500] "GET /geti/61488mvrvitems.htm HTTP/1.1" 404 1251 "-" "Mozilla/5.0 (compatible; SemrushBot/7~bl; +http://www.semrush.com/bot.html)"
74.7.243.248 - - [07/Feb/2026:08:03:17 -0500] "GET /ctg/search/similarImageSearchResultView/?ctgItemCd=271058266888 HTTP/1.1" 404 1251 "https://blog.newkolkata.in/items/266888ulgptidm3.html" "Mozilla/5.0 AppleWebKit/537.36 (KHTML, like Gecko; compatible; GPTBot/1.3; +https://openai.com/gptbot)"
74.7.243.248 - - [07/Feb/2026:08:03:20 -0500] "GET /ctg/search/similarImageSearchResultView/?ctgItemCd=181860177762 HTTP/1.1" 404 1251 "https://blog.newkolkata.in/getid/177762ulgpitems.htm" "Mozilla/5.0 AppleWebKit/537.36 (KHTML, like Gecko; compatible; GPTBot/1.3; +https://openai.com/gptbot)"
74.7.243.248 - - [07/Feb/2026:08:03:23 -0500] "GET /ctg/search/similarImageSearchResultView/?ctgItemCd=116029111833 HTTP/1.1" 404 1251 "https://blog.newkolkata.in/items/111833sejmtidm29.html" "Mozilla/5.0 AppleWebKit/537.36 (KHTML, like Gecko; compatible; GPTBot/1.3; +https://openai.com/gptbot)"
74.7.243.248 - - [07/Feb/2026:08:03:26 -0500] "GET /ctg/search/similarImageSearchResultView/?ctgItemCd=201000197257 HTTP/1.1" 404 1251 "https://blog.newkolkata.in/getid/197257mvrvitems" "Mozilla/5.0 AppleWebKit/537.36 (KHTML, like Gecko; compatible; GPTBot/1.3; +https://openai.com/gptbot)"
74.7.243.248 - - [07/Feb/2026:08:03:30 -0500] "GET /ctg/search/similarImageSearchResultView/?ctgItemCd=279738275552 HTTP/1.1" 404 1251 "https://blog.newkolkata.in/items/275552zslytidm5.html" "Mozilla/5.0 AppleWebKit/537.36 (KHTML, like Gecko; compatible; GPTBot/1.3; +https://openai.com/gptbot)"
85.208.96.212 - - [07/Feb/2026:08:03:30 -0500] "GET /geti/81943zslyitems HTTP/1.1" 404 1251 "-" "Mozilla/5.0 (compatible; SemrushBot/7~bl; +http://www.semrush.com/bot.html)"
74.7.243.248 - - [07/Feb/2026:08:03:33 -0500] "GET /ctg/search/similarImageSearchResultView/?ctgItemCd=222756218374 HTTP/1.1" 404 1251 "https://blog.newkolkata.in/getidm712/218374zslyitems.htm" "Mozilla/5.0 AppleWebKit/537.36 (KHTML, like Gecko; compatible; GPTBot/1.3; +https://openai.com/gptbot)"
74.7.243.248 - - [07/Feb/2026:08:03:36 -0500] "GET /ctg/search/similarImageSearchResultView/?ctgItemCd=197013192777 HTTP/1.1" 404 1251 "https://blog.newkolkata.in/getidm/192777zslyitems.htm" "Mozilla/5.0 AppleWebKit/537.36 (KHTML, like Gecko; compatible; GPTBot/1.3; +https://openai.com/gptbot)"
74.7.243.248 - - [07/Feb/2026:08:03:39 -0500] "GET /ctg/search/similarImageSearchResultView/?ctgItemCd=203871200006 HTTP/1.1" 404 1251 "https://blog.newkolkata.in/item/200006ulgptid.html" "Mozilla/5.0 AppleWebKit/537.36 (KHTML, like Gecko; compatible; GPTBot/1.3; +https://openai.com/gptbot)"
85.208.96.206 - - [07/Feb/2026:08:03:41 -0500] "GET /get/115390pcywitems HTTP/1.1" 404 1251 "-" "Mozilla/5.0 (compatible; SemrushBot/7~bl; +http://www.semrush.com/bot.html)"
74.7.243.248 - - [07/Feb/2026:08:03:42 -0500] "GET /ctg/search/similarImageSearchResultView/?ctgItemCd=132910128555 HTTP/1.1" 404 1251 "https://blog.newkolkata.in/items/128555jahttidm72358.html" "Mozilla/5.0 AppleWebKit/537.36 (KHTML, like Gecko; compatible; GPTBot/1.3; +https://openai.com/gptbot)"
74.7.243.248 - - [07/Feb/2026:08:03:46 -0500] "GET /ctg/search/similarImageSearchResultView/?ctgItemCd=141986137777 HTTP/1.1" 404 1251 "https://blog.newkolkata.in/items/137777sejmtidm45.html" "Mozilla/5.0 AppleWebKit/537.36 (KHTML, like Gecko; compatible; GPTBot/1.3; +https://openai.com/gptbot)"
85.208.96.212 - - [07/Feb/2026:08:03:47 -0500] "GET /get/179934kairitems.htm HTTP/1.1" 404 1251 "-" "Mozilla/5.0 (compatible; SemrushBot/7~bl; +http://www.semrush.com/bot.html)"
74.7.243.248 - - [07/Feb/2026:08:03:49 -0500] "GET /ctg/search/similarImageSearchResultView/?ctgItemCd=203985200006 HTTP/1.1" 404 1251 "https://blog.newkolkata.in/getidm185/200006pcywitems" "Mozilla/5.0 AppleWebKit/537.36 (KHTML, like Gecko; compatible; GPTBot/1.3; +https://openai.com/gptbot)"
185.191.171.11 - - [07/Feb/2026:08:03:51 -0500] "GET /geti/255199mvrvitems HTTP/1.1" 404 1251 "-" "Mozilla/5.0 (compatible; SemrushBot/7~bl; +http://www.semrush.com/bot.html)"
74.7.243.248 - - [07/Feb/2026:08:03:52 -0500] "GET /ctg/search/similarImageSearchResultView/?ctgItemCd=268888265400 HTTP/1.1" 404 1251 "https://blog.newkolkata.in/get/265400kairitems" "Mozilla/5.0 AppleWebKit/537.36 (KHTML, like Gecko; compatible; GPTBot/1.3; +https://openai.com/gptbot)"
74.7.243.248 - - [07/Feb/2026:08:03:55 -0500] "GET /ctg/search/similarImageSearchResultView/?ctgItemCd=281746277756 HTTP/1.1" 404 1251 "https://blog.newkolkata.in/getidm307/277756ulgpitems" "Mozilla/5.0 AppleWebKit/537.36 (KHTML, like Gecko; compatible; GPTBot/1.3; +https://openai.com/gptbot)"
52.167.144.229 - - [07/Feb/2026:08:03:58 -0500] "GET /get/17887ulgpitems HTTP/1.1" 404 1251 "-" "Mozilla/5.0 AppleWebKit/537.36 (KHTML, like Gecko; compatible; bingbot/2.0; +http://www.bing.com/bingbot.htm) Chrome/116.0.1938.76 Safari/537.36"
74.7.243.248 - - [07/Feb/2026:08:03:58 -0500] "GET /ctg/search/similarImageSearchResultView/?ctgItemCd=177729173552 HTTP/1.1" 404 1251 "https://blog.newkolkata.in/items/173552mvrvtidm6.html" "Mozilla/5.0 AppleWebKit/537.36 (KHTML, like Gecko; compatible; GPTBot/1.3; +https://openai.com/gptbot)"
85.208.96.196 - - [07/Feb/2026:08:03:59 -0500] "GET /oybcategorycejp/29 HTTP/1.1" 404 1251 "-" "Mozilla/5.0 (compatible; SemrushBot/7~bl; +http://www.semrush.com/bot.html)"
74.7.243.248 - - [07/Feb/2026:08:04:02 -0500] "GET /ctg/search/similarImageSearchResultView/?ctgItemCd=227352223860 HTTP/1.1" 404 1251 "https://blog.newkolkata.in/get/223860jahtitems" "Mozilla/5.0 AppleWebKit/537.36 (KHTML, like Gecko; compatible; GPTBot/1.3; +https://openai.com/gptbot)"
74.7.243.248 - - [07/Feb/2026:08:04:05 -0500] "GET /ctg/search/similarImageSearchResultView/?ctgItemCd=216661212540 HTTP/1.1" 404 1251 "https://blog.newkolkata.in/ite/212540jahttidm75870.html" "Mozilla/5.0 AppleWebKit/537.36 (KHTML, like Gecko; compatible; GPTBot/1.3; +https://openai.com/gptbot)"
74.7.243.248 - - [07/Feb/2026:08:04:08 -0500] "GET /ctg/search/similarImageSearchResultView/?ctgItemCd=144474140962 HTTP/1.1" 404 1251 "https://blog.newkolkata.in/get/140962tjvfitems" "Mozilla/5.0 AppleWebKit/537.36 (KHTML, like Gecko; compatible; GPTBot/1.3; +https://openai.com/gptbot)"
185.191.171.10 - - [07/Feb/2026:08:04:10 -0500] "GET /getidm/241873ccoyitems HTTP/1.1" 404 1251 "-" "Mozilla/5.0 (compatible; SemrushBot/7~bl; +http://www.semrush.com/bot.html)"
74.7.243.248 - - [07/Feb/2026:08:04:11 -0500] "GET /ctg/search/similarImageSearchResultView/?ctgItemCd=131652127775 HTTP/1.1" 404 1251 "https://blog.newkolkata.in/ite/127775sejmtidm.html" "Mozilla/5.0 AppleWebKit/537.36 (KHTML, like Gecko; compatible; GPTBot/1.3; +https://openai.com/gptbot)"
185.191.171.11 - - [07/Feb/2026:08:04:13 -0500] "GET /get/239110mvrvitems HTTP/1.1" 404 1251 "-" "Mozilla/5.0 (compatible; SemrushBot/7~bl; +http://www.semrush.com/bot.html)"
74.7.243.248 - - [07/Feb/2026:08:04:14 -0500] "GET /ctg/search/similarImageSearchResultView/?ctgItemCd=253212248777 HTTP/1.1" 404 1251 "https://blog.newkolkata.in/items/248777tjvftidm235469.html" "Mozilla/5.0 AppleWebKit/537.36 (KHTML, like Gecko; compatible; GPTBot/1.3; +https://openai.com/gptbot)"
74.7.243.248 - - [07/Feb/2026:08:04:17 -0500] "GET /ctg/search/similarImageSearchResultView/?ctgItemCd=280722277198 HTTP/1.1" 404 1251 "https://blog.newkolkata.in/get/277198tjvfitems" "Mozilla/5.0 AppleWebKit/537.36 (KHTML, like Gecko; compatible; GPTBot/1.3; +https://openai.com/gptbot)"
85.208.96.206 - - [07/Feb/2026:08:04:20 -0500] "GET /getidm48/14323zslyitems HTTP/1.1" 404 1251 "-" "Mozilla/5.0 (compatible; SemrushBot/7~bl; +http://www.semrush.com/bot.html)"
74.7.243.248 - - [07/Feb/2026:08:04:21 -0500] "GET /ctg/search/similarImageSearchResultView/?ctgItemCd=222357218444 HTTP/1.1" 404 1251 "https://blog.newkolkata.in/ite/218444cejptidm7.html" "Mozilla/5.0 AppleWebKit/537.36 (KHTML, like Gecko; compatible; GPTBot/1.3; +https://openai.com/gptbot)"
74.7.243.248 - - [07/Feb/2026:08:04:24 -0500] "GET /ctg/search/similarImageSearchResultView/?ctgItemCd=187676183555 HTTP/1.1" 404 1251 "https://blog.newkolkata.in/getid/183555zslyitems.htm" "Mozilla/5.0 AppleWebKit/537.36 (KHTML, like Gecko; compatible; GPTBot/1.3; +https://openai.com/gptbot)"
74.7.243.248 - - [07/Feb/2026:08:04:27 -0500] "GET /ctg/search/similarImageSearchResultView/?ctgItemCd=259106255511 HTTP/1.1" 404 1251 "https://blog.newkolkata.in/geti/255511kairitems" "Mozilla/5.0 AppleWebKit/537.36 (KHTML, like Gecko; compatible; GPTBot/1.3; +https://openai.com/gptbot)"
85.208.96.199 - - [07/Feb/2026:08:04:28 -0500] "GET /getidm/241969cejpitems HTTP/1.1" 404 1251 "-" "Mozilla/5.0 (compatible; SemrushBot/7~bl; +http://www.semrush.com/bot.html)"
74.7.243.248 - - [07/Feb/2026:08:04:30 -0500] "GET /ctg/search/similarImageSearchResultView/?ctgItemCd=118041113754 HTTP/1.1" 404 1251 "https://blog.newkolkata.in/getidm96/113754cejpitems.htm" "Mozilla/5.0 AppleWebKit/537.36 (KHTML, like Gecko; compatible; GPTBot/1.3; +https://openai.com/gptbot)"
74.7.243.248 - - [07/Feb/2026:08:04:33 -0500] "GET /ctg/search/similarImageSearchResultView/?ctgItemCd=151678147444 HTTP/1.1" 404 1251 "https://blog.newkolkata.in/getidm7/147444cejpitems.htm" "Mozilla/5.0 AppleWebKit/537.36 (KHTML, like Gecko; compatible; GPTBot/1.3; +https://openai.com/gptbot)"
74.7.243.248 - - [07/Feb/2026:08:04:36 -0500] "GET /ctg/search/similarImageSearchResultView/?ctgItemCd=298887294516 HTTP/1.1" 404 1251 "https://blog.newkolkata.in/getidm822/294516pcywitems.htm" "Mozilla/5.0 AppleWebKit/537.36 (KHTML, like Gecko; compatible; GPTBot/1.3; +https://openai.com/gptbot)"
85.208.96.194 - - [07/Feb/2026:08:04:38 -0500] "GET /ite/257750cejptid.html HTTP/1.1" 404 1251 "-" "Mozilla/5.0 (compatible; SemrushBot/7~bl; +http://www.semrush.com/bot.html)"
74.7.243.248 - - [07/Feb/2026:08:04:39 -0500] "GET /ctg/search/similarImageSearchResultView/?ctgItemCd=111837107598 HTTP/1.1" 404 1251 "https://blog.newkolkata.in/item/107598jahttidm56027.html" "Mozilla/5.0 AppleWebKit/537.36 (KHTML, like Gecko; compatible; GPTBot/1.3; +https://openai.com/gptbot)"
74.7.243.248 - - [07/Feb/2026:08:04:43 -0500] "GET /ctg/search/similarImageSearchResultView/?ctgItemCd=300095295851 HTTP/1.1" 404 1251 "https://blog.newkolkata.in/getidm6/295851kairitems.htm" "Mozilla/5.0 AppleWebKit/537.36 (KHTML, like Gecko; compatible; GPTBot/1.3; +https://openai.com/gptbot)"
74.7.243.248 - - [07/Feb/2026:08:04:46 -0500] "GET /ctg/search/similarImageSearchResultView/?ctgItemCd=115502111368 HTTP/1.1" 404 1251 "https://blog.newkolkata.in/items/111368cejptidm7.html" "Mozilla/5.0 AppleWebKit/537.36 (KHTML, like Gecko; compatible; GPTBot/1.3; +https://openai.com/gptbot)"
74.7.243.248 - - [07/Feb/2026:08:04:49 -0500] "GET /ctg/search/similarImageSearchResultView/?ctgItemCd=177710173823 HTTP/1.1" 404 1251 "https://blog.newkolkata.in/get/173823ulgpitems.htm" "Mozilla/5.0 AppleWebKit/537.36 (KHTML, like Gecko; compatible; GPTBot/1.3; +https://openai.com/gptbot)"
74.7.243.248 - - [07/Feb/2026:08:04:52 -0500] "GET /ctg/search/similarImageSearchResultView/?ctgItemCd=122351118435 HTTP/1.1" 404 1251 "https://blog.newkolkata.in/getidm42/118435ccoyitems" "Mozilla/5.0 AppleWebKit/537.36 (KHTML, like Gecko; compatible; GPTBot/1.3; +https://openai.com/gptbot)"
74.7.243.248 - - [07/Feb/2026:08:04:55 -0500] "GET /ctg/search/similarImageSearchResultView/?ctgItemCd=297888293508 HTTP/1.1" 404 1251 "https://blog.newkolkata.in/getidm724/293508mvrvitems.htm" "Mozilla/5.0 AppleWebKit/537.36 (KHTML, like Gecko; compatible; GPTBot/1.3; +https://openai.com/gptbot)"
74.7.243.248 - - [07/Feb/2026:08:04:58 -0500] "GET /ctg/search/similarImageSearchResultView/?ctgItemCd=177718173639 HTTP/1.1" 404 1251 "https://blog.newkolkata.in/ite/173639jahttidm1863.html" "Mozilla/5.0 AppleWebKit/537.36 (KHTML, like Gecko; compatible; GPTBot/1.3; +https://openai.com/gptbot)"
74.7.243.248 - - [07/Feb/2026:08:05:02 -0500] "GET /ctg/search/similarImageSearchResultView/?ctgItemCd=126953122666 HTTP/1.1" 404 1251 "https://blog.newkolkata.in/getidm44/122666kairitems.htm" "Mozilla/5.0 AppleWebKit/537.36 (KHTML, like Gecko; compatible; GPTBot/1.3; +https://openai.com/gptbot)"
74.7.243.248 - - [07/Feb/2026:08:05:05 -0500] "GET /ctg/search/similarImageSearchResultView/?ctgItemCd=240678236666 HTTP/1.1" 404 1251 "https://blog.newkolkata.in/items/236666pcywtid.html" "Mozilla/5.0 AppleWebKit/537.36 (KHTML, like Gecko; compatible; GPTBot/1.3; +https://openai.com/gptbot)"
74.7.243.248 - - [07/Feb/2026:08:05:08 -0500] "GET /ctg/search/similarImageSearchResultView/?ctgItemCd=128749124443 HTTP/1.1" 404 1251 "https://blog.newkolkata.in/getidm67/124443tjvfitems.htm" "Mozilla/5.0 AppleWebKit/537.36 (KHTML, like Gecko; compatible; GPTBot/1.3; +https://openai.com/gptbot)"
74.7.243.248 - - [07/Feb/2026:08:05:11 -0500] "GET /ctg/search/similarImageSearchResultView/?ctgItemCd=222633219103 HTTP/1.1" 404 1251 "https://blog.newkolkata.in/get/219103zslyitems" "Mozilla/5.0 AppleWebKit/537.36 (KHTML, like Gecko; compatible; GPTBot/1.3; +https://openai.com/gptbot)"
74.7.243.248 - - [07/Feb/2026:08:05:15 -0500] "GET /ctg/search/similarImageSearchResultView/?ctgItemCd=290666287170 HTTP/1.1" 404 1251 "https://blog.newkolkata.in/get/287170kairitems" "Mozilla/5.0 AppleWebKit/537.36 (KHTML, like Gecko; compatible; GPTBot/1.3; +https://openai.com/gptbot)"
74.7.243.248 - - [07/Feb/2026:08:05:18 -0500] "GET /ctg/search/similarImageSearchResultView/?ctgItemCd=207774203860 HTTP/1.1" 404 1251 "https://blog.newkolkata.in/getidm34/203860ccoyitems" "Mozilla/5.0 AppleWebKit/537.36 (KHTML, like Gecko; compatible; GPTBot/1.3; +https://openai.com/gptbot)"
74.7.243.248 - - [07/Feb/2026:08:05:21 -0500] "GET /ctg/search/similarImageSearchResultView/?ctgItemCd=151020146662 HTTP/1.1" 404 1251 "https://blog.newkolkata.in/getidm966/146662sejmitems.htm" "Mozilla/5.0 AppleWebKit/537.36 (KHTML, like Gecko; compatible; GPTBot/1.3; +https://openai.com/gptbot)"
85.208.96.210 - - [07/Feb/2026:08:05:22 -0500] "GET /geti/199615kairitems HTTP/1.1" 404 1251 "-" "Mozilla/5.0 (compatible; SemrushBot/7~bl; +http://www.semrush.com/bot.html)"
74.7.243.248 - - [07/Feb/2026:08:05:24 -0500] "GET /ctg/search/similarImageSearchResultView/?ctgItemCd=164999160982 HTTP/1.1" 404 1251 "https://blog.newkolkata.in/items/160982mvrvtid.html" "Mozilla/5.0 AppleWebKit/537.36 (KHTML, like Gecko; compatible; GPTBot/1.3; +https://openai.com/gptbot)"
74.7.243.248 - - [07/Feb/2026:08:05:27 -0500] "GET /ctg/search/similarImageSearchResultView/?ctgItemCd=111390107569 HTTP/1.1" 404 1251 "https://blog.newkolkata.in/getidm/107569sejmitems" "Mozilla/5.0 AppleWebKit/537.36 (KHTML, like Gecko; compatible; GPTBot/1.3; +https://openai.com/gptbot)"
74.7.243.248 - - [07/Feb/2026:08:05:30 -0500] "GET /ctg/search/similarImageSearchResultView/?ctgItemCd=108333104351 HTTP/1.1" 404 1251 "https://blog.newkolkata.in/item/104351tjvftidm.html" "Mozilla/5.0 AppleWebKit/537.36 (KHTML, like Gecko; compatible; GPTBot/1.3; +https://openai.com/gptbot)"
74.7.243.248 - - [07/Feb/2026:08:05:34 -0500] "GET /ctg/search/similarImageSearchResultView/?ctgItemCd=276333271940 HTTP/1.1" 404 1251 "https://blog.newkolkata.in/items/271940kairtidm902232.html" "Mozilla/5.0 AppleWebKit/537.36 (KHTML, like Gecko; compatible; GPTBot/1.3; +https://openai.com/gptbot)"
74.7.243.248 - - [07/Feb/2026:08:05:37 -0500] "GET /ctg/search/similarImageSearchResultView/?ctgItemCd=219022214970 HTTP/1.1" 404 1251 "https://blog.newkolkata.in/ite/214970mvrvtidm243.html" "Mozilla/5.0 AppleWebKit/537.36 (KHTML, like Gecko; compatible; GPTBot/1.3; +https://openai.com/gptbot)"
74.7.243.248 - - [07/Feb/2026:08:05:40 -0500] "GET /ctg/search/similarImageSearchResultView/?ctgItemCd=159468155539 HTTP/1.1" 404 1251 "https://blog.newkolkata.in/getidm21/155539ulgpitems" "Mozilla/5.0 AppleWebKit/537.36 (KHTML, like Gecko; compatible; GPTBot/1.3; +https://openai.com/gptbot)"
74.7.243.248 - - [07/Feb/2026:08:05:43 -0500] "GET /ctg/search/similarImageSearchResultView/?ctgItemCd=111862107856 HTTP/1.1" 404 1251 "https://blog.newkolkata.in/geti/107856pcywitems.htm" "Mozilla/5.0 AppleWebKit/537.36 (KHTML, like Gecko; compatible; GPTBot/1.3; +https://openai.com/gptbot)"
74.7.243.248 - - [07/Feb/2026:08:05:46 -0500] "GET /ctg/search/similarImageSearchResultView/?ctgItemCd=276668272653 HTTP/1.1" 404 1251 "https://blog.newkolkata.in/getidm1543/272653kairitems" "Mozilla/5.0 AppleWebKit/537.36 (KHTML, like Gecko; compatible; GPTBot/1.3; +https://openai.com/gptbot)"
74.7.243.248 - - [07/Feb/2026:08:05:49 -0500] "GET /ctg/search/similarImageSearchResultView/?ctgItemCd=168555164536 HTTP/1.1" 404 1251 "https://blog.newkolkata.in/geti/164536zslyitems.htm" "Mozilla/5.0 AppleWebKit/537.36 (KHTML, like Gecko; compatible; GPTBot/1.3; +https://openai.com/gptbot)"
74.7.243.248 - - [07/Feb/2026:08:05:52 -0500] "GET /ctg/search/similarImageSearchResultView/?ctgItemCd=282111277854 HTTP/1.1" 404 1251 "https://blog.newkolkata.in/getidm9/277854ccoyitems.htm" "Mozilla/5.0 AppleWebKit/537.36 (KHTML, like Gecko; compatible; GPTBot/1.3; +https://openai.com/gptbot)"
74.7.243.248 - - [07/Feb/2026:08:05:55 -0500] "GET /ctg/search/similarImageSearchResultView/?ctgItemCd=279367275444 HTTP/1.1" 404 1251 "https://blog.newkolkata.in/ite/275444kairtidm9.html" "Mozilla/5.0 AppleWebKit/537.36 (KHTML, like Gecko; compatible; GPTBot/1.3; +https://openai.com/gptbot)"
85.208.96.205 - - [07/Feb/2026:08:05:58 -0500] "GET /getidm8/162898ccoyitems HTTP/1.1" 404 1251 "-" "Mozilla/5.0 (compatible; SemrushBot/7~bl; +http://www.semrush.com/bot.html)"
74.7.243.248 - - [07/Feb/2026:08:05:58 -0500] "GET /ctg/search/similarImageSearchResultView/?ctgItemCd=226797222513 HTTP/1.1" 404 1251 "https://blog.newkolkata.in/getidm24/222513ccoyitems.htm" "Mozilla/5.0 AppleWebKit/537.36 (KHTML, like Gecko; compatible; GPTBot/1.3; +https://openai.com/gptbot)"
85.208.96.199 - - [07/Feb/2026:08:06:00 -0500] "GET /getidm/75073kairitems HTTP/1.1" 404 1251 "-" "Mozilla/5.0 (compatible; SemrushBot/7~bl; +http://www.semrush.com/bot.html)"
74.7.243.248 - - [07/Feb/2026:08:06:02 -0500] "GET /ctg/search/similarImageSearchResultView/?ctgItemCd=107011102829 HTTP/1.1" 404 1251 "https://blog.newkolkata.in/getidm/102829kairitems.htm" "Mozilla/5.0 AppleWebKit/537.36 (KHTML, like Gecko; compatible; GPTBot/1.3; +https://openai.com/gptbot)"
185.191.171.17 - - [07/Feb/2026:08:06:02 -0500] "GET /get/16822cejpitems HTTP/1.1" 404 1251 "-" "Mozilla/5.0 (compatible; SemrushBot/7~bl; +http://www.semrush.com/bot.html)"
74.7.243.248 - - [07/Feb/2026:08:06:05 -0500] "GET /ctg/search/similarImageSearchResultView/?ctgItemCd=177705173489 HTTP/1.1" 404 1251 "https://blog.newkolkata.in/items/173489ulgptidm52.html" "Mozilla/5.0 AppleWebKit/537.36 (KHTML, like Gecko; compatible; GPTBot/1.3; +https://openai.com/gptbot)"
74.7.243.248 - - [07/Feb/2026:08:06:08 -0500] "GET /ctg/search/similarImageSearchResultView/?ctgItemCd=268622265087 HTTP/1.1" 404 1251 "https://blog.newkolkata.in/get/265087mvrvitems" "Mozilla/5.0 AppleWebKit/537.36 (KHTML, like Gecko; compatible; GPTBot/1.3; +https://openai.com/gptbot)"
74.7.243.248 - - [07/Feb/2026:08:06:11 -0500] "GET /ctg/search/similarImageSearchResultView/?ctgItemCd=181586177769 HTTP/1.1" 404 1251 "https://blog.newkolkata.in/getidm/177769cejpitems" "Mozilla/5.0 AppleWebKit/537.36 (KHTML, like Gecko; compatible; GPTBot/1.3; +https://openai.com/gptbot)"
74.7.243.248 - - [07/Feb/2026:08:06:14 -0500] "GET /ctg/search/similarImageSearchResultView/?ctgItemCd=259663255512 HTTP/1.1" 404 1251 "https://blog.newkolkata.in/items/255512ulgptidm2.html" "Mozilla/5.0 AppleWebKit/537.36 (KHTML, like Gecko; compatible; GPTBot/1.3; +https://openai.com/gptbot)"
74.7.243.248 - - [07/Feb/2026:08:06:17 -0500] "GET /ctg/search/similarImageSearchResultView/?ctgItemCd=234449230109 HTTP/1.1" 404 1251 "https://blog.newkolkata.in/getidm770/230109ccoyitems.htm" "Mozilla/5.0 AppleWebKit/537.36 (KHTML, like Gecko; compatible; GPTBot/1.3; +https://openai.com/gptbot)"
74.7.243.248 - - [07/Feb/2026:08:06:20 -0500] "GET /ctg/search/similarImageSearchResultView/?ctgItemCd=107311103450 HTTP/1.1" 404 1251 "https://blog.newkolkata.in/getidm8/103450ccoyitems" "Mozilla/5.0 AppleWebKit/537.36 (KHTML, like Gecko; compatible; GPTBot/1.3; +https://openai.com/gptbot)"
74.7.243.248 - - [07/Feb/2026:08:06:24 -0500] "GET /ctg/search/similarImageSearchResultView/?ctgItemCd=113666109392 HTTP/1.1" 404 1251 "https://blog.newkolkata.in/getidm6/109392mvrvitems.htm" "Mozilla/5.0 AppleWebKit/537.36 (KHTML, like Gecko; compatible; GPTBot/1.3; +https://openai.com/gptbot)"
74.7.243.248 - - [07/Feb/2026:08:06:27 -0500] "GET /ctg/search/similarImageSearchResultView/?ctgItemCd=288869284797 HTTP/1.1" 404 1251 "https://blog.newkolkata.in/getidm1669/284797mvrvitems" "Mozilla/5.0 AppleWebKit/537.36 (KHTML, like Gecko; compatible; GPTBot/1.3; +https://openai.com/gptbot)"
157.55.39.222 - - [07/Feb/2026:08:06:28 -0500] "GET /robots.txt HTTP/1.1" 200 281 "-" "Mozilla/5.0 AppleWebKit/537.36 (KHTML, like Gecko; compatible; bingbot/2.0; +http://www.bing.com/bingbot.htm) Chrome/116.0.1938.76 Safari/537.36"
157.55.39.222 - - [07/Feb/2026:08:06:28 -0500] "GET /robots.txt HTTP/1.1" 200 281 "-" "Mozilla/5.0 AppleWebKit/537.36 (KHTML, like Gecko; compatible; bingbot/2.0; +http://www.bing.com/bingbot.htm) Chrome/116.0.1938.76 Safari/537.36"
74.7.243.248 - - [07/Feb/2026:08:06:30 -0500] "GET /ctg/search/similarImageSearchResultView/?ctgItemCd=136400132225 HTTP/1.1" 404 1251 "https://blog.newkolkata.in/getidm/132225jahtitems.htm" "Mozilla/5.0 AppleWebKit/537.36 (KHTML, like Gecko; compatible; GPTBot/1.3; +https://openai.com/gptbot)"
52.167.144.159 - - [07/Feb/2026:08:06:33 -0500] "GET /chicken-road-machine-sous-de-casino-en-ligne-avec-2534/ HTTP/1.1" 404 1251 "-" "Mozilla/5.0 AppleWebKit/537.36 (KHTML, like Gecko; compatible; bingbot/2.0; +http://www.bing.com/bingbot.htm) Chrome/116.0.1938.76 Safari/537.36"
74.7.243.248 - - [07/Feb/2026:08:06:33 -0500] "GET /ctg/search/similarImageSearchResultView/?ctgItemCd=230562226467 HTTP/1.1" 404 1251 "https://blog.newkolkata.in/getid/226467ulgpitems.htm" "Mozilla/5.0 AppleWebKit/537.36 (KHTML, like Gecko; compatible; GPTBot/1.3; +https://openai.com/gptbot)"
74.7.243.248 - - [07/Feb/2026:08:06:36 -0500] "GET /ctg/search/similarImageSearchResultView/?ctgItemCd=199970195630 HTTP/1.1" 404 1251 "https://blog.newkolkata.in/getidm192/195630jahtitems.htm" "Mozilla/5.0 AppleWebKit/537.36 (KHTML, like Gecko; compatible; GPTBot/1.3; +https://openai.com/gptbot)"
185.191.171.15 - - [07/Feb/2026:08:06:38 -0500] "GET /getidm/152091kairitems.htm HTTP/1.1" 404 1251 "-" "Mozilla/5.0 (compatible; SemrushBot/7~bl; +http://www.semrush.com/bot.html)"
74.7.243.248 - - [07/Feb/2026:08:06:39 -0500] "GET /ctg/search/similarImageSearchResultView/?ctgItemCd=111889107735 HTTP/1.1" 404 1251 "https://blog.newkolkata.in/items/107735ulgptidm2.html" "Mozilla/5.0 AppleWebKit/537.36 (KHTML, like Gecko; compatible; GPTBot/1.3; +https://openai.com/gptbot)"
74.7.243.248 - - [07/Feb/2026:08:06:43 -0500] "GET /ctg/search/similarImageSearchResultView/?ctgItemCd=264555260533 HTTP/1.1" 404 1251 "https://blog.newkolkata.in/getidm1215/260533ulgpitems" "Mozilla/5.0 AppleWebKit/537.36 (KHTML, like Gecko; compatible; GPTBot/1.3; +https://openai.com/gptbot)"
74.7.243.248 - - [07/Feb/2026:08:06:46 -0500] "GET /ctg/search/similarImageSearchResultView/?ctgItemCd=249710245552 HTTP/1.1" 404 1251 "https://blog.newkolkata.in/items/245552tjvftidm4.html" "Mozilla/5.0 AppleWebKit/537.36 (KHTML, like Gecko; compatible; GPTBot/1.3; +https://openai.com/gptbot)"
185.191.171.10 - - [07/Feb/2026:08:06:46 -0500] "GET /item/280166ulgptid.html HTTP/1.1" 404 1251 "-" "Mozilla/5.0 (compatible; SemrushBot/7~bl; +http://www.semrush.com/bot.html)"
74.7.243.248 - - [07/Feb/2026:08:06:49 -0500] "GET /ctg/search/similarImageSearchResultView/?ctgItemCd=217772213569 HTTP/1.1" 404 1251 "https://blog.newkolkata.in/items/213569ccoytidm82.html" "Mozilla/5.0 AppleWebKit/537.36 (KHTML, like Gecko; compatible; GPTBot/1.3; +https://openai.com/gptbot)"
185.191.171.16 - - [07/Feb/2026:08:06:50 -0500] "GET /getidm/38473sejmitems HTTP/1.1" 404 1251 "-" "Mozilla/5.0 (compatible; SemrushBot/7~bl; +http://www.semrush.com/bot.html)"
74.7.243.248 - - [07/Feb/2026:08:06:52 -0500] "GET /ctg/search/similarImageSearchResultView/?ctgItemCd=226451222369 HTTP/1.1" 404 1251 "https://blog.newkolkata.in/getid/222369ccoyitems.htm" "Mozilla/5.0 AppleWebKit/537.36 (KHTML, like Gecko; compatible; GPTBot/1.3; +https://openai.com/gptbot)"
74.7.243.248 - - [07/Feb/2026:08:06:55 -0500] "GET /ctg/search/similarImageSearchResultView/?ctgItemCd=200084195857 HTTP/1.1" 404 1251 "https://blog.newkolkata.in/items/195857pcywtidm40.html" "Mozilla/5.0 AppleWebKit/537.36 (KHTML, like Gecko; compatible; GPTBot/1.3; +https://openai.com/gptbot)"
74.7.243.248 - - [07/Feb/2026:08:06:58 -0500] "GET /ctg/search/similarImageSearchResultView/?ctgItemCd=232957228887 HTTP/1.1" 404 1251 "https://blog.newkolkata.in/getidm3417/228887zslyitems" "Mozilla/5.0 AppleWebKit/537.36 (KHTML, like Gecko; compatible; GPTBot/1.3; +https://openai.com/gptbot)"
74.7.243.248 - - [07/Feb/2026:08:07:01 -0500] "GET /ctg/search/similarImageSearchResultView/?ctgItemCd=222995218893 HTTP/1.1" 404 1251 "https://blog.newkolkata.in/items/218893ccoytidm.html" "Mozilla/5.0 AppleWebKit/537.36 (KHTML, like Gecko; compatible; GPTBot/1.3; +https://openai.com/gptbot)"
74.7.243.248 - - [07/Feb/2026:08:07:04 -0500] "GET /ctg/search/similarImageSearchResultView/?ctgItemCd=213722209838 HTTP/1.1" 404 1251 "https://blog.newkolkata.in/get/209838sejmitems.htm" "Mozilla/5.0 AppleWebKit/537.36 (KHTML, like Gecko; compatible; GPTBot/1.3; +https://openai.com/gptbot)"
74.7.243.248 - - [07/Feb/2026:08:07:07 -0500] "GET /ctg/search/similarImageSearchResultView/?ctgItemCd=241118237143 HTTP/1.1" 404 1251 "https://blog.newkolkata.in/items/237143jahttid.html" "Mozilla/5.0 AppleWebKit/537.36 (KHTML, like Gecko; compatible; GPTBot/1.3; +https://openai.com/gptbot)"
85.208.96.199 - - [07/Feb/2026:08:07:08 -0500] "GET /get/57958kairitems HTTP/1.1" 404 1251 "-" "Mozilla/5.0 (compatible; SemrushBot/7~bl; +http://www.semrush.com/bot.html)"
85.208.96.196 - - [07/Feb/2026:08:07:10 -0500] "GET /ite/8840mvrvtidm1.html HTTP/1.1" 404 1251 "-" "Mozilla/5.0 (compatible; SemrushBot/7~bl; +http://www.semrush.com/bot.html)"
74.7.243.248 - - [07/Feb/2026:08:07:11 -0500] "GET /ctg/search/similarImageSearchResultView/?ctgItemCd=293062288872 HTTP/1.1" 404 1251 "https://blog.newkolkata.in/items/288872mvrvtidm7.html" "Mozilla/5.0 AppleWebKit/537.36 (KHTML, like Gecko; compatible; GPTBot/1.3; +https://openai.com/gptbot)"
185.191.171.1 - - [07/Feb/2026:08:07:13 -0500] "GET /geti/284479tjvfitems HTTP/1.1" 404 1251 "-" "Mozilla/5.0 (compatible; SemrushBot/7~bl; +http://www.semrush.com/bot.html)"
74.7.243.248 - - [07/Feb/2026:08:07:14 -0500] "GET /ctg/search/similarImageSearchResultView/?ctgItemCd=134280129990 HTTP/1.1" 404 1251 "https://blog.newkolkata.in/getidm27/129990cejpitems.htm" "Mozilla/5.0 AppleWebKit/537.36 (KHTML, like Gecko; compatible; GPTBot/1.3; +https://openai.com/gptbot)"
74.7.243.248 - - [07/Feb/2026:08:07:17 -0500] "GET /ctg/search/similarImageSearchResultView/?ctgItemCd=115392111789 HTTP/1.1" 404 1251 "https://blog.newkolkata.in/geti/111789kairitems" "Mozilla/5.0 AppleWebKit/537.36 (KHTML, like Gecko; compatible; GPTBot/1.3; +https://openai.com/gptbot)"
74.7.243.248 - - [07/Feb/2026:08:07:20 -0500] "GET /ctg/search/similarImageSearchResultView/?ctgItemCd=203875199939 HTTP/1.1" 404 1251 "https://blog.newkolkata.in/getidm44/199939ccoyitems" "Mozilla/5.0 AppleWebKit/537.36 (KHTML, like Gecko; compatible; GPTBot/1.3; +https://openai.com/gptbot)"
74.7.243.248 - - [07/Feb/2026:08:07:23 -0500] "GET /ctg/search/similarImageSearchResultView/?ctgItemCd=170521167000 HTTP/1.1" 404 1251 "https://blog.newkolkata.in/get/167000mvrvitems" "Mozilla/5.0 AppleWebKit/537.36 (KHTML, like Gecko; compatible; GPTBot/1.3; +https://openai.com/gptbot)"
74.7.243.248 - - [07/Feb/2026:08:07:26 -0500] "GET /ctg/search/similarImageSearchResultView/?ctgItemCd=188804184530 HTTP/1.1" 404 1251 "https://blog.newkolkata.in/getidm2/184530zslyitems.htm" "Mozilla/5.0 AppleWebKit/537.36 (KHTML, like Gecko; compatible; GPTBot/1.3; +https://openai.com/gptbot)"
74.7.243.248 - - [07/Feb/2026:08:07:29 -0500] "GET /ctg/search/similarImageSearchResultView/?ctgItemCd=270650266658 HTTP/1.1" 404 1251 "https://blog.newkolkata.in/geti/266658sejmitems.htm" "Mozilla/5.0 AppleWebKit/537.36 (KHTML, like Gecko; compatible; GPTBot/1.3; +https://openai.com/gptbot)"
74.7.243.248 - - [07/Feb/2026:08:07:33 -0500] "GET /ctg/search/similarImageSearchResultView/?ctgItemCd=227762223804 HTTP/1.1" 404 1251 "https://blog.newkolkata.in/getidm514/223804kairitems" "Mozilla/5.0 AppleWebKit/537.36 (KHTML, like Gecko; compatible; GPTBot/1.3; +https://openai.com/gptbot)"
