74.7.243.248 - - [07/Feb/2026:09:15:46 -0500] "GET /ctg/search/similarImageSearchResultView/?ctgItemCd=248190244486 HTTP/1.1" 404 1251 "https://blog.newkolkata.in/getid/244486jahtitems" "Mozilla/5.0 AppleWebKit/537.36 (KHTML, like Gecko; compatible; GPTBot/1.3; +https://openai.com/gptbot)"
85.208.96.200 - - [07/Feb/2026:09:15:47 -0500] "GET /ite/264815jahttidm.html HTTP/1.1" 404 1251 "-" "Mozilla/5.0 (compatible; SemrushBot/7~bl; +http://www.semrush.com/bot.html)"
74.7.243.248 - - [07/Feb/2026:09:15:49 -0500] "GET /ctg/search/similarImageSearchResultView/?ctgItemCd=178086174222 HTTP/1.1" 404 1251 "https://blog.newkolkata.in/get/174222jahtitems.htm" "Mozilla/5.0 AppleWebKit/537.36 (KHTML, like Gecko; compatible; GPTBot/1.3; +https://openai.com/gptbot)"
27.46.75.4 - - [07/Feb/2026:09:15:52 -0500] "GET /robots.txt HTTP/1.1" 200 281 "-" "Mozilla/5.0 (Windows NT 10.0; WOW64) AppleWebKit/537.36 (KHTML, like Gecko) Chrome/54.0.2909.136 UBrowser/6.2.3964.2 Safari/537.36"
74.7.243.248 - - [07/Feb/2026:09:15:52 -0500] "GET /ctg/search/similarImageSearchResultView/?ctgItemCd=122421118730 HTTP/1.1" 404 1251 "https://blog.newkolkata.in/getid/118730cejpitems" "Mozilla/5.0 AppleWebKit/537.36 (KHTML, like Gecko; compatible; GPTBot/1.3; +https://openai.com/gptbot)"
74.7.243.248 - - [07/Feb/2026:09:15:55 -0500] "GET /ctg/search/similarImageSearchResultView/?ctgItemCd=111402107336 HTTP/1.1" 404 1251 "https://blog.newkolkata.in/item/107336zslytidm6.html" "Mozilla/5.0 AppleWebKit/537.36 (KHTML, like Gecko; compatible; GPTBot/1.3; +https://openai.com/gptbot)"
74.7.243.248 - - [07/Feb/2026:09:15:58 -0500] "GET /ctg/search/similarImageSearchResultView/?ctgItemCd=199980195702 HTTP/1.1" 404 1251 "https://blog.newkolkata.in/getidm3/195702zslyitems.htm" "Mozilla/5.0 AppleWebKit/537.36 (KHTML, like Gecko; compatible; GPTBot/1.3; +https://openai.com/gptbot)"
74.7.243.248 - - [07/Feb/2026:09:16:01 -0500] "GET /ctg/search/similarImageSearchResultView/?ctgItemCd=238889234666 HTTP/1.1" 404 1251 "https://blog.newkolkata.in/getidm/234666mvrvitems.htm" "Mozilla/5.0 AppleWebKit/537.36 (KHTML, like Gecko; compatible; GPTBot/1.3; +https://openai.com/gptbot)"
185.191.171.1 - - [07/Feb/2026:09:16:04 -0500] "GET /getidm49/27235ccoyitems HTTP/1.1" 404 1251 "-" "Mozilla/5.0 (compatible; SemrushBot/7~bl; +http://www.semrush.com/bot.html)"
74.7.243.248 - - [07/Feb/2026:09:16:05 -0500] "GET /ctg/search/similarImageSearchResultView/?ctgItemCd=224912220581 HTTP/1.1" 404 1251 "https://blog.newkolkata.in/getidm77/220581zslyitems.htm" "Mozilla/5.0 AppleWebKit/537.36 (KHTML, like Gecko; compatible; GPTBot/1.3; +https://openai.com/gptbot)"
185.191.171.14 - - [07/Feb/2026:09:16:07 -0500] "GET /getidm/132750jahtitems.htm HTTP/1.1" 404 1251 "-" "Mozilla/5.0 (compatible; SemrushBot/7~bl; +http://www.semrush.com/bot.html)"
74.7.243.248 - - [07/Feb/2026:09:16:08 -0500] "GET /ctg/search/similarImageSearchResultView/?ctgItemCd=223077218888 HTTP/1.1" 404 1251 "https://blog.newkolkata.in/items/218888mvrvtidm6.html" "Mozilla/5.0 AppleWebKit/537.36 (KHTML, like Gecko; compatible; GPTBot/1.3; +https://openai.com/gptbot)"
74.7.243.248 - - [07/Feb/2026:09:16:11 -0500] "GET /ctg/search/similarImageSearchResultView/?ctgItemCd=211160207135 HTTP/1.1" 404 1251 "https://blog.newkolkata.in/ite/207135ccoytidm970.html" "Mozilla/5.0 AppleWebKit/537.36 (KHTML, like Gecko; compatible; GPTBot/1.3; +https://openai.com/gptbot)"
85.208.96.203 - - [07/Feb/2026:09:16:13 -0500] "GET /getid/8310zslyitems.htm HTTP/1.1" 404 1251 "-" "Mozilla/5.0 (compatible; SemrushBot/7~bl; +http://www.semrush.com/bot.html)"
74.7.243.248 - - [07/Feb/2026:09:16:14 -0500] "GET /ctg/search/similarImageSearchResultView/?ctgItemCd=202000197671 HTTP/1.1" 404 1251 "https://blog.newkolkata.in/getidm33/197671mvrvitems.htm" "Mozilla/5.0 AppleWebKit/537.36 (KHTML, like Gecko; compatible; GPTBot/1.3; +https://openai.com/gptbot)"
185.191.171.1 - - [07/Feb/2026:09:16:15 -0500] "GET /getid/72256zslyitems HTTP/1.1" 404 1251 "-" "Mozilla/5.0 (compatible; SemrushBot/7~bl; +http://www.semrush.com/bot.html)"
85.208.96.200 - - [07/Feb/2026:09:16:16 -0500] "GET /geti/21343jahtitems HTTP/1.1" 404 1251 "-" "Mozilla/5.0 (compatible; SemrushBot/7~bl; +http://www.semrush.com/bot.html)"
74.7.243.248 - - [07/Feb/2026:09:16:17 -0500] "GET /ctg/search/similarImageSearchResultView/?ctgItemCd=205666201594 HTTP/1.1" 404 1251 "https://blog.newkolkata.in/getid/201594jahtitems.htm" "Mozilla/5.0 AppleWebKit/537.36 (KHTML, like Gecko; compatible; GPTBot/1.3; +https://openai.com/gptbot)"
74.7.243.248 - - [07/Feb/2026:09:16:21 -0500] "GET /ctg/search/similarImageSearchResultView/?ctgItemCd=115460111342 HTTP/1.1" 404 1251 "https://blog.newkolkata.in/ite/111342jahttidm72746.html" "Mozilla/5.0 AppleWebKit/537.36 (KHTML, like Gecko; compatible; GPTBot/1.3; +https://openai.com/gptbot)"
74.7.243.248 - - [07/Feb/2026:09:16:24 -0500] "GET /ctg/search/similarImageSearchResultView/?ctgItemCd=222405218430 HTTP/1.1" 404 1251 "https://blog.newkolkata.in/item/218430sejmtidm.html" "Mozilla/5.0 AppleWebKit/537.36 (KHTML, like Gecko; compatible; GPTBot/1.3; +https://openai.com/gptbot)"
74.7.243.248 - - [07/Feb/2026:09:16:27 -0500] "GET /ctg/search/similarImageSearchResultView/?ctgItemCd=192333187970 HTTP/1.1" 404 1251 "https://blog.newkolkata.in/items/187970kairtidm87435.html" "Mozilla/5.0 AppleWebKit/537.36 (KHTML, like Gecko; compatible; GPTBot/1.3; +https://openai.com/gptbot)"
74.7.243.248 - - [07/Feb/2026:09:16:30 -0500] "GET /ctg/search/similarImageSearchResultView/?ctgItemCd=240521236665 HTTP/1.1" 404 1251 "https://blog.newkolkata.in/getidm/236665zslyitems" "Mozilla/5.0 AppleWebKit/537.36 (KHTML, like Gecko; compatible; GPTBot/1.3; +https://openai.com/gptbot)"
185.191.171.16 - - [07/Feb/2026:09:16:32 -0500] "GET /get/213742pcywitems HTTP/1.1" 404 1251 "-" "Mozilla/5.0 (compatible; SemrushBot/7~bl; +http://www.semrush.com/bot.html)"
74.7.243.248 - - [07/Feb/2026:09:16:33 -0500] "GET /ctg/search/similarImageSearchResultView/?ctgItemCd=166678162815 HTTP/1.1" 404 1251 "https://blog.newkolkata.in/ite/162815jahttidm.html" "Mozilla/5.0 AppleWebKit/537.36 (KHTML, like Gecko; compatible; GPTBot/1.3; +https://openai.com/gptbot)"
74.7.243.248 - - [07/Feb/2026:09:16:36 -0500] "GET /ctg/search/similarImageSearchResultView/?ctgItemCd=104423100085 HTTP/1.1" 404 1251 "https://blog.newkolkata.in/getidm398/100085kairitems.htm" "Mozilla/5.0 AppleWebKit/537.36 (KHTML, like Gecko; compatible; GPTBot/1.3; +https://openai.com/gptbot)"
74.7.243.248 - - [07/Feb/2026:09:16:39 -0500] "GET /ctg/search/similarImageSearchResultView/?ctgItemCd=291822287439 HTTP/1.1" 404 1251 "https://blog.newkolkata.in/getidm712/287439mvrvitems.htm" "Mozilla/5.0 AppleWebKit/537.36 (KHTML, like Gecko; compatible; GPTBot/1.3; +https://openai.com/gptbot)"
85.208.96.193 - - [07/Feb/2026:09:16:41 -0500] "GET /getidm/65881jahtitems HTTP/1.1" 404 1251 "-" "Mozilla/5.0 (compatible; SemrushBot/7~bl; +http://www.semrush.com/bot.html)"
74.7.243.248 - - [07/Feb/2026:09:16:43 -0500] "GET /ctg/search/similarImageSearchResultView/?ctgItemCd=108011103976 HTTP/1.1" 404 1251 "https://blog.newkolkata.in/item/103976ccoytidm5.html" "Mozilla/5.0 AppleWebKit/537.36 (KHTML, like Gecko; compatible; GPTBot/1.3; +https://openai.com/gptbot)"
74.7.243.248 - - [07/Feb/2026:09:16:46 -0500] "GET /ctg/search/similarImageSearchResultView/?ctgItemCd=222049217928 HTTP/1.1" 404 1251 "https://blog.newkolkata.in/items/217928pcywtidm.html" "Mozilla/5.0 AppleWebKit/537.36 (KHTML, like Gecko; compatible; GPTBot/1.3; +https://openai.com/gptbot)"
85.208.96.211 - - [07/Feb/2026:09:16:48 -0500] "GET /getidm35/27979pcywitems HTTP/1.1" 404 1251 "-" "Mozilla/5.0 (compatible; SemrushBot/7~bl; +http://www.semrush.com/bot.html)"
74.7.243.248 - - [07/Feb/2026:09:16:49 -0500] "GET /ctg/search/similarImageSearchResultView/?ctgItemCd=122591118573 HTTP/1.1" 404 1251 "https://blog.newkolkata.in/getidm4103/118573sejmitems" "Mozilla/5.0 AppleWebKit/537.36 (KHTML, like Gecko; compatible; GPTBot/1.3; +https://openai.com/gptbot)"
74.7.243.248 - - [07/Feb/2026:09:16:52 -0500] "GET /ctg/search/similarImageSearchResultView/?ctgItemCd=137215133369 HTTP/1.1" 404 1251 "https://blog.newkolkata.in/getidm/133369mvrvitems" "Mozilla/5.0 AppleWebKit/537.36 (KHTML, like Gecko; compatible; GPTBot/1.3; +https://openai.com/gptbot)"
74.7.243.248 - - [07/Feb/2026:09:16:55 -0500] "GET /ctg/search/similarImageSearchResultView/?ctgItemCd=156333152342 HTTP/1.1" 404 1251 "https://blog.newkolkata.in/items/152342tjvftid.html" "Mozilla/5.0 AppleWebKit/537.36 (KHTML, like Gecko; compatible; GPTBot/1.3; +https://openai.com/gptbot)"
74.7.243.248 - - [07/Feb/2026:09:16:58 -0500] "GET /ctg/search/similarImageSearchResultView/?ctgItemCd=219376215558 HTTP/1.1" 404 1251 "https://blog.newkolkata.in/getidm/215558ccoyitems" "Mozilla/5.0 AppleWebKit/537.36 (KHTML, like Gecko; compatible; GPTBot/1.3; +https://openai.com/gptbot)"
74.7.243.248 - - [07/Feb/2026:09:17:02 -0500] "GET /ctg/search/similarImageSearchResultView/?ctgItemCd=231902227744 HTTP/1.1" 404 1251 "https://blog.newkolkata.in/items/227744ulgptidm3.html" "Mozilla/5.0 AppleWebKit/537.36 (KHTML, like Gecko; compatible; GPTBot/1.3; +https://openai.com/gptbot)"
74.7.243.248 - - [07/Feb/2026:09:17:04 -0500] "GET /ctg/search/similarImageSearchResultView/?ctgItemCd=140811136796 HTTP/1.1" 404 1251 "https://blog.newkolkata.in/items/136796pcywtid.html" "Mozilla/5.0 AppleWebKit/537.36 (KHTML, like Gecko; compatible; GPTBot/1.3; +https://openai.com/gptbot)"
74.7.243.248 - - [07/Feb/2026:09:17:08 -0500] "GET /ctg/search/similarImageSearchResultView/?ctgItemCd=133020128999 HTTP/1.1" 404 1251 "https://blog.newkolkata.in/items/128999pcywtid.html" "Mozilla/5.0 AppleWebKit/537.36 (KHTML, like Gecko; compatible; GPTBot/1.3; +https://openai.com/gptbot)"
74.7.243.248 - - [07/Feb/2026:09:17:11 -0500] "GET /ctg/search/similarImageSearchResultView/?ctgItemCd=230852226712 HTTP/1.1" 404 1251 "https://blog.newkolkata.in/items/226712ccoytidm1.html" "Mozilla/5.0 AppleWebKit/537.36 (KHTML, like Gecko; compatible; GPTBot/1.3; +https://openai.com/gptbot)"
74.7.243.248 - - [07/Feb/2026:09:17:14 -0500] "GET /ctg/search/similarImageSearchResultView/?ctgItemCd=288809284512 HTTP/1.1" 404 1251 "https://blog.newkolkata.in/getidm66/284512ccoyitems.htm" "Mozilla/5.0 AppleWebKit/537.36 (KHTML, like Gecko; compatible; GPTBot/1.3; +https://openai.com/gptbot)"
185.191.171.16 - - [07/Feb/2026:09:17:14 -0500] "GET /getidm7/127642sejmitems HTTP/1.1" 404 1251 "-" "Mozilla/5.0 (compatible; SemrushBot/7~bl; +http://www.semrush.com/bot.html)"
74.7.243.248 - - [07/Feb/2026:09:17:17 -0500] "GET /ctg/search/similarImageSearchResultView/?ctgItemCd=280333276089 HTTP/1.1" 404 1251 "https://blog.newkolkata.in/items/276089zslytidm36.html" "Mozilla/5.0 AppleWebKit/537.36 (KHTML, like Gecko; compatible; GPTBot/1.3; +https://openai.com/gptbot)"
74.7.243.248 - - [07/Feb/2026:09:17:20 -0500] "GET /ctg/search/similarImageSearchResultView/?ctgItemCd=226053222186 HTTP/1.1" 404 1251 "https://blog.newkolkata.in/get/222186kairitems.htm" "Mozilla/5.0 AppleWebKit/537.36 (KHTML, like Gecko; compatible; GPTBot/1.3; +https://openai.com/gptbot)"
74.7.243.248 - - [07/Feb/2026:09:17:24 -0500] "GET /ctg/search/similarImageSearchResultView/?ctgItemCd=214304209997 HTTP/1.1" 404 1251 "https://blog.newkolkata.in/getidm70/209997sejmitems.htm" "Mozilla/5.0 AppleWebKit/537.36 (KHTML, like Gecko; compatible; GPTBot/1.3; +https://openai.com/gptbot)"
74.7.243.248 - - [07/Feb/2026:09:17:27 -0500] "GET /ctg/search/similarImageSearchResultView/?ctgItemCd=231794227774 HTTP/1.1" 404 1251 "https://blog.newkolkata.in/items/227774mvrvtid.html" "Mozilla/5.0 AppleWebKit/537.36 (KHTML, like Gecko; compatible; GPTBot/1.3; +https://openai.com/gptbot)"
85.208.96.195 - - [07/Feb/2026:09:17:29 -0500] "GET /getidm/195309cejpitems.htm HTTP/1.1" 404 1251 "-" "Mozilla/5.0 (compatible; SemrushBot/7~bl; +http://www.semrush.com/bot.html)"
74.7.243.248 - - [07/Feb/2026:09:17:30 -0500] "GET /ctg/search/similarImageSearchResultView/?ctgItemCd=183911179587 HTTP/1.1" 404 1251 "https://blog.newkolkata.in/item/179587mvrvtidm420044.html" "Mozilla/5.0 AppleWebKit/537.36 (KHTML, like Gecko; compatible; GPTBot/1.3; +https://openai.com/gptbot)"
74.7.243.248 - - [07/Feb/2026:09:17:33 -0500] "GET /ctg/search/similarImageSearchResultView/?ctgItemCd=188429184443 HTTP/1.1" 404 1251 "https://blog.newkolkata.in/items/184443ccoytid.html" "Mozilla/5.0 AppleWebKit/537.36 (KHTML, like Gecko; compatible; GPTBot/1.3; +https://openai.com/gptbot)"
74.7.243.248 - - [07/Feb/2026:09:17:36 -0500] "GET /ctg/search/similarImageSearchResultView/?ctgItemCd=148669144473 HTTP/1.1" 404 1251 "https://blog.newkolkata.in/items/144473ccoytidm33.html" "Mozilla/5.0 AppleWebKit/537.36 (KHTML, like Gecko; compatible; GPTBot/1.3; +https://openai.com/gptbot)"
185.191.171.14 - - [07/Feb/2026:09:17:36 -0500] "GET /get/218614zslyitems HTTP/1.1" 404 1251 "-" "Mozilla/5.0 (compatible; SemrushBot/7~bl; +http://www.semrush.com/bot.html)"
74.7.243.248 - - [07/Feb/2026:09:17:40 -0500] "GET /ctg/search/similarImageSearchResultView/?ctgItemCd=245556241490 HTTP/1.1" 404 1251 "https://blog.newkolkata.in/ite/241490zslytidm775.html" "Mozilla/5.0 AppleWebKit/537.36 (KHTML, like Gecko; compatible; GPTBot/1.3; +https://openai.com/gptbot)"
74.7.243.248 - - [07/Feb/2026:09:17:43 -0500] "GET /ctg/search/similarImageSearchResultView/?ctgItemCd=226704222368 HTTP/1.1" 404 1251 "https://blog.newkolkata.in/getidm513/222368kairitems.htm" "Mozilla/5.0 AppleWebKit/537.36 (KHTML, like Gecko; compatible; GPTBot/1.3; +https://openai.com/gptbot)"
74.7.243.248 - - [07/Feb/2026:09:17:46 -0500] "GET /ctg/search/similarImageSearchResultView/?ctgItemCd=134449130086 HTTP/1.1" 404 1251 "https://blog.newkolkata.in/getidm969/130086ulgpitems.htm" "Mozilla/5.0 AppleWebKit/537.36 (KHTML, like Gecko; compatible; GPTBot/1.3; +https://openai.com/gptbot)"
74.7.243.248 - - [07/Feb/2026:09:17:49 -0500] "GET /ctg/search/similarImageSearchResultView/?ctgItemCd=136509132221 HTTP/1.1" 404 1251 "https://blog.newkolkata.in/item/132221ulgptidm237380.html" "Mozilla/5.0 AppleWebKit/537.36 (KHTML, like Gecko; compatible; GPTBot/1.3; +https://openai.com/gptbot)"
74.7.243.248 - - [07/Feb/2026:09:17:52 -0500] "GET /ctg/search/similarImageSearchResultView/?ctgItemCd=233330228958 HTTP/1.1" 404 1251 "https://blog.newkolkata.in/getidm960/228958tjvfitems.htm" "Mozilla/5.0 AppleWebKit/537.36 (KHTML, like Gecko; compatible; GPTBot/1.3; +https://openai.com/gptbot)"
74.7.243.248 - - [07/Feb/2026:09:17:55 -0500] "GET /ctg/search/similarImageSearchResultView/?ctgItemCd=199945195612 HTTP/1.1" 404 1251 "https://blog.newkolkata.in/getidm28/195612zslyitems.htm" "Mozilla/5.0 AppleWebKit/537.36 (KHTML, like Gecko; compatible; GPTBot/1.3; +https://openai.com/gptbot)"
74.7.243.248 - - [07/Feb/2026:09:17:59 -0500] "GET /ctg/search/similarImageSearchResultView/?ctgItemCd=238595234448 HTTP/1.1" 404 1251 "https://blog.newkolkata.in/items/234448sejmtidm2.html" "Mozilla/5.0 AppleWebKit/537.36 (KHTML, like Gecko; compatible; GPTBot/1.3; +https://openai.com/gptbot)"
185.191.171.14 - - [07/Feb/2026:09:18:00 -0500] "GET /get/128967ulgpitems.htm HTTP/1.1" 404 1251 "-" "Mozilla/5.0 (compatible; SemrushBot/7~bl; +http://www.semrush.com/bot.html)"
74.7.243.248 - - [07/Feb/2026:09:18:02 -0500] "GET /ctg/search/similarImageSearchResultView/?ctgItemCd=222078218358 HTTP/1.1" 404 1251 "https://blog.newkolkata.in/getid/218358ulgpitems" "Mozilla/5.0 AppleWebKit/537.36 (KHTML, like Gecko; compatible; GPTBot/1.3; +https://openai.com/gptbot)"
185.191.171.11 - - [07/Feb/2026:09:18:03 -0500] "GET /getidm25/22267ulgpitems HTTP/1.1" 404 1251 "-" "Mozilla/5.0 (compatible; SemrushBot/7~bl; +http://www.semrush.com/bot.html)"
74.7.243.248 - - [07/Feb/2026:09:18:05 -0500] "GET /ctg/search/similarImageSearchResultView/?ctgItemCd=239991235632 HTTP/1.1" 404 1251 "https://blog.newkolkata.in/getidm672/235632tjvfitems.htm" "Mozilla/5.0 AppleWebKit/537.36 (KHTML, like Gecko; compatible; GPTBot/1.3; +https://openai.com/gptbot)"
74.7.243.248 - - [07/Feb/2026:09:18:08 -0500] "GET /ctg/search/similarImageSearchResultView/?ctgItemCd=290555286627 HTTP/1.1" 404 1251 "https://blog.newkolkata.in/getidm72/286627ccoyitems" "Mozilla/5.0 AppleWebKit/537.36 (KHTML, like Gecko; compatible; GPTBot/1.3; +https://openai.com/gptbot)"
74.7.243.248 - - [07/Feb/2026:09:18:11 -0500] "GET /ctg/search/similarImageSearchResultView/?ctgItemCd=180999176683 HTTP/1.1" 404 1251 "https://blog.newkolkata.in/items/176683ccoytidm4747.html" "Mozilla/5.0 AppleWebKit/537.36 (KHTML, like Gecko; compatible; GPTBot/1.3; +https://openai.com/gptbot)"
74.7.243.248 - - [07/Feb/2026:09:18:14 -0500] "GET /ctg/search/similarImageSearchResultView/?ctgItemCd=181222177346 HTTP/1.1" 404 1251 "https://blog.newkolkata.in/getidm8/177346ccoyitems" "Mozilla/5.0 AppleWebKit/537.36 (KHTML, like Gecko; compatible; GPTBot/1.3; +https://openai.com/gptbot)"
85.208.96.201 - - [07/Feb/2026:09:18:15 -0500] "GET /getidm/11833ulgpitems HTTP/1.1" 404 1251 "-" "Mozilla/5.0 (compatible; SemrushBot/7~bl; +http://www.semrush.com/bot.html)"
74.7.243.248 - - [07/Feb/2026:09:18:17 -0500] "GET /ctg/search/similarImageSearchResultView/?ctgItemCd=300063296079 HTTP/1.1" 404 1251 "https://blog.newkolkata.in/geti/296079kairitems.htm" "Mozilla/5.0 AppleWebKit/537.36 (KHTML, like Gecko; compatible; GPTBot/1.3; +https://openai.com/gptbot)"
74.7.243.248 - - [07/Feb/2026:09:18:21 -0500] "GET /ctg/search/similarImageSearchResultView/?ctgItemCd=153000148769 HTTP/1.1" 404 1251 "https://blog.newkolkata.in/items/148769pcywtidm80.html" "Mozilla/5.0 AppleWebKit/537.36 (KHTML, like Gecko; compatible; GPTBot/1.3; +https://openai.com/gptbot)"
74.7.243.248 - - [07/Feb/2026:09:18:24 -0500] "GET /ctg/search/similarImageSearchResultView/?ctgItemCd=111507107297 HTTP/1.1" 404 1251 "https://blog.newkolkata.in/items/107297ulgptidm43.html" "Mozilla/5.0 AppleWebKit/537.36 (KHTML, like Gecko; compatible; GPTBot/1.3; +https://openai.com/gptbot)"
185.191.171.11 - - [07/Feb/2026:09:18:25 -0500] "GET /getidm/193753ccoyitems HTTP/1.1" 404 1251 "-" "Mozilla/5.0 (compatible; SemrushBot/7~bl; +http://www.semrush.com/bot.html)"
74.7.243.248 - - [07/Feb/2026:09:18:27 -0500] "GET /ctg/search/similarImageSearchResultView/?ctgItemCd=222969219086 HTTP/1.1" 404 1251 "https://blog.newkolkata.in/item/219086ulgptid.html" "Mozilla/5.0 AppleWebKit/537.36 (KHTML, like Gecko; compatible; GPTBot/1.3; +https://openai.com/gptbot)"
85.208.96.210 - - [07/Feb/2026:09:18:27 -0500] "GET /geti/47817sejmitems.htm HTTP/1.1" 404 1251 "-" "Mozilla/5.0 (compatible; SemrushBot/7~bl; +http://www.semrush.com/bot.html)"
85.208.96.205 - - [07/Feb/2026:09:18:29 -0500] "GET /item/288686ccoytid.html HTTP/1.1" 404 1251 "-" "Mozilla/5.0 (compatible; SemrushBot/7~bl; +http://www.semrush.com/bot.html)"
74.7.243.248 - - [07/Feb/2026:09:18:30 -0500] "GET /ctg/search/similarImageSearchResultView/?ctgItemCd=111524107178 HTTP/1.1" 404 1251 "https://blog.newkolkata.in/getidm927/107178jahtitems.htm" "Mozilla/5.0 AppleWebKit/537.36 (KHTML, like Gecko; compatible; GPTBot/1.3; +https://openai.com/gptbot)"
74.7.243.248 - - [07/Feb/2026:09:18:33 -0500] "GET /ctg/search/similarImageSearchResultView/?ctgItemCd=247772243584 HTTP/1.1" 404 1251 "https://blog.newkolkata.in/items/243584zslytidm7.html" "Mozilla/5.0 AppleWebKit/537.36 (KHTML, like Gecko; compatible; GPTBot/1.3; +https://openai.com/gptbot)"
74.7.243.248 - - [07/Feb/2026:09:18:37 -0500] "GET /ctg/search/similarImageSearchResultView/?ctgItemCd=172454168222 HTTP/1.1" 404 1251 "https://blog.newkolkata.in/getidm3/168222jahtitems.htm" "Mozilla/5.0 AppleWebKit/537.36 (KHTML, like Gecko; compatible; GPTBot/1.3; +https://openai.com/gptbot)"
74.7.243.248 - - [07/Feb/2026:09:18:40 -0500] "GET /ctg/search/similarImageSearchResultView/?ctgItemCd=111763107953 HTTP/1.1" 404 1251 "https://blog.newkolkata.in/getidm/107953kairitems" "Mozilla/5.0 AppleWebKit/537.36 (KHTML, like Gecko; compatible; GPTBot/1.3; +https://openai.com/gptbot)"
74.7.243.248 - - [07/Feb/2026:09:18:43 -0500] "GET /ctg/search/similarImageSearchResultView/?ctgItemCd=259831255593 HTTP/1.1" 404 1251 "https://blog.newkolkata.in/items/255593mvrvtidm58.html" "Mozilla/5.0 AppleWebKit/537.36 (KHTML, like Gecko; compatible; GPTBot/1.3; +https://openai.com/gptbot)"
74.7.243.248 - - [07/Feb/2026:09:18:46 -0500] "GET /ctg/search/similarImageSearchResultView/?ctgItemCd=143925140000 HTTP/1.1" 404 1251 "https://blog.newkolkata.in/ite/140000pcywtidm4.html" "Mozilla/5.0 AppleWebKit/537.36 (KHTML, like Gecko; compatible; GPTBot/1.3; +https://openai.com/gptbot)"
74.7.243.248 - - [07/Feb/2026:09:18:49 -0500] "GET /ctg/search/similarImageSearchResultView/?ctgItemCd=248302244406 HTTP/1.1" 404 1251 "https://blog.newkolkata.in/item/244406mvrvtid.html" "Mozilla/5.0 AppleWebKit/537.36 (KHTML, like Gecko; compatible; GPTBot/1.3; +https://openai.com/gptbot)"
74.7.243.248 - - [07/Feb/2026:09:18:52 -0500] "GET /ctg/search/similarImageSearchResultView/?ctgItemCd=282062277764 HTTP/1.1" 404 1251 "https://blog.newkolkata.in/getidm45/277764kairitems.htm" "Mozilla/5.0 AppleWebKit/537.36 (KHTML, like Gecko; compatible; GPTBot/1.3; +https://openai.com/gptbot)"
74.7.243.248 - - [07/Feb/2026:09:18:55 -0500] "GET /ctg/search/similarImageSearchResultView/?ctgItemCd=134628130888 HTTP/1.1" 404 1251 "https://blog.newkolkata.in/getid/130888mvrvitems" "Mozilla/5.0 AppleWebKit/537.36 (KHTML, like Gecko; compatible; GPTBot/1.3; +https://openai.com/gptbot)"
74.7.243.248 - - [07/Feb/2026:09:18:58 -0500] "GET /ctg/search/similarImageSearchResultView/?ctgItemCd=111270107245 HTTP/1.1" 404 1251 "https://blog.newkolkata.in/getidm1540/107245tjvfitems" "Mozilla/5.0 AppleWebKit/537.36 (KHTML, like Gecko; compatible; GPTBot/1.3; +https://openai.com/gptbot)"
74.7.243.248 - - [07/Feb/2026:09:19:01 -0500] "GET /ctg/search/similarImageSearchResultView/?ctgItemCd=128888124993 HTTP/1.1" 404 1251 "https://blog.newkolkata.in/getidm6/124993pcywitems" "Mozilla/5.0 AppleWebKit/537.36 (KHTML, like Gecko; compatible; GPTBot/1.3; +https://openai.com/gptbot)"
74.7.243.248 - - [07/Feb/2026:09:19:04 -0500] "GET /ctg/search/similarImageSearchResultView/?ctgItemCd=156665153142 HTTP/1.1" 404 1251 "https://blog.newkolkata.in/get/153142mvrvitems" "Mozilla/5.0 AppleWebKit/537.36 (KHTML, like Gecko; compatible; GPTBot/1.3; +https://openai.com/gptbot)"
74.7.243.248 - - [07/Feb/2026:09:19:08 -0500] "GET /ctg/search/similarImageSearchResultView/?ctgItemCd=244497240266 HTTP/1.1" 404 1251 "https://blog.newkolkata.in/getidm3/240266kairitems.htm" "Mozilla/5.0 AppleWebKit/537.36 (KHTML, like Gecko; compatible; GPTBot/1.3; +https://openai.com/gptbot)"
74.7.243.248 - - [07/Feb/2026:09:19:11 -0500] "GET /ctg/search/similarImageSearchResultView/?ctgItemCd=222707218653 HTTP/1.1" 404 1251 "https://blog.newkolkata.in/getidm4488/218653pcywitems" "Mozilla/5.0 AppleWebKit/537.36 (KHTML, like Gecko; compatible; GPTBot/1.3; +https://openai.com/gptbot)"
74.7.243.248 - - [07/Feb/2026:09:19:14 -0500] "GET /ctg/search/similarImageSearchResultView/?ctgItemCd=275222271064 HTTP/1.1" 404 1251 "https://blog.newkolkata.in/items/271064tjvftidm7.html" "Mozilla/5.0 AppleWebKit/537.36 (KHTML, like Gecko; compatible; GPTBot/1.3; +https://openai.com/gptbot)"
74.7.243.248 - - [07/Feb/2026:09:19:17 -0500] "GET /ctg/search/similarImageSearchResultView/?ctgItemCd=217430213555 HTTP/1.1" 404 1251 "https://blog.newkolkata.in/get/213555sejmitems.htm" "Mozilla/5.0 AppleWebKit/537.36 (KHTML, like Gecko; compatible; GPTBot/1.3; +https://openai.com/gptbot)"
74.7.243.248 - - [07/Feb/2026:09:19:20 -0500] "GET /ctg/search/similarImageSearchResultView/?ctgItemCd=281119276819 HTTP/1.1" 404 1251 "https://blog.newkolkata.in/getidm13/276819ccoyitems.htm" "Mozilla/5.0 AppleWebKit/537.36 (KHTML, like Gecko; compatible; GPTBot/1.3; +https://openai.com/gptbot)"
85.208.96.207 - - [07/Feb/2026:09:19:20 -0500] "GET /get/124389kairitems.htm HTTP/1.1" 404 1251 "-" "Mozilla/5.0 (compatible; SemrushBot/7~bl; +http://www.semrush.com/bot.html)"
74.7.243.248 - - [07/Feb/2026:09:19:23 -0500] "GET /ctg/search/similarImageSearchResultView/?ctgItemCd=216444212437 HTTP/1.1" 404 1251 "https://blog.newkolkata.in/getidm4930/212437cejpitems" "Mozilla/5.0 AppleWebKit/537.36 (KHTML, like Gecko; compatible; GPTBot/1.3; +https://openai.com/gptbot)"
74.7.243.248 - - [07/Feb/2026:09:19:26 -0500] "GET /ctg/search/similarImageSearchResultView/?ctgItemCd=226408222193 HTTP/1.1" 404 1251 "https://blog.newkolkata.in/getidm/222193mvrvitems.htm" "Mozilla/5.0 AppleWebKit/537.36 (KHTML, like Gecko; compatible; GPTBot/1.3; +https://openai.com/gptbot)"
74.7.243.248 - - [07/Feb/2026:09:19:30 -0500] "GET /ctg/search/similarImageSearchResultView/?ctgItemCd=209786205551 HTTP/1.1" 404 1251 "https://blog.newkolkata.in/getidm1/205551sejmitems.htm" "Mozilla/5.0 AppleWebKit/537.36 (KHTML, like Gecko; compatible; GPTBot/1.3; +https://openai.com/gptbot)"
74.7.243.248 - - [07/Feb/2026:09:19:33 -0500] "GET /ctg/search/similarImageSearchResultView/?ctgItemCd=204006199777 HTTP/1.1" 404 1251 "https://blog.newkolkata.in/items/199777tjvftidm19.html" "Mozilla/5.0 AppleWebKit/537.36 (KHTML, like Gecko; compatible; GPTBot/1.3; +https://openai.com/gptbot)"
74.7.243.248 - - [07/Feb/2026:09:19:36 -0500] "GET /ctg/search/similarImageSearchResultView/?ctgItemCd=254666250960 HTTP/1.1" 404 1251 "https://blog.newkolkata.in/getid/250960sejmitems" "Mozilla/5.0 AppleWebKit/537.36 (KHTML, like Gecko; compatible; GPTBot/1.3; +https://openai.com/gptbot)"
74.7.243.248 - - [07/Feb/2026:09:19:39 -0500] "GET /ctg/search/similarImageSearchResultView/?ctgItemCd=115904111728 HTTP/1.1" 404 1251 "https://blog.newkolkata.in/items/111728zslytidm1.html" "Mozilla/5.0 AppleWebKit/537.36 (KHTML, like Gecko; compatible; GPTBot/1.3; +https://openai.com/gptbot)"
74.7.243.248 - - [07/Feb/2026:09:19:42 -0500] "GET /ctg/search/similarImageSearchResultView/?ctgItemCd=260000256189 HTTP/1.1" 404 1251 "https://blog.newkolkata.in/getidm/256189cejpitems" "Mozilla/5.0 AppleWebKit/537.36 (KHTML, like Gecko; compatible; GPTBot/1.3; +https://openai.com/gptbot)"
74.7.243.248 - - [07/Feb/2026:09:19:45 -0500] "GET /ctg/search/similarImageSearchResultView/?ctgItemCd=306589302224 HTTP/1.1" 404 1251 "https://blog.newkolkata.in/getidm299/302224pcywitems.htm" "Mozilla/5.0 AppleWebKit/537.36 (KHTML, like Gecko; compatible; GPTBot/1.3; +https://openai.com/gptbot)"
85.208.96.196 - - [07/Feb/2026:09:19:48 -0500] "GET /getid/99156tjvfitems.htm HTTP/1.1" 404 1251 "-" "Mozilla/5.0 (compatible; SemrushBot/7~bl; +http://www.semrush.com/bot.html)"
74.7.243.248 - - [07/Feb/2026:09:19:48 -0500] "GET /ctg/search/similarImageSearchResultView/?ctgItemCd=266000261848 HTTP/1.1" 404 1251 "https://blog.newkolkata.in/items/261848ccoytidm4.html" "Mozilla/5.0 AppleWebKit/537.36 (KHTML, like Gecko; compatible; GPTBot/1.3; +https://openai.com/gptbot)"
74.7.243.248 - - [07/Feb/2026:09:19:52 -0500] "GET /ctg/search/similarImageSearchResultView/?ctgItemCd=236522232879 HTTP/1.1" 404 1251 "https://blog.newkolkata.in/geti/232879mvrvitems" "Mozilla/5.0 AppleWebKit/537.36 (KHTML, like Gecko; compatible; GPTBot/1.3; +https://openai.com/gptbot)"
74.7.243.248 - - [07/Feb/2026:09:19:55 -0500] "GET /ctg/search/similarImageSearchResultView/?ctgItemCd=247681243444 HTTP/1.1" 404 1251 "https://blog.newkolkata.in/getidm8/243444kairitems.htm" "Mozilla/5.0 AppleWebKit/537.36 (KHTML, like Gecko; compatible; GPTBot/1.3; +https://openai.com/gptbot)"
85.208.96.193 - - [07/Feb/2026:09:19:55 -0500] "GET /getid/265696jahtitems HTTP/1.1" 404 1251 "-" "Mozilla/5.0 (compatible; SemrushBot/7~bl; +http://www.semrush.com/bot.html)"
74.7.243.248 - - [07/Feb/2026:09:19:58 -0500] "GET /ctg/search/similarImageSearchResultView/?ctgItemCd=203111199145 HTTP/1.1" 404 1251 "https://blog.newkolkata.in/ite/199145cejptidm60.html" "Mozilla/5.0 AppleWebKit/537.36 (KHTML, like Gecko; compatible; GPTBot/1.3; +https://openai.com/gptbot)"
74.7.243.248 - - [07/Feb/2026:09:20:01 -0500] "GET /ctg/search/similarImageSearchResultView/?ctgItemCd=222899219406 HTTP/1.1" 404 1251 "https://blog.newkolkata.in/get/219406kairitems" "Mozilla/5.0 AppleWebKit/537.36 (KHTML, like Gecko; compatible; GPTBot/1.3; +https://openai.com/gptbot)"
74.7.243.248 - - [07/Feb/2026:09:20:04 -0500] "GET /ctg/search/similarImageSearchResultView/?ctgItemCd=222727218639 HTTP/1.1" 404 1251 "https://blog.newkolkata.in/items/218639cejptidm.html" "Mozilla/5.0 AppleWebKit/537.36 (KHTML, like Gecko; compatible; GPTBot/1.3; +https://openai.com/gptbot)"
85.208.96.199 - - [07/Feb/2026:09:20:04 -0500] "GET /get/136366jahtitems HTTP/1.1" 404 1251 "-" "Mozilla/5.0 (compatible; SemrushBot/7~bl; +http://www.semrush.com/bot.html)"
74.7.243.248 - - [07/Feb/2026:09:20:07 -0500] "GET /ctg/search/similarImageSearchResultView/?ctgItemCd=281236277726 HTTP/1.1" 404 1251 "https://blog.newkolkata.in/get/277726sejmitems" "Mozilla/5.0 AppleWebKit/537.36 (KHTML, like Gecko; compatible; GPTBot/1.3; +https://openai.com/gptbot)"
74.7.243.248 - - [07/Feb/2026:09:20:10 -0500] "GET /ctg/search/similarImageSearchResultView/?ctgItemCd=222478218539 HTTP/1.1" 404 1251 "https://blog.newkolkata.in/getidm11/218539pcywitems" "Mozilla/5.0 AppleWebKit/537.36 (KHTML, like Gecko; compatible; GPTBot/1.3; +https://openai.com/gptbot)"
85.208.96.194 - - [07/Feb/2026:09:20:13 -0500] "GET /get/67246sejmitems HTTP/1.1" 404 1251 "-" "Mozilla/5.0 (compatible; SemrushBot/7~bl; +http://www.semrush.com/bot.html)"
74.7.243.248 - - [07/Feb/2026:09:20:13 -0500] "GET /ctg/search/similarImageSearchResultView/?ctgItemCd=152000148125 HTTP/1.1" 404 1251 "https://blog.newkolkata.in/get/148125sejmitems.htm" "Mozilla/5.0 AppleWebKit/537.36 (KHTML, like Gecko; compatible; GPTBot/1.3; +https://openai.com/gptbot)"
85.208.96.206 - - [07/Feb/2026:09:20:16 -0500] "GET /item/43406ccoytid.html HTTP/1.1" 404 1251 "-" "Mozilla/5.0 (compatible; SemrushBot/7~bl; +http://www.semrush.com/bot.html)"
74.7.243.248 - - [07/Feb/2026:09:20:17 -0500] "GET /ctg/search/similarImageSearchResultView/?ctgItemCd=162989158880 HTTP/1.1" 404 1251 "https://blog.newkolkata.in/getid/158880pcywitems.htm" "Mozilla/5.0 AppleWebKit/537.36 (KHTML, like Gecko; compatible; GPTBot/1.3; +https://openai.com/gptbot)"
74.7.243.248 - - [07/Feb/2026:09:20:20 -0500] "GET /ctg/search/similarImageSearchResultView/?ctgItemCd=189992185753 HTTP/1.1" 404 1251 "https://blog.newkolkata.in/items/185753zslytidm70.html" "Mozilla/5.0 AppleWebKit/537.36 (KHTML, like Gecko; compatible; GPTBot/1.3; +https://openai.com/gptbot)"
74.7.243.248 - - [07/Feb/2026:09:20:23 -0500] "GET /ctg/search/similarImageSearchResultView/?ctgItemCd=144493140456 HTTP/1.1" 404 1251 "https://blog.newkolkata.in/item/140456ulgptidm3.html" "Mozilla/5.0 AppleWebKit/537.36 (KHTML, like Gecko; compatible; GPTBot/1.3; +https://openai.com/gptbot)"
74.7.243.248 - - [07/Feb/2026:09:20:26 -0500] "GET /ctg/search/similarImageSearchResultView/?ctgItemCd=184448180156 HTTP/1.1" 404 1251 "https://blog.newkolkata.in/getidm69/180156jahtitems.htm" "Mozilla/5.0 AppleWebKit/537.36 (KHTML, like Gecko; compatible; GPTBot/1.3; +https://openai.com/gptbot)"
74.7.243.248 - - [07/Feb/2026:09:20:29 -0500] "GET /ctg/search/similarImageSearchResultView/?ctgItemCd=200777196565 HTTP/1.1" 404 1251 "https://blog.newkolkata.in/ite/196565ulgptidm129995.html" "Mozilla/5.0 AppleWebKit/537.36 (KHTML, like Gecko; compatible; GPTBot/1.3; +https://openai.com/gptbot)"
74.7.243.248 - - [07/Feb/2026:09:20:32 -0500] "GET /ctg/search/similarImageSearchResultView/?ctgItemCd=153311149021 HTTP/1.1" 404 1251 "https://blog.newkolkata.in/item/149021sejmtidm492436.html" "Mozilla/5.0 AppleWebKit/537.36 (KHTML, like Gecko; compatible; GPTBot/1.3; +https://openai.com/gptbot)"
85.208.96.211 - - [07/Feb/2026:09:20:33 -0500] "GET /getid/37072zslyitems HTTP/1.1" 404 1251 "-" "Mozilla/5.0 (compatible; SemrushBot/7~bl; +http://www.semrush.com/bot.html)"
74.7.243.248 - - [07/Feb/2026:09:20:36 -0500] "GET /ctg/search/similarImageSearchResultView/?ctgItemCd=129045125333 HTTP/1.1" 404 1251 "https://blog.newkolkata.in/getid/125333tjvfitems" "Mozilla/5.0 AppleWebKit/537.36 (KHTML, like Gecko; compatible; GPTBot/1.3; +https://openai.com/gptbot)"
85.208.96.210 - - [07/Feb/2026:09:20:36 -0500] "GET /getidm5/119218ulgpitems HTTP/1.1" 404 1251 "-" "Mozilla/5.0 (compatible; SemrushBot/7~bl; +http://www.semrush.com/bot.html)"
85.208.96.193 - - [07/Feb/2026:09:20:38 -0500] "GET /getidm68/61411ulgpitems HTTP/1.1" 404 1251 "-" "Mozilla/5.0 (compatible; SemrushBot/7~bl; +http://www.semrush.com/bot.html)"
74.7.243.248 - - [07/Feb/2026:09:20:39 -0500] "GET /ctg/search/similarImageSearchResultView/?ctgItemCd=284448280178 HTTP/1.1" 404 1251 "https://blog.newkolkata.in/items/280178tjvftidm548.html" "Mozilla/5.0 AppleWebKit/537.36 (KHTML, like Gecko; compatible; GPTBot/1.3; +https://openai.com/gptbot)"
74.7.243.248 - - [07/Feb/2026:09:20:42 -0500] "GET /ctg/search/similarImageSearchResultView/?ctgItemCd=277708273656 HTTP/1.1" 404 1251 "https://blog.newkolkata.in/item/273656tjvftidm7.html" "Mozilla/5.0 AppleWebKit/537.36 (KHTML, like Gecko; compatible; GPTBot/1.3; +https://openai.com/gptbot)"
74.7.243.248 - - [07/Feb/2026:09:20:45 -0500] "GET /ctg/search/similarImageSearchResultView/?ctgItemCd=234449230437 HTTP/1.1" 404 1251 "https://blog.newkolkata.in/getidm4534/230437jahtitems" "Mozilla/5.0 AppleWebKit/537.36 (KHTML, like Gecko; compatible; GPTBot/1.3; +https://openai.com/gptbot)"
74.7.243.248 - - [07/Feb/2026:09:20:48 -0500] "GET /ctg/search/similarImageSearchResultView/?ctgItemCd=120871116955 HTTP/1.1" 404 1251 "https://blog.newkolkata.in/get/116955zslyitems.htm" "Mozilla/5.0 AppleWebKit/537.36 (KHTML, like Gecko; compatible; GPTBot/1.3; +https://openai.com/gptbot)"
74.7.243.248 - - [07/Feb/2026:09:20:51 -0500] "GET /ctg/search/similarImageSearchResultView/?ctgItemCd=225732221649 HTTP/1.1" 404 1251 "https://blog.newkolkata.in/getid/221649sejmitems.htm" "Mozilla/5.0 AppleWebKit/537.36 (KHTML, like Gecko; compatible; GPTBot/1.3; +https://openai.com/gptbot)"
74.7.243.248 - - [07/Feb/2026:09:20:54 -0500] "GET /ctg/search/similarImageSearchResultView/?ctgItemCd=188555184490 HTTP/1.1" 404 1251 "https://blog.newkolkata.in/ite/184490zslytidm543.html" "Mozilla/5.0 AppleWebKit/537.36 (KHTML, like Gecko; compatible; GPTBot/1.3; +https://openai.com/gptbot)"
74.7.243.248 - - [07/Feb/2026:09:20:58 -0500] "GET /ctg/search/similarImageSearchResultView/?ctgItemCd=150006146286 HTTP/1.1" 404 1251 "https://blog.newkolkata.in/getid/146286ulgpitems" "Mozilla/5.0 AppleWebKit/537.36 (KHTML, like Gecko; compatible; GPTBot/1.3; +https://openai.com/gptbot)"
185.191.171.13 - - [07/Feb/2026:09:20:59 -0500] "GET /get/235894sejmitems HTTP/1.1" 404 1251 "-" "Mozilla/5.0 (compatible; SemrushBot/7~bl; +http://www.semrush.com/bot.html)"
74.7.243.248 - - [07/Feb/2026:09:21:01 -0500] "GET /ctg/search/similarImageSearchResultView/?ctgItemCd=254442250918 HTTP/1.1" 404 1251 "https://blog.newkolkata.in/get/250918pcywitems" "Mozilla/5.0 AppleWebKit/537.36 (KHTML, like Gecko; compatible; GPTBot/1.3; +https://openai.com/gptbot)"
185.191.171.2 - - [07/Feb/2026:09:21:01 -0500] "GET /get/98958mvrvitems.htm HTTP/1.1" 404 1251 "-" "Mozilla/5.0 (compatible; SemrushBot/7~bl; +http://www.semrush.com/bot.html)"
74.7.243.248 - - [07/Feb/2026:09:21:04 -0500] "GET /ctg/search/similarImageSearchResultView/?ctgItemCd=115904111752 HTTP/1.1" 404 1251 "https://blog.newkolkata.in/items/111752ulgptidm6.html" "Mozilla/5.0 AppleWebKit/537.36 (KHTML, like Gecko; compatible; GPTBot/1.3; +https://openai.com/gptbot)"
74.7.243.248 - - [07/Feb/2026:09:21:07 -0500] "GET /ctg/search/similarImageSearchResultView/?ctgItemCd=200666196549 HTTP/1.1" 404 1251 "https://blog.newkolkata.in/items/196549tjvftidm.html" "Mozilla/5.0 AppleWebKit/537.36 (KHTML, like Gecko; compatible; GPTBot/1.3; +https://openai.com/gptbot)"
74.7.243.248 - - [07/Feb/2026:09:21:10 -0500] "GET /ctg/search/similarImageSearchResultView/?ctgItemCd=290910286664 HTTP/1.1" 404 1251 "https://blog.newkolkata.in/items/286664zslytidm47.html" "Mozilla/5.0 AppleWebKit/537.36 (KHTML, like Gecko; compatible; GPTBot/1.3; +https://openai.com/gptbot)"
74.7.243.248 - - [07/Feb/2026:09:21:13 -0500] "GET /ctg/search/similarImageSearchResultView/?ctgItemCd=180222175949 HTTP/1.1" 404 1251 "https://blog.newkolkata.in/getidm2/175949pcywitems.htm" "Mozilla/5.0 AppleWebKit/537.36 (KHTML, like Gecko; compatible; GPTBot/1.3; +https://openai.com/gptbot)"
74.7.243.248 - - [07/Feb/2026:09:21:16 -0500] "GET /ctg/search/similarImageSearchResultView/?ctgItemCd=184777180423 HTTP/1.1" 404 1251 "https://blog.newkolkata.in/getidm348/180423ulgpitems.htm" "Mozilla/5.0 AppleWebKit/537.36 (KHTML, like Gecko; compatible; GPTBot/1.3; +https://openai.com/gptbot)"
74.7.243.248 - - [07/Feb/2026:09:21:20 -0500] "GET /ctg/search/similarImageSearchResultView/?ctgItemCd=153444149625 HTTP/1.1" 404 1251 "https://blog.newkolkata.in/getidm/149625ccoyitems" "Mozilla/5.0 AppleWebKit/537.36 (KHTML, like Gecko; compatible; GPTBot/1.3; +https://openai.com/gptbot)"
74.7.243.248 - - [07/Feb/2026:09:21:23 -0500] "GET /ctg/search/similarImageSearchResultView/?ctgItemCd=192221188204 HTTP/1.1" 404 1251 "https://blog.newkolkata.in/getidm5755/188204cejpitems" "Mozilla/5.0 AppleWebKit/537.36 (KHTML, like Gecko; compatible; GPTBot/1.3; +https://openai.com/gptbot)"
74.7.243.248 - - [07/Feb/2026:09:21:26 -0500] "GET /ctg/search/similarImageSearchResultView/?ctgItemCd=173523169555 HTTP/1.1" 404 1251 "https://blog.newkolkata.in/getidm94/169555zslyitems" "Mozilla/5.0 AppleWebKit/537.36 (KHTML, like Gecko; compatible; GPTBot/1.3; +https://openai.com/gptbot)"
185.191.171.7 - - [07/Feb/2026:09:21:27 -0500] "GET /getid/91240ccoyitems HTTP/1.1" 404 1251 "-" "Mozilla/5.0 (compatible; SemrushBot/7~bl; +http://www.semrush.com/bot.html)"
74.7.243.248 - - [07/Feb/2026:09:21:29 -0500] "GET /ctg/search/similarImageSearchResultView/?ctgItemCd=226714222605 HTTP/1.1" 404 1251 "https://blog.newkolkata.in/items/222605pcywtidm.html" "Mozilla/5.0 AppleWebKit/537.36 (KHTML, like Gecko; compatible; GPTBot/1.3; +https://openai.com/gptbot)"
85.208.96.210 - - [07/Feb/2026:09:21:29 -0500] "GET /geti/68754sejmitems.htm HTTP/1.1" 404 1251 "-" "Mozilla/5.0 (compatible; SemrushBot/7~bl; +http://www.semrush.com/bot.html)"
74.7.243.248 - - [07/Feb/2026:09:21:32 -0500] "GET /ctg/search/similarImageSearchResultView/?ctgItemCd=118791114626 HTTP/1.1" 404 1251 "https://blog.newkolkata.in/item/114626mvrvtidm718.html" "Mozilla/5.0 AppleWebKit/537.36 (KHTML, like Gecko; compatible; GPTBot/1.3; +https://openai.com/gptbot)"
85.208.96.194 - - [07/Feb/2026:09:21:34 -0500] "GET /robots.txt HTTP/1.1" 200 281 "-" "Mozilla/5.0 (compatible; SemrushBot/7~bl; +http://www.semrush.com/bot.html)"
85.208.96.204 - - [07/Feb/2026:09:21:35 -0500] "GET /getidm/184657pcywitems HTTP/1.1" 404 1251 "-" "Mozilla/5.0 (compatible; SemrushBot/7~bl; +http://www.semrush.com/bot.html)"
74.7.243.248 - - [07/Feb/2026:09:21:35 -0500] "GET /ctg/search/similarImageSearchResultView/?ctgItemCd=150003146126 HTTP/1.1" 404 1251 "https://blog.newkolkata.in/item/146126ulgptid.html" "Mozilla/5.0 AppleWebKit/537.36 (KHTML, like Gecko; compatible; GPTBot/1.3; +https://openai.com/gptbot)"
74.7.243.248 - - [07/Feb/2026:09:21:39 -0500] "GET /ctg/search/similarImageSearchResultView/?ctgItemCd=227642223689 HTTP/1.1" 404 1251 "https://blog.newkolkata.in/getidm60/223689mvrvitems" "Mozilla/5.0 AppleWebKit/537.36 (KHTML, like Gecko; compatible; GPTBot/1.3; +https://openai.com/gptbot)"
74.7.243.248 - - [07/Feb/2026:09:21:42 -0500] "GET /ctg/search/similarImageSearchResultView/?ctgItemCd=173490169990 HTTP/1.1" 404 1251 "https://blog.newkolkata.in/get/169990cejpitems" "Mozilla/5.0 AppleWebKit/537.36 (KHTML, like Gecko; compatible; GPTBot/1.3; +https://openai.com/gptbot)"
74.7.243.248 - - [07/Feb/2026:09:21:45 -0500] "GET /ctg/search/similarImageSearchResultView/?ctgItemCd=211888207921 HTTP/1.1" 404 1251 "https://blog.newkolkata.in/geti/207921cejpitems.htm" "Mozilla/5.0 AppleWebKit/537.36 (KHTML, like Gecko; compatible; GPTBot/1.3; +https://openai.com/gptbot)"
74.7.243.248 - - [07/Feb/2026:09:21:48 -0500] "GET /ctg/search/similarImageSearchResultView/?ctgItemCd=198197194222 HTTP/1.1" 404 1251 "https://blog.newkolkata.in/items/194222kairtid.html" "Mozilla/5.0 AppleWebKit/537.36 (KHTML, like Gecko; compatible; GPTBot/1.3; +https://openai.com/gptbot)"
74.7.243.248 - - [07/Feb/2026:09:21:51 -0500] "GET /ctg/search/similarImageSearchResultView/?ctgItemCd=111283107220 HTTP/1.1" 404 1251 "https://blog.newkolkata.in/getid/107220kairitems.htm" "Mozilla/5.0 AppleWebKit/537.36 (KHTML, like Gecko; compatible; GPTBot/1.3; +https://openai.com/gptbot)"
74.7.243.248 - - [07/Feb/2026:09:21:54 -0500] "GET /ctg/search/similarImageSearchResultView/?ctgItemCd=209994205966 HTTP/1.1" 404 1251 "https://blog.newkolkata.in/getidm6971/205966jahtitems" "Mozilla/5.0 AppleWebKit/537.36 (KHTML, like Gecko; compatible; GPTBot/1.3; +https://openai.com/gptbot)"
74.7.243.248 - - [07/Feb/2026:09:21:58 -0500] "GET /ctg/search/similarImageSearchResultView/?ctgItemCd=203808199926 HTTP/1.1" 404 1251 "https://blog.newkolkata.in/get/199926jahtitems.htm" "Mozilla/5.0 AppleWebKit/537.36 (KHTML, like Gecko; compatible; GPTBot/1.3; +https://openai.com/gptbot)"
74.7.243.248 - - [07/Feb/2026:09:22:01 -0500] "GET /ctg/search/similarImageSearchResultView/?ctgItemCd=205915201666 HTTP/1.1" 404 1251 "https://blog.newkolkata.in/getidm3/201666ulgpitems.htm" "Mozilla/5.0 AppleWebKit/537.36 (KHTML, like Gecko; compatible; GPTBot/1.3; +https://openai.com/gptbot)"
74.7.243.248 - - [07/Feb/2026:09:22:04 -0500] "GET /ctg/search/similarImageSearchResultView/?ctgItemCd=135558131645 HTTP/1.1" 404 1251 "https://blog.newkolkata.in/getidm50/131645ccoyitems" "Mozilla/5.0 AppleWebKit/537.36 (KHTML, like Gecko; compatible; GPTBot/1.3; +https://openai.com/gptbot)"
85.208.96.199 - - [07/Feb/2026:09:22:06 -0500] "GET /geti/247615cejpitems HTTP/1.1" 404 1251 "-" "Mozilla/5.0 (compatible; SemrushBot/7~bl; +http://www.semrush.com/bot.html)"
74.7.243.248 - - [07/Feb/2026:09:22:07 -0500] "GET /ctg/search/similarImageSearchResultView/?ctgItemCd=297555293611 HTTP/1.1" 404 1251 "https://blog.newkolkata.in/getidm94/293611pcywitems" "Mozilla/5.0 AppleWebKit/537.36 (KHTML, like Gecko; compatible; GPTBot/1.3; +https://openai.com/gptbot)"
85.208.96.194 - - [07/Feb/2026:09:22:09 -0500] "GET /geti/270823ccoyitems HTTP/1.1" 404 1251 "-" "Mozilla/5.0 (compatible; SemrushBot/7~bl; +http://www.semrush.com/bot.html)"
74.7.243.248 - - [07/Feb/2026:09:22:10 -0500] "GET /ctg/search/similarImageSearchResultView/?ctgItemCd=111436107070 HTTP/1.1" 404 1251 "https://blog.newkolkata.in/getidm551/107070mvrvitems.htm" "Mozilla/5.0 AppleWebKit/537.36 (KHTML, like Gecko; compatible; GPTBot/1.3; +https://openai.com/gptbot)"
74.7.243.248 - - [07/Feb/2026:09:22:13 -0500] "GET /ctg/search/similarImageSearchResultView/?ctgItemCd=111901107548 HTTP/1.1" 404 1251 "https://blog.newkolkata.in/items/107548kairtidm17808.html" "Mozilla/5.0 AppleWebKit/537.36 (KHTML, like Gecko; compatible; GPTBot/1.3; +https://openai.com/gptbot)"
74.7.243.248 - - [07/Feb/2026:09:22:17 -0500] "GET /ctg/search/similarImageSearchResultView/?ctgItemCd=210888206547 HTTP/1.1" 404 1251 "https://blog.newkolkata.in/getidm715/206547kairitems.htm" "Mozilla/5.0 AppleWebKit/537.36 (KHTML, like Gecko; compatible; GPTBot/1.3; +https://openai.com/gptbot)"
74.7.243.248 - - [07/Feb/2026:09:22:20 -0500] "GET /ctg/search/similarImageSearchResultView/?ctgItemCd=191635187777 HTTP/1.1" 404 1251 "https://blog.newkolkata.in/getidm/187777mvrvitems" "Mozilla/5.0 AppleWebKit/537.36 (KHTML, like Gecko; compatible; GPTBot/1.3; +https://openai.com/gptbot)"
185.191.171.4 - - [07/Feb/2026:09:22:20 -0500] "GET /get/287110ulgpitems HTTP/1.1" 404 1251 "-" "Mozilla/5.0 (compatible; SemrushBot/7~bl; +http://www.semrush.com/bot.html)"
185.191.171.4 - - [07/Feb/2026:09:22:22 -0500] "GET /getidm/197977tjvfitems HTTP/1.1" 404 1251 "-" "Mozilla/5.0 (compatible; SemrushBot/7~bl; +http://www.semrush.com/bot.html)"
74.7.243.248 - - [07/Feb/2026:09:22:23 -0500] "GET /ctg/search/similarImageSearchResultView/?ctgItemCd=155507151260 HTTP/1.1" 404 1251 "https://blog.newkolkata.in/items/151260sejmtidm943.html" "Mozilla/5.0 AppleWebKit/537.36 (KHTML, like Gecko; compatible; GPTBot/1.3; +https://openai.com/gptbot)"
74.7.243.248 - - [07/Feb/2026:09:22:26 -0500] "GET /ctg/search/similarImageSearchResultView/?ctgItemCd=112228107937 HTTP/1.1" 404 1251 "https://blog.newkolkata.in/getidm53/107937kairitems.htm" "Mozilla/5.0 AppleWebKit/537.36 (KHTML, like Gecko; compatible; GPTBot/1.3; +https://openai.com/gptbot)"
74.7.243.248 - - [07/Feb/2026:09:22:29 -0500] "GET /ctg/search/similarImageSearchResultView/?ctgItemCd=121961118079 HTTP/1.1" 404 1251 "https://blog.newkolkata.in/getidm4/118079tjvfitems" "Mozilla/5.0 AppleWebKit/537.36 (KHTML, like Gecko; compatible; GPTBot/1.3; +https://openai.com/gptbot)"
74.7.243.248 - - [07/Feb/2026:09:22:32 -0500] "GET /ctg/search/similarImageSearchResultView/?ctgItemCd=129811125468 HTTP/1.1" 404 1251 "https://blog.newkolkata.in/items/125468kairtidm41080.html" "Mozilla/5.0 AppleWebKit/537.36 (KHTML, like Gecko; compatible; GPTBot/1.3; +https://openai.com/gptbot)"
74.7.243.248 - - [07/Feb/2026:09:22:35 -0500] "GET /ctg/search/similarImageSearchResultView/?ctgItemCd=228312224671 HTTP/1.1" 404 1251 "https://blog.newkolkata.in/geti/224671zslyitems" "Mozilla/5.0 AppleWebKit/537.36 (KHTML, like Gecko; compatible; GPTBot/1.3; +https://openai.com/gptbot)"
74.7.243.248 - - [07/Feb/2026:09:22:38 -0500] "GET /ctg/search/similarImageSearchResultView/?ctgItemCd=173266168884 HTTP/1.1" 404 1251 "https://blog.newkolkata.in/items/168884pcywtidm29301.html" "Mozilla/5.0 AppleWebKit/537.36 (KHTML, like Gecko; compatible; GPTBot/1.3; +https://openai.com/gptbot)"
74.7.243.248 - - [07/Feb/2026:09:22:42 -0500] "GET /ctg/search/similarImageSearchResultView/?ctgItemCd=122471118429 HTTP/1.1" 404 1251 "https://blog.newkolkata.in/getidm7365/118429tjvfitems" "Mozilla/5.0 AppleWebKit/537.36 (KHTML, like Gecko; compatible; GPTBot/1.3; +https://openai.com/gptbot)"
74.7.243.248 - - [07/Feb/2026:09:22:45 -0500] "GET /ctg/search/similarImageSearchResultView/?ctgItemCd=111251107268 HTTP/1.1" 404 1251 "https://blog.newkolkata.in/geti/107268sejmitems.htm" "Mozilla/5.0 AppleWebKit/537.36 (KHTML, like Gecko; compatible; GPTBot/1.3; +https://openai.com/gptbot)"
74.7.243.248 - - [07/Feb/2026:09:22:48 -0500] "GET /ctg/search/similarImageSearchResultView/?ctgItemCd=248597244416 HTTP/1.1" 404 1251 "https://blog.newkolkata.in/getidm/244416jahtitems.htm" "Mozilla/5.0 AppleWebKit/537.36 (KHTML, like Gecko; compatible; GPTBot/1.3; +https://openai.com/gptbot)"
66.249.66.76 - - [07/Feb/2026:09:22:49 -0500] "GET /products.php?shop/prechecked/tortil74126392558.html HTTP/1.1" 404 1251 "-" "Mozilla/5.0 (Linux; Android 6.0.1; Nexus 5X Build/MMB29P) AppleWebKit/537.36 (KHTML, like Gecko) Chrome/144.0.7559.132 Mobile Safari/537.36 (compatible; Googlebot/2.1; +http://www.google.com/bot.html)"
85.208.96.211 - - [07/Feb/2026:09:22:49 -0500] "GET /geti/51114mvrvitems.htm HTTP/1.1" 404 1251 "-" "Mozilla/5.0 (compatible; SemrushBot/7~bl; +http://www.semrush.com/bot.html)"
74.7.243.248 - - [07/Feb/2026:09:22:51 -0500] "GET /ctg/search/similarImageSearchResultView/?ctgItemCd=128453124440 HTTP/1.1" 404 1251 "https://blog.newkolkata.in/items/124440zslytid.html" "Mozilla/5.0 AppleWebKit/537.36 (KHTML, like Gecko; compatible; GPTBot/1.3; +https://openai.com/gptbot)"
74.7.243.248 - - [07/Feb/2026:09:22:54 -0500] "GET /ctg/search/similarImageSearchResultView/?ctgItemCd=237581233369 HTTP/1.1" 404 1251 "https://blog.newkolkata.in/items/233369ulgptidm72.html" "Mozilla/5.0 AppleWebKit/537.36 (KHTML, like Gecko; compatible; GPTBot/1.3; +https://openai.com/gptbot)"
185.191.171.3 - - [07/Feb/2026:09:22:54 -0500] "GET /getidm/180840sejmitems.htm HTTP/1.1" 404 1251 "-" "Mozilla/5.0 (compatible; SemrushBot/7~bl; +http://www.semrush.com/bot.html)"
74.7.243.248 - - [07/Feb/2026:09:22:57 -0500] "GET /ctg/search/similarImageSearchResultView/?ctgItemCd=136956133318 HTTP/1.1" 404 1251 "https://blog.newkolkata.in/geti/133318zslyitems" "Mozilla/5.0 AppleWebKit/537.36 (KHTML, like Gecko; compatible; GPTBot/1.3; +https://openai.com/gptbot)"
74.7.243.248 - - [07/Feb/2026:09:23:01 -0500] "GET /ctg/search/similarImageSearchResultView/?ctgItemCd=128884124790 HTTP/1.1" 404 1251 "https://blog.newkolkata.in/items/124790ccoytidm.html" "Mozilla/5.0 AppleWebKit/537.36 (KHTML, like Gecko; compatible; GPTBot/1.3; +https://openai.com/gptbot)"
85.208.96.198 - - [07/Feb/2026:09:23:02 -0500] "GET /get/249822tjvfitems.htm HTTP/1.1" 404 1251 "-" "Mozilla/5.0 (compatible; SemrushBot/7~bl; +http://www.semrush.com/bot.html)"
74.7.243.248 - - [07/Feb/2026:09:23:04 -0500] "GET /ctg/search/similarImageSearchResultView/?ctgItemCd=230555226696 HTTP/1.1" 404 1251 "https://blog.newkolkata.in/getidm/226696zslyitems" "Mozilla/5.0 AppleWebKit/537.36 (KHTML, like Gecko; compatible; GPTBot/1.3; +https://openai.com/gptbot)"
74.7.243.248 - - [07/Feb/2026:09:23:07 -0500] "GET /ctg/search/similarImageSearchResultView/?ctgItemCd=148055143888 HTTP/1.1" 404 1251 "https://blog.newkolkata.in/items/143888ulgptidm6.html" "Mozilla/5.0 AppleWebKit/537.36 (KHTML, like Gecko; compatible; GPTBot/1.3; +https://openai.com/gptbot)"
74.7.243.248 - - [07/Feb/2026:09:23:10 -0500] "GET /ctg/search/similarImageSearchResultView/?ctgItemCd=106333102340 HTTP/1.1" 404 1251 "https://blog.newkolkata.in/items/102340pcywtid.html" "Mozilla/5.0 AppleWebKit/537.36 (KHTML, like Gecko; compatible; GPTBot/1.3; +https://openai.com/gptbot)"
74.7.243.248 - - [07/Feb/2026:09:23:13 -0500] "GET /ctg/search/similarImageSearchResultView/?ctgItemCd=277799273456 HTTP/1.1" 404 1251 "https://blog.newkolkata.in/getidm426/273456jahtitems.htm" "Mozilla/5.0 AppleWebKit/537.36 (KHTML, like Gecko; compatible; GPTBot/1.3; +https://openai.com/gptbot)"
