74.7.243.248 - - [07/Feb/2026:08:22:57 -0500] "GET /ctg/search/similarImageSearchResultView/?ctgItemCd=273088269111 HTTP/1.1" 404 1251 "https://blog.newkolkata.in/item/269111sejmtidm.html" "Mozilla/5.0 AppleWebKit/537.36 (KHTML, like Gecko; compatible; GPTBot/1.3; +https://openai.com/gptbot)"
85.208.96.196 - - [07/Feb/2026:08:22:58 -0500] "GET /geti/81606jahtitems.htm HTTP/1.1" 404 1251 "-" "Mozilla/5.0 (compatible; SemrushBot/7~bl; +http://www.semrush.com/bot.html)"
74.7.243.248 - - [07/Feb/2026:08:23:00 -0500] "GET /ctg/search/similarImageSearchResultView/?ctgItemCd=107786103666 HTTP/1.1" 404 1251 "https://blog.newkolkata.in/item/103666cejptidm406.html" "Mozilla/5.0 AppleWebKit/537.36 (KHTML, like Gecko; compatible; GPTBot/1.3; +https://openai.com/gptbot)"
74.7.243.248 - - [07/Feb/2026:08:23:03 -0500] "GET /ctg/search/similarImageSearchResultView/?ctgItemCd=186661182743 HTTP/1.1" 404 1251 "https://blog.newkolkata.in/getidm75/182743kairitems" "Mozilla/5.0 AppleWebKit/537.36 (KHTML, like Gecko; compatible; GPTBot/1.3; +https://openai.com/gptbot)"
74.7.243.248 - - [07/Feb/2026:08:23:06 -0500] "GET /ctg/search/similarImageSearchResultView/?ctgItemCd=140211135909 HTTP/1.1" 404 1251 "https://blog.newkolkata.in/getidm93/135909ccoyitems.htm" "Mozilla/5.0 AppleWebKit/537.36 (KHTML, like Gecko; compatible; GPTBot/1.3; +https://openai.com/gptbot)"
85.208.96.196 - - [07/Feb/2026:08:23:06 -0500] "GET /getid/67845sejmitems.htm HTTP/1.1" 404 1251 "-" "Mozilla/5.0 (compatible; SemrushBot/7~bl; +http://www.semrush.com/bot.html)"
74.7.243.248 - - [07/Feb/2026:08:23:10 -0500] "GET /ctg/search/similarImageSearchResultView/?ctgItemCd=222437218193 HTTP/1.1" 404 1251 "https://blog.newkolkata.in/getidm5/218193ccoyitems.htm" "Mozilla/5.0 AppleWebKit/537.36 (KHTML, like Gecko; compatible; GPTBot/1.3; +https://openai.com/gptbot)"
74.7.243.248 - - [07/Feb/2026:08:23:13 -0500] "GET /ctg/search/similarImageSearchResultView/?ctgItemCd=293666289563 HTTP/1.1" 404 1251 "https://blog.newkolkata.in/getid/289563tjvfitems.htm" "Mozilla/5.0 AppleWebKit/537.36 (KHTML, like Gecko; compatible; GPTBot/1.3; +https://openai.com/gptbot)"
74.7.243.248 - - [07/Feb/2026:08:23:16 -0500] "GET /ctg/search/similarImageSearchResultView/?ctgItemCd=281851277770 HTTP/1.1" 404 1251 "https://blog.newkolkata.in/getid/277770jahtitems.htm" "Mozilla/5.0 AppleWebKit/537.36 (KHTML, like Gecko; compatible; GPTBot/1.3; +https://openai.com/gptbot)"
74.7.243.248 - - [07/Feb/2026:08:23:19 -0500] "GET /ctg/search/similarImageSearchResultView/?ctgItemCd=194961190555 HTTP/1.1" 404 1251 "https://blog.newkolkata.in/items/190555kairtidm238637.html" "Mozilla/5.0 AppleWebKit/537.36 (KHTML, like Gecko; compatible; GPTBot/1.3; +https://openai.com/gptbot)"
74.7.243.248 - - [07/Feb/2026:08:23:22 -0500] "GET /ctg/search/similarImageSearchResultView/?ctgItemCd=292896288874 HTTP/1.1" 404 1251 "https://blog.newkolkata.in/item/288874mvrvtidm.html" "Mozilla/5.0 AppleWebKit/537.36 (KHTML, like Gecko; compatible; GPTBot/1.3; +https://openai.com/gptbot)"
74.7.243.248 - - [07/Feb/2026:08:23:25 -0500] "GET /ctg/search/similarImageSearchResultView/?ctgItemCd=111669107653 HTTP/1.1" 404 1251 "https://blog.newkolkata.in/getidm3739/107653cejpitems" "Mozilla/5.0 AppleWebKit/537.36 (KHTML, like Gecko; compatible; GPTBot/1.3; +https://openai.com/gptbot)"
74.7.243.248 - - [07/Feb/2026:08:23:28 -0500] "GET /ctg/search/similarImageSearchResultView/?ctgItemCd=222173218024 HTTP/1.1" 404 1251 "https://blog.newkolkata.in/items/218024tjvftidm1.html" "Mozilla/5.0 AppleWebKit/537.36 (KHTML, like Gecko; compatible; GPTBot/1.3; +https://openai.com/gptbot)"
85.208.96.206 - - [07/Feb/2026:08:23:30 -0500] "GET /getidm3/189610zslyitems HTTP/1.1" 404 1251 "-" "Mozilla/5.0 (compatible; SemrushBot/7~bl; +http://www.semrush.com/bot.html)"
74.7.243.248 - - [07/Feb/2026:08:23:32 -0500] "GET /ctg/search/similarImageSearchResultView/?ctgItemCd=177739173484 HTTP/1.1" 404 1251 "https://blog.newkolkata.in/getidm3/173484ulgpitems.htm" "Mozilla/5.0 AppleWebKit/537.36 (KHTML, like Gecko; compatible; GPTBot/1.3; +https://openai.com/gptbot)"
74.7.243.248 - - [07/Feb/2026:08:23:35 -0500] "GET /ctg/search/similarImageSearchResultView/?ctgItemCd=142591138880 HTTP/1.1" 404 1251 "https://blog.newkolkata.in/getid/138880ccoyitems" "Mozilla/5.0 AppleWebKit/537.36 (KHTML, like Gecko; compatible; GPTBot/1.3; +https://openai.com/gptbot)"
85.208.96.194 - - [07/Feb/2026:08:23:35 -0500] "GET /get/213807ccoyitems.htm HTTP/1.1" 404 1251 "-" "Mozilla/5.0 (compatible; SemrushBot/7~bl; +http://www.semrush.com/bot.html)"
74.7.243.248 - - [07/Feb/2026:08:23:38 -0500] "GET /ctg/search/similarImageSearchResultView/?ctgItemCd=222043217981 HTTP/1.1" 404 1251 "https://blog.newkolkata.in/getidm7994/217981pcywitems" "Mozilla/5.0 AppleWebKit/537.36 (KHTML, like Gecko; compatible; GPTBot/1.3; +https://openai.com/gptbot)"
74.7.243.248 - - [07/Feb/2026:08:23:41 -0500] "GET /ctg/search/similarImageSearchResultView/?ctgItemCd=211444207245 HTTP/1.1" 404 1251 "https://blog.newkolkata.in/getidm/207245tjvfitems.htm" "Mozilla/5.0 AppleWebKit/537.36 (KHTML, like Gecko; compatible; GPTBot/1.3; +https://openai.com/gptbot)"
74.7.243.248 - - [07/Feb/2026:08:23:44 -0500] "GET /ctg/search/similarImageSearchResultView/?ctgItemCd=209999206083 HTTP/1.1" 404 1251 "https://blog.newkolkata.in/getidm62/206083sejmitems" "Mozilla/5.0 AppleWebKit/537.36 (KHTML, like Gecko; compatible; GPTBot/1.3; +https://openai.com/gptbot)"
74.7.243.248 - - [07/Feb/2026:08:23:47 -0500] "GET /ctg/search/similarImageSearchResultView/?ctgItemCd=208122203770 HTTP/1.1" 404 1251 "https://blog.newkolkata.in/items/203770jahttidm16679.html" "Mozilla/5.0 AppleWebKit/537.36 (KHTML, like Gecko; compatible; GPTBot/1.3; +https://openai.com/gptbot)"
85.208.96.202 - - [07/Feb/2026:08:23:48 -0500] "GET /getid/20224mvrvitems HTTP/1.1" 404 1251 "-" "Mozilla/5.0 (compatible; SemrushBot/7~bl; +http://www.semrush.com/bot.html)"
74.7.243.248 - - [07/Feb/2026:08:23:50 -0500] "GET /ctg/search/similarImageSearchResultView/?ctgItemCd=312835308555 HTTP/1.1" 404 1251 "https://blog.newkolkata.in/items/308555pcywtidm378.html" "Mozilla/5.0 AppleWebKit/537.36 (KHTML, like Gecko; compatible; GPTBot/1.3; +https://openai.com/gptbot)"
74.7.243.248 - - [07/Feb/2026:08:23:54 -0500] "GET /ctg/search/similarImageSearchResultView/?ctgItemCd=280002276295 HTTP/1.1" 404 1251 "https://blog.newkolkata.in/getid/276295jahtitems" "Mozilla/5.0 AppleWebKit/537.36 (KHTML, like Gecko; compatible; GPTBot/1.3; +https://openai.com/gptbot)"
74.7.243.248 - - [07/Feb/2026:08:23:57 -0500] "GET /ctg/search/similarImageSearchResultView/?ctgItemCd=264194260009 HTTP/1.1" 404 1251 "https://blog.newkolkata.in/items/260009kairtidm26.html" "Mozilla/5.0 AppleWebKit/537.36 (KHTML, like Gecko; compatible; GPTBot/1.3; +https://openai.com/gptbot)"
74.7.243.248 - - [07/Feb/2026:08:24:00 -0500] "GET /ctg/search/similarImageSearchResultView/?ctgItemCd=222070217903 HTTP/1.1" 404 1251 "https://blog.newkolkata.in/ite/217903zslytidm38650.html" "Mozilla/5.0 AppleWebKit/537.36 (KHTML, like Gecko; compatible; GPTBot/1.3; +https://openai.com/gptbot)"
74.7.243.248 - - [07/Feb/2026:08:24:03 -0500] "GET /ctg/search/similarImageSearchResultView/?ctgItemCd=115494111673 HTTP/1.1" 404 1251 "https://blog.newkolkata.in/getidm/111673ulgpitems" "Mozilla/5.0 AppleWebKit/537.36 (KHTML, like Gecko; compatible; GPTBot/1.3; +https://openai.com/gptbot)"
74.7.243.248 - - [07/Feb/2026:08:24:06 -0500] "GET /ctg/search/similarImageSearchResultView/?ctgItemCd=115469111760 HTTP/1.1" 404 1251 "https://blog.newkolkata.in/getid/111760ulgpitems" "Mozilla/5.0 AppleWebKit/537.36 (KHTML, like Gecko; compatible; GPTBot/1.3; +https://openai.com/gptbot)"
185.191.171.18 - - [07/Feb/2026:08:24:06 -0500] "GET /ite/251855ccoytidm.html HTTP/1.1" 404 1251 "-" "Mozilla/5.0 (compatible; SemrushBot/7~bl; +http://www.semrush.com/bot.html)"
74.7.243.248 - - [07/Feb/2026:08:24:09 -0500] "GET /ctg/search/similarImageSearchResultView/?ctgItemCd=299722295611 HTTP/1.1" 404 1251 "https://blog.newkolkata.in/getid/295611mvrvitems.htm" "Mozilla/5.0 AppleWebKit/537.36 (KHTML, like Gecko; compatible; GPTBot/1.3; +https://openai.com/gptbot)"
85.208.96.201 - - [07/Feb/2026:08:24:10 -0500] "GET /getidm9/230554sejmitems HTTP/1.1" 404 1251 "-" "Mozilla/5.0 (compatible; SemrushBot/7~bl; +http://www.semrush.com/bot.html)"
85.208.96.205 - - [07/Feb/2026:08:24:12 -0500] "GET /item/230246sejmtid.html HTTP/1.1" 404 1251 "-" "Mozilla/5.0 (compatible; SemrushBot/7~bl; +http://www.semrush.com/bot.html)"
74.7.243.248 - - [07/Feb/2026:08:24:12 -0500] "GET /ctg/search/similarImageSearchResultView/?ctgItemCd=280999277128 HTTP/1.1" 404 1251 "https://blog.newkolkata.in/getidm3/277128sejmitems" "Mozilla/5.0 AppleWebKit/537.36 (KHTML, like Gecko; compatible; GPTBot/1.3; +https://openai.com/gptbot)"
85.208.96.202 - - [07/Feb/2026:08:24:13 -0500] "GET /getid/178192cejpitems HTTP/1.1" 404 1251 "-" "Mozilla/5.0 (compatible; SemrushBot/7~bl; +http://www.semrush.com/bot.html)"
74.7.243.248 - - [07/Feb/2026:08:24:15 -0500] "GET /ctg/search/similarImageSearchResultView/?ctgItemCd=300010295943 HTTP/1.1" 404 1251 "https://blog.newkolkata.in/item/295943mvrvtidm2.html" "Mozilla/5.0 AppleWebKit/537.36 (KHTML, like Gecko; compatible; GPTBot/1.3; +https://openai.com/gptbot)"
74.7.243.248 - - [07/Feb/2026:08:24:19 -0500] "GET /ctg/search/similarImageSearchResultView/?ctgItemCd=218450214442 HTTP/1.1" 404 1251 "https://blog.newkolkata.in/items/214442mvrvtid.html" "Mozilla/5.0 AppleWebKit/537.36 (KHTML, like Gecko; compatible; GPTBot/1.3; +https://openai.com/gptbot)"
74.7.243.248 - - [07/Feb/2026:08:24:22 -0500] "GET /ctg/search/similarImageSearchResultView/?ctgItemCd=250538246660 HTTP/1.1" 404 1251 "https://blog.newkolkata.in/get/246660sejmitems.htm" "Mozilla/5.0 AppleWebKit/537.36 (KHTML, like Gecko; compatible; GPTBot/1.3; +https://openai.com/gptbot)"
85.208.96.210 - - [07/Feb/2026:08:24:24 -0500] "GET /getidm6/87106zslyitems HTTP/1.1" 404 1251 "-" "Mozilla/5.0 (compatible; SemrushBot/7~bl; +http://www.semrush.com/bot.html)"
74.7.243.248 - - [07/Feb/2026:08:24:25 -0500] "GET /ctg/search/similarImageSearchResultView/?ctgItemCd=197037193336 HTTP/1.1" 404 1251 "https://blog.newkolkata.in/getid/193336kairitems" "Mozilla/5.0 AppleWebKit/537.36 (KHTML, like Gecko; compatible; GPTBot/1.3; +https://openai.com/gptbot)"
185.191.171.16 - - [07/Feb/2026:08:24:27 -0500] "GET /get/194782pcywitems HTTP/1.1" 404 1251 "-" "Mozilla/5.0 (compatible; SemrushBot/7~bl; +http://www.semrush.com/bot.html)"
74.7.243.248 - - [07/Feb/2026:08:24:28 -0500] "GET /ctg/search/similarImageSearchResultView/?ctgItemCd=122871118680 HTTP/1.1" 404 1251 "https://blog.newkolkata.in/getidm/118680ccoyitems.htm" "Mozilla/5.0 AppleWebKit/537.36 (KHTML, like Gecko; compatible; GPTBot/1.3; +https://openai.com/gptbot)"
74.7.243.248 - - [07/Feb/2026:08:24:31 -0500] "GET /ctg/search/similarImageSearchResultView/?ctgItemCd=200066195797 HTTP/1.1" 404 1251 "https://blog.newkolkata.in/item/195797ccoytidm99980.html" "Mozilla/5.0 AppleWebKit/537.36 (KHTML, like Gecko; compatible; GPTBot/1.3; +https://openai.com/gptbot)"
74.7.243.248 - - [07/Feb/2026:08:24:34 -0500] "GET /ctg/search/similarImageSearchResultView/?ctgItemCd=148688144420 HTTP/1.1" 404 1251 "https://blog.newkolkata.in/getidm2/144420zslyitems.htm" "Mozilla/5.0 AppleWebKit/537.36 (KHTML, like Gecko; compatible; GPTBot/1.3; +https://openai.com/gptbot)"
85.208.96.202 - - [07/Feb/2026:08:24:35 -0500] "GET /items/39878pcywtid.html HTTP/1.1" 404 1251 "-" "Mozilla/5.0 (compatible; SemrushBot/7~bl; +http://www.semrush.com/bot.html)"
74.7.243.248 - - [07/Feb/2026:08:24:38 -0500] "GET /ctg/search/similarImageSearchResultView/?ctgItemCd=270879266667 HTTP/1.1" 404 1251 "https://blog.newkolkata.in/getidm/266667tjvfitems.htm" "Mozilla/5.0 AppleWebKit/537.36 (KHTML, like Gecko; compatible; GPTBot/1.3; +https://openai.com/gptbot)"
74.7.243.248 - - [07/Feb/2026:08:24:41 -0500] "GET /ctg/search/similarImageSearchResultView/?ctgItemCd=133387129475 HTTP/1.1" 404 1251 "https://blog.newkolkata.in/getidm17/129475cejpitems" "Mozilla/5.0 AppleWebKit/537.36 (KHTML, like Gecko; compatible; GPTBot/1.3; +https://openai.com/gptbot)"
74.7.243.248 - - [07/Feb/2026:08:24:44 -0500] "GET /ctg/search/similarImageSearchResultView/?ctgItemCd=111693107345 HTTP/1.1" 404 1251 "https://blog.newkolkata.in/getidm809/107345ccoyitems.htm" "Mozilla/5.0 AppleWebKit/537.36 (KHTML, like Gecko; compatible; GPTBot/1.3; +https://openai.com/gptbot)"
74.7.243.248 - - [07/Feb/2026:08:24:47 -0500] "GET /ctg/search/similarImageSearchResultView/?ctgItemCd=259041255526 HTTP/1.1" 404 1251 "https://blog.newkolkata.in/get/255526tjvfitems" "Mozilla/5.0 AppleWebKit/537.36 (KHTML, like Gecko; compatible; GPTBot/1.3; +https://openai.com/gptbot)"
85.208.96.210 - - [07/Feb/2026:08:24:50 -0500] "GET /getidm/1815ccoyitems.htm HTTP/1.1" 404 1251 "-" "Mozilla/5.0 (compatible; SemrushBot/7~bl; +http://www.semrush.com/bot.html)"
74.7.243.248 - - [07/Feb/2026:08:24:50 -0500] "GET /ctg/search/similarImageSearchResultView/?ctgItemCd=137589133310 HTTP/1.1" 404 1251 "https://blog.newkolkata.in/getidm66/133310jahtitems.htm" "Mozilla/5.0 AppleWebKit/537.36 (KHTML, like Gecko; compatible; GPTBot/1.3; +https://openai.com/gptbot)"
85.208.96.209 - - [07/Feb/2026:08:24:52 -0500] "GET /ite/170990sejmtid.html HTTP/1.1" 404 1251 "-" "Mozilla/5.0 (compatible; SemrushBot/7~bl; +http://www.semrush.com/bot.html)"
74.7.243.248 - - [07/Feb/2026:08:24:53 -0500] "GET /ctg/search/similarImageSearchResultView/?ctgItemCd=199976195903 HTTP/1.1" 404 1251 "https://blog.newkolkata.in/getid/195903cejpitems.htm" "Mozilla/5.0 AppleWebKit/537.36 (KHTML, like Gecko; compatible; GPTBot/1.3; +https://openai.com/gptbot)"
74.7.243.248 - - [07/Feb/2026:08:24:56 -0500] "GET /ctg/search/similarImageSearchResultView/?ctgItemCd=217999214031 HTTP/1.1" 404 1251 "https://blog.newkolkata.in/item/214031sejmtidm.html" "Mozilla/5.0 AppleWebKit/537.36 (KHTML, like Gecko; compatible; GPTBot/1.3; +https://openai.com/gptbot)"
74.7.243.248 - - [07/Feb/2026:08:24:59 -0500] "GET /ctg/search/similarImageSearchResultView/?ctgItemCd=222726218690 HTTP/1.1" 404 1251 "https://blog.newkolkata.in/ite/218690ccoytidm397.html" "Mozilla/5.0 AppleWebKit/537.36 (KHTML, like Gecko; compatible; GPTBot/1.3; +https://openai.com/gptbot)"
74.7.243.248 - - [07/Feb/2026:08:25:02 -0500] "GET /ctg/search/similarImageSearchResultView/?ctgItemCd=124201119838 HTTP/1.1" 404 1251 "https://blog.newkolkata.in/getidm525/119838ulgpitems.htm" "Mozilla/5.0 AppleWebKit/537.36 (KHTML, like Gecko; compatible; GPTBot/1.3; +https://openai.com/gptbot)"
74.7.243.248 - - [07/Feb/2026:08:25:06 -0500] "GET /ctg/search/similarImageSearchResultView/?ctgItemCd=230001225974 HTTP/1.1" 404 1251 "https://blog.newkolkata.in/items/225974zslytid.html" "Mozilla/5.0 AppleWebKit/537.36 (KHTML, like Gecko; compatible; GPTBot/1.3; +https://openai.com/gptbot)"
185.191.171.16 - - [07/Feb/2026:08:25:07 -0500] "GET /getidm7/142522cejpitems HTTP/1.1" 404 1251 "-" "Mozilla/5.0 (compatible; SemrushBot/7~bl; +http://www.semrush.com/bot.html)"
74.7.243.248 - - [07/Feb/2026:08:25:09 -0500] "GET /ctg/search/similarImageSearchResultView/?ctgItemCd=268354264440 HTTP/1.1" 404 1251 "https://blog.newkolkata.in/ite/264440kairtidm6.html" "Mozilla/5.0 AppleWebKit/537.36 (KHTML, like Gecko; compatible; GPTBot/1.3; +https://openai.com/gptbot)"
74.7.243.248 - - [07/Feb/2026:08:25:12 -0500] "GET /ctg/search/similarImageSearchResultView/?ctgItemCd=248398244419 HTTP/1.1" 404 1251 "https://blog.newkolkata.in/items/244419kairtid.html" "Mozilla/5.0 AppleWebKit/537.36 (KHTML, like Gecko; compatible; GPTBot/1.3; +https://openai.com/gptbot)"
74.7.243.248 - - [07/Feb/2026:08:25:15 -0500] "GET /ctg/search/similarImageSearchResultView/?ctgItemCd=133379129084 HTTP/1.1" 404 1251 "https://blog.newkolkata.in/getidm71/129084ccoyitems.htm" "Mozilla/5.0 AppleWebKit/537.36 (KHTML, like Gecko; compatible; GPTBot/1.3; +https://openai.com/gptbot)"
74.7.243.248 - - [07/Feb/2026:08:25:18 -0500] "GET /ctg/search/similarImageSearchResultView/?ctgItemCd=124627120444 HTTP/1.1" 404 1251 "https://blog.newkolkata.in/getidm/120444sejmitems.htm" "Mozilla/5.0 AppleWebKit/537.36 (KHTML, like Gecko; compatible; GPTBot/1.3; +https://openai.com/gptbot)"
74.7.243.248 - - [07/Feb/2026:08:25:21 -0500] "GET /ctg/search/similarImageSearchResultView/?ctgItemCd=122201118369 HTTP/1.1" 404 1251 "https://blog.newkolkata.in/getidm/118369tjvfitems" "Mozilla/5.0 AppleWebKit/537.36 (KHTML, like Gecko; compatible; GPTBot/1.3; +https://openai.com/gptbot)"
74.7.243.248 - - [07/Feb/2026:08:25:25 -0500] "GET /ctg/search/similarImageSearchResultView/?ctgItemCd=242757238881 HTTP/1.1" 404 1251 "https://blog.newkolkata.in/get/238881jahtitems.htm" "Mozilla/5.0 AppleWebKit/537.36 (KHTML, like Gecko; compatible; GPTBot/1.3; +https://openai.com/gptbot)"
74.7.243.248 - - [07/Feb/2026:08:25:28 -0500] "GET /ctg/search/similarImageSearchResultView/?ctgItemCd=279722275531 HTTP/1.1" 404 1251 "https://blog.newkolkata.in/item/275531ulgptidm1522.html" "Mozilla/5.0 AppleWebKit/537.36 (KHTML, like Gecko; compatible; GPTBot/1.3; +https://openai.com/gptbot)"
74.7.243.248 - - [07/Feb/2026:08:25:31 -0500] "GET /ctg/search/similarImageSearchResultView/?ctgItemCd=148295144481 HTTP/1.1" 404 1251 "https://blog.newkolkata.in/getidm/144481ccoyitems" "Mozilla/5.0 AppleWebKit/537.36 (KHTML, like Gecko; compatible; GPTBot/1.3; +https://openai.com/gptbot)"
74.7.243.248 - - [07/Feb/2026:08:25:34 -0500] "GET /ctg/search/similarImageSearchResultView/?ctgItemCd=120451116852 HTTP/1.1" 404 1251 "https://blog.newkolkata.in/geti/116852jahtitems" "Mozilla/5.0 AppleWebKit/537.36 (KHTML, like Gecko; compatible; GPTBot/1.3; +https://openai.com/gptbot)"
74.7.243.248 - - [07/Feb/2026:08:25:37 -0500] "GET /ctg/search/similarImageSearchResultView/?ctgItemCd=259408255513 HTTP/1.1" 404 1251 "https://blog.newkolkata.in/get/255513pcywitems.htm" "Mozilla/5.0 AppleWebKit/537.36 (KHTML, like Gecko; compatible; GPTBot/1.3; +https://openai.com/gptbot)"
74.7.243.248 - - [07/Feb/2026:08:25:41 -0500] "GET /ctg/search/similarImageSearchResultView/?ctgItemCd=222451218300 HTTP/1.1" 404 1251 "https://blog.newkolkata.in/ite/218300zslytidm27410.html" "Mozilla/5.0 AppleWebKit/537.36 (KHTML, like Gecko; compatible; GPTBot/1.3; +https://openai.com/gptbot)"
74.7.243.248 - - [07/Feb/2026:08:25:43 -0500] "GET /ctg/search/similarImageSearchResultView/?ctgItemCd=270007266118 HTTP/1.1" 404 1251 "https://blog.newkolkata.in/get/266118tjvfitems.htm" "Mozilla/5.0 AppleWebKit/537.36 (KHTML, like Gecko; compatible; GPTBot/1.3; +https://openai.com/gptbot)"
74.7.243.248 - - [07/Feb/2026:08:25:47 -0500] "GET /ctg/search/similarImageSearchResultView/?ctgItemCd=296222291874 HTTP/1.1" 404 1251 "https://blog.newkolkata.in/getidm850/291874kairitems.htm" "Mozilla/5.0 AppleWebKit/537.36 (KHTML, like Gecko; compatible; GPTBot/1.3; +https://openai.com/gptbot)"
74.7.243.248 - - [07/Feb/2026:08:25:50 -0500] "GET /ctg/search/similarImageSearchResultView/?ctgItemCd=140007135699 HTTP/1.1" 404 1251 "https://blog.newkolkata.in/getidm56/135699sejmitems.htm" "Mozilla/5.0 AppleWebKit/537.36 (KHTML, like Gecko; compatible; GPTBot/1.3; +https://openai.com/gptbot)"
74.7.243.248 - - [07/Feb/2026:08:25:53 -0500] "GET /ctg/search/similarImageSearchResultView/?ctgItemCd=202736198889 HTTP/1.1" 404 1251 "https://blog.newkolkata.in/getidm/198889tjvfitems" "Mozilla/5.0 AppleWebKit/537.36 (KHTML, like Gecko; compatible; GPTBot/1.3; +https://openai.com/gptbot)"
74.7.243.248 - - [07/Feb/2026:08:25:56 -0500] "GET /ctg/search/similarImageSearchResultView/?ctgItemCd=254000250389 HTTP/1.1" 404 1251 "https://blog.newkolkata.in/geti/250389sejmitems" "Mozilla/5.0 AppleWebKit/537.36 (KHTML, like Gecko; compatible; GPTBot/1.3; +https://openai.com/gptbot)"
74.7.243.248 - - [07/Feb/2026:08:25:59 -0500] "GET /ctg/search/similarImageSearchResultView/?ctgItemCd=233301229261 HTTP/1.1" 404 1251 "https://blog.newkolkata.in/getidm8329/229261tjvfitems" "Mozilla/5.0 AppleWebKit/537.36 (KHTML, like Gecko; compatible; GPTBot/1.3; +https://openai.com/gptbot)"
74.7.243.248 - - [07/Feb/2026:08:26:02 -0500] "GET /ctg/search/similarImageSearchResultView/?ctgItemCd=186697182333 HTTP/1.1" 404 1251 "https://blog.newkolkata.in/items/182333tjvftidm92451.html" "Mozilla/5.0 AppleWebKit/537.36 (KHTML, like Gecko; compatible; GPTBot/1.3; +https://openai.com/gptbot)"
74.7.243.248 - - [07/Feb/2026:08:26:06 -0500] "GET /ctg/search/similarImageSearchResultView/?ctgItemCd=269992265641 HTTP/1.1" 404 1251 "https://blog.newkolkata.in/getidm862/265641ccoyitems.htm" "Mozilla/5.0 AppleWebKit/537.36 (KHTML, like Gecko; compatible; GPTBot/1.3; +https://openai.com/gptbot)"
74.7.243.248 - - [07/Feb/2026:08:26:09 -0500] "GET /ctg/search/similarImageSearchResultView/?ctgItemCd=149997145933 HTTP/1.1" 404 1251 "https://blog.newkolkata.in/getidm1898/145933mvrvitems" "Mozilla/5.0 AppleWebKit/537.36 (KHTML, like Gecko; compatible; GPTBot/1.3; +https://openai.com/gptbot)"
85.208.96.209 - - [07/Feb/2026:08:26:09 -0500] "GET /get/281422zslyitems HTTP/1.1" 404 1251 "-" "Mozilla/5.0 (compatible; SemrushBot/7~bl; +http://www.semrush.com/bot.html)"
74.7.243.248 - - [07/Feb/2026:08:26:12 -0500] "GET /ctg/search/similarImageSearchResultView/?ctgItemCd=270593266620 HTTP/1.1" 404 1251 "https://blog.newkolkata.in/geti/266620kairitems.htm" "Mozilla/5.0 AppleWebKit/537.36 (KHTML, like Gecko; compatible; GPTBot/1.3; +https://openai.com/gptbot)"
85.208.96.209 - - [07/Feb/2026:08:26:14 -0500] "GET /get/120718tjvfitems HTTP/1.1" 404 1251 "-" "Mozilla/5.0 (compatible; SemrushBot/7~bl; +http://www.semrush.com/bot.html)"
74.7.243.248 - - [07/Feb/2026:08:26:15 -0500] "GET /ctg/search/similarImageSearchResultView/?ctgItemCd=193160188804 HTTP/1.1" 404 1251 "https://blog.newkolkata.in/items/188804jahttidm29750.html" "Mozilla/5.0 AppleWebKit/537.36 (KHTML, like Gecko; compatible; GPTBot/1.3; +https://openai.com/gptbot)"
74.7.243.248 - - [07/Feb/2026:08:26:18 -0500] "GET /ctg/search/similarImageSearchResultView/?ctgItemCd=143477139666 HTTP/1.1" 404 1251 "https://blog.newkolkata.in/getidm/139666cejpitems" "Mozilla/5.0 AppleWebKit/537.36 (KHTML, like Gecko; compatible; GPTBot/1.3; +https://openai.com/gptbot)"
85.208.96.211 - - [07/Feb/2026:08:26:21 -0500] "GET /get/82032kairitems.htm HTTP/1.1" 404 1251 "-" "Mozilla/5.0 (compatible; SemrushBot/7~bl; +http://www.semrush.com/bot.html)"
74.7.243.248 - - [07/Feb/2026:08:26:21 -0500] "GET /ctg/search/similarImageSearchResultView/?ctgItemCd=301722297607 HTTP/1.1" 404 1251 "https://blog.newkolkata.in/item/297607pcywtidm65.html" "Mozilla/5.0 AppleWebKit/537.36 (KHTML, like Gecko; compatible; GPTBot/1.3; +https://openai.com/gptbot)"
185.191.171.16 - - [07/Feb/2026:08:26:23 -0500] "GET /get/118654ccoyitems HTTP/1.1" 404 1251 "-" "Mozilla/5.0 (compatible; SemrushBot/7~bl; +http://www.semrush.com/bot.html)"
74.7.243.248 - - [07/Feb/2026:08:26:24 -0500] "GET /ctg/search/similarImageSearchResultView/?ctgItemCd=304445300267 HTTP/1.1" 404 1251 "https://blog.newkolkata.in/getidm/300267kairitems.htm" "Mozilla/5.0 AppleWebKit/537.36 (KHTML, like Gecko; compatible; GPTBot/1.3; +https://openai.com/gptbot)"
74.7.243.248 - - [07/Feb/2026:08:26:28 -0500] "GET /ctg/search/similarImageSearchResultView/?ctgItemCd=258722254806 HTTP/1.1" 404 1251 "https://blog.newkolkata.in/ite/254806kairtidm3.html" "Mozilla/5.0 AppleWebKit/537.36 (KHTML, like Gecko; compatible; GPTBot/1.3; +https://openai.com/gptbot)"
74.7.243.248 - - [07/Feb/2026:08:26:31 -0500] "GET /ctg/search/similarImageSearchResultView/?ctgItemCd=173476169555 HTTP/1.1" 404 1251 "https://blog.newkolkata.in/getidm95/169555cejpitems" "Mozilla/5.0 AppleWebKit/537.36 (KHTML, like Gecko; compatible; GPTBot/1.3; +https://openai.com/gptbot)"
74.7.243.248 - - [07/Feb/2026:08:26:34 -0500] "GET /ctg/search/similarImageSearchResultView/?ctgItemCd=216849213334 HTTP/1.1" 404 1251 "https://blog.newkolkata.in/get/213334pcywitems" "Mozilla/5.0 AppleWebKit/537.36 (KHTML, like Gecko; compatible; GPTBot/1.3; +https://openai.com/gptbot)"
74.7.243.248 - - [07/Feb/2026:08:26:37 -0500] "GET /ctg/search/similarImageSearchResultView/?ctgItemCd=183339179246 HTTP/1.1" 404 1251 "https://blog.newkolkata.in/items/179246kairtidm.html" "Mozilla/5.0 AppleWebKit/537.36 (KHTML, like Gecko; compatible; GPTBot/1.3; +https://openai.com/gptbot)"
185.191.171.19 - - [07/Feb/2026:08:26:39 -0500] "GET /getidm/118260zslyitems.htm HTTP/1.1" 404 1251 "-" "Mozilla/5.0 (compatible; SemrushBot/7~bl; +http://www.semrush.com/bot.html)"
74.7.243.248 - - [07/Feb/2026:08:26:40 -0500] "GET /ctg/search/similarImageSearchResultView/?ctgItemCd=111977108095 HTTP/1.1" 404 1251 "https://blog.newkolkata.in/ite/108095tjvftidm.html" "Mozilla/5.0 AppleWebKit/537.36 (KHTML, like Gecko; compatible; GPTBot/1.3; +https://openai.com/gptbot)"
74.7.243.248 - - [07/Feb/2026:08:26:43 -0500] "GET /ctg/search/similarImageSearchResultView/?ctgItemCd=270488266626 HTTP/1.1" 404 1251 "https://blog.newkolkata.in/getidm1/266626jahtitems" "Mozilla/5.0 AppleWebKit/537.36 (KHTML, like Gecko; compatible; GPTBot/1.3; +https://openai.com/gptbot)"
66.249.66.203 - - [07/Feb/2026:08:26:44 -0500] "GET /geti/41575tjvfitems HTTP/1.1" 404 1251 "-" "Mozilla/5.0 (Linux; Android 6.0.1; Nexus 5X Build/MMB29P) AppleWebKit/537.36 (KHTML, like Gecko) Chrome/144.0.7559.132 Mobile Safari/537.36 (compatible; Googlebot/2.1; +http://www.google.com/bot.html)"
74.7.243.248 - - [07/Feb/2026:08:26:46 -0500] "GET /ctg/search/similarImageSearchResultView/?ctgItemCd=251115246968 HTTP/1.1" 404 1251 "https://blog.newkolkata.in/items/246968cejptidm5.html" "Mozilla/5.0 AppleWebKit/537.36 (KHTML, like Gecko; compatible; GPTBot/1.3; +https://openai.com/gptbot)"
74.7.243.248 - - [07/Feb/2026:08:26:49 -0500] "GET /ctg/search/similarImageSearchResultView/?ctgItemCd=230012225726 HTTP/1.1" 404 1251 "https://blog.newkolkata.in/getidm51/225726jahtitems.htm" "Mozilla/5.0 AppleWebKit/537.36 (KHTML, like Gecko; compatible; GPTBot/1.3; +https://openai.com/gptbot)"
74.7.243.248 - - [07/Feb/2026:08:26:53 -0500] "GET /ctg/search/similarImageSearchResultView/?ctgItemCd=111584107585 HTTP/1.1" 404 1251 "https://blog.newkolkata.in/ite/107585pcywtidm27.html" "Mozilla/5.0 AppleWebKit/537.36 (KHTML, like Gecko; compatible; GPTBot/1.3; +https://openai.com/gptbot)"
74.7.243.248 - - [07/Feb/2026:08:26:56 -0500] "GET /ctg/search/similarImageSearchResultView/?ctgItemCd=104436100065 HTTP/1.1" 404 1251 "https://blog.newkolkata.in/getidm892/100065mvrvitems.htm" "Mozilla/5.0 AppleWebKit/537.36 (KHTML, like Gecko; compatible; GPTBot/1.3; +https://openai.com/gptbot)"
85.208.96.194 - - [07/Feb/2026:08:26:58 -0500] "GET /get/142510cejpitems HTTP/1.1" 404 1251 "-" "Mozilla/5.0 (compatible; SemrushBot/7~bl; +http://www.semrush.com/bot.html)"
74.7.243.248 - - [07/Feb/2026:08:26:59 -0500] "GET /ctg/search/similarImageSearchResultView/?ctgItemCd=111387107097 HTTP/1.1" 404 1251 "https://blog.newkolkata.in/getidm82/107097jahtitems.htm" "Mozilla/5.0 AppleWebKit/537.36 (KHTML, like Gecko; compatible; GPTBot/1.3; +https://openai.com/gptbot)"
74.7.243.248 - - [07/Feb/2026:08:27:02 -0500] "GET /ctg/search/similarImageSearchResultView/?ctgItemCd=231842227811 HTTP/1.1" 404 1251 "https://blog.newkolkata.in/getidm3391/227811ulgpitems" "Mozilla/5.0 AppleWebKit/537.36 (KHTML, like Gecko; compatible; GPTBot/1.3; +https://openai.com/gptbot)"
74.7.243.248 - - [07/Feb/2026:08:27:05 -0500] "GET /ctg/search/similarImageSearchResultView/?ctgItemCd=111937107995 HTTP/1.1" 404 1251 "https://blog.newkolkata.in/getidm76/107995ulgpitems" "Mozilla/5.0 AppleWebKit/537.36 (KHTML, like Gecko; compatible; GPTBot/1.3; +https://openai.com/gptbot)"
74.7.243.248 - - [07/Feb/2026:08:27:08 -0500] "GET /ctg/search/similarImageSearchResultView/?ctgItemCd=230999227059 HTTP/1.1" 404 1251 "https://blog.newkolkata.in/getidm69/227059tjvfitems" "Mozilla/5.0 AppleWebKit/537.36 (KHTML, like Gecko; compatible; GPTBot/1.3; +https://openai.com/gptbot)"
74.7.243.248 - - [07/Feb/2026:08:27:11 -0500] "GET /ctg/search/similarImageSearchResultView/?ctgItemCd=222423218050 HTTP/1.1" 404 1251 "https://blog.newkolkata.in/items/218050pcywtidm48256.html" "Mozilla/5.0 AppleWebKit/537.36 (KHTML, like Gecko; compatible; GPTBot/1.3; +https://openai.com/gptbot)"
74.7.243.248 - - [07/Feb/2026:08:27:15 -0500] "GET /ctg/search/similarImageSearchResultView/?ctgItemCd=176665172794 HTTP/1.1" 404 1251 "https://blog.newkolkata.in/get/172794cejpitems.htm" "Mozilla/5.0 AppleWebKit/537.36 (KHTML, like Gecko; compatible; GPTBot/1.3; +https://openai.com/gptbot)"
85.208.96.209 - - [07/Feb/2026:08:27:16 -0500] "GET /geti/40299ulgpitems.htm HTTP/1.1" 404 1251 "-" "Mozilla/5.0 (compatible; SemrushBot/7~bl; +http://www.semrush.com/bot.html)"
74.7.243.248 - - [07/Feb/2026:08:27:18 -0500] "GET /ctg/search/similarImageSearchResultView/?ctgItemCd=156170152227 HTTP/1.1" 404 1251 "https://blog.newkolkata.in/getidm96/152227pcywitems" "Mozilla/5.0 AppleWebKit/537.36 (KHTML, like Gecko; compatible; GPTBot/1.3; +https://openai.com/gptbot)"
74.7.243.248 - - [07/Feb/2026:08:27:21 -0500] "GET /ctg/search/similarImageSearchResultView/?ctgItemCd=169333165009 HTTP/1.1" 404 1251 "https://blog.newkolkata.in/getidm310/165009cejpitems.htm" "Mozilla/5.0 AppleWebKit/537.36 (KHTML, like Gecko; compatible; GPTBot/1.3; +https://openai.com/gptbot)"
74.7.243.248 - - [07/Feb/2026:08:27:24 -0500] "GET /ctg/search/similarImageSearchResultView/?ctgItemCd=270921266603 HTTP/1.1" 404 1251 "https://blog.newkolkata.in/items/266603ulgptidm1669.html" "Mozilla/5.0 AppleWebKit/537.36 (KHTML, like Gecko; compatible; GPTBot/1.3; +https://openai.com/gptbot)"
74.7.243.248 - - [07/Feb/2026:08:27:27 -0500] "GET /ctg/search/similarImageSearchResultView/?ctgItemCd=204121199952 HTTP/1.1" 404 1251 "https://blog.newkolkata.in/items/199952ulgptidm5.html" "Mozilla/5.0 AppleWebKit/537.36 (KHTML, like Gecko; compatible; GPTBot/1.3; +https://openai.com/gptbot)"
74.7.243.248 - - [07/Feb/2026:08:27:30 -0500] "GET /ctg/search/similarImageSearchResultView/?ctgItemCd=281754277767 HTTP/1.1" 404 1251 "https://blog.newkolkata.in/geti/277767kairitems.htm" "Mozilla/5.0 AppleWebKit/537.36 (KHTML, like Gecko; compatible; GPTBot/1.3; +https://openai.com/gptbot)"
74.7.243.248 - - [07/Feb/2026:08:27:33 -0500] "GET /ctg/search/similarImageSearchResultView/?ctgItemCd=233394229136 HTTP/1.1" 404 1251 "https://blog.newkolkata.in/items/229136ulgptidm208.html" "Mozilla/5.0 AppleWebKit/537.36 (KHTML, like Gecko; compatible; GPTBot/1.3; +https://openai.com/gptbot)"
74.7.243.248 - - [07/Feb/2026:08:27:36 -0500] "GET /ctg/search/similarImageSearchResultView/?ctgItemCd=203708199974 HTTP/1.1" 404 1251 "https://blog.newkolkata.in/getid/199974tjvfitems" "Mozilla/5.0 AppleWebKit/537.36 (KHTML, like Gecko; compatible; GPTBot/1.3; +https://openai.com/gptbot)"
85.208.96.208 - - [07/Feb/2026:08:27:37 -0500] "GET /geti/65709tjvfitems.htm HTTP/1.1" 404 1251 "-" "Mozilla/5.0 (compatible; SemrushBot/7~bl; +http://www.semrush.com/bot.html)"
74.7.243.248 - - [07/Feb/2026:08:27:40 -0500] "GET /ctg/search/similarImageSearchResultView/?ctgItemCd=257775253741 HTTP/1.1" 404 1251 "https://blog.newkolkata.in/getidm4248/253741ulgpitems" "Mozilla/5.0 AppleWebKit/537.36 (KHTML, like Gecko; compatible; GPTBot/1.3; +https://openai.com/gptbot)"
74.7.243.248 - - [07/Feb/2026:08:27:43 -0500] "GET /ctg/search/similarImageSearchResultView/?ctgItemCd=203953199941 HTTP/1.1" 404 1251 "https://blog.newkolkata.in/geti/199941pcywitems.htm" "Mozilla/5.0 AppleWebKit/537.36 (KHTML, like Gecko; compatible; GPTBot/1.3; +https://openai.com/gptbot)"
74.7.243.248 - - [07/Feb/2026:08:27:46 -0500] "GET /ctg/search/similarImageSearchResultView/?ctgItemCd=219457215550 HTTP/1.1" 404 1251 "https://blog.newkolkata.in/get/215550zslyitems.htm" "Mozilla/5.0 AppleWebKit/537.36 (KHTML, like Gecko; compatible; GPTBot/1.3; +https://openai.com/gptbot)"
74.7.243.248 - - [07/Feb/2026:08:27:49 -0500] "GET /ctg/search/similarImageSearchResultView/?ctgItemCd=281699277704 HTTP/1.1" 404 1251 "https://blog.newkolkata.in/geti/277704ulgpitems.htm" "Mozilla/5.0 AppleWebKit/537.36 (KHTML, like Gecko; compatible; GPTBot/1.3; +https://openai.com/gptbot)"
185.191.171.11 - - [07/Feb/2026:08:27:52 -0500] "GET /get/279768cejpitems.htm HTTP/1.1" 404 1251 "-" "Mozilla/5.0 (compatible; SemrushBot/7~bl; +http://www.semrush.com/bot.html)"
74.7.243.248 - - [07/Feb/2026:08:27:52 -0500] "GET /ctg/search/similarImageSearchResultView/?ctgItemCd=229995226051 HTTP/1.1" 404 1251 "https://blog.newkolkata.in/getidm65/226051mvrvitems" "Mozilla/5.0 AppleWebKit/537.36 (KHTML, like Gecko; compatible; GPTBot/1.3; +https://openai.com/gptbot)"
85.208.96.201 - - [07/Feb/2026:08:27:53 -0500] "GET /ite/277895zslytidm.html HTTP/1.1" 404 1251 "-" "Mozilla/5.0 (compatible; SemrushBot/7~bl; +http://www.semrush.com/bot.html)"
74.7.243.248 - - [07/Feb/2026:08:27:55 -0500] "GET /ctg/search/similarImageSearchResultView/?ctgItemCd=283903279777 HTTP/1.1" 404 1251 "https://blog.newkolkata.in/getid/279777mvrvitems.htm" "Mozilla/5.0 AppleWebKit/537.36 (KHTML, like Gecko; compatible; GPTBot/1.3; +https://openai.com/gptbot)"
74.7.243.248 - - [07/Feb/2026:08:27:58 -0500] "GET /ctg/search/similarImageSearchResultView/?ctgItemCd=192333188349 HTTP/1.1" 404 1251 "https://blog.newkolkata.in/geti/188349kairitems.htm" "Mozilla/5.0 AppleWebKit/537.36 (KHTML, like Gecko; compatible; GPTBot/1.3; +https://openai.com/gptbot)"
74.7.243.248 - - [07/Feb/2026:08:28:01 -0500] "GET /ctg/search/similarImageSearchResultView/?ctgItemCd=211123207413 HTTP/1.1" 404 1251 "https://blog.newkolkata.in/getid/207413ulgpitems" "Mozilla/5.0 AppleWebKit/537.36 (KHTML, like Gecko; compatible; GPTBot/1.3; +https://openai.com/gptbot)"
74.7.243.248 - - [07/Feb/2026:08:28:04 -0500] "GET /ctg/search/similarImageSearchResultView/?ctgItemCd=233398229357 HTTP/1.1" 404 1251 "https://blog.newkolkata.in/getidm7678/229357sejmitems" "Mozilla/5.0 AppleWebKit/537.36 (KHTML, like Gecko; compatible; GPTBot/1.3; +https://openai.com/gptbot)"
74.7.243.248 - - [07/Feb/2026:08:28:08 -0500] "GET /ctg/search/similarImageSearchResultView/?ctgItemCd=284906281000 HTTP/1.1" 404 1251 "https://blog.newkolkata.in/ite/281000kairtidm7.html" "Mozilla/5.0 AppleWebKit/537.36 (KHTML, like Gecko; compatible; GPTBot/1.3; +https://openai.com/gptbot)"
85.208.96.197 - - [07/Feb/2026:08:28:10 -0500] "GET /geti/71551ulgpitems HTTP/1.1" 404 1251 "-" "Mozilla/5.0 (compatible; SemrushBot/7~bl; +http://www.semrush.com/bot.html)"
74.7.243.248 - - [07/Feb/2026:08:28:11 -0500] "GET /ctg/search/similarImageSearchResultView/?ctgItemCd=288863284600 HTTP/1.1" 404 1251 "https://blog.newkolkata.in/items/284600tjvftidm853.html" "Mozilla/5.0 AppleWebKit/537.36 (KHTML, like Gecko; compatible; GPTBot/1.3; +https://openai.com/gptbot)"
85.208.96.202 - - [07/Feb/2026:08:28:11 -0500] "GET /getid/229360jahtitems HTTP/1.1" 404 1251 "-" "Mozilla/5.0 (compatible; SemrushBot/7~bl; +http://www.semrush.com/bot.html)"
74.7.243.248 - - [07/Feb/2026:08:28:14 -0500] "GET /ctg/search/similarImageSearchResultView/?ctgItemCd=222367218330 HTTP/1.1" 404 1251 "https://blog.newkolkata.in/ite/218330tjvftidm575.html" "Mozilla/5.0 AppleWebKit/537.36 (KHTML, like Gecko; compatible; GPTBot/1.3; +https://openai.com/gptbot)"
85.208.96.210 - - [07/Feb/2026:08:28:15 -0500] "GET /getidm7/28522sejmitems HTTP/1.1" 404 1251 "-" "Mozilla/5.0 (compatible; SemrushBot/7~bl; +http://www.semrush.com/bot.html)"
74.7.243.248 - - [07/Feb/2026:08:28:17 -0500] "GET /ctg/search/similarImageSearchResultView/?ctgItemCd=222018217970 HTTP/1.1" 404 1251 "https://blog.newkolkata.in/ite/217970pcywtidm721.html" "Mozilla/5.0 AppleWebKit/537.36 (KHTML, like Gecko; compatible; GPTBot/1.3; +https://openai.com/gptbot)"
74.7.243.248 - - [07/Feb/2026:08:28:20 -0500] "GET /ctg/search/similarImageSearchResultView/?ctgItemCd=208653204449 HTTP/1.1" 404 1251 "https://blog.newkolkata.in/items/204449ulgptidm22.html" "Mozilla/5.0 AppleWebKit/537.36 (KHTML, like Gecko; compatible; GPTBot/1.3; +https://openai.com/gptbot)"
185.191.171.16 - - [07/Feb/2026:08:28:23 -0500] "GET /get/133990zslyitems HTTP/1.1" 404 1251 "-" "Mozilla/5.0 (compatible; SemrushBot/7~bl; +http://www.semrush.com/bot.html)"
74.7.243.248 - - [07/Feb/2026:08:28:23 -0500] "GET /ctg/search/similarImageSearchResultView/?ctgItemCd=111238107268 HTTP/1.1" 404 1251 "https://blog.newkolkata.in/geti/107268cejpitems.htm" "Mozilla/5.0 AppleWebKit/537.36 (KHTML, like Gecko; compatible; GPTBot/1.3; +https://openai.com/gptbot)"
74.7.243.248 - - [07/Feb/2026:08:28:27 -0500] "GET /ctg/search/similarImageSearchResultView/?ctgItemCd=248505244478 HTTP/1.1" 404 1251 "https://blog.newkolkata.in/items/244478zslytid.html" "Mozilla/5.0 AppleWebKit/537.36 (KHTML, like Gecko; compatible; GPTBot/1.3; +https://openai.com/gptbot)"
74.7.243.248 - - [07/Feb/2026:08:28:29 -0500] "GET /ctg/search/similarImageSearchResultView/?ctgItemCd=231172227087 HTTP/1.1" 404 1251 "https://blog.newkolkata.in/items/227087cejptidm.html" "Mozilla/5.0 AppleWebKit/537.36 (KHTML, like Gecko; compatible; GPTBot/1.3; +https://openai.com/gptbot)"
74.7.243.248 - - [07/Feb/2026:08:28:33 -0500] "GET /ctg/search/similarImageSearchResultView/?ctgItemCd=111430107465 HTTP/1.1" 404 1251 "https://blog.newkolkata.in/ite/107465jahttidm24.html" "Mozilla/5.0 AppleWebKit/537.36 (KHTML, like Gecko; compatible; GPTBot/1.3; +https://openai.com/gptbot)"
74.7.243.248 - - [07/Feb/2026:08:28:36 -0500] "GET /ctg/search/similarImageSearchResultView/?ctgItemCd=248283244406 HTTP/1.1" 404 1251 "https://blog.newkolkata.in/item/244406ulgptid.html" "Mozilla/5.0 AppleWebKit/537.36 (KHTML, like Gecko; compatible; GPTBot/1.3; +https://openai.com/gptbot)"
85.208.96.194 - - [07/Feb/2026:08:28:39 -0500] "GET /get/191694pcywitems.htm HTTP/1.1" 404 1251 "-" "Mozilla/5.0 (compatible; SemrushBot/7~bl; +http://www.semrush.com/bot.html)"
74.7.243.248 - - [07/Feb/2026:08:28:39 -0500] "GET /ctg/search/similarImageSearchResultView/?ctgItemCd=211102207163 HTTP/1.1" 404 1251 "https://blog.newkolkata.in/getidm74/207163pcywitems" "Mozilla/5.0 AppleWebKit/537.36 (KHTML, like Gecko; compatible; GPTBot/1.3; +https://openai.com/gptbot)"
74.7.243.248 - - [07/Feb/2026:08:28:42 -0500] "GET /ctg/search/similarImageSearchResultView/?ctgItemCd=221117216968 HTTP/1.1" 404 1251 "https://blog.newkolkata.in/items/216968kairtidm5.html" "Mozilla/5.0 AppleWebKit/537.36 (KHTML, like Gecko; compatible; GPTBot/1.3; +https://openai.com/gptbot)"
85.208.96.204 - - [07/Feb/2026:08:28:43 -0500] "GET /geti/228847sejmitems HTTP/1.1" 404 1251 "-" "Mozilla/5.0 (compatible; SemrushBot/7~bl; +http://www.semrush.com/bot.html)"
185.191.171.11 - - [07/Feb/2026:08:28:45 -0500] "GET /geti/144967pcywitems HTTP/1.1" 404 1251 "-" "Mozilla/5.0 (compatible; SemrushBot/7~bl; +http://www.semrush.com/bot.html)"
74.7.243.248 - - [07/Feb/2026:08:28:46 -0500] "GET /ctg/search/similarImageSearchResultView/?ctgItemCd=274448270397 HTTP/1.1" 404 1251 "https://blog.newkolkata.in/getidm1342/270397mvrvitems" "Mozilla/5.0 AppleWebKit/537.36 (KHTML, like Gecko; compatible; GPTBot/1.3; +https://openai.com/gptbot)"
74.7.243.248 - - [07/Feb/2026:08:28:49 -0500] "GET /ctg/search/similarImageSearchResultView/?ctgItemCd=233317229285 HTTP/1.1" 404 1251 "https://blog.newkolkata.in/getidm7732/229285sejmitems" "Mozilla/5.0 AppleWebKit/537.36 (KHTML, like Gecko; compatible; GPTBot/1.3; +https://openai.com/gptbot)"
74.7.243.248 - - [07/Feb/2026:08:28:52 -0500] "GET /ctg/search/similarImageSearchResultView/?ctgItemCd=111665107480 HTTP/1.1" 404 1251 "https://blog.newkolkata.in/items/107480jahttidm23.html" "Mozilla/5.0 AppleWebKit/537.36 (KHTML, like Gecko; compatible; GPTBot/1.3; +https://openai.com/gptbot)"
185.191.171.13 - - [07/Feb/2026:08:28:54 -0500] "GET /getidm3/181882sejmitems HTTP/1.1" 404 1251 "-" "Mozilla/5.0 (compatible; SemrushBot/7~bl; +http://www.semrush.com/bot.html)"
74.7.243.248 - - [07/Feb/2026:08:28:55 -0500] "GET /ctg/search/similarImageSearchResultView/?ctgItemCd=196711192372 HTTP/1.1" 404 1251 "https://blog.newkolkata.in/getidm655/192372cejpitems.htm" "Mozilla/5.0 AppleWebKit/537.36 (KHTML, like Gecko; compatible; GPTBot/1.3; +https://openai.com/gptbot)"
74.7.243.248 - - [07/Feb/2026:08:28:58 -0500] "GET /ctg/search/similarImageSearchResultView/?ctgItemCd=231002226706 HTTP/1.1" 404 1251 "https://blog.newkolkata.in/items/226706sejmtidm2241.html" "Mozilla/5.0 AppleWebKit/537.36 (KHTML, like Gecko; compatible; GPTBot/1.3; +https://openai.com/gptbot)"
74.7.243.248 - - [07/Feb/2026:08:29:01 -0500] "GET /ctg/search/similarImageSearchResultView/?ctgItemCd=185452180999 HTTP/1.1" 404 1251 "https://blog.newkolkata.in/items/180999zslytidm541624.html" "Mozilla/5.0 AppleWebKit/537.36 (KHTML, like Gecko; compatible; GPTBot/1.3; +https://openai.com/gptbot)"
185.191.171.15 - - [07/Feb/2026:08:29:02 -0500] "GET /getidm88/15331ulgpitems HTTP/1.1" 404 1251 "-" "Mozilla/5.0 (compatible; SemrushBot/7~bl; +http://www.semrush.com/bot.html)"
74.7.243.248 - - [07/Feb/2026:08:29:04 -0500] "GET /ctg/search/similarImageSearchResultView/?ctgItemCd=290777286527 HTTP/1.1" 404 1251 "https://blog.newkolkata.in/getidm5/286527ccoyitems.htm" "Mozilla/5.0 AppleWebKit/537.36 (KHTML, like Gecko; compatible; GPTBot/1.3; +https://openai.com/gptbot)"
85.208.96.208 - - [07/Feb/2026:08:29:07 -0500] "GET /getid/32320mvrvitems HTTP/1.1" 404 1251 "-" "Mozilla/5.0 (compatible; SemrushBot/7~bl; +http://www.semrush.com/bot.html)"
74.7.243.248 - - [07/Feb/2026:08:29:08 -0500] "GET /ctg/search/similarImageSearchResultView/?ctgItemCd=144403140680 HTTP/1.1" 404 1251 "https://blog.newkolkata.in/getid/140680pcywitems" "Mozilla/5.0 AppleWebKit/537.36 (KHTML, like Gecko; compatible; GPTBot/1.3; +https://openai.com/gptbot)"
74.7.243.248 - - [07/Feb/2026:08:29:11 -0500] "GET /ctg/search/similarImageSearchResultView/?ctgItemCd=182333178355 HTTP/1.1" 404 1251 "https://blog.newkolkata.in/item/178355jahttidm.html" "Mozilla/5.0 AppleWebKit/537.36 (KHTML, like Gecko; compatible; GPTBot/1.3; +https://openai.com/gptbot)"
74.7.243.248 - - [07/Feb/2026:08:29:14 -0500] "GET /ctg/search/similarImageSearchResultView/?ctgItemCd=300005295677 HTTP/1.1" 404 1251 "https://blog.newkolkata.in/getidm35/295677pcywitems.htm" "Mozilla/5.0 AppleWebKit/537.36 (KHTML, like Gecko; compatible; GPTBot/1.3; +https://openai.com/gptbot)"
74.7.243.248 - - [07/Feb/2026:08:29:17 -0500] "GET /ctg/search/similarImageSearchResultView/?ctgItemCd=202136198222 HTTP/1.1" 404 1251 "https://blog.newkolkata.in/getidm11/198222ccoyitems" "Mozilla/5.0 AppleWebKit/537.36 (KHTML, like Gecko; compatible; GPTBot/1.3; +https://openai.com/gptbot)"
74.7.243.248 - - [07/Feb/2026:08:29:20 -0500] "GET /ctg/search/similarImageSearchResultView/?ctgItemCd=262742258889 HTTP/1.1" 404 1251 "https://blog.newkolkata.in/getidm/258889pcywitems" "Mozilla/5.0 AppleWebKit/537.36 (KHTML, like Gecko; compatible; GPTBot/1.3; +https://openai.com/gptbot)"
74.7.243.248 - - [07/Feb/2026:08:29:23 -0500] "GET /ctg/search/similarImageSearchResultView/?ctgItemCd=160007156033 HTTP/1.1" 404 1251 "https://blog.newkolkata.in/item/156033ccoytidm.html" "Mozilla/5.0 AppleWebKit/537.36 (KHTML, like Gecko; compatible; GPTBot/1.3; +https://openai.com/gptbot)"
74.7.243.248 - - [07/Feb/2026:08:29:26 -0500] "GET /ctg/search/similarImageSearchResultView/?ctgItemCd=191942188000 HTTP/1.1" 404 1251 "https://blog.newkolkata.in/ite/188000mvrvtidm1.html" "Mozilla/5.0 AppleWebKit/537.36 (KHTML, like Gecko; compatible; GPTBot/1.3; +https://openai.com/gptbot)"
74.7.243.248 - - [07/Feb/2026:08:29:29 -0500] "GET /ctg/search/similarImageSearchResultView/?ctgItemCd=111804107544 HTTP/1.1" 404 1251 "https://blog.newkolkata.in/getidm3/107544pcywitems.htm" "Mozilla/5.0 AppleWebKit/537.36 (KHTML, like Gecko; compatible; GPTBot/1.3; +https://openai.com/gptbot)"
74.7.243.248 - - [07/Feb/2026:08:29:33 -0500] "GET /ctg/search/similarImageSearchResultView/?ctgItemCd=222097217905 HTTP/1.1" 404 1251 "https://blog.newkolkata.in/getidm/217905sejmitems.htm" "Mozilla/5.0 AppleWebKit/537.36 (KHTML, like Gecko; compatible; GPTBot/1.3; +https://openai.com/gptbot)"
74.7.243.248 - - [07/Feb/2026:08:29:36 -0500] "GET /ctg/search/similarImageSearchResultView/?ctgItemCd=235276231111 HTTP/1.1" 404 1251 "https://blog.newkolkata.in/item/231111zslytidm767.html" "Mozilla/5.0 AppleWebKit/537.36 (KHTML, like Gecko; compatible; GPTBot/1.3; +https://openai.com/gptbot)"
74.7.243.248 - - [07/Feb/2026:08:29:39 -0500] "GET /ctg/search/similarImageSearchResultView/?ctgItemCd=146669142775 HTTP/1.1" 404 1251 "https://blog.newkolkata.in/ite/142775pcywtidm.html" "Mozilla/5.0 AppleWebKit/537.36 (KHTML, like Gecko; compatible; GPTBot/1.3; +https://openai.com/gptbot)"
52.167.144.171 - - [07/Feb/2026:08:29:41 -0500] "GET /items/93797ccoytidm.html HTTP/1.1" 404 1251 "-" "Mozilla/5.0 AppleWebKit/537.36 (KHTML, like Gecko; compatible; bingbot/2.0; +http://www.bing.com/bingbot.htm) Chrome/116.0.1938.76 Safari/537.36"
74.7.243.248 - - [07/Feb/2026:08:29:42 -0500] "GET /ctg/search/similarImageSearchResultView/?ctgItemCd=215092211134 HTTP/1.1" 404 1251 "https://blog.newkolkata.in/geti/211134cejpitems.htm" "Mozilla/5.0 AppleWebKit/537.36 (KHTML, like Gecko; compatible; GPTBot/1.3; +https://openai.com/gptbot)"
74.7.243.248 - - [07/Feb/2026:08:29:45 -0500] "GET /ctg/search/similarImageSearchResultView/?ctgItemCd=229842225606 HTTP/1.1" 404 1251 "https://blog.newkolkata.in/getidm7/225606jahtitems.htm" "Mozilla/5.0 AppleWebKit/537.36 (KHTML, like Gecko; compatible; GPTBot/1.3; +https://openai.com/gptbot)"
74.7.243.248 - - [07/Feb/2026:08:29:48 -0500] "GET /ctg/search/similarImageSearchResultView/?ctgItemCd=223522219673 HTTP/1.1" 404 1251 "https://blog.newkolkata.in/getidm/219673mvrvitems" "Mozilla/5.0 AppleWebKit/537.36 (KHTML, like Gecko; compatible; GPTBot/1.3; +https://openai.com/gptbot)"
74.7.243.248 - - [07/Feb/2026:08:29:51 -0500] "GET /ctg/search/similarImageSearchResultView/?ctgItemCd=117001113296 HTTP/1.1" 404 1251 "https://blog.newkolkata.in/getid/113296ccoyitems" "Mozilla/5.0 AppleWebKit/537.36 (KHTML, like Gecko; compatible; GPTBot/1.3; +https://openai.com/gptbot)"
74.7.243.248 - - [07/Feb/2026:08:29:55 -0500] "GET /ctg/search/similarImageSearchResultView/?ctgItemCd=146199142223 HTTP/1.1" 404 1251 "https://blog.newkolkata.in/items/142223ccoytid.html" "Mozilla/5.0 AppleWebKit/537.36 (KHTML, like Gecko; compatible; GPTBot/1.3; +https://openai.com/gptbot)"
74.7.243.248 - - [07/Feb/2026:08:29:58 -0500] "GET /ctg/search/similarImageSearchResultView/?ctgItemCd=109300105554 HTTP/1.1" 404 1251 "https://blog.newkolkata.in/ite/105554cejptid.html" "Mozilla/5.0 AppleWebKit/537.36 (KHTML, like Gecko; compatible; GPTBot/1.3; +https://openai.com/gptbot)"
74.7.243.248 - - [07/Feb/2026:08:30:01 -0500] "GET /ctg/search/similarImageSearchResultView/?ctgItemCd=153555149384 HTTP/1.1" 404 1251 "https://blog.newkolkata.in/items/149384pcywtidm2.html" "Mozilla/5.0 AppleWebKit/537.36 (KHTML, like Gecko; compatible; GPTBot/1.3; +https://openai.com/gptbot)"
74.7.243.248 - - [07/Feb/2026:08:30:04 -0500] "GET /ctg/search/similarImageSearchResultView/?ctgItemCd=222029218054 HTTP/1.1" 404 1251 "https://blog.newkolkata.in/items/218054jahttid.html" "Mozilla/5.0 AppleWebKit/537.36 (KHTML, like Gecko; compatible; GPTBot/1.3; +https://openai.com/gptbot)"
74.7.243.248 - - [07/Feb/2026:08:30:08 -0500] "GET /ctg/search/similarImageSearchResultView/?ctgItemCd=244777240835 HTTP/1.1" 404 1251 "https://blog.newkolkata.in/getidm83/240835pcywitems" "Mozilla/5.0 AppleWebKit/537.36 (KHTML, like Gecko; compatible; GPTBot/1.3; +https://openai.com/gptbot)"
85.208.96.200 - - [07/Feb/2026:08:30:09 -0500] "GET /getidm/169705sejmitems HTTP/1.1" 404 1251 "-" "Mozilla/5.0 (compatible; SemrushBot/7~bl; +http://www.semrush.com/bot.html)"
74.7.243.248 - - [07/Feb/2026:08:30:11 -0500] "GET /ctg/search/similarImageSearchResultView/?ctgItemCd=138367134443 HTTP/1.1" 404 1251 "https://blog.newkolkata.in/getidm34/134443ulgpitems" "Mozilla/5.0 AppleWebKit/537.36 (KHTML, like Gecko; compatible; GPTBot/1.3; +https://openai.com/gptbot)"
74.7.243.248 - - [07/Feb/2026:08:30:14 -0500] "GET /ctg/search/similarImageSearchResultView/?ctgItemCd=293378289444 HTTP/1.1" 404 1251 "https://blog.newkolkata.in/getidm87/289444ccoyitems" "Mozilla/5.0 AppleWebKit/537.36 (KHTML, like Gecko; compatible; GPTBot/1.3; +https://openai.com/gptbot)"
74.7.243.248 - - [07/Feb/2026:08:30:17 -0500] "GET /ctg/search/similarImageSearchResultView/?ctgItemCd=115206111583 HTTP/1.1" 404 1251 "https://blog.newkolkata.in/geti/111583pcywitems" "Mozilla/5.0 AppleWebKit/537.36 (KHTML, like Gecko; compatible; GPTBot/1.3; +https://openai.com/gptbot)"
74.7.243.248 - - [07/Feb/2026:08:30:20 -0500] "GET /ctg/search/similarImageSearchResultView/?ctgItemCd=138173134000 HTTP/1.1" 404 1251 "https://blog.newkolkata.in/items/134000cejptidm19.html" "Mozilla/5.0 AppleWebKit/537.36 (KHTML, like Gecko; compatible; GPTBot/1.3; +https://openai.com/gptbot)"
74.7.243.248 - - [07/Feb/2026:08:30:23 -0500] "GET /ctg/search/similarImageSearchResultView/?ctgItemCd=254622250317 HTTP/1.1" 404 1251 "https://blog.newkolkata.in/getidm48/250317tjvfitems.htm" "Mozilla/5.0 AppleWebKit/537.36 (KHTML, like Gecko; compatible; GPTBot/1.3; +https://openai.com/gptbot)"
185.191.171.16 - - [07/Feb/2026:08:30:26 -0500] "GET /getidm6/216514jahtitems HTTP/1.1" 404 1251 "-" "Mozilla/5.0 (compatible; SemrushBot/7~bl; +http://www.semrush.com/bot.html)"
74.7.243.248 - - [07/Feb/2026:08:30:26 -0500] "GET /ctg/search/similarImageSearchResultView/?ctgItemCd=115940111847 HTTP/1.1" 404 1251 "https://blog.newkolkata.in/items/111847ccoytidm.html" "Mozilla/5.0 AppleWebKit/537.36 (KHTML, like Gecko; compatible; GPTBot/1.3; +https://openai.com/gptbot)"
85.208.96.203 - - [07/Feb/2026:08:30:27 -0500] "GET /geti/286447ccoyitems HTTP/1.1" 404 1251 "-" "Mozilla/5.0 (compatible; SemrushBot/7~bl; +http://www.semrush.com/bot.html)"
