74.7.243.248 - - [07/Feb/2026:11:01:04 -0500] "GET /ctg/search/similarImageSearchResultView/?ctgItemCd=206820202474 HTTP/1.1" 404 1251 "https://blog.newkolkata.in/items/202474kairtidm93533.html" "Mozilla/5.0 AppleWebKit/537.36 (KHTML, like Gecko; compatible; GPTBot/1.3; +https://openai.com/gptbot)"
74.7.243.248 - - [07/Feb/2026:11:01:07 -0500] "GET /ctg/search/similarImageSearchResultView/?ctgItemCd=205797201716 HTTP/1.1" 404 1251 "https://blog.newkolkata.in/ite/201716ulgptidm5343.html" "Mozilla/5.0 AppleWebKit/537.36 (KHTML, like Gecko; compatible; GPTBot/1.3; +https://openai.com/gptbot)"
74.7.243.248 - - [07/Feb/2026:11:01:10 -0500] "GET /ctg/search/similarImageSearchResultView/?ctgItemCd=183496179447 HTTP/1.1" 404 1251 "https://blog.newkolkata.in/getidm8267/179447ulgpitems" "Mozilla/5.0 AppleWebKit/537.36 (KHTML, like Gecko; compatible; GPTBot/1.3; +https://openai.com/gptbot)"
74.7.243.248 - - [07/Feb/2026:11:01:13 -0500] "GET /ctg/search/similarImageSearchResultView/?ctgItemCd=10125997228 HTTP/1.1" 404 1251 "https://blog.newkolkata.in/getid/97228jahtitems.htm" "Mozilla/5.0 AppleWebKit/537.36 (KHTML, like Gecko; compatible; GPTBot/1.3; +https://openai.com/gptbot)"
185.191.171.8 - - [07/Feb/2026:11:01:15 -0500] "GET /item/67391pcywtidm.html HTTP/1.1" 404 1251 "-" "Mozilla/5.0 (compatible; SemrushBot/7~bl; +http://www.semrush.com/bot.html)"
74.7.243.248 - - [07/Feb/2026:11:01:16 -0500] "GET /ctg/search/similarImageSearchResultView/?ctgItemCd=155929152033 HTTP/1.1" 404 1251 "https://blog.newkolkata.in/get/152033mvrvitems.htm" "Mozilla/5.0 AppleWebKit/537.36 (KHTML, like Gecko; compatible; GPTBot/1.3; +https://openai.com/gptbot)"
185.191.171.19 - - [07/Feb/2026:11:01:19 -0500] "GET /get/235479kairitems.htm HTTP/1.1" 404 1251 "-" "Mozilla/5.0 (compatible; SemrushBot/7~bl; +http://www.semrush.com/bot.html)"
74.7.243.248 - - [07/Feb/2026:11:01:20 -0500] "GET /ctg/search/similarImageSearchResultView/?ctgItemCd=244551240817 HTTP/1.1" 404 1251 "https://blog.newkolkata.in/getid/240817mvrvitems" "Mozilla/5.0 AppleWebKit/537.36 (KHTML, like Gecko; compatible; GPTBot/1.3; +https://openai.com/gptbot)"
74.7.243.248 - - [07/Feb/2026:11:01:23 -0500] "GET /ctg/search/similarImageSearchResultView/?ctgItemCd=260920256610 HTTP/1.1" 404 1251 "https://blog.newkolkata.in/items/256610ccoytidm5949.html" "Mozilla/5.0 AppleWebKit/537.36 (KHTML, like Gecko; compatible; GPTBot/1.3; +https://openai.com/gptbot)"
74.7.243.248 - - [07/Feb/2026:11:01:26 -0500] "GET /ctg/search/similarImageSearchResultView/?ctgItemCd=10402299804 HTTP/1.1" 404 1251 "https://blog.newkolkata.in/getidm9/99804tjvfitems.htm" "Mozilla/5.0 AppleWebKit/537.36 (KHTML, like Gecko; compatible; GPTBot/1.3; +https://openai.com/gptbot)"
185.191.171.13 - - [07/Feb/2026:11:01:28 -0500] "GET /item/38351ulgptidm.html HTTP/1.1" 404 1251 "-" "Mozilla/5.0 (compatible; SemrushBot/7~bl; +http://www.semrush.com/bot.html)"
74.7.243.248 - - [07/Feb/2026:11:01:29 -0500] "GET /ctg/search/similarImageSearchResultView/?ctgItemCd=179374175358 HTTP/1.1" 404 1251 "https://blog.newkolkata.in/geti/175358mvrvitems.htm" "Mozilla/5.0 AppleWebKit/537.36 (KHTML, like Gecko; compatible; GPTBot/1.3; +https://openai.com/gptbot)"
74.7.243.248 - - [07/Feb/2026:11:01:32 -0500] "GET /ctg/search/similarImageSearchResultView/?ctgItemCd=263621259721 HTTP/1.1" 404 1251 "https://blog.newkolkata.in/get/259721pcywitems.htm" "Mozilla/5.0 AppleWebKit/537.36 (KHTML, like Gecko; compatible; GPTBot/1.3; +https://openai.com/gptbot)"
74.7.243.248 - - [07/Feb/2026:11:01:36 -0500] "GET /ctg/search/similarImageSearchResultView/?ctgItemCd=169375165018 HTTP/1.1" 404 1251 "https://blog.newkolkata.in/getidm823/165018tjvfitems.htm" "Mozilla/5.0 AppleWebKit/537.36 (KHTML, like Gecko; compatible; GPTBot/1.3; +https://openai.com/gptbot)"
185.191.171.14 - - [07/Feb/2026:11:01:37 -0500] "GET /getidm90/54379pcywitems HTTP/1.1" 404 1251 "-" "Mozilla/5.0 (compatible; SemrushBot/7~bl; +http://www.semrush.com/bot.html)"
74.7.243.248 - - [07/Feb/2026:11:01:39 -0500] "GET /ctg/search/similarImageSearchResultView/?ctgItemCd=237285232844 HTTP/1.1" 404 1251 "https://blog.newkolkata.in/items/232844zslytidm484007.html" "Mozilla/5.0 AppleWebKit/537.36 (KHTML, like Gecko; compatible; GPTBot/1.3; +https://openai.com/gptbot)"
185.191.171.5 - - [07/Feb/2026:11:01:39 -0500] "GET /get/163890cejpitems.htm HTTP/1.1" 404 1251 "-" "Mozilla/5.0 (compatible; SemrushBot/7~bl; +http://www.semrush.com/bot.html)"
74.7.243.248 - - [07/Feb/2026:11:01:42 -0500] "GET /ctg/search/similarImageSearchResultView/?ctgItemCd=239001234654 HTTP/1.1" 404 1251 "https://blog.newkolkata.in/getidm218/234654sejmitems.htm" "Mozilla/5.0 AppleWebKit/537.36 (KHTML, like Gecko; compatible; GPTBot/1.3; +https://openai.com/gptbot)"
74.7.243.248 - - [07/Feb/2026:11:01:45 -0500] "GET /ctg/search/similarImageSearchResultView/?ctgItemCd=281306277065 HTTP/1.1" 404 1251 "https://blog.newkolkata.in/getidm6/277065kairitems.htm" "Mozilla/5.0 AppleWebKit/537.36 (KHTML, like Gecko; compatible; GPTBot/1.3; +https://openai.com/gptbot)"
74.7.243.248 - - [07/Feb/2026:11:01:48 -0500] "GET /ctg/search/similarImageSearchResultView/?ctgItemCd=208371204877 HTTP/1.1" 404 1251 "https://blog.newkolkata.in/get/204877cejpitems" "Mozilla/5.0 AppleWebKit/537.36 (KHTML, like Gecko; compatible; GPTBot/1.3; +https://openai.com/gptbot)"
74.7.243.248 - - [07/Feb/2026:11:01:51 -0500] "GET /ctg/search/similarImageSearchResultView/?ctgItemCd=258291254021 HTTP/1.1" 404 1251 "https://blog.newkolkata.in/item/254021cejptidm770226.html" "Mozilla/5.0 AppleWebKit/537.36 (KHTML, like Gecko; compatible; GPTBot/1.3; +https://openai.com/gptbot)"
85.208.96.201 - - [07/Feb/2026:11:01:54 -0500] "GET /geti/29778sejmitems.htm HTTP/1.1" 404 1251 "-" "Mozilla/5.0 (compatible; SemrushBot/7~bl; +http://www.semrush.com/bot.html)"
74.7.243.248 - - [07/Feb/2026:11:01:54 -0500] "GET /ctg/search/similarImageSearchResultView/?ctgItemCd=183897179885 HTTP/1.1" 404 1251 "https://blog.newkolkata.in/items/179885tjvftid.html" "Mozilla/5.0 AppleWebKit/537.36 (KHTML, like Gecko; compatible; GPTBot/1.3; +https://openai.com/gptbot)"
85.208.96.200 - - [07/Feb/2026:11:01:55 -0500] "GET /geti/144991kairitems HTTP/1.1" 404 1251 "-" "Mozilla/5.0 (compatible; SemrushBot/7~bl; +http://www.semrush.com/bot.html)"
85.208.96.209 - - [07/Feb/2026:11:01:57 -0500] "GET /getidm/128235pcywitems.htm HTTP/1.1" 404 1251 "-" "Mozilla/5.0 (compatible; SemrushBot/7~bl; +http://www.semrush.com/bot.html)"
74.7.243.248 - - [07/Feb/2026:11:01:58 -0500] "GET /ctg/search/similarImageSearchResultView/?ctgItemCd=145516141497 HTTP/1.1" 404 1251 "https://blog.newkolkata.in/ite/141497cejptidm806.html" "Mozilla/5.0 AppleWebKit/537.36 (KHTML, like Gecko; compatible; GPTBot/1.3; +https://openai.com/gptbot)"
74.7.243.248 - - [07/Feb/2026:11:02:01 -0500] "GET /ctg/search/similarImageSearchResultView/?ctgItemCd=123640119507 HTTP/1.1" 404 1251 "https://blog.newkolkata.in/ite/119507sejmtidm61780.html" "Mozilla/5.0 AppleWebKit/537.36 (KHTML, like Gecko; compatible; GPTBot/1.3; +https://openai.com/gptbot)"
74.7.243.248 - - [07/Feb/2026:11:02:04 -0500] "GET /ctg/search/similarImageSearchResultView/?ctgItemCd=266394262419 HTTP/1.1" 404 1251 "https://blog.newkolkata.in/geti/262419jahtitems.htm" "Mozilla/5.0 AppleWebKit/537.36 (KHTML, like Gecko; compatible; GPTBot/1.3; +https://openai.com/gptbot)"
74.7.243.248 - - [07/Feb/2026:11:02:07 -0500] "GET /ctg/search/similarImageSearchResultView/?ctgItemCd=253216249487 HTTP/1.1" 404 1251 "https://blog.newkolkata.in/getid/249487tjvfitems" "Mozilla/5.0 AppleWebKit/537.36 (KHTML, like Gecko; compatible; GPTBot/1.3; +https://openai.com/gptbot)"
74.7.243.248 - - [07/Feb/2026:11:02:10 -0500] "GET /ctg/search/similarImageSearchResultView/?ctgItemCd=293838289906 HTTP/1.1" 404 1251 "https://blog.newkolkata.in/getidm28/289906ccoyitems" "Mozilla/5.0 AppleWebKit/537.36 (KHTML, like Gecko; compatible; GPTBot/1.3; +https://openai.com/gptbot)"
74.7.243.248 - - [07/Feb/2026:11:02:14 -0500] "GET /ctg/search/similarImageSearchResultView/?ctgItemCd=117245113261 HTTP/1.1" 404 1251 "https://blog.newkolkata.in/geti/113261tjvfitems.htm" "Mozilla/5.0 AppleWebKit/537.36 (KHTML, like Gecko; compatible; GPTBot/1.3; +https://openai.com/gptbot)"
74.7.243.248 - - [07/Feb/2026:11:02:17 -0500] "GET /ctg/search/similarImageSearchResultView/?ctgItemCd=258960254768 HTTP/1.1" 404 1251 "https://blog.newkolkata.in/getidm/254768jahtitems.htm" "Mozilla/5.0 AppleWebKit/537.36 (KHTML, like Gecko; compatible; GPTBot/1.3; +https://openai.com/gptbot)"
74.7.243.248 - - [07/Feb/2026:11:02:20 -0500] "GET /ctg/search/similarImageSearchResultView/?ctgItemCd=158764154707 HTTP/1.1" 404 1251 "https://blog.newkolkata.in/getidm7931/154707mvrvitems" "Mozilla/5.0 AppleWebKit/537.36 (KHTML, like Gecko; compatible; GPTBot/1.3; +https://openai.com/gptbot)"
74.7.243.248 - - [07/Feb/2026:11:02:23 -0500] "GET /ctg/search/similarImageSearchResultView/?ctgItemCd=258398254288 HTTP/1.1" 404 1251 "https://blog.newkolkata.in/item/254288pcywtidm53.html" "Mozilla/5.0 AppleWebKit/537.36 (KHTML, like Gecko; compatible; GPTBot/1.3; +https://openai.com/gptbot)"
74.7.243.248 - - [07/Feb/2026:11:02:26 -0500] "GET /ctg/search/similarImageSearchResultView/?ctgItemCd=249267245169 HTTP/1.1" 404 1251 "https://blog.newkolkata.in/items/245169ccoytidm.html" "Mozilla/5.0 AppleWebKit/537.36 (KHTML, like Gecko; compatible; GPTBot/1.3; +https://openai.com/gptbot)"
74.7.243.248 - - [07/Feb/2026:11:02:29 -0500] "GET /ctg/search/similarImageSearchResultView/?ctgItemCd=261595257244 HTTP/1.1" 404 1251 "https://blog.newkolkata.in/getidm618/257244sejmitems.htm" "Mozilla/5.0 AppleWebKit/537.36 (KHTML, like Gecko; compatible; GPTBot/1.3; +https://openai.com/gptbot)"
74.7.243.248 - - [07/Feb/2026:11:02:33 -0500] "GET /ctg/search/similarImageSearchResultView/?ctgItemCd=209896206036 HTTP/1.1" 404 1251 "https://blog.newkolkata.in/getidm2/206036sejmitems" "Mozilla/5.0 AppleWebKit/537.36 (KHTML, like Gecko; compatible; GPTBot/1.3; +https://openai.com/gptbot)"
74.7.243.248 - - [07/Feb/2026:11:02:36 -0500] "GET /ctg/search/similarImageSearchResultView/?ctgItemCd=252843248947 HTTP/1.1" 404 1251 "https://blog.newkolkata.in/getidm1/248947pcywitems" "Mozilla/5.0 AppleWebKit/537.36 (KHTML, like Gecko; compatible; GPTBot/1.3; +https://openai.com/gptbot)"
85.208.96.211 - - [07/Feb/2026:11:02:36 -0500] "GET /geti/14695ccoyitems HTTP/1.1" 404 1251 "-" "Mozilla/5.0 (compatible; SemrushBot/7~bl; +http://www.semrush.com/bot.html)"
74.7.243.248 - - [07/Feb/2026:11:02:39 -0500] "GET /ctg/search/similarImageSearchResultView/?ctgItemCd=240052235933 HTTP/1.1" 404 1251 "https://blog.newkolkata.in/getid/235933zslyitems.htm" "Mozilla/5.0 AppleWebKit/537.36 (KHTML, like Gecko; compatible; GPTBot/1.3; +https://openai.com/gptbot)"
85.208.96.200 - - [07/Feb/2026:11:02:40 -0500] "GET /geti/92551cejpitems HTTP/1.1" 404 1251 "-" "Mozilla/5.0 (compatible; SemrushBot/7~bl; +http://www.semrush.com/bot.html)"
74.7.243.248 - - [07/Feb/2026:11:02:42 -0500] "GET /ctg/search/similarImageSearchResultView/?ctgItemCd=268212263920 HTTP/1.1" 404 1251 "https://blog.newkolkata.in/items/263920zslytidm775.html" "Mozilla/5.0 AppleWebKit/537.36 (KHTML, like Gecko; compatible; GPTBot/1.3; +https://openai.com/gptbot)"
74.7.243.248 - - [07/Feb/2026:11:02:45 -0500] "GET /ctg/search/similarImageSearchResultView/?ctgItemCd=176618172902 HTTP/1.1" 404 1251 "https://blog.newkolkata.in/getid/172902tjvfitems" "Mozilla/5.0 AppleWebKit/537.36 (KHTML, like Gecko; compatible; GPTBot/1.3; +https://openai.com/gptbot)"
74.7.243.248 - - [07/Feb/2026:11:02:48 -0500] "GET /ctg/search/similarImageSearchResultView/?ctgItemCd=152480148502 HTTP/1.1" 404 1251 "https://blog.newkolkata.in/getidm138/148502ulgpitems" "Mozilla/5.0 AppleWebKit/537.36 (KHTML, like Gecko; compatible; GPTBot/1.3; +https://openai.com/gptbot)"
74.7.243.248 - - [07/Feb/2026:11:02:52 -0500] "GET /ctg/search/similarImageSearchResultView/?ctgItemCd=249357245105 HTTP/1.1" 404 1251 "https://blog.newkolkata.in/items/245105sejmtidm595.html" "Mozilla/5.0 AppleWebKit/537.36 (KHTML, like Gecko; compatible; GPTBot/1.3; +https://openai.com/gptbot)"
74.7.243.248 - - [07/Feb/2026:11:02:55 -0500] "GET /ctg/search/similarImageSearchResultView/?ctgItemCd=145090140810 HTTP/1.1" 404 1251 "https://blog.newkolkata.in/items/140810jahttidm1603.html" "Mozilla/5.0 AppleWebKit/537.36 (KHTML, like Gecko; compatible; GPTBot/1.3; +https://openai.com/gptbot)"
74.7.243.248 - - [07/Feb/2026:11:02:58 -0500] "GET /ctg/search/similarImageSearchResultView/?ctgItemCd=291325287310 HTTP/1.1" 404 1251 "https://blog.newkolkata.in/geti/287310zslyitems.htm" "Mozilla/5.0 AppleWebKit/537.36 (KHTML, like Gecko; compatible; GPTBot/1.3; +https://openai.com/gptbot)"
85.208.96.201 - - [07/Feb/2026:11:03:00 -0500] "GET /get/247638sejmitems.htm HTTP/1.1" 404 1251 "-" "Mozilla/5.0 (compatible; SemrushBot/7~bl; +http://www.semrush.com/bot.html)"
74.7.243.248 - - [07/Feb/2026:11:03:01 -0500] "GET /ctg/search/similarImageSearchResultView/?ctgItemCd=201617197998 HTTP/1.1" 404 1251 "https://blog.newkolkata.in/geti/197998jahtitems" "Mozilla/5.0 AppleWebKit/537.36 (KHTML, like Gecko; compatible; GPTBot/1.3; +https://openai.com/gptbot)"
74.7.243.248 - - [07/Feb/2026:11:03:04 -0500] "GET /ctg/search/similarImageSearchResultView/?ctgItemCd=270064266528 HTTP/1.1" 404 1251 "https://blog.newkolkata.in/get/266528mvrvitems" "Mozilla/5.0 AppleWebKit/537.36 (KHTML, like Gecko; compatible; GPTBot/1.3; +https://openai.com/gptbot)"
74.7.243.248 - - [07/Feb/2026:11:03:07 -0500] "GET /ctg/search/similarImageSearchResultView/?ctgItemCd=203328198954 HTTP/1.1" 404 1251 "https://blog.newkolkata.in/getidm359/198954ulgpitems.htm" "Mozilla/5.0 AppleWebKit/537.36 (KHTML, like Gecko; compatible; GPTBot/1.3; +https://openai.com/gptbot)"
74.7.243.248 - - [07/Feb/2026:11:03:11 -0500] "GET /ctg/search/similarImageSearchResultView/?ctgItemCd=160267156264 HTTP/1.1" 404 1251 "https://blog.newkolkata.in/geti/156264pcywitems.htm" "Mozilla/5.0 AppleWebKit/537.36 (KHTML, like Gecko; compatible; GPTBot/1.3; +https://openai.com/gptbot)"
74.7.243.248 - - [07/Feb/2026:11:03:14 -0500] "GET /ctg/search/similarImageSearchResultView/?ctgItemCd=253680250189 HTTP/1.1" 404 1251 "https://blog.newkolkata.in/get/250189cejpitems" "Mozilla/5.0 AppleWebKit/537.36 (KHTML, like Gecko; compatible; GPTBot/1.3; +https://openai.com/gptbot)"
185.191.171.2 - - [07/Feb/2026:11:03:16 -0500] "GET /item/1376ulgptidm6.html HTTP/1.1" 404 1251 "-" "Mozilla/5.0 (compatible; SemrushBot/7~bl; +http://www.semrush.com/bot.html)"
74.7.243.248 - - [07/Feb/2026:11:03:17 -0500] "GET /ctg/search/similarImageSearchResultView/?ctgItemCd=238543234134 HTTP/1.1" 404 1251 "https://blog.newkolkata.in/items/234134ulgptidm540572.html" "Mozilla/5.0 AppleWebKit/537.36 (KHTML, like Gecko; compatible; GPTBot/1.3; +https://openai.com/gptbot)"
74.7.243.248 - - [07/Feb/2026:11:03:20 -0500] "GET /ctg/search/similarImageSearchResultView/?ctgItemCd=116328112324 HTTP/1.1" 404 1251 "https://blog.newkolkata.in/getidm6616/112324cejpitems" "Mozilla/5.0 AppleWebKit/537.36 (KHTML, like Gecko; compatible; GPTBot/1.3; +https://openai.com/gptbot)"
74.7.243.248 - - [07/Feb/2026:11:03:23 -0500] "GET /ctg/search/similarImageSearchResultView/?ctgItemCd=189427185212 HTTP/1.1" 404 1251 "https://blog.newkolkata.in/getidm/185212mvrvitems.htm" "Mozilla/5.0 AppleWebKit/537.36 (KHTML, like Gecko; compatible; GPTBot/1.3; +https://openai.com/gptbot)"
74.7.243.248 - - [07/Feb/2026:11:03:26 -0500] "GET /ctg/search/similarImageSearchResultView/?ctgItemCd=261558257316 HTTP/1.1" 404 1251 "https://blog.newkolkata.in/items/257316cejptidm951.html" "Mozilla/5.0 AppleWebKit/537.36 (KHTML, like Gecko; compatible; GPTBot/1.3; +https://openai.com/gptbot)"
74.7.243.248 - - [07/Feb/2026:11:03:29 -0500] "GET /ctg/search/similarImageSearchResultView/?ctgItemCd=212755208680 HTTP/1.1" 404 1251 "https://blog.newkolkata.in/getid/208680kairitems.htm" "Mozilla/5.0 AppleWebKit/537.36 (KHTML, like Gecko; compatible; GPTBot/1.3; +https://openai.com/gptbot)"
74.7.243.248 - - [07/Feb/2026:11:03:32 -0500] "GET /ctg/search/similarImageSearchResultView/?ctgItemCd=168277163964 HTTP/1.1" 404 1251 "https://blog.newkolkata.in/items/163964ulgptidm9200.html" "Mozilla/5.0 AppleWebKit/537.36 (KHTML, like Gecko; compatible; GPTBot/1.3; +https://openai.com/gptbot)"
74.7.243.248 - - [07/Feb/2026:11:03:35 -0500] "GET /ctg/search/similarImageSearchResultView/?ctgItemCd=216180212479 HTTP/1.1" 404 1251 "https://blog.newkolkata.in/getid/212479jahtitems" "Mozilla/5.0 AppleWebKit/537.36 (KHTML, like Gecko; compatible; GPTBot/1.3; +https://openai.com/gptbot)"
74.7.243.248 - - [07/Feb/2026:11:03:39 -0500] "GET /ctg/search/similarImageSearchResultView/?ctgItemCd=156819152550 HTTP/1.1" 404 1251 "https://blog.newkolkata.in/getidm7/152550mvrvitems.htm" "Mozilla/5.0 AppleWebKit/537.36 (KHTML, like Gecko; compatible; GPTBot/1.3; +https://openai.com/gptbot)"
85.208.96.208 - - [07/Feb/2026:11:03:39 -0500] "GET /getidm/300577kairitems HTTP/1.1" 404 1251 "-" "Mozilla/5.0 (compatible; SemrushBot/7~bl; +http://www.semrush.com/bot.html)"
74.7.243.248 - - [07/Feb/2026:11:03:42 -0500] "GET /ctg/search/similarImageSearchResultView/?ctgItemCd=133007129469 HTTP/1.1" 404 1251 "https://blog.newkolkata.in/get/129469mvrvitems" "Mozilla/5.0 AppleWebKit/537.36 (KHTML, like Gecko; compatible; GPTBot/1.3; +https://openai.com/gptbot)"
74.7.243.248 - - [07/Feb/2026:11:03:45 -0500] "GET /ctg/search/similarImageSearchResultView/?ctgItemCd=259035254690 HTTP/1.1" 404 1251 "https://blog.newkolkata.in/items/254690zslytidm1397.html" "Mozilla/5.0 AppleWebKit/537.36 (KHTML, like Gecko; compatible; GPTBot/1.3; +https://openai.com/gptbot)"
74.7.243.248 - - [07/Feb/2026:11:03:48 -0500] "GET /ctg/search/similarImageSearchResultView/?ctgItemCd=184990181133 HTTP/1.1" 404 1251 "https://blog.newkolkata.in/item/181133jahttid.html" "Mozilla/5.0 AppleWebKit/537.36 (KHTML, like Gecko; compatible; GPTBot/1.3; +https://openai.com/gptbot)"
74.7.243.248 - - [07/Feb/2026:11:03:51 -0500] "GET /ctg/search/similarImageSearchResultView/?ctgItemCd=119607115413 HTTP/1.1" 404 1251 "https://blog.newkolkata.in/getidm/115413tjvfitems.htm" "Mozilla/5.0 AppleWebKit/537.36 (KHTML, like Gecko; compatible; GPTBot/1.3; +https://openai.com/gptbot)"
74.7.243.248 - - [07/Feb/2026:11:03:55 -0500] "GET /ctg/search/similarImageSearchResultView/?ctgItemCd=204456200361 HTTP/1.1" 404 1251 "https://blog.newkolkata.in/items/200361tjvftidm.html" "Mozilla/5.0 AppleWebKit/537.36 (KHTML, like Gecko; compatible; GPTBot/1.3; +https://openai.com/gptbot)"
74.7.243.248 - - [07/Feb/2026:11:03:58 -0500] "GET /ctg/search/similarImageSearchResultView/?ctgItemCd=152957149101 HTTP/1.1" 404 1251 "https://blog.newkolkata.in/ite/149101kairtidm.html" "Mozilla/5.0 AppleWebKit/537.36 (KHTML, like Gecko; compatible; GPTBot/1.3; +https://openai.com/gptbot)"
185.191.171.4 - - [07/Feb/2026:11:04:00 -0500] "GET /get/86064pcywitems.htm HTTP/1.1" 404 1251 "-" "Mozilla/5.0 (compatible; SemrushBot/7~bl; +http://www.semrush.com/bot.html)"
74.7.243.248 - - [07/Feb/2026:11:04:01 -0500] "GET /ctg/search/similarImageSearchResultView/?ctgItemCd=172017168038 HTTP/1.1" 404 1251 "https://blog.newkolkata.in/getidm556/168038sejmitems" "Mozilla/5.0 AppleWebKit/537.36 (KHTML, like Gecko; compatible; GPTBot/1.3; +https://openai.com/gptbot)"
74.7.243.248 - - [07/Feb/2026:11:04:04 -0500] "GET /ctg/search/similarImageSearchResultView/?ctgItemCd=213087209006 HTTP/1.1" 404 1251 "https://blog.newkolkata.in/items/209006jahttidm.html" "Mozilla/5.0 AppleWebKit/537.36 (KHTML, like Gecko; compatible; GPTBot/1.3; +https://openai.com/gptbot)"
74.7.243.248 - - [07/Feb/2026:11:04:07 -0500] "GET /ctg/search/similarImageSearchResultView/?ctgItemCd=149079145162 HTTP/1.1" 404 1251 "https://blog.newkolkata.in/getidm73/145162ccoyitems" "Mozilla/5.0 AppleWebKit/537.36 (KHTML, like Gecko; compatible; GPTBot/1.3; +https://openai.com/gptbot)"
85.208.96.209 - - [07/Feb/2026:11:04:10 -0500] "GET /get/270574cejpitems HTTP/1.1" 404 1251 "-" "Mozilla/5.0 (compatible; SemrushBot/7~bl; +http://www.semrush.com/bot.html)"
74.7.243.248 - - [07/Feb/2026:11:04:10 -0500] "GET /ctg/search/similarImageSearchResultView/?ctgItemCd=210737206789 HTTP/1.1" 404 1251 "https://blog.newkolkata.in/getidm16/206789pcywitems" "Mozilla/5.0 AppleWebKit/537.36 (KHTML, like Gecko; compatible; GPTBot/1.3; +https://openai.com/gptbot)"
74.7.243.248 - - [07/Feb/2026:11:04:13 -0500] "GET /ctg/search/similarImageSearchResultView/?ctgItemCd=217153213293 HTTP/1.1" 404 1251 "https://blog.newkolkata.in/item/213293jahttid.html" "Mozilla/5.0 AppleWebKit/537.36 (KHTML, like Gecko; compatible; GPTBot/1.3; +https://openai.com/gptbot)"
185.191.171.9 - - [07/Feb/2026:11:04:15 -0500] "GET /get/62686pcywitems HTTP/1.1" 404 1251 "-" "Mozilla/5.0 (compatible; SemrushBot/7~bl; +http://www.semrush.com/bot.html)"
74.7.243.248 - - [07/Feb/2026:11:04:17 -0500] "GET /ctg/search/similarImageSearchResultView/?ctgItemCd=10155797487 HTTP/1.1" 404 1251 "https://blog.newkolkata.in/items/97487tjvftidm.html" "Mozilla/5.0 AppleWebKit/537.36 (KHTML, like Gecko; compatible; GPTBot/1.3; +https://openai.com/gptbot)"
85.208.96.212 - - [07/Feb/2026:11:04:17 -0500] "GET /getidm95/99187cejpitems HTTP/1.1" 404 1251 "-" "Mozilla/5.0 (compatible; SemrushBot/7~bl; +http://www.semrush.com/bot.html)"
74.7.243.248 - - [07/Feb/2026:11:04:20 -0500] "GET /ctg/search/similarImageSearchResultView/?ctgItemCd=109950105848 HTTP/1.1" 404 1251 "https://blog.newkolkata.in/item/105848ulgptidm59.html" "Mozilla/5.0 AppleWebKit/537.36 (KHTML, like Gecko; compatible; GPTBot/1.3; +https://openai.com/gptbot)"
185.191.171.18 - - [07/Feb/2026:11:04:22 -0500] "GET /get/258862ccoyitems HTTP/1.1" 404 1251 "-" "Mozilla/5.0 (compatible; SemrushBot/7~bl; +http://www.semrush.com/bot.html)"
74.7.243.248 - - [07/Feb/2026:11:04:23 -0500] "GET /ctg/search/similarImageSearchResultView/?ctgItemCd=112938109068 HTTP/1.1" 404 1251 "https://blog.newkolkata.in/get/109068kairitems.htm" "Mozilla/5.0 AppleWebKit/537.36 (KHTML, like Gecko; compatible; GPTBot/1.3; +https://openai.com/gptbot)"
74.7.243.248 - - [07/Feb/2026:11:04:26 -0500] "GET /ctg/search/similarImageSearchResultView/?ctgItemCd=269124265218 HTTP/1.1" 404 1251 "https://blog.newkolkata.in/get/265218mvrvitems.htm" "Mozilla/5.0 AppleWebKit/537.36 (KHTML, like Gecko; compatible; GPTBot/1.3; +https://openai.com/gptbot)"
74.7.243.248 - - [07/Feb/2026:11:04:29 -0500] "GET /ctg/search/similarImageSearchResultView/?ctgItemCd=280232276235 HTTP/1.1" 404 1251 "https://blog.newkolkata.in/getidm645/276235pcywitems" "Mozilla/5.0 AppleWebKit/537.36 (KHTML, like Gecko; compatible; GPTBot/1.3; +https://openai.com/gptbot)"
74.7.243.248 - - [07/Feb/2026:11:04:32 -0500] "GET /ctg/search/similarImageSearchResultView/?ctgItemCd=218336214356 HTTP/1.1" 404 1251 "https://blog.newkolkata.in/geti/214356sejmitems.htm" "Mozilla/5.0 AppleWebKit/537.36 (KHTML, like Gecko; compatible; GPTBot/1.3; +https://openai.com/gptbot)"
74.7.243.248 - - [07/Feb/2026:11:04:35 -0500] "GET /ctg/search/similarImageSearchResultView/?ctgItemCd=269580265586 HTTP/1.1" 404 1251 "https://blog.newkolkata.in/ite/265586ulgptidm27.html" "Mozilla/5.0 AppleWebKit/537.36 (KHTML, like Gecko; compatible; GPTBot/1.3; +https://openai.com/gptbot)"
85.208.96.199 - - [07/Feb/2026:11:04:38 -0500] "GET /getidm52/76099pcywitems HTTP/1.1" 404 1251 "-" "Mozilla/5.0 (compatible; SemrushBot/7~bl; +http://www.semrush.com/bot.html)"
74.7.243.248 - - [07/Feb/2026:11:04:39 -0500] "GET /ctg/search/similarImageSearchResultView/?ctgItemCd=209876206383 HTTP/1.1" 404 1251 "https://blog.newkolkata.in/get/206383kairitems" "Mozilla/5.0 AppleWebKit/537.36 (KHTML, like Gecko; compatible; GPTBot/1.3; +https://openai.com/gptbot)"
74.7.243.248 - - [07/Feb/2026:11:04:42 -0500] "GET /ctg/search/similarImageSearchResultView/?ctgItemCd=240332236458 HTTP/1.1" 404 1251 "https://blog.newkolkata.in/getidm6/236458ccoyitems" "Mozilla/5.0 AppleWebKit/537.36 (KHTML, like Gecko; compatible; GPTBot/1.3; +https://openai.com/gptbot)"
74.7.243.248 - - [07/Feb/2026:11:04:45 -0500] "GET /ctg/search/similarImageSearchResultView/?ctgItemCd=192877189020 HTTP/1.1" 404 1251 "https://blog.newkolkata.in/getidm4/189020kairitems" "Mozilla/5.0 AppleWebKit/537.36 (KHTML, like Gecko; compatible; GPTBot/1.3; +https://openai.com/gptbot)"
74.7.243.248 - - [07/Feb/2026:11:04:48 -0500] "GET /ctg/search/similarImageSearchResultView/?ctgItemCd=197410193342 HTTP/1.1" 404 1251 "https://blog.newkolkata.in/item/193342zslytidm6.html" "Mozilla/5.0 AppleWebKit/537.36 (KHTML, like Gecko; compatible; GPTBot/1.3; +https://openai.com/gptbot)"
74.7.243.248 - - [07/Feb/2026:11:04:51 -0500] "GET /ctg/search/similarImageSearchResultView/?ctgItemCd=279449275267 HTTP/1.1" 404 1251 "https://blog.newkolkata.in/item/275267zslytidm845.html" "Mozilla/5.0 AppleWebKit/537.36 (KHTML, like Gecko; compatible; GPTBot/1.3; +https://openai.com/gptbot)"
74.7.243.248 - - [07/Feb/2026:11:04:54 -0500] "GET /ctg/search/similarImageSearchResultView/?ctgItemCd=128349124272 HTTP/1.1" 404 1251 "https://blog.newkolkata.in/getid/124272sejmitems.htm" "Mozilla/5.0 AppleWebKit/537.36 (KHTML, like Gecko; compatible; GPTBot/1.3; +https://openai.com/gptbot)"
74.7.243.248 - - [07/Feb/2026:11:04:58 -0500] "GET /ctg/search/similarImageSearchResultView/?ctgItemCd=160628156691 HTTP/1.1" 404 1251 "https://blog.newkolkata.in/getidm54/156691tjvfitems" "Mozilla/5.0 AppleWebKit/537.36 (KHTML, like Gecko; compatible; GPTBot/1.3; +https://openai.com/gptbot)"
74.7.243.248 - - [07/Feb/2026:11:05:01 -0500] "GET /ctg/search/similarImageSearchResultView/?ctgItemCd=183053179131 HTTP/1.1" 404 1251 "https://blog.newkolkata.in/getidm92/179131sejmitems" "Mozilla/5.0 AppleWebKit/537.36 (KHTML, like Gecko; compatible; GPTBot/1.3; +https://openai.com/gptbot)"
74.7.243.248 - - [07/Feb/2026:11:05:04 -0500] "GET /ctg/search/similarImageSearchResultView/?ctgItemCd=134903131412 HTTP/1.1" 404 1251 "https://blog.newkolkata.in/get/131412sejmitems" "Mozilla/5.0 AppleWebKit/537.36 (KHTML, like Gecko; compatible; GPTBot/1.3; +https://openai.com/gptbot)"
85.208.96.197 - - [07/Feb/2026:11:05:04 -0500] "GET /getidm/184515kairitems.htm HTTP/1.1" 404 1251 "-" "Mozilla/5.0 (compatible; SemrushBot/7~bl; +http://www.semrush.com/bot.html)"
74.7.243.248 - - [07/Feb/2026:11:05:08 -0500] "GET /ctg/search/similarImageSearchResultView/?ctgItemCd=219076215383 HTTP/1.1" 404 1251 "https://blog.newkolkata.in/getid/215383cejpitems" "Mozilla/5.0 AppleWebKit/537.36 (KHTML, like Gecko; compatible; GPTBot/1.3; +https://openai.com/gptbot)"
74.7.243.248 - - [07/Feb/2026:11:05:10 -0500] "GET /ctg/search/similarImageSearchResultView/?ctgItemCd=243255238820 HTTP/1.1" 404 1251 "https://blog.newkolkata.in/items/238820mvrvtidm701709.html" "Mozilla/5.0 AppleWebKit/537.36 (KHTML, like Gecko; compatible; GPTBot/1.3; +https://openai.com/gptbot)"
74.7.243.248 - - [07/Feb/2026:11:05:13 -0500] "GET /ctg/search/similarImageSearchResultView/?ctgItemCd=282675278745 HTTP/1.1" 404 1251 "https://blog.newkolkata.in/getidm26/278745sejmitems" "Mozilla/5.0 AppleWebKit/537.36 (KHTML, like Gecko; compatible; GPTBot/1.3; +https://openai.com/gptbot)"
85.208.96.200 - - [07/Feb/2026:11:05:16 -0500] "GET /get/6502cejpitems HTTP/1.1" 404 1251 "-" "Mozilla/5.0 (compatible; SemrushBot/7~bl; +http://www.semrush.com/bot.html)"
74.7.243.248 - - [07/Feb/2026:11:05:16 -0500] "GET /ctg/search/similarImageSearchResultView/?ctgItemCd=208583204865 HTTP/1.1" 404 1251 "https://blog.newkolkata.in/getid/204865ulgpitems" "Mozilla/5.0 AppleWebKit/537.36 (KHTML, like Gecko; compatible; GPTBot/1.3; +https://openai.com/gptbot)"
74.7.243.248 - - [07/Feb/2026:11:05:20 -0500] "GET /ctg/search/similarImageSearchResultView/?ctgItemCd=180949176739 HTTP/1.1" 404 1251 "https://blog.newkolkata.in/items/176739ccoytidm64.html" "Mozilla/5.0 AppleWebKit/537.36 (KHTML, like Gecko; compatible; GPTBot/1.3; +https://openai.com/gptbot)"
74.7.243.248 - - [07/Feb/2026:11:05:23 -0500] "GET /ctg/search/similarImageSearchResultView/?ctgItemCd=163266159243 HTTP/1.1" 404 1251 "https://blog.newkolkata.in/getidm6772/159243jahtitems" "Mozilla/5.0 AppleWebKit/537.36 (KHTML, like Gecko; compatible; GPTBot/1.3; +https://openai.com/gptbot)"
74.7.243.248 - - [07/Feb/2026:11:05:26 -0500] "GET /ctg/search/similarImageSearchResultView/?ctgItemCd=153651150132 HTTP/1.1" 404 1251 "https://blog.newkolkata.in/get/150132mvrvitems" "Mozilla/5.0 AppleWebKit/537.36 (KHTML, like Gecko; compatible; GPTBot/1.3; +https://openai.com/gptbot)"
74.7.243.248 - - [07/Feb/2026:11:05:29 -0500] "GET /ctg/search/similarImageSearchResultView/?ctgItemCd=203923199537 HTTP/1.1" 404 1251 "https://blog.newkolkata.in/getidm309/199537mvrvitems.htm" "Mozilla/5.0 AppleWebKit/537.36 (KHTML, like Gecko; compatible; GPTBot/1.3; +https://openai.com/gptbot)"
85.208.96.212 - - [07/Feb/2026:11:05:29 -0500] "GET /item/197006zslytid.html HTTP/1.1" 404 1251 "-" "Mozilla/5.0 (compatible; SemrushBot/7~bl; +http://www.semrush.com/bot.html)"
74.7.243.248 - - [07/Feb/2026:11:05:32 -0500] "GET /ctg/search/similarImageSearchResultView/?ctgItemCd=208424204586 HTTP/1.1" 404 1251 "https://blog.newkolkata.in/getidm/204586pcywitems" "Mozilla/5.0 AppleWebKit/537.36 (KHTML, like Gecko; compatible; GPTBot/1.3; +https://openai.com/gptbot)"
74.7.243.248 - - [07/Feb/2026:11:05:35 -0500] "GET /ctg/search/similarImageSearchResultView/?ctgItemCd=175627171269 HTTP/1.1" 404 1251 "https://blog.newkolkata.in/items/171269ccoytidm34149.html" "Mozilla/5.0 AppleWebKit/537.36 (KHTML, like Gecko; compatible; GPTBot/1.3; +https://openai.com/gptbot)"
185.191.171.1 - - [07/Feb/2026:11:05:35 -0500] "GET /getidm4/198010mvrvitems HTTP/1.1" 404 1251 "-" "Mozilla/5.0 (compatible; SemrushBot/7~bl; +http://www.semrush.com/bot.html)"
74.7.243.248 - - [07/Feb/2026:11:05:38 -0500] "GET /ctg/search/similarImageSearchResultView/?ctgItemCd=211227207361 HTTP/1.1" 404 1251 "https://blog.newkolkata.in/getidm7/207361ccoyitems" "Mozilla/5.0 AppleWebKit/537.36 (KHTML, like Gecko; compatible; GPTBot/1.3; +https://openai.com/gptbot)"
74.7.243.248 - - [07/Feb/2026:11:05:42 -0500] "GET /ctg/search/similarImageSearchResultView/?ctgItemCd=228536224723 HTTP/1.1" 404 1251 "https://blog.newkolkata.in/getidm/224723sejmitems" "Mozilla/5.0 AppleWebKit/537.36 (KHTML, like Gecko; compatible; GPTBot/1.3; +https://openai.com/gptbot)"
74.7.243.248 - - [07/Feb/2026:11:05:45 -0500] "GET /ctg/search/similarImageSearchResultView/?ctgItemCd=136005131975 HTTP/1.1" 404 1251 "https://blog.newkolkata.in/getidm8973/131975jahtitems" "Mozilla/5.0 AppleWebKit/537.36 (KHTML, like Gecko; compatible; GPTBot/1.3; +https://openai.com/gptbot)"
74.7.243.248 - - [07/Feb/2026:11:05:48 -0500] "GET /ctg/search/similarImageSearchResultView/?ctgItemCd=207265203435 HTTP/1.1" 404 1251 "https://blog.newkolkata.in/getidm/203435pcywitems" "Mozilla/5.0 AppleWebKit/537.36 (KHTML, like Gecko; compatible; GPTBot/1.3; +https://openai.com/gptbot)"
74.7.243.248 - - [07/Feb/2026:11:05:51 -0500] "GET /ctg/search/similarImageSearchResultView/?ctgItemCd=130172126297 HTTP/1.1" 404 1251 "https://blog.newkolkata.in/ite/126297sejmtidm.html" "Mozilla/5.0 AppleWebKit/537.36 (KHTML, like Gecko; compatible; GPTBot/1.3; +https://openai.com/gptbot)"
74.7.243.248 - - [07/Feb/2026:11:05:54 -0500] "GET /ctg/search/similarImageSearchResultView/?ctgItemCd=284421280185 HTTP/1.1" 404 1251 "https://blog.newkolkata.in/getidm4/280185kairitems.htm" "Mozilla/5.0 AppleWebKit/537.36 (KHTML, like Gecko; compatible; GPTBot/1.3; +https://openai.com/gptbot)"
185.191.171.19 - - [07/Feb/2026:11:05:55 -0500] "GET /get/288334mvrvitems HTTP/1.1" 404 1251 "-" "Mozilla/5.0 (compatible; SemrushBot/7~bl; +http://www.semrush.com/bot.html)"
185.191.171.14 - - [07/Feb/2026:11:05:57 -0500] "GET /getidm6/17506sejmitems HTTP/1.1" 404 1251 "-" "Mozilla/5.0 (compatible; SemrushBot/7~bl; +http://www.semrush.com/bot.html)"
74.7.243.248 - - [07/Feb/2026:11:05:57 -0500] "GET /ctg/search/similarImageSearchResultView/?ctgItemCd=113415109398 HTTP/1.1" 404 1251 "https://blog.newkolkata.in/geti/109398mvrvitems.htm" "Mozilla/5.0 AppleWebKit/537.36 (KHTML, like Gecko; compatible; GPTBot/1.3; +https://openai.com/gptbot)"
185.191.171.6 - - [07/Feb/2026:11:05:59 -0500] "GET /get/170446tjvfitems HTTP/1.1" 404 1251 "-" "Mozilla/5.0 (compatible; SemrushBot/7~bl; +http://www.semrush.com/bot.html)"
74.7.243.248 - - [07/Feb/2026:11:06:00 -0500] "GET /ctg/search/similarImageSearchResultView/?ctgItemCd=231243226979 HTTP/1.1" 404 1251 "https://blog.newkolkata.in/items/226979sejmtidm247.html" "Mozilla/5.0 AppleWebKit/537.36 (KHTML, like Gecko; compatible; GPTBot/1.3; +https://openai.com/gptbot)"
85.208.96.200 - - [07/Feb/2026:11:06:03 -0500] "GET /getidm28/74899ulgpitems HTTP/1.1" 404 1251 "-" "Mozilla/5.0 (compatible; SemrushBot/7~bl; +http://www.semrush.com/bot.html)"
74.7.243.248 - - [07/Feb/2026:11:06:04 -0500] "GET /ctg/search/similarImageSearchResultView/?ctgItemCd=243842239544 HTTP/1.1" 404 1251 "https://blog.newkolkata.in/getidm34/239544sejmitems.htm" "Mozilla/5.0 AppleWebKit/537.36 (KHTML, like Gecko; compatible; GPTBot/1.3; +https://openai.com/gptbot)"
74.7.243.248 - - [07/Feb/2026:11:06:07 -0500] "GET /ctg/search/similarImageSearchResultView/?ctgItemCd=201035197107 HTTP/1.1" 404 1251 "https://blog.newkolkata.in/getidm21/197107tjvfitems" "Mozilla/5.0 AppleWebKit/537.36 (KHTML, like Gecko; compatible; GPTBot/1.3; +https://openai.com/gptbot)"
74.7.243.248 - - [07/Feb/2026:11:06:10 -0500] "GET /ctg/search/similarImageSearchResultView/?ctgItemCd=264771260654 HTTP/1.1" 404 1251 "https://blog.newkolkata.in/getid/260654zslyitems.htm" "Mozilla/5.0 AppleWebKit/537.36 (KHTML, like Gecko; compatible; GPTBot/1.3; +https://openai.com/gptbot)"
74.7.243.248 - - [07/Feb/2026:11:06:13 -0500] "GET /ctg/search/similarImageSearchResultView/?ctgItemCd=201896198002 HTTP/1.1" 404 1251 "https://blog.newkolkata.in/get/198002pcywitems.htm" "Mozilla/5.0 AppleWebKit/537.36 (KHTML, like Gecko; compatible; GPTBot/1.3; +https://openai.com/gptbot)"
74.7.243.248 - - [07/Feb/2026:11:06:16 -0500] "GET /ctg/search/similarImageSearchResultView/?ctgItemCd=227967224097 HTTP/1.1" 404 1251 "https://blog.newkolkata.in/get/224097jahtitems.htm" "Mozilla/5.0 AppleWebKit/537.36 (KHTML, like Gecko; compatible; GPTBot/1.3; +https://openai.com/gptbot)"
74.7.243.248 - - [07/Feb/2026:11:06:20 -0500] "GET /ctg/search/similarImageSearchResultView/?ctgItemCd=275798271563 HTTP/1.1" 404 1251 "https://blog.newkolkata.in/getidm8/271563cejpitems.htm" "Mozilla/5.0 AppleWebKit/537.36 (KHTML, like Gecko; compatible; GPTBot/1.3; +https://openai.com/gptbot)"
74.7.243.248 - - [07/Feb/2026:11:06:23 -0500] "GET /ctg/search/similarImageSearchResultView/?ctgItemCd=181771178039 HTTP/1.1" 404 1251 "https://blog.newkolkata.in/getid/178039pcywitems" "Mozilla/5.0 AppleWebKit/537.36 (KHTML, like Gecko; compatible; GPTBot/1.3; +https://openai.com/gptbot)"
74.7.243.248 - - [07/Feb/2026:11:06:26 -0500] "GET /ctg/search/similarImageSearchResultView/?ctgItemCd=239949235763 HTTP/1.1" 404 1251 "https://blog.newkolkata.in/getidm/235763kairitems.htm" "Mozilla/5.0 AppleWebKit/537.36 (KHTML, like Gecko; compatible; GPTBot/1.3; +https://openai.com/gptbot)"
74.7.243.248 - - [07/Feb/2026:11:06:29 -0500] "GET /ctg/search/similarImageSearchResultView/?ctgItemCd=152970148773 HTTP/1.1" 404 1251 "https://blog.newkolkata.in/getidm/148773ccoyitems.htm" "Mozilla/5.0 AppleWebKit/537.36 (KHTML, like Gecko; compatible; GPTBot/1.3; +https://openai.com/gptbot)"
74.7.243.248 - - [07/Feb/2026:11:06:32 -0500] "GET /ctg/search/similarImageSearchResultView/?ctgItemCd=220471216658 HTTP/1.1" 404 1251 "https://blog.newkolkata.in/getidm/216658kairitems" "Mozilla/5.0 AppleWebKit/537.36 (KHTML, like Gecko; compatible; GPTBot/1.3; +https://openai.com/gptbot)"
185.191.171.4 - - [07/Feb/2026:11:06:35 -0500] "GET /get/176278ccoyitems HTTP/1.1" 404 1251 "-" "Mozilla/5.0 (compatible; SemrushBot/7~bl; +http://www.semrush.com/bot.html)"
74.7.243.248 - - [07/Feb/2026:11:06:35 -0500] "GET /ctg/search/similarImageSearchResultView/?ctgItemCd=308172304204 HTTP/1.1" 404 1251 "https://blog.newkolkata.in/items/304204kairtid.html" "Mozilla/5.0 AppleWebKit/537.36 (KHTML, like Gecko; compatible; GPTBot/1.3; +https://openai.com/gptbot)"
74.7.243.248 - - [07/Feb/2026:11:06:39 -0500] "GET /ctg/search/similarImageSearchResultView/?ctgItemCd=234205230018 HTTP/1.1" 404 1251 "https://blog.newkolkata.in/items/230018sejmtidm50.html" "Mozilla/5.0 AppleWebKit/537.36 (KHTML, like Gecko; compatible; GPTBot/1.3; +https://openai.com/gptbot)"
185.191.171.9 - - [07/Feb/2026:11:06:39 -0500] "GET /robots.txt HTTP/1.1" 200 281 "-" "Mozilla/5.0 (compatible; SemrushBot/7~bl; +http://www.semrush.com/bot.html)"
85.208.96.193 - - [07/Feb/2026:11:06:40 -0500] "GET /getidm6/116482jahtitems HTTP/1.1" 404 1251 "-" "Mozilla/5.0 (compatible; SemrushBot/7~bl; +http://www.semrush.com/bot.html)"
74.7.243.248 - - [07/Feb/2026:11:06:42 -0500] "GET /ctg/search/similarImageSearchResultView/?ctgItemCd=128697124993 HTTP/1.1" 404 1251 "https://blog.newkolkata.in/getid/124993kairitems" "Mozilla/5.0 AppleWebKit/537.36 (KHTML, like Gecko; compatible; GPTBot/1.3; +https://openai.com/gptbot)"
74.7.243.248 - - [07/Feb/2026:11:06:45 -0500] "GET /ctg/search/similarImageSearchResultView/?ctgItemCd=160921156936 HTTP/1.1" 404 1251 "https://blog.newkolkata.in/items/156936jahttid.html" "Mozilla/5.0 AppleWebKit/537.36 (KHTML, like Gecko; compatible; GPTBot/1.3; +https://openai.com/gptbot)"
185.191.171.10 - - [07/Feb/2026:11:06:45 -0500] "GET /getidm/55249cejpitems HTTP/1.1" 404 1251 "-" "Mozilla/5.0 (compatible; SemrushBot/7~bl; +http://www.semrush.com/bot.html)"
74.7.243.248 - - [07/Feb/2026:11:06:48 -0500] "GET /ctg/search/similarImageSearchResultView/?ctgItemCd=245629241560 HTTP/1.1" 404 1251 "https://blog.newkolkata.in/getid/241560jahtitems.htm" "Mozilla/5.0 AppleWebKit/537.36 (KHTML, like Gecko; compatible; GPTBot/1.3; +https://openai.com/gptbot)"
74.7.243.248 - - [07/Feb/2026:11:06:51 -0500] "GET /ctg/search/similarImageSearchResultView/?ctgItemCd=135086131227 HTTP/1.1" 404 1251 "https://blog.newkolkata.in/getidm2/131227sejmitems" "Mozilla/5.0 AppleWebKit/537.36 (KHTML, like Gecko; compatible; GPTBot/1.3; +https://openai.com/gptbot)"
74.7.243.248 - - [07/Feb/2026:11:06:54 -0500] "GET /ctg/search/similarImageSearchResultView/?ctgItemCd=147597143180 HTTP/1.1" 404 1251 "https://blog.newkolkata.in/items/143180ulgptidm596083.html" "Mozilla/5.0 AppleWebKit/537.36 (KHTML, like Gecko; compatible; GPTBot/1.3; +https://openai.com/gptbot)"
74.7.243.248 - - [07/Feb/2026:11:06:57 -0500] "GET /ctg/search/similarImageSearchResultView/?ctgItemCd=193943189579 HTTP/1.1" 404 1251 "https://blog.newkolkata.in/getidm409/189579sejmitems.htm" "Mozilla/5.0 AppleWebKit/537.36 (KHTML, like Gecko; compatible; GPTBot/1.3; +https://openai.com/gptbot)"
74.7.243.248 - - [07/Feb/2026:11:07:01 -0500] "GET /ctg/search/similarImageSearchResultView/?ctgItemCd=149613145873 HTTP/1.1" 404 1251 "https://blog.newkolkata.in/getid/145873mvrvitems" "Mozilla/5.0 AppleWebKit/537.36 (KHTML, like Gecko; compatible; GPTBot/1.3; +https://openai.com/gptbot)"
74.7.243.248 - - [07/Feb/2026:11:07:04 -0500] "GET /ctg/search/similarImageSearchResultView/?ctgItemCd=280115276100 HTTP/1.1" 404 1251 "https://blog.newkolkata.in/getidm4819/276100jahtitems" "Mozilla/5.0 AppleWebKit/537.36 (KHTML, like Gecko; compatible; GPTBot/1.3; +https://openai.com/gptbot)"
74.7.243.248 - - [07/Feb/2026:11:07:07 -0500] "GET /ctg/search/similarImageSearchResultView/?ctgItemCd=105622101339 HTTP/1.1" 404 1251 "https://blog.newkolkata.in/items/101339zslytidm258.html" "Mozilla/5.0 AppleWebKit/537.36 (KHTML, like Gecko; compatible; GPTBot/1.3; +https://openai.com/gptbot)"
74.7.243.248 - - [07/Feb/2026:11:07:10 -0500] "GET /ctg/search/similarImageSearchResultView/?ctgItemCd=178280173885 HTTP/1.1" 404 1251 "https://blog.newkolkata.in/items/173885zslytidm40471.html" "Mozilla/5.0 AppleWebKit/537.36 (KHTML, like Gecko; compatible; GPTBot/1.3; +https://openai.com/gptbot)"
185.191.171.14 - - [07/Feb/2026:11:07:13 -0500] "GET /getid/114064cejpitems HTTP/1.1" 404 1251 "-" "Mozilla/5.0 (compatible; SemrushBot/7~bl; +http://www.semrush.com/bot.html)"
74.7.243.248 - - [07/Feb/2026:11:07:13 -0500] "GET /ctg/search/similarImageSearchResultView/?ctgItemCd=185875182167 HTTP/1.1" 404 1251 "https://blog.newkolkata.in/getid/182167ccoyitems" "Mozilla/5.0 AppleWebKit/537.36 (KHTML, like Gecko; compatible; GPTBot/1.3; +https://openai.com/gptbot)"
74.7.243.248 - - [07/Feb/2026:11:07:16 -0500] "GET /ctg/search/similarImageSearchResultView/?ctgItemCd=209629205360 HTTP/1.1" 404 1251 "https://blog.newkolkata.in/items/205360mvrvtidm153.html" "Mozilla/5.0 AppleWebKit/537.36 (KHTML, like Gecko; compatible; GPTBot/1.3; +https://openai.com/gptbot)"
185.191.171.5 - - [07/Feb/2026:11:07:18 -0500] "GET /get/144780zslyitems.htm HTTP/1.1" 404 1251 "-" "Mozilla/5.0 (compatible; SemrushBot/7~bl; +http://www.semrush.com/bot.html)"
74.7.243.248 - - [07/Feb/2026:11:07:20 -0500] "GET /ctg/search/similarImageSearchResultView/?ctgItemCd=242873239056 HTTP/1.1" 404 1251 "https://blog.newkolkata.in/getidm/239056ccoyitems" "Mozilla/5.0 AppleWebKit/537.36 (KHTML, like Gecko; compatible; GPTBot/1.3; +https://openai.com/gptbot)"
74.7.243.248 - - [07/Feb/2026:11:07:23 -0500] "GET /ctg/search/similarImageSearchResultView/?ctgItemCd=269792265358 HTTP/1.1" 404 1251 "https://blog.newkolkata.in/items/265358mvrvtidm340712.html" "Mozilla/5.0 AppleWebKit/537.36 (KHTML, like Gecko; compatible; GPTBot/1.3; +https://openai.com/gptbot)"
74.7.243.248 - - [07/Feb/2026:11:07:26 -0500] "GET /ctg/search/similarImageSearchResultView/?ctgItemCd=109790105722 HTTP/1.1" 404 1251 "https://blog.newkolkata.in/ite/105722cejptidm7953.html" "Mozilla/5.0 AppleWebKit/537.36 (KHTML, like Gecko; compatible; GPTBot/1.3; +https://openai.com/gptbot)"
74.7.243.248 - - [07/Feb/2026:11:07:29 -0500] "GET /ctg/search/similarImageSearchResultView/?ctgItemCd=206089201822 HTTP/1.1" 404 1251 "https://blog.newkolkata.in/getidm1/201822zslyitems.htm" "Mozilla/5.0 AppleWebKit/537.36 (KHTML, like Gecko; compatible; GPTBot/1.3; +https://openai.com/gptbot)"
74.7.243.248 - - [07/Feb/2026:11:07:32 -0500] "GET /ctg/search/similarImageSearchResultView/?ctgItemCd=256075251960 HTTP/1.1" 404 1251 "https://blog.newkolkata.in/items/251960pcywtidm.html" "Mozilla/5.0 AppleWebKit/537.36 (KHTML, like Gecko; compatible; GPTBot/1.3; +https://openai.com/gptbot)"
74.7.243.248 - - [07/Feb/2026:11:07:35 -0500] "GET /ctg/search/similarImageSearchResultView/?ctgItemCd=189353185302 HTTP/1.1" 404 1251 "https://blog.newkolkata.in/getidm1542/185302zslyitems" "Mozilla/5.0 AppleWebKit/537.36 (KHTML, like Gecko; compatible; GPTBot/1.3; +https://openai.com/gptbot)"
74.7.243.248 - - [07/Feb/2026:11:07:39 -0500] "GET /ctg/search/similarImageSearchResultView/?ctgItemCd=184622180519 HTTP/1.1" 404 1251 "https://blog.newkolkata.in/getid/180519pcywitems.htm" "Mozilla/5.0 AppleWebKit/537.36 (KHTML, like Gecko; compatible; GPTBot/1.3; +https://openai.com/gptbot)"
74.7.243.248 - - [07/Feb/2026:11:07:42 -0500] "GET /ctg/search/similarImageSearchResultView/?ctgItemCd=279151275218 HTTP/1.1" 404 1251 "https://blog.newkolkata.in/getidm26/275218tjvfitems" "Mozilla/5.0 AppleWebKit/537.36 (KHTML, like Gecko; compatible; GPTBot/1.3; +https://openai.com/gptbot)"
74.7.243.248 - - [07/Feb/2026:11:07:45 -0500] "GET /ctg/search/similarImageSearchResultView/?ctgItemCd=198266193984 HTTP/1.1" 404 1251 "https://blog.newkolkata.in/items/193984pcywtidm390.html" "Mozilla/5.0 AppleWebKit/537.36 (KHTML, like Gecko; compatible; GPTBot/1.3; +https://openai.com/gptbot)"
74.7.243.248 - - [07/Feb/2026:11:07:48 -0500] "GET /ctg/search/similarImageSearchResultView/?ctgItemCd=264454260258 HTTP/1.1" 404 1251 "https://blog.newkolkata.in/item/260258sejmtidm9636.html" "Mozilla/5.0 AppleWebKit/537.36 (KHTML, like Gecko; compatible; GPTBot/1.3; +https://openai.com/gptbot)"
74.7.243.248 - - [07/Feb/2026:11:07:51 -0500] "GET /ctg/search/similarImageSearchResultView/?ctgItemCd=281852277499 HTTP/1.1" 404 1251 "https://blog.newkolkata.in/getidm97/277499zslyitems.htm" "Mozilla/5.0 AppleWebKit/537.36 (KHTML, like Gecko; compatible; GPTBot/1.3; +https://openai.com/gptbot)"
74.7.243.248 - - [07/Feb/2026:11:07:55 -0500] "GET /ctg/search/similarImageSearchResultView/?ctgItemCd=131126126896 HTTP/1.1" 404 1251 "https://blog.newkolkata.in/items/126896pcywtidm19.html" "Mozilla/5.0 AppleWebKit/537.36 (KHTML, like Gecko; compatible; GPTBot/1.3; +https://openai.com/gptbot)"
74.7.243.248 - - [07/Feb/2026:11:07:58 -0500] "GET /ctg/search/similarImageSearchResultView/?ctgItemCd=170428166481 HTTP/1.1" 404 1251 "https://blog.newkolkata.in/ite/166481pcywtidm5.html" "Mozilla/5.0 AppleWebKit/537.36 (KHTML, like Gecko; compatible; GPTBot/1.3; +https://openai.com/gptbot)"
85.208.96.205 - - [07/Feb/2026:11:07:58 -0500] "GET /getidm/127584cejpitems.htm HTTP/1.1" 404 1251 "-" "Mozilla/5.0 (compatible; SemrushBot/7~bl; +http://www.semrush.com/bot.html)"
74.7.243.248 - - [07/Feb/2026:11:08:01 -0500] "GET /ctg/search/similarImageSearchResultView/?ctgItemCd=182683178707 HTTP/1.1" 404 1251 "https://blog.newkolkata.in/ite/178707ccoytidm30.html" "Mozilla/5.0 AppleWebKit/537.36 (KHTML, like Gecko; compatible; GPTBot/1.3; +https://openai.com/gptbot)"
74.7.243.248 - - [07/Feb/2026:11:08:04 -0500] "GET /ctg/search/similarImageSearchResultView/?ctgItemCd=297124293016 HTTP/1.1" 404 1251 "https://blog.newkolkata.in/getid/293016mvrvitems.htm" "Mozilla/5.0 AppleWebKit/537.36 (KHTML, like Gecko; compatible; GPTBot/1.3; +https://openai.com/gptbot)"
74.7.243.248 - - [07/Feb/2026:11:08:07 -0500] "GET /ctg/search/similarImageSearchResultView/?ctgItemCd=113272108835 HTTP/1.1" 404 1251 "https://blog.newkolkata.in/items/108835mvrvtidm621393.html" "Mozilla/5.0 AppleWebKit/537.36 (KHTML, like Gecko; compatible; GPTBot/1.3; +https://openai.com/gptbot)"
185.191.171.19 - - [07/Feb/2026:11:08:09 -0500] "GET /get/228675zslyitems.htm HTTP/1.1" 404 1251 "-" "Mozilla/5.0 (compatible; SemrushBot/7~bl; +http://www.semrush.com/bot.html)"
74.7.243.248 - - [07/Feb/2026:11:08:10 -0500] "GET /ctg/search/similarImageSearchResultView/?ctgItemCd=154513150547 HTTP/1.1" 404 1251 "https://blog.newkolkata.in/getidm447/150547kairitems" "Mozilla/5.0 AppleWebKit/537.36 (KHTML, like Gecko; compatible; GPTBot/1.3; +https://openai.com/gptbot)"
74.7.243.248 - - [07/Feb/2026:11:08:13 -0500] "GET /ctg/search/similarImageSearchResultView/?ctgItemCd=190774186785 HTTP/1.1" 404 1251 "https://blog.newkolkata.in/ite/186785sejmtidm46.html" "Mozilla/5.0 AppleWebKit/537.36 (KHTML, like Gecko; compatible; GPTBot/1.3; +https://openai.com/gptbot)"
85.208.96.200 - - [07/Feb/2026:11:08:15 -0500] "GET /getidm2/96562zslyitems HTTP/1.1" 404 1251 "-" "Mozilla/5.0 (compatible; SemrushBot/7~bl; +http://www.semrush.com/bot.html)"
74.7.243.248 - - [07/Feb/2026:11:08:17 -0500] "GET /ctg/search/similarImageSearchResultView/?ctgItemCd=215759211900 HTTP/1.1" 404 1251 "https://blog.newkolkata.in/get/211900jahtitems.htm" "Mozilla/5.0 AppleWebKit/537.36 (KHTML, like Gecko; compatible; GPTBot/1.3; +https://openai.com/gptbot)"
74.7.243.248 - - [07/Feb/2026:11:08:20 -0500] "GET /ctg/search/similarImageSearchResultView/?ctgItemCd=209683205733 HTTP/1.1" 404 1251 "https://blog.newkolkata.in/getidm15/205733zslyitems" "Mozilla/5.0 AppleWebKit/537.36 (KHTML, like Gecko; compatible; GPTBot/1.3; +https://openai.com/gptbot)"
74.7.243.248 - - [07/Feb/2026:11:08:23 -0500] "GET /ctg/search/similarImageSearchResultView/?ctgItemCd=286742283121 HTTP/1.1" 404 1251 "https://blog.newkolkata.in/geti/283121pcywitems" "Mozilla/5.0 AppleWebKit/537.36 (KHTML, like Gecko; compatible; GPTBot/1.3; +https://openai.com/gptbot)"
74.7.243.248 - - [07/Feb/2026:11:08:26 -0500] "GET /ctg/search/similarImageSearchResultView/?ctgItemCd=208159203982 HTTP/1.1" 404 1251 "https://blog.newkolkata.in/ite/203982mvrvtidm97939.html" "Mozilla/5.0 AppleWebKit/537.36 (KHTML, like Gecko; compatible; GPTBot/1.3; +https://openai.com/gptbot)"
74.7.243.248 - - [07/Feb/2026:11:08:29 -0500] "GET /ctg/search/similarImageSearchResultView/?ctgItemCd=106368102673 HTTP/1.1" 404 1251 "https://blog.newkolkata.in/getid/102673jahtitems" "Mozilla/5.0 AppleWebKit/537.36 (KHTML, like Gecko; compatible; GPTBot/1.3; +https://openai.com/gptbot)"
198.54.126.162 - - [07/Feb/2026:11:08:30 -0500] "POST /wp-cron.php?doing_wp_cron=1770480510.1746010780334472656250 HTTP/1.1" 200 0 "-" "WordPress/6.9.1; https://blog.newkolkata.in"
79.127.138.77 - - [07/Feb/2026:11:08:13 -0500] "POST /xmlrpc.php HTTP/1.1" 200 7969 "-" "Mozilla/5.0 (Macintosh; Intel Mac OS X 12_5) AppleWebKit/537.36 (KHTML, like Gecko) Chrome/114.0.0.0 Safari/537.36 Edg/114.0.1264.71"
74.7.243.248 - - [07/Feb/2026:11:08:33 -0500] "GET /ctg/search/similarImageSearchResultView/?ctgItemCd=248764244537 HTTP/1.1" 404 1251 "https://blog.newkolkata.in/item/244537mvrvtidm9943.html" "Mozilla/5.0 AppleWebKit/537.36 (KHTML, like Gecko; compatible; GPTBot/1.3; +https://openai.com/gptbot)"
185.191.171.16 - - [07/Feb/2026:11:08:35 -0500] "GET /get/42862mvrvitems HTTP/1.1" 404 1251 "-" "Mozilla/5.0 (compatible; SemrushBot/7~bl; +http://www.semrush.com/bot.html)"
74.7.243.248 - - [07/Feb/2026:11:08:36 -0500] "GET /ctg/search/similarImageSearchResultView/?ctgItemCd=259033254922 HTTP/1.1" 404 1251 "https://blog.newkolkata.in/getid/254922mvrvitems.htm" "Mozilla/5.0 AppleWebKit/537.36 (KHTML, like Gecko; compatible; GPTBot/1.3; +https://openai.com/gptbot)"
85.208.96.206 - - [07/Feb/2026:11:08:37 -0500] "GET /getidm/115236tjvfitems.htm HTTP/1.1" 404 1251 "-" "Mozilla/5.0 (compatible; SemrushBot/7~bl; +http://www.semrush.com/bot.html)"
85.208.96.209 - - [07/Feb/2026:11:08:39 -0500] "GET /geti/155191sejmitems HTTP/1.1" 404 1251 "-" "Mozilla/5.0 (compatible; SemrushBot/7~bl; +http://www.semrush.com/bot.html)"
