74.7.243.248 - - [07/Feb/2026:09:23:16 -0500] "GET /ctg/search/similarImageSearchResultView/?ctgItemCd=153330149097 HTTP/1.1" 404 1251 "https://blog.newkolkata.in/getidm/149097zslyitems.htm" "Mozilla/5.0 AppleWebKit/537.36 (KHTML, like Gecko; compatible; GPTBot/1.3; +https://openai.com/gptbot)"
74.7.243.248 - - [07/Feb/2026:09:23:19 -0500] "GET /ctg/search/similarImageSearchResultView/?ctgItemCd=279444275238 HTTP/1.1" 404 1251 "https://blog.newkolkata.in/getidm/275238tjvfitems.htm" "Mozilla/5.0 AppleWebKit/537.36 (KHTML, like Gecko; compatible; GPTBot/1.3; +https://openai.com/gptbot)"
74.7.243.248 - - [07/Feb/2026:09:23:23 -0500] "GET /ctg/search/similarImageSearchResultView/?ctgItemCd=138444134060 HTTP/1.1" 404 1251 "https://blog.newkolkata.in/items/134060cejptidm623309.html" "Mozilla/5.0 AppleWebKit/537.36 (KHTML, like Gecko; compatible; GPTBot/1.3; +https://openai.com/gptbot)"
74.7.243.248 - - [07/Feb/2026:09:23:26 -0500] "GET /ctg/search/similarImageSearchResultView/?ctgItemCd=220006215849 HTTP/1.1" 404 1251 "https://blog.newkolkata.in/items/215849ccoytidm9.html" "Mozilla/5.0 AppleWebKit/537.36 (KHTML, like Gecko; compatible; GPTBot/1.3; +https://openai.com/gptbot)"
74.7.243.248 - - [07/Feb/2026:09:23:29 -0500] "GET /ctg/search/similarImageSearchResultView/?ctgItemCd=158755154999 HTTP/1.1" 404 1251 "https://blog.newkolkata.in/getid/154999zslyitems" "Mozilla/5.0 AppleWebKit/537.36 (KHTML, like Gecko; compatible; GPTBot/1.3; +https://openai.com/gptbot)"
66.249.66.202 - - [07/Feb/2026:09:23:29 -0500] "GET /products.php?shop/postsurgical/tole6678680287.html HTTP/1.1" 404 1251 "-" "Mozilla/5.0 (Linux; Android 6.0.1; Nexus 5X Build/MMB29P) AppleWebKit/537.36 (KHTML, like Gecko) Chrome/144.0.7559.132 Mobile Safari/537.36 (compatible; Googlebot/2.1; +http://www.google.com/bot.html)"
74.7.243.248 - - [07/Feb/2026:09:23:32 -0500] "GET /ctg/search/similarImageSearchResultView/?ctgItemCd=287778283697 HTTP/1.1" 404 1251 "https://blog.newkolkata.in/ite/283697zslytidm793.html" "Mozilla/5.0 AppleWebKit/537.36 (KHTML, like Gecko; compatible; GPTBot/1.3; +https://openai.com/gptbot)"
74.7.243.248 - - [07/Feb/2026:09:23:35 -0500] "GET /ctg/search/similarImageSearchResultView/?ctgItemCd=167211163582 HTTP/1.1" 404 1251 "https://blog.newkolkata.in/geti/163582pcywitems" "Mozilla/5.0 AppleWebKit/537.36 (KHTML, like Gecko; compatible; GPTBot/1.3; +https://openai.com/gptbot)"
74.7.243.248 - - [07/Feb/2026:09:23:38 -0500] "GET /ctg/search/similarImageSearchResultView/?ctgItemCd=277714273546 HTTP/1.1" 404 1251 "https://blog.newkolkata.in/items/273546pcywtidm1.html" "Mozilla/5.0 AppleWebKit/537.36 (KHTML, like Gecko; compatible; GPTBot/1.3; +https://openai.com/gptbot)"
74.7.243.248 - - [07/Feb/2026:09:23:41 -0500] "GET /ctg/search/similarImageSearchResultView/?ctgItemCd=163411159212 HTTP/1.1" 404 1251 "https://blog.newkolkata.in/item/159212ulgptidm2748.html" "Mozilla/5.0 AppleWebKit/537.36 (KHTML, like Gecko; compatible; GPTBot/1.3; +https://openai.com/gptbot)"
74.7.243.248 - - [07/Feb/2026:09:23:45 -0500] "GET /ctg/search/similarImageSearchResultView/?ctgItemCd=203451199951 HTTP/1.1" 404 1251 "https://blog.newkolkata.in/get/199951cejpitems" "Mozilla/5.0 AppleWebKit/537.36 (KHTML, like Gecko; compatible; GPTBot/1.3; +https://openai.com/gptbot)"
74.7.243.248 - - [07/Feb/2026:09:23:48 -0500] "GET /ctg/search/similarImageSearchResultView/?ctgItemCd=166684162420 HTTP/1.1" 404 1251 "https://blog.newkolkata.in/getidm5/162420mvrvitems.htm" "Mozilla/5.0 AppleWebKit/537.36 (KHTML, like Gecko; compatible; GPTBot/1.3; +https://openai.com/gptbot)"
74.7.243.248 - - [07/Feb/2026:09:23:51 -0500] "GET /ctg/search/similarImageSearchResultView/?ctgItemCd=213018208886 HTTP/1.1" 404 1251 "https://blog.newkolkata.in/items/208886mvrvtidm.html" "Mozilla/5.0 AppleWebKit/537.36 (KHTML, like Gecko; compatible; GPTBot/1.3; +https://openai.com/gptbot)"
74.7.243.248 - - [07/Feb/2026:09:23:54 -0500] "GET /ctg/search/similarImageSearchResultView/?ctgItemCd=235549231444 HTTP/1.1" 404 1251 "https://blog.newkolkata.in/getid/231444mvrvitems.htm" "Mozilla/5.0 AppleWebKit/537.36 (KHTML, like Gecko; compatible; GPTBot/1.3; +https://openai.com/gptbot)"
185.191.171.7 - - [07/Feb/2026:09:23:56 -0500] "GET /getid/56757ulgpitems.htm HTTP/1.1" 404 1251 "-" "Mozilla/5.0 (compatible; SemrushBot/7~bl; +http://www.semrush.com/bot.html)"
74.7.243.248 - - [07/Feb/2026:09:23:57 -0500] "GET /ctg/search/similarImageSearchResultView/?ctgItemCd=229102225167 HTTP/1.1" 404 1251 "https://blog.newkolkata.in/ite/225167ulgptidm7.html" "Mozilla/5.0 AppleWebKit/537.36 (KHTML, like Gecko; compatible; GPTBot/1.3; +https://openai.com/gptbot)"
185.191.171.1 - - [07/Feb/2026:09:23:58 -0500] "GET /geti/99750mvrvitems.htm HTTP/1.1" 404 1251 "-" "Mozilla/5.0 (compatible; SemrushBot/7~bl; +http://www.semrush.com/bot.html)"
74.7.243.248 - - [07/Feb/2026:09:24:00 -0500] "GET /ctg/search/similarImageSearchResultView/?ctgItemCd=237617233310 HTTP/1.1" 404 1251 "https://blog.newkolkata.in/getidm65/233310pcywitems.htm" "Mozilla/5.0 AppleWebKit/537.36 (KHTML, like Gecko; compatible; GPTBot/1.3; +https://openai.com/gptbot)"
74.7.243.248 - - [07/Feb/2026:09:24:03 -0500] "GET /ctg/search/similarImageSearchResultView/?ctgItemCd=114248110009 HTTP/1.1" 404 1251 "https://blog.newkolkata.in/getidm1/110009tjvfitems.htm" "Mozilla/5.0 AppleWebKit/537.36 (KHTML, like Gecko; compatible; GPTBot/1.3; +https://openai.com/gptbot)"
66.249.66.201 - - [07/Feb/2026:09:24:05 -0500] "GET /products.php?shop/forwrap/lyophobic427436075.html HTTP/1.1" 404 1251 "-" "Mozilla/5.0 (Linux; Android 6.0.1; Nexus 5X Build/MMB29P) AppleWebKit/537.36 (KHTML, like Gecko) Chrome/144.0.7559.132 Mobile Safari/537.36 (compatible; Googlebot/2.1; +http://www.google.com/bot.html)"
74.7.243.248 - - [07/Feb/2026:09:24:06 -0500] "GET /ctg/search/similarImageSearchResultView/?ctgItemCd=200068196132 HTTP/1.1" 404 1251 "https://blog.newkolkata.in/getidm88/196132ulgpitems" "Mozilla/5.0 AppleWebKit/537.36 (KHTML, like Gecko; compatible; GPTBot/1.3; +https://openai.com/gptbot)"
74.7.243.248 - - [07/Feb/2026:09:24:10 -0500] "GET /ctg/search/similarImageSearchResultView/?ctgItemCd=222678219175 HTTP/1.1" 404 1251 "https://blog.newkolkata.in/get/219175ccoyitems" "Mozilla/5.0 AppleWebKit/537.36 (KHTML, like Gecko; compatible; GPTBot/1.3; +https://openai.com/gptbot)"
74.7.243.248 - - [07/Feb/2026:09:24:13 -0500] "GET /ctg/search/similarImageSearchResultView/?ctgItemCd=190903186660 HTTP/1.1" 404 1251 "https://blog.newkolkata.in/getidm8/186660kairitems.htm" "Mozilla/5.0 AppleWebKit/537.36 (KHTML, like Gecko; compatible; GPTBot/1.3; +https://openai.com/gptbot)"
185.191.171.16 - - [07/Feb/2026:09:24:15 -0500] "GET /items/65534sejmtid.html HTTP/1.1" 404 1251 "-" "Mozilla/5.0 (compatible; SemrushBot/7~bl; +http://www.semrush.com/bot.html)"
74.7.243.248 - - [07/Feb/2026:09:24:16 -0500] "GET /ctg/search/similarImageSearchResultView/?ctgItemCd=232112227849 HTTP/1.1" 404 1251 "https://blog.newkolkata.in/items/227849sejmtidm276.html" "Mozilla/5.0 AppleWebKit/537.36 (KHTML, like Gecko; compatible; GPTBot/1.3; +https://openai.com/gptbot)"
85.208.96.204 - - [07/Feb/2026:09:24:17 -0500] "GET /get/10191jahtitems.htm HTTP/1.1" 404 1251 "-" "Mozilla/5.0 (compatible; SemrushBot/7~bl; +http://www.semrush.com/bot.html)"
74.7.243.248 - - [07/Feb/2026:09:24:19 -0500] "GET /ctg/search/similarImageSearchResultView/?ctgItemCd=250008246037 HTTP/1.1" 404 1251 "https://blog.newkolkata.in/getidm219/246037sejmitems" "Mozilla/5.0 AppleWebKit/537.36 (KHTML, like Gecko; compatible; GPTBot/1.3; +https://openai.com/gptbot)"
185.191.171.9 - - [07/Feb/2026:09:24:21 -0500] "GET /getidm/228217ccoyitems HTTP/1.1" 404 1251 "-" "Mozilla/5.0 (compatible; SemrushBot/7~bl; +http://www.semrush.com/bot.html)"
74.7.243.248 - - [07/Feb/2026:09:24:22 -0500] "GET /ctg/search/similarImageSearchResultView/?ctgItemCd=151117146780 HTTP/1.1" 404 1251 "https://blog.newkolkata.in/items/146780zslytidm6006.html" "Mozilla/5.0 AppleWebKit/537.36 (KHTML, like Gecko; compatible; GPTBot/1.3; +https://openai.com/gptbot)"
74.7.243.248 - - [07/Feb/2026:09:24:25 -0500] "GET /ctg/search/similarImageSearchResultView/?ctgItemCd=166663162458 HTTP/1.1" 404 1251 "https://blog.newkolkata.in/items/162458ccoytidm84.html" "Mozilla/5.0 AppleWebKit/537.36 (KHTML, like Gecko; compatible; GPTBot/1.3; +https://openai.com/gptbot)"
74.7.243.248 - - [07/Feb/2026:09:24:28 -0500] "GET /ctg/search/similarImageSearchResultView/?ctgItemCd=267118263000 HTTP/1.1" 404 1251 "https://blog.newkolkata.in/items/263000zslytidm.html" "Mozilla/5.0 AppleWebKit/537.36 (KHTML, like Gecko; compatible; GPTBot/1.3; +https://openai.com/gptbot)"
74.7.243.248 - - [07/Feb/2026:09:24:31 -0500] "GET /ctg/search/similarImageSearchResultView/?ctgItemCd=194011189674 HTTP/1.1" 404 1251 "https://blog.newkolkata.in/items/189674mvrvtidm3601.html" "Mozilla/5.0 AppleWebKit/537.36 (KHTML, like Gecko; compatible; GPTBot/1.3; +https://openai.com/gptbot)"
85.208.96.195 - - [07/Feb/2026:09:24:33 -0500] "GET /getidm/50329tjvfitems HTTP/1.1" 404 1251 "-" "Mozilla/5.0 (compatible; SemrushBot/7~bl; +http://www.semrush.com/bot.html)"
74.7.243.248 - - [07/Feb/2026:09:24:35 -0500] "GET /ctg/search/similarImageSearchResultView/?ctgItemCd=114730111026 HTTP/1.1" 404 1251 "https://blog.newkolkata.in/getid/111026ulgpitems" "Mozilla/5.0 AppleWebKit/537.36 (KHTML, like Gecko; compatible; GPTBot/1.3; +https://openai.com/gptbot)"
74.7.243.248 - - [07/Feb/2026:09:24:38 -0500] "GET /ctg/search/similarImageSearchResultView/?ctgItemCd=261110256761 HTTP/1.1" 404 1251 "https://blog.newkolkata.in/getidm272/256761ccoyitems.htm" "Mozilla/5.0 AppleWebKit/537.36 (KHTML, like Gecko; compatible; GPTBot/1.3; +https://openai.com/gptbot)"
74.7.243.248 - - [07/Feb/2026:09:24:41 -0500] "GET /ctg/search/similarImageSearchResultView/?ctgItemCd=278666274568 HTTP/1.1" 404 1251 "https://blog.newkolkata.in/item/274568ulgptidm22.html" "Mozilla/5.0 AppleWebKit/537.36 (KHTML, like Gecko; compatible; GPTBot/1.3; +https://openai.com/gptbot)"
74.7.243.248 - - [07/Feb/2026:09:24:44 -0500] "GET /ctg/search/similarImageSearchResultView/?ctgItemCd=111541107602 HTTP/1.1" 404 1251 "https://blog.newkolkata.in/getidm42/107602mvrvitems" "Mozilla/5.0 AppleWebKit/537.36 (KHTML, like Gecko; compatible; GPTBot/1.3; +https://openai.com/gptbot)"
74.7.243.248 - - [07/Feb/2026:09:24:47 -0500] "GET /ctg/search/similarImageSearchResultView/?ctgItemCd=141278137333 HTTP/1.1" 404 1251 "https://blog.newkolkata.in/getidm79/137333pcywitems" "Mozilla/5.0 AppleWebKit/537.36 (KHTML, like Gecko; compatible; GPTBot/1.3; +https://openai.com/gptbot)"
74.7.243.248 - - [07/Feb/2026:09:24:51 -0500] "GET /ctg/search/similarImageSearchResultView/?ctgItemCd=142555138677 HTTP/1.1" 404 1251 "https://blog.newkolkata.in/get/138677kairitems.htm" "Mozilla/5.0 AppleWebKit/537.36 (KHTML, like Gecko; compatible; GPTBot/1.3; +https://openai.com/gptbot)"
185.191.171.1 - - [07/Feb/2026:09:24:53 -0500] "GET /getidm98/26467ccoyitems HTTP/1.1" 404 1251 "-" "Mozilla/5.0 (compatible; SemrushBot/7~bl; +http://www.semrush.com/bot.html)"
74.7.243.248 - - [07/Feb/2026:09:24:54 -0500] "GET /ctg/search/similarImageSearchResultView/?ctgItemCd=115620111976 HTTP/1.1" 404 1251 "https://blog.newkolkata.in/geti/111976zslyitems" "Mozilla/5.0 AppleWebKit/537.36 (KHTML, like Gecko; compatible; GPTBot/1.3; +https://openai.com/gptbot)"
85.208.96.196 - - [07/Feb/2026:09:24:54 -0500] "GET /geti/101407ccoyitems HTTP/1.1" 404 1251 "-" "Mozilla/5.0 (compatible; SemrushBot/7~bl; +http://www.semrush.com/bot.html)"
74.7.243.248 - - [07/Feb/2026:09:24:57 -0500] "GET /ctg/search/similarImageSearchResultView/?ctgItemCd=222504218408 HTTP/1.1" 404 1251 "https://blog.newkolkata.in/item/218408ulgptidm29.html" "Mozilla/5.0 AppleWebKit/537.36 (KHTML, like Gecko; compatible; GPTBot/1.3; +https://openai.com/gptbot)"
74.7.243.248 - - [07/Feb/2026:09:25:00 -0500] "GET /ctg/search/similarImageSearchResultView/?ctgItemCd=257241253000 HTTP/1.1" 404 1251 "https://blog.newkolkata.in/items/253000ulgptidm501.html" "Mozilla/5.0 AppleWebKit/537.36 (KHTML, like Gecko; compatible; GPTBot/1.3; +https://openai.com/gptbot)"
185.191.171.5 - - [07/Feb/2026:09:25:00 -0500] "GET /get/135246kairitems.htm HTTP/1.1" 404 1251 "-" "Mozilla/5.0 (compatible; SemrushBot/7~bl; +http://www.semrush.com/bot.html)"
66.249.66.74 - - [07/Feb/2026:09:25:02 -0500] "GET /detail.php?products/8580027012 HTTP/1.1" 404 1251 "-" "Mozilla/5.0 (Linux; Android 6.0.1; Nexus 5X Build/MMB29P) AppleWebKit/537.36 (KHTML, like Gecko) Chrome/144.0.7559.132 Mobile Safari/537.36 (compatible; Googlebot/2.1; +http://www.google.com/bot.html)"
74.7.243.248 - - [07/Feb/2026:09:25:03 -0500] "GET /ctg/search/similarImageSearchResultView/?ctgItemCd=111659107659 HTTP/1.1" 404 1251 "https://blog.newkolkata.in/getidm870/107659pcywitems" "Mozilla/5.0 AppleWebKit/537.36 (KHTML, like Gecko; compatible; GPTBot/1.3; +https://openai.com/gptbot)"
74.7.243.248 - - [07/Feb/2026:09:25:06 -0500] "GET /ctg/search/similarImageSearchResultView/?ctgItemCd=212888209384 HTTP/1.1" 404 1251 "https://blog.newkolkata.in/get/209384ccoyitems" "Mozilla/5.0 AppleWebKit/537.36 (KHTML, like Gecko; compatible; GPTBot/1.3; +https://openai.com/gptbot)"
74.7.243.248 - - [07/Feb/2026:09:25:10 -0500] "GET /ctg/search/similarImageSearchResultView/?ctgItemCd=190992186668 HTTP/1.1" 404 1251 "https://blog.newkolkata.in/item/186668pcywtidm276531.html" "Mozilla/5.0 AppleWebKit/537.36 (KHTML, like Gecko; compatible; GPTBot/1.3; +https://openai.com/gptbot)"
74.7.243.248 - - [07/Feb/2026:09:25:13 -0500] "GET /ctg/search/similarImageSearchResultView/?ctgItemCd=304777300521 HTTP/1.1" 404 1251 "https://blog.newkolkata.in/getidm9/300521pcywitems.htm" "Mozilla/5.0 AppleWebKit/537.36 (KHTML, like Gecko; compatible; GPTBot/1.3; +https://openai.com/gptbot)"
74.7.243.248 - - [07/Feb/2026:09:25:16 -0500] "GET /ctg/search/similarImageSearchResultView/?ctgItemCd=111832107851 HTTP/1.1" 404 1251 "https://blog.newkolkata.in/getidm995/107851ccoyitems" "Mozilla/5.0 AppleWebKit/537.36 (KHTML, like Gecko; compatible; GPTBot/1.3; +https://openai.com/gptbot)"
74.7.243.248 - - [07/Feb/2026:09:25:19 -0500] "GET /ctg/search/similarImageSearchResultView/?ctgItemCd=251922248389 HTTP/1.1" 404 1251 "https://blog.newkolkata.in/get/248389pcywitems" "Mozilla/5.0 AppleWebKit/537.36 (KHTML, like Gecko; compatible; GPTBot/1.3; +https://openai.com/gptbot)"
185.191.171.13 - - [07/Feb/2026:09:25:22 -0500] "GET /getidm/319609pcywitems HTTP/1.1" 404 1251 "-" "Mozilla/5.0 (compatible; SemrushBot/7~bl; +http://www.semrush.com/bot.html)"
74.7.243.248 - - [07/Feb/2026:09:25:22 -0500] "GET /ctg/search/similarImageSearchResultView/?ctgItemCd=137408133390 HTTP/1.1" 404 1251 "https://blog.newkolkata.in/getidm4820/133390sejmitems" "Mozilla/5.0 AppleWebKit/537.36 (KHTML, like Gecko; compatible; GPTBot/1.3; +https://openai.com/gptbot)"
185.191.171.14 - - [07/Feb/2026:09:25:24 -0500] "GET /getid/36952pcywitems HTTP/1.1" 404 1251 "-" "Mozilla/5.0 (compatible; SemrushBot/7~bl; +http://www.semrush.com/bot.html)"
74.7.243.248 - - [07/Feb/2026:09:25:25 -0500] "GET /ctg/search/similarImageSearchResultView/?ctgItemCd=222267218004 HTTP/1.1" 404 1251 "https://blog.newkolkata.in/items/218004pcywtidm534.html" "Mozilla/5.0 AppleWebKit/537.36 (KHTML, like Gecko; compatible; GPTBot/1.3; +https://openai.com/gptbot)"
74.7.243.248 - - [07/Feb/2026:09:25:29 -0500] "GET /ctg/search/similarImageSearchResultView/?ctgItemCd=157552153338 HTTP/1.1" 404 1251 "https://blog.newkolkata.in/item/153338mvrvtidm3056.html" "Mozilla/5.0 AppleWebKit/537.36 (KHTML, like Gecko; compatible; GPTBot/1.3; +https://openai.com/gptbot)"
74.7.243.248 - - [07/Feb/2026:09:25:32 -0500] "GET /ctg/search/similarImageSearchResultView/?ctgItemCd=258322254138 HTTP/1.1" 404 1251 "https://blog.newkolkata.in/item/254138kairtidm4457.html" "Mozilla/5.0 AppleWebKit/537.36 (KHTML, like Gecko; compatible; GPTBot/1.3; +https://openai.com/gptbot)"
85.208.96.197 - - [07/Feb/2026:09:25:35 -0500] "GET /getidm/118512zslyitems.htm HTTP/1.1" 404 1251 "-" "Mozilla/5.0 (compatible; SemrushBot/7~bl; +http://www.semrush.com/bot.html)"
74.7.243.248 - - [07/Feb/2026:09:25:35 -0500] "GET /ctg/search/similarImageSearchResultView/?ctgItemCd=233316229294 HTTP/1.1" 404 1251 "https://blog.newkolkata.in/getidm1349/229294jahtitems" "Mozilla/5.0 AppleWebKit/537.36 (KHTML, like Gecko; compatible; GPTBot/1.3; +https://openai.com/gptbot)"
85.208.96.193 - - [07/Feb/2026:09:25:36 -0500] "GET /getidm58/65227zslyitems HTTP/1.1" 404 1251 "-" "Mozilla/5.0 (compatible; SemrushBot/7~bl; +http://www.semrush.com/bot.html)"
74.7.243.248 - - [07/Feb/2026:09:25:38 -0500] "GET /ctg/search/similarImageSearchResultView/?ctgItemCd=183333179043 HTTP/1.1" 404 1251 "https://blog.newkolkata.in/getidm28/179043jahtitems.htm" "Mozilla/5.0 AppleWebKit/537.36 (KHTML, like Gecko; compatible; GPTBot/1.3; +https://openai.com/gptbot)"
74.7.243.248 - - [07/Feb/2026:09:25:41 -0500] "GET /ctg/search/similarImageSearchResultView/?ctgItemCd=282119277746 HTTP/1.1" 404 1251 "https://blog.newkolkata.in/getidm737/277746tjvfitems.htm" "Mozilla/5.0 AppleWebKit/537.36 (KHTML, like Gecko; compatible; GPTBot/1.3; +https://openai.com/gptbot)"
74.7.243.248 - - [07/Feb/2026:09:25:44 -0500] "GET /ctg/search/similarImageSearchResultView/?ctgItemCd=120541116370 HTTP/1.1" 404 1251 "https://blog.newkolkata.in/items/116370mvrvtidm5.html" "Mozilla/5.0 AppleWebKit/537.36 (KHTML, like Gecko; compatible; GPTBot/1.3; +https://openai.com/gptbot)"
74.7.243.248 - - [07/Feb/2026:09:25:48 -0500] "GET /ctg/search/similarImageSearchResultView/?ctgItemCd=123953119990 HTTP/1.1" 404 1251 "https://blog.newkolkata.in/getidm604/119990cejpitems" "Mozilla/5.0 AppleWebKit/537.36 (KHTML, like Gecko; compatible; GPTBot/1.3; +https://openai.com/gptbot)"
74.7.243.248 - - [07/Feb/2026:09:25:51 -0500] "GET /ctg/search/similarImageSearchResultView/?ctgItemCd=199976195637 HTTP/1.1" 404 1251 "https://blog.newkolkata.in/getidm36/195637zslyitems.htm" "Mozilla/5.0 AppleWebKit/537.36 (KHTML, like Gecko; compatible; GPTBot/1.3; +https://openai.com/gptbot)"
74.7.243.248 - - [07/Feb/2026:09:25:54 -0500] "GET /ctg/search/similarImageSearchResultView/?ctgItemCd=111232107256 HTTP/1.1" 404 1251 "https://blog.newkolkata.in/items/107256jahttid.html" "Mozilla/5.0 AppleWebKit/537.36 (KHTML, like Gecko; compatible; GPTBot/1.3; +https://openai.com/gptbot)"
74.7.243.248 - - [07/Feb/2026:09:25:57 -0500] "GET /ctg/search/similarImageSearchResultView/?ctgItemCd=237688233352 HTTP/1.1" 404 1251 "https://blog.newkolkata.in/getidm304/233352ccoyitems.htm" "Mozilla/5.0 AppleWebKit/537.36 (KHTML, like Gecko; compatible; GPTBot/1.3; +https://openai.com/gptbot)"
74.7.243.248 - - [07/Feb/2026:09:26:00 -0500] "GET /ctg/search/similarImageSearchResultView/?ctgItemCd=237685233347 HTTP/1.1" 404 1251 "https://blog.newkolkata.in/getidm122/233347ccoyitems.htm" "Mozilla/5.0 AppleWebKit/537.36 (KHTML, like Gecko; compatible; GPTBot/1.3; +https://openai.com/gptbot)"
74.7.243.248 - - [07/Feb/2026:09:26:03 -0500] "GET /ctg/search/similarImageSearchResultView/?ctgItemCd=268525264447 HTTP/1.1" 404 1251 "https://blog.newkolkata.in/getid/264447jahtitems.htm" "Mozilla/5.0 AppleWebKit/537.36 (KHTML, like Gecko; compatible; GPTBot/1.3; +https://openai.com/gptbot)"
74.7.243.248 - - [07/Feb/2026:09:26:06 -0500] "GET /ctg/search/similarImageSearchResultView/?ctgItemCd=276518272223 HTTP/1.1" 404 1251 "https://blog.newkolkata.in/getidm76/272223sejmitems.htm" "Mozilla/5.0 AppleWebKit/537.36 (KHTML, like Gecko; compatible; GPTBot/1.3; +https://openai.com/gptbot)"
74.7.243.248 - - [07/Feb/2026:09:26:10 -0500] "GET /ctg/search/similarImageSearchResultView/?ctgItemCd=156711152630 HTTP/1.1" 404 1251 "https://blog.newkolkata.in/items/152630kairtidm.html" "Mozilla/5.0 AppleWebKit/537.36 (KHTML, like Gecko; compatible; GPTBot/1.3; +https://openai.com/gptbot)"
85.208.96.205 - - [07/Feb/2026:09:26:11 -0500] "GET /getidm/278641zslyitems HTTP/1.1" 404 1251 "-" "Mozilla/5.0 (compatible; SemrushBot/7~bl; +http://www.semrush.com/bot.html)"
74.7.243.248 - - [07/Feb/2026:09:26:13 -0500] "GET /ctg/search/similarImageSearchResultView/?ctgItemCd=268999264812 HTTP/1.1" 404 1251 "https://blog.newkolkata.in/ite/264812cejptidm869864.html" "Mozilla/5.0 AppleWebKit/537.36 (KHTML, like Gecko; compatible; GPTBot/1.3; +https://openai.com/gptbot)"
185.191.171.15 - - [07/Feb/2026:09:26:14 -0500] "GET /getidm/206418ulgpitems.htm HTTP/1.1" 404 1251 "-" "Mozilla/5.0 (compatible; SemrushBot/7~bl; +http://www.semrush.com/bot.html)"
74.7.243.248 - - [07/Feb/2026:09:26:16 -0500] "GET /ctg/search/similarImageSearchResultView/?ctgItemCd=167811164094 HTTP/1.1" 404 1251 "https://blog.newkolkata.in/getid/164094ulgpitems" "Mozilla/5.0 AppleWebKit/537.36 (KHTML, like Gecko; compatible; GPTBot/1.3; +https://openai.com/gptbot)"
85.208.96.205 - - [07/Feb/2026:09:26:18 -0500] "GET /getidm/185497pcywitems HTTP/1.1" 404 1251 "-" "Mozilla/5.0 (compatible; SemrushBot/7~bl; +http://www.semrush.com/bot.html)"
74.7.243.248 - - [07/Feb/2026:09:26:19 -0500] "GET /ctg/search/similarImageSearchResultView/?ctgItemCd=225945222067 HTTP/1.1" 404 1251 "https://blog.newkolkata.in/getidm9/222067ulgpitems" "Mozilla/5.0 AppleWebKit/537.36 (KHTML, like Gecko; compatible; GPTBot/1.3; +https://openai.com/gptbot)"
74.7.243.248 - - [07/Feb/2026:09:26:22 -0500] "GET /ctg/search/similarImageSearchResultView/?ctgItemCd=222794218510 HTTP/1.1" 404 1251 "https://blog.newkolkata.in/getidm92/218510jahtitems.htm" "Mozilla/5.0 AppleWebKit/537.36 (KHTML, like Gecko; compatible; GPTBot/1.3; +https://openai.com/gptbot)"
74.7.243.248 - - [07/Feb/2026:09:26:26 -0500] "GET /ctg/search/similarImageSearchResultView/?ctgItemCd=199935196081 HTTP/1.1" 404 1251 "https://blog.newkolkata.in/getidm1/196081cejpitems" "Mozilla/5.0 AppleWebKit/537.36 (KHTML, like Gecko; compatible; GPTBot/1.3; +https://openai.com/gptbot)"
185.191.171.15 - - [07/Feb/2026:09:26:28 -0500] "GET /getid/251344ulgpitems HTTP/1.1" 404 1251 "-" "Mozilla/5.0 (compatible; SemrushBot/7~bl; +http://www.semrush.com/bot.html)"
74.7.243.248 - - [07/Feb/2026:09:26:29 -0500] "GET /ctg/search/similarImageSearchResultView/?ctgItemCd=234888230589 HTTP/1.1" 404 1251 "https://blog.newkolkata.in/items/230589kairtidm5443.html" "Mozilla/5.0 AppleWebKit/537.36 (KHTML, like Gecko; compatible; GPTBot/1.3; +https://openai.com/gptbot)"
74.7.243.248 - - [07/Feb/2026:09:26:32 -0500] "GET /ctg/search/similarImageSearchResultView/?ctgItemCd=163708159991 HTTP/1.1" 404 1251 "https://blog.newkolkata.in/getid/159991ccoyitems" "Mozilla/5.0 AppleWebKit/537.36 (KHTML, like Gecko; compatible; GPTBot/1.3; +https://openai.com/gptbot)"
74.7.243.248 - - [07/Feb/2026:09:26:35 -0500] "GET /ctg/search/similarImageSearchResultView/?ctgItemCd=111579107253 HTTP/1.1" 404 1251 "https://blog.newkolkata.in/getidm36/107253zslyitems.htm" "Mozilla/5.0 AppleWebKit/537.36 (KHTML, like Gecko; compatible; GPTBot/1.3; +https://openai.com/gptbot)"
74.7.243.248 - - [07/Feb/2026:09:26:38 -0500] "GET /ctg/search/similarImageSearchResultView/?ctgItemCd=133555129547 HTTP/1.1" 404 1251 "https://blog.newkolkata.in/getidm591/129547mvrvitems" "Mozilla/5.0 AppleWebKit/537.36 (KHTML, like Gecko; compatible; GPTBot/1.3; +https://openai.com/gptbot)"
74.7.243.248 - - [07/Feb/2026:09:26:41 -0500] "GET /ctg/search/similarImageSearchResultView/?ctgItemCd=273322269240 HTTP/1.1" 404 1251 "https://blog.newkolkata.in/items/269240cejptidm.html" "Mozilla/5.0 AppleWebKit/537.36 (KHTML, like Gecko; compatible; GPTBot/1.3; +https://openai.com/gptbot)"
74.7.243.248 - - [07/Feb/2026:09:26:44 -0500] "GET /ctg/search/similarImageSearchResultView/?ctgItemCd=301333296955 HTTP/1.1" 404 1251 "https://blog.newkolkata.in/getidm622/296955pcywitems.htm" "Mozilla/5.0 AppleWebKit/537.36 (KHTML, like Gecko; compatible; GPTBot/1.3; +https://openai.com/gptbot)"
74.7.243.248 - - [07/Feb/2026:09:26:47 -0500] "GET /ctg/search/similarImageSearchResultView/?ctgItemCd=318104314222 HTTP/1.1" 404 1251 "https://blog.newkolkata.in/ite/314222pcywtidm.html" "Mozilla/5.0 AppleWebKit/537.36 (KHTML, like Gecko; compatible; GPTBot/1.3; +https://openai.com/gptbot)"
74.7.243.248 - - [07/Feb/2026:09:26:50 -0500] "GET /ctg/search/similarImageSearchResultView/?ctgItemCd=201118197247 HTTP/1.1" 404 1251 "https://blog.newkolkata.in/get/197247cejpitems.htm" "Mozilla/5.0 AppleWebKit/537.36 (KHTML, like Gecko; compatible; GPTBot/1.3; +https://openai.com/gptbot)"
74.7.243.248 - - [07/Feb/2026:09:26:54 -0500] "GET /ctg/search/similarImageSearchResultView/?ctgItemCd=222089217977 HTTP/1.1" 404 1251 "https://blog.newkolkata.in/getid/217977pcywitems.htm" "Mozilla/5.0 AppleWebKit/537.36 (KHTML, like Gecko; compatible; GPTBot/1.3; +https://openai.com/gptbot)"
74.7.243.248 - - [07/Feb/2026:09:26:57 -0500] "GET /ctg/search/similarImageSearchResultView/?ctgItemCd=111788107904 HTTP/1.1" 404 1251 "https://blog.newkolkata.in/get/107904ulgpitems.htm" "Mozilla/5.0 AppleWebKit/537.36 (KHTML, like Gecko; compatible; GPTBot/1.3; +https://openai.com/gptbot)"
74.7.243.248 - - [07/Feb/2026:09:27:00 -0500] "GET /ctg/search/similarImageSearchResultView/?ctgItemCd=124365119994 HTTP/1.1" 404 1251 "https://blog.newkolkata.in/getidm267/119994tjvfitems.htm" "Mozilla/5.0 AppleWebKit/537.36 (KHTML, like Gecko; compatible; GPTBot/1.3; +https://openai.com/gptbot)"
74.7.243.248 - - [07/Feb/2026:09:27:03 -0500] "GET /ctg/search/similarImageSearchResultView/?ctgItemCd=278555274564 HTTP/1.1" 404 1251 "https://blog.newkolkata.in/items/274564sejmtid.html" "Mozilla/5.0 AppleWebKit/537.36 (KHTML, like Gecko; compatible; GPTBot/1.3; +https://openai.com/gptbot)"
85.208.96.196 - - [07/Feb/2026:09:27:03 -0500] "GET /geti/166183pcywitems HTTP/1.1" 404 1251 "-" "Mozilla/5.0 (compatible; SemrushBot/7~bl; +http://www.semrush.com/bot.html)"
74.7.243.248 - - [07/Feb/2026:09:27:06 -0500] "GET /ctg/search/similarImageSearchResultView/?ctgItemCd=155583151497 HTTP/1.1" 404 1251 "https://blog.newkolkata.in/getid/151497sejmitems.htm" "Mozilla/5.0 AppleWebKit/537.36 (KHTML, like Gecko; compatible; GPTBot/1.3; +https://openai.com/gptbot)"
74.7.243.248 - - [07/Feb/2026:09:27:09 -0500] "GET /ctg/search/similarImageSearchResultView/?ctgItemCd=151311146876 HTTP/1.1" 404 1251 "https://blog.newkolkata.in/items/146876mvrvtidm140406.html" "Mozilla/5.0 AppleWebKit/537.36 (KHTML, like Gecko; compatible; GPTBot/1.3; +https://openai.com/gptbot)"
185.191.171.15 - - [07/Feb/2026:09:27:11 -0500] "GET /getidm9/263890kairitems HTTP/1.1" 404 1251 "-" "Mozilla/5.0 (compatible; SemrushBot/7~bl; +http://www.semrush.com/bot.html)"
74.7.243.248 - - [07/Feb/2026:09:27:12 -0500] "GET /ctg/search/similarImageSearchResultView/?ctgItemCd=274441270634 HTTP/1.1" 404 1251 "https://blog.newkolkata.in/getidm/270634jahtitems" "Mozilla/5.0 AppleWebKit/537.36 (KHTML, like Gecko; compatible; GPTBot/1.3; +https://openai.com/gptbot)"
74.7.243.248 - - [07/Feb/2026:09:27:15 -0500] "GET /ctg/search/similarImageSearchResultView/?ctgItemCd=111621107543 HTTP/1.1" 404 1251 "https://blog.newkolkata.in/getid/107543ccoyitems.htm" "Mozilla/5.0 AppleWebKit/537.36 (KHTML, like Gecko; compatible; GPTBot/1.3; +https://openai.com/gptbot)"
74.7.243.248 - - [07/Feb/2026:09:27:18 -0500] "GET /ctg/search/similarImageSearchResultView/?ctgItemCd=148880144549 HTTP/1.1" 404 1251 "https://blog.newkolkata.in/getidm48/144549mvrvitems.htm" "Mozilla/5.0 AppleWebKit/537.36 (KHTML, like Gecko; compatible; GPTBot/1.3; +https://openai.com/gptbot)"
74.7.243.248 - - [07/Feb/2026:09:27:21 -0500] "GET /ctg/search/similarImageSearchResultView/?ctgItemCd=163811159521 HTTP/1.1" 404 1251 "https://blog.newkolkata.in/getidm92/159521kairitems.htm" "Mozilla/5.0 AppleWebKit/537.36 (KHTML, like Gecko; compatible; GPTBot/1.3; +https://openai.com/gptbot)"
74.7.243.248 - - [07/Feb/2026:09:27:25 -0500] "GET /ctg/search/similarImageSearchResultView/?ctgItemCd=120241115955 HTTP/1.1" 404 1251 "https://blog.newkolkata.in/items/115955mvrvtidm790.html" "Mozilla/5.0 AppleWebKit/537.36 (KHTML, like Gecko; compatible; GPTBot/1.3; +https://openai.com/gptbot)"
74.7.243.248 - - [07/Feb/2026:09:27:28 -0500] "GET /ctg/search/similarImageSearchResultView/?ctgItemCd=240005235768 HTTP/1.1" 404 1251 "https://blog.newkolkata.in/items/235768cejptidm120.html" "Mozilla/5.0 AppleWebKit/537.36 (KHTML, like Gecko; compatible; GPTBot/1.3; +https://openai.com/gptbot)"
74.7.243.248 - - [07/Feb/2026:09:27:31 -0500] "GET /ctg/search/similarImageSearchResultView/?ctgItemCd=214439209991 HTTP/1.1" 404 1251 "https://blog.newkolkata.in/items/209991mvrvtidm934590.html" "Mozilla/5.0 AppleWebKit/537.36 (KHTML, like Gecko; compatible; GPTBot/1.3; +https://openai.com/gptbot)"
74.7.243.248 - - [07/Feb/2026:09:27:34 -0500] "GET /ctg/search/similarImageSearchResultView/?ctgItemCd=104776164 HTTP/1.1" 404 1251 "https://blog.newkolkata.in/items/6164ulgptidm824126.html" "Mozilla/5.0 AppleWebKit/537.36 (KHTML, like Gecko; compatible; GPTBot/1.3; +https://openai.com/gptbot)"
74.7.243.248 - - [07/Feb/2026:09:27:37 -0500] "GET /ctg/search/similarImageSearchResultView/?ctgItemCd=103326234 HTTP/1.1" 404 1251 "https://blog.newkolkata.in/getidm/6234tjvfitems.htm" "Mozilla/5.0 AppleWebKit/537.36 (KHTML, like Gecko; compatible; GPTBot/1.3; +https://openai.com/gptbot)"
185.191.171.15 - - [07/Feb/2026:09:27:38 -0500] "GET /getidm/288457tjvfitems HTTP/1.1" 404 1251 "-" "Mozilla/5.0 (compatible; SemrushBot/7~bl; +http://www.semrush.com/bot.html)"
74.7.243.248 - - [07/Feb/2026:09:27:40 -0500] "GET /ctg/search/similarImageSearchResultView/?ctgItemCd=122746118882 HTTP/1.1" 404 1251 "https://blog.newkolkata.in/getidm3/118882jahtitems" "Mozilla/5.0 AppleWebKit/537.36 (KHTML, like Gecko; compatible; GPTBot/1.3; +https://openai.com/gptbot)"
74.7.243.248 - - [07/Feb/2026:09:27:44 -0500] "GET /ctg/search/similarImageSearchResultView/?ctgItemCd=137429449 HTTP/1.1" 404 1251 "https://blog.newkolkata.in/getidm790/9449zslyitems.htm" "Mozilla/5.0 AppleWebKit/537.36 (KHTML, like Gecko; compatible; GPTBot/1.3; +https://openai.com/gptbot)"
74.7.243.248 - - [07/Feb/2026:09:27:47 -0500] "GET /ctg/search/similarImageSearchResultView/?ctgItemCd=118157628 HTTP/1.1" 404 1251 "https://blog.newkolkata.in/getidm31/7628kairitems.htm" "Mozilla/5.0 AppleWebKit/537.36 (KHTML, like Gecko; compatible; GPTBot/1.3; +https://openai.com/gptbot)"
74.7.243.248 - - [07/Feb/2026:09:27:50 -0500] "GET /ctg/search/similarImageSearchResultView/?ctgItemCd=115528111407 HTTP/1.1" 404 1251 "https://blog.newkolkata.in/items/111407zslytidm.html" "Mozilla/5.0 AppleWebKit/537.36 (KHTML, like Gecko; compatible; GPTBot/1.3; +https://openai.com/gptbot)"
74.7.243.248 - - [07/Feb/2026:09:27:53 -0500] "GET /ctg/search/similarImageSearchResultView/?ctgItemCd=119087713 HTTP/1.1" 404 1251 "https://blog.newkolkata.in/getidm98/7713kairitems.htm" "Mozilla/5.0 AppleWebKit/537.36 (KHTML, like Gecko; compatible; GPTBot/1.3; +https://openai.com/gptbot)"
74.7.243.248 - - [07/Feb/2026:09:27:56 -0500] "GET /ctg/search/similarImageSearchResultView/?ctgItemCd=103036414 HTTP/1.1" 404 1251 "https://blog.newkolkata.in/geti/6414tjvfitems.htm" "Mozilla/5.0 AppleWebKit/537.36 (KHTML, like Gecko; compatible; GPTBot/1.3; +https://openai.com/gptbot)"
85.208.96.193 - - [07/Feb/2026:09:27:59 -0500] "GET /getidm/177711tjvfitems.htm HTTP/1.1" 404 1251 "-" "Mozilla/5.0 (compatible; SemrushBot/7~bl; +http://www.semrush.com/bot.html)"
74.7.243.248 - - [07/Feb/2026:09:28:00 -0500] "GET /ctg/search/similarImageSearchResultView/?ctgItemCd=115177309 HTTP/1.1" 404 1251 "https://blog.newkolkata.in/getidm37/7309tjvfitems.htm" "Mozilla/5.0 AppleWebKit/537.36 (KHTML, like Gecko; compatible; GPTBot/1.3; +https://openai.com/gptbot)"
85.208.96.202 - - [07/Feb/2026:09:28:02 -0500] "GET /getidm/201567ccoyitems.htm HTTP/1.1" 404 1251 "-" "Mozilla/5.0 (compatible; SemrushBot/7~bl; +http://www.semrush.com/bot.html)"
74.7.243.248 - - [07/Feb/2026:09:28:03 -0500] "GET /ctg/search/similarImageSearchResultView/?ctgItemCd=114217975 HTTP/1.1" 404 1251 "https://blog.newkolkata.in/get/7975zslyitems" "Mozilla/5.0 AppleWebKit/537.36 (KHTML, like Gecko; compatible; GPTBot/1.3; +https://openai.com/gptbot)"
193.24.211.70 - - [07/Feb/2026:09:28:04 -0500] "GET / HTTP/1.1" 200 1971 "-" "Mozilla/5.0 (Macintosh; Intel Mac OS X 10_15_7) AppleWebKit/537.36 (KHTML, like Gecko) Chrome/120.0.0.0 Safari/537.36"
74.7.243.248 - - [07/Feb/2026:09:28:06 -0500] "GET /ctg/search/similarImageSearchResultView/?ctgItemCd=113257199 HTTP/1.1" 404 1251 "https://blog.newkolkata.in/getidm/7199mvrvitems.htm" "Mozilla/5.0 AppleWebKit/537.36 (KHTML, like Gecko; compatible; GPTBot/1.3; +https://openai.com/gptbot)"
74.7.243.248 - - [07/Feb/2026:09:28:09 -0500] "GET /ctg/search/similarImageSearchResultView/?ctgItemCd=114817494 HTTP/1.1" 404 1251 "https://blog.newkolkata.in/getid/7494sejmitems.htm" "Mozilla/5.0 AppleWebKit/537.36 (KHTML, like Gecko; compatible; GPTBot/1.3; +https://openai.com/gptbot)"
74.7.243.248 - - [07/Feb/2026:09:28:12 -0500] "GET /ctg/search/similarImageSearchResultView/?ctgItemCd=138939815 HTTP/1.1" 404 1251 "https://blog.newkolkata.in/items/9815mvrvtidm3.html" "Mozilla/5.0 AppleWebKit/537.36 (KHTML, like Gecko; compatible; GPTBot/1.3; +https://openai.com/gptbot)"
74.7.243.248 - - [07/Feb/2026:09:28:16 -0500] "GET /ctg/search/similarImageSearchResultView/?ctgItemCd=116067708 HTTP/1.1" 404 1251 "https://blog.newkolkata.in/items/7708ulgptid.html" "Mozilla/5.0 AppleWebKit/537.36 (KHTML, like Gecko; compatible; GPTBot/1.3; +https://openai.com/gptbot)"
85.208.96.210 - - [07/Feb/2026:09:28:17 -0500] "GET /get/172269ulgpitems.htm HTTP/1.1" 404 1251 "-" "Mozilla/5.0 (compatible; SemrushBot/7~bl; +http://www.semrush.com/bot.html)"
74.7.243.248 - - [07/Feb/2026:09:28:19 -0500] "GET /ctg/search/similarImageSearchResultView/?ctgItemCd=134889958 HTTP/1.1" 404 1251 "https://blog.newkolkata.in/geti/9958tjvfitems" "Mozilla/5.0 AppleWebKit/537.36 (KHTML, like Gecko; compatible; GPTBot/1.3; +https://openai.com/gptbot)"
74.7.243.248 - - [07/Feb/2026:09:28:22 -0500] "GET /ctg/search/similarImageSearchResultView/?ctgItemCd=110937077 HTTP/1.1" 404 1251 "https://blog.newkolkata.in/ite/7077zslytidm9700.html" "Mozilla/5.0 AppleWebKit/537.36 (KHTML, like Gecko; compatible; GPTBot/1.3; +https://openai.com/gptbot)"
185.191.171.14 - - [07/Feb/2026:09:28:24 -0500] "GET /geti/17934ulgpitems.htm HTTP/1.1" 404 1251 "-" "Mozilla/5.0 (compatible; SemrushBot/7~bl; +http://www.semrush.com/bot.html)"
74.7.243.248 - - [07/Feb/2026:09:28:25 -0500] "GET /ctg/search/similarImageSearchResultView/?ctgItemCd=115017308 HTTP/1.1" 404 1251 "https://blog.newkolkata.in/getidm16/7308sejmitems.htm" "Mozilla/5.0 AppleWebKit/537.36 (KHTML, like Gecko; compatible; GPTBot/1.3; +https://openai.com/gptbot)"
85.208.96.212 - - [07/Feb/2026:09:28:27 -0500] "GET /getidm/189261ulgpitems.htm HTTP/1.1" 404 1251 "-" "Mozilla/5.0 (compatible; SemrushBot/7~bl; +http://www.semrush.com/bot.html)"
74.7.243.248 - - [07/Feb/2026:09:28:29 -0500] "GET /ctg/search/similarImageSearchResultView/?ctgItemCd=110667087 HTTP/1.1" 404 1251 "https://blog.newkolkata.in/item/7087cejptidm58.html" "Mozilla/5.0 AppleWebKit/537.36 (KHTML, like Gecko; compatible; GPTBot/1.3; +https://openai.com/gptbot)"
74.7.243.248 - - [07/Feb/2026:09:28:32 -0500] "GET /ctg/search/similarImageSearchResultView/?ctgItemCd=140339904 HTTP/1.1" 404 1251 "https://blog.newkolkata.in/getidm/9904zslyitems.htm" "Mozilla/5.0 AppleWebKit/537.36 (KHTML, like Gecko; compatible; GPTBot/1.3; +https://openai.com/gptbot)"
185.191.171.8 - - [07/Feb/2026:09:28:34 -0500] "GET /get/55635ccoyitems.htm HTTP/1.1" 404 1251 "-" "Mozilla/5.0 (compatible; SemrushBot/7~bl; +http://www.semrush.com/bot.html)"
74.7.243.248 - - [07/Feb/2026:09:28:35 -0500] "GET /ctg/search/similarImageSearchResultView/?ctgItemCd=106576400 HTTP/1.1" 404 1251 "https://blog.newkolkata.in/getidm443/6400pcywitems.htm" "Mozilla/5.0 AppleWebKit/537.36 (KHTML, like Gecko; compatible; GPTBot/1.3; +https://openai.com/gptbot)"
74.7.243.248 - - [07/Feb/2026:09:28:38 -0500] "GET /ctg/search/similarImageSearchResultView/?ctgItemCd=109766765 HTTP/1.1" 404 1251 "https://blog.newkolkata.in/items/6765jahttidm9765.html" "Mozilla/5.0 AppleWebKit/537.36 (KHTML, like Gecko; compatible; GPTBot/1.3; +https://openai.com/gptbot)"
74.7.243.248 - - [07/Feb/2026:09:28:41 -0500] "GET /ctg/search/similarImageSearchResultView/?ctgItemCd=125688785 HTTP/1.1" 404 1251 "https://blog.newkolkata.in/getidm1/8785ulgpitems" "Mozilla/5.0 AppleWebKit/537.36 (KHTML, like Gecko; compatible; GPTBot/1.3; +https://openai.com/gptbot)"
74.7.243.248 - - [07/Feb/2026:09:28:44 -0500] "GET /ctg/search/similarImageSearchResultView/?ctgItemCd=112217550 HTTP/1.1" 404 1251 "https://blog.newkolkata.in/ite/7550tjvftid.html" "Mozilla/5.0 AppleWebKit/537.36 (KHTML, like Gecko; compatible; GPTBot/1.3; +https://openai.com/gptbot)"
74.7.243.248 - - [07/Feb/2026:09:28:47 -0500] "GET /ctg/search/similarImageSearchResultView/?ctgItemCd=114497176 HTTP/1.1" 404 1251 "https://blog.newkolkata.in/getidm466/7176pcywitems.htm" "Mozilla/5.0 AppleWebKit/537.36 (KHTML, like Gecko; compatible; GPTBot/1.3; +https://openai.com/gptbot)"
74.7.243.248 - - [07/Feb/2026:09:28:50 -0500] "GET /ctg/search/similarImageSearchResultView/?ctgItemCd=118347483 HTTP/1.1" 404 1251 "https://blog.newkolkata.in/items/7483zslytidm581349.html" "Mozilla/5.0 AppleWebKit/537.36 (KHTML, like Gecko; compatible; GPTBot/1.3; +https://openai.com/gptbot)"
74.7.243.248 - - [07/Feb/2026:09:28:54 -0500] "GET /ctg/search/similarImageSearchResultView/?ctgItemCd=106037015 HTTP/1.1" 404 1251 "https://blog.newkolkata.in/getid/7015cejpitems" "Mozilla/5.0 AppleWebKit/537.36 (KHTML, like Gecko; compatible; GPTBot/1.3; +https://openai.com/gptbot)"
74.7.243.248 - - [07/Feb/2026:09:28:57 -0500] "GET /ctg/search/similarImageSearchResultView/?ctgItemCd=133649368 HTTP/1.1" 404 1251 "https://blog.newkolkata.in/item/9368ccoytidm95.html" "Mozilla/5.0 AppleWebKit/537.36 (KHTML, like Gecko; compatible; GPTBot/1.3; +https://openai.com/gptbot)"
74.7.243.248 - - [07/Feb/2026:09:29:00 -0500] "GET /ctg/search/similarImageSearchResultView/?ctgItemCd=112717464 HTTP/1.1" 404 1251 "https://blog.newkolkata.in/get/7464mvrvitems.htm" "Mozilla/5.0 AppleWebKit/537.36 (KHTML, like Gecko; compatible; GPTBot/1.3; +https://openai.com/gptbot)"
185.191.171.19 - - [07/Feb/2026:09:29:02 -0500] "GET /get/91054tjvfitems HTTP/1.1" 404 1251 "-" "Mozilla/5.0 (compatible; SemrushBot/7~bl; +http://www.semrush.com/bot.html)"
74.7.243.248 - - [07/Feb/2026:09:29:03 -0500] "GET /ctg/search/similarImageSearchResultView/?ctgItemCd=122568117 HTTP/1.1" 404 1251 "https://blog.newkolkata.in/item/8117sejmtidm74154.html" "Mozilla/5.0 AppleWebKit/537.36 (KHTML, like Gecko; compatible; GPTBot/1.3; +https://openai.com/gptbot)"
74.7.243.248 - - [07/Feb/2026:09:29:06 -0500] "GET /ctg/search/similarImageSearchResultView/?ctgItemCd=127269127 HTTP/1.1" 404 1251 "https://blog.newkolkata.in/getid/9127kairitems" "Mozilla/5.0 AppleWebKit/537.36 (KHTML, like Gecko; compatible; GPTBot/1.3; +https://openai.com/gptbot)"
74.7.243.248 - - [07/Feb/2026:09:29:09 -0500] "GET /ctg/search/similarImageSearchResultView/?ctgItemCd=141159899 HTTP/1.1" 404 1251 "https://blog.newkolkata.in/items/9899ccoytidm5063.html" "Mozilla/5.0 AppleWebKit/537.36 (KHTML, like Gecko; compatible; GPTBot/1.3; +https://openai.com/gptbot)"
85.208.96.193 - - [07/Feb/2026:09:29:10 -0500] "GET /get/159526tjvfitems HTTP/1.1" 404 1251 "-" "Mozilla/5.0 (compatible; SemrushBot/7~bl; +http://www.semrush.com/bot.html)"
74.7.243.248 - - [07/Feb/2026:09:29:12 -0500] "GET /ctg/search/similarImageSearchResultView/?ctgItemCd=127759151 HTTP/1.1" 404 1251 "https://blog.newkolkata.in/getid/9151pcywitems" "Mozilla/5.0 AppleWebKit/537.36 (KHTML, like Gecko; compatible; GPTBot/1.3; +https://openai.com/gptbot)"
85.208.96.196 - - [07/Feb/2026:09:29:14 -0500] "GET /getidm/204045jahtitems.htm HTTP/1.1" 404 1251 "-" "Mozilla/5.0 (compatible; SemrushBot/7~bl; +http://www.semrush.com/bot.html)"
74.7.243.248 - - [07/Feb/2026:09:29:16 -0500] "GET /ctg/search/similarImageSearchResultView/?ctgItemCd=131008835 HTTP/1.1" 404 1251 "https://blog.newkolkata.in/getidm266/8835tjvfitems.htm" "Mozilla/5.0 AppleWebKit/537.36 (KHTML, like Gecko; compatible; GPTBot/1.3; +https://openai.com/gptbot)"
85.208.96.211 - - [07/Feb/2026:09:29:19 -0500] "GET /get/165262mvrvitems HTTP/1.1" 404 1251 "-" "Mozilla/5.0 (compatible; SemrushBot/7~bl; +http://www.semrush.com/bot.html)"
74.7.243.248 - - [07/Feb/2026:09:29:19 -0500] "GET /ctg/search/similarImageSearchResultView/?ctgItemCd=134679336 HTTP/1.1" 404 1251 "https://blog.newkolkata.in/getidm3/9336cejpitems.htm" "Mozilla/5.0 AppleWebKit/537.36 (KHTML, like Gecko; compatible; GPTBot/1.3; +https://openai.com/gptbot)"
74.7.243.248 - - [07/Feb/2026:09:29:22 -0500] "GET /ctg/search/similarImageSearchResultView/?ctgItemCd=118017990 HTTP/1.1" 404 1251 "https://blog.newkolkata.in/get/7990mvrvitems.htm" "Mozilla/5.0 AppleWebKit/537.36 (KHTML, like Gecko; compatible; GPTBot/1.3; +https://openai.com/gptbot)"
74.7.243.248 - - [07/Feb/2026:09:29:25 -0500] "GET /ctg/search/similarImageSearchResultView/?ctgItemCd=121917844 HTTP/1.1" 404 1251 "https://blog.newkolkata.in/items/7844zslytidm947131.html" "Mozilla/5.0 AppleWebKit/537.36 (KHTML, like Gecko; compatible; GPTBot/1.3; +https://openai.com/gptbot)"
74.7.243.248 - - [07/Feb/2026:09:29:28 -0500] "GET /ctg/search/similarImageSearchResultView/?ctgItemCd=108266711 HTTP/1.1" 404 1251 "https://blog.newkolkata.in/getidm/6711mvrvitems.htm" "Mozilla/5.0 AppleWebKit/537.36 (KHTML, like Gecko; compatible; GPTBot/1.3; +https://openai.com/gptbot)"
74.7.243.248 - - [07/Feb/2026:09:29:32 -0500] "GET /ctg/search/similarImageSearchResultView/?ctgItemCd=106466371 HTTP/1.1" 404 1251 "https://blog.newkolkata.in/items/6371mvrvtidm18014.html" "Mozilla/5.0 AppleWebKit/537.36 (KHTML, like Gecko; compatible; GPTBot/1.3; +https://openai.com/gptbot)"
74.7.243.248 - - [07/Feb/2026:09:29:35 -0500] "GET /ctg/search/similarImageSearchResultView/?ctgItemCd=106296411 HTTP/1.1" 404 1251 "https://blog.newkolkata.in/getidm99/6411pcywitems.htm" "Mozilla/5.0 AppleWebKit/537.36 (KHTML, like Gecko; compatible; GPTBot/1.3; +https://openai.com/gptbot)"
85.208.96.198 - - [07/Feb/2026:09:29:37 -0500] "GET /geti/171799mvrvitems HTTP/1.1" 404 1251 "-" "Mozilla/5.0 (compatible; SemrushBot/7~bl; +http://www.semrush.com/bot.html)"
74.7.243.248 - - [07/Feb/2026:09:29:38 -0500] "GET /ctg/search/similarImageSearchResultView/?ctgItemCd=110967316 HTTP/1.1" 404 1251 "https://blog.newkolkata.in/getidm9/7316ulgpitems" "Mozilla/5.0 AppleWebKit/537.36 (KHTML, like Gecko; compatible; GPTBot/1.3; +https://openai.com/gptbot)"
85.208.96.198 - - [07/Feb/2026:09:29:40 -0500] "GET /getidm38/56275pcywitems HTTP/1.1" 404 1251 "-" "Mozilla/5.0 (compatible; SemrushBot/7~bl; +http://www.semrush.com/bot.html)"
74.7.243.248 - - [07/Feb/2026:09:29:41 -0500] "GET /ctg/search/similarImageSearchResultView/?ctgItemCd=139219818 HTTP/1.1" 404 1251 "https://blog.newkolkata.in/item/9818ulgptidm8223.html" "Mozilla/5.0 AppleWebKit/537.36 (KHTML, like Gecko; compatible; GPTBot/1.3; +https://openai.com/gptbot)"
74.7.243.248 - - [07/Feb/2026:09:29:44 -0500] "GET /ctg/search/similarImageSearchResultView/?ctgItemCd=119447922 HTTP/1.1" 404 1251 "https://blog.newkolkata.in/item/7922mvrvtidm98.html" "Mozilla/5.0 AppleWebKit/537.36 (KHTML, like Gecko; compatible; GPTBot/1.3; +https://openai.com/gptbot)"
74.7.243.248 - - [07/Feb/2026:09:29:47 -0500] "GET /ctg/search/similarImageSearchResultView/?ctgItemCd=108917133 HTTP/1.1" 404 1251 "https://blog.newkolkata.in/item/7133jahttid.html" "Mozilla/5.0 AppleWebKit/537.36 (KHTML, like Gecko; compatible; GPTBot/1.3; +https://openai.com/gptbot)"
74.7.243.248 - - [07/Feb/2026:09:29:50 -0500] "GET /ctg/search/similarImageSearchResultView/?ctgItemCd=113187486 HTTP/1.1" 404 1251 "https://blog.newkolkata.in/ite/7486ccoytidm8.html" "Mozilla/5.0 AppleWebKit/537.36 (KHTML, like Gecko; compatible; GPTBot/1.3; +https://openai.com/gptbot)"
74.7.243.248 - - [07/Feb/2026:09:29:53 -0500] "GET /ctg/search/similarImageSearchResultView/?ctgItemCd=129959161 HTTP/1.1" 404 1251 "https://blog.newkolkata.in/ite/9161ulgptidm8.html" "Mozilla/5.0 AppleWebKit/537.36 (KHTML, like Gecko; compatible; GPTBot/1.3; +https://openai.com/gptbot)"
85.208.96.206 - - [07/Feb/2026:09:29:54 -0500] "GET /getidm/107130cejpitems.htm HTTP/1.1" 404 1251 "-" "Mozilla/5.0 (compatible; SemrushBot/7~bl; +http://www.semrush.com/bot.html)"
74.7.243.248 - - [07/Feb/2026:09:29:57 -0500] "GET /ctg/search/similarImageSearchResultView/?ctgItemCd=103186068 HTTP/1.1" 404 1251 "https://blog.newkolkata.in/getidm491/6068sejmitems.htm" "Mozilla/5.0 AppleWebKit/537.36 (KHTML, like Gecko; compatible; GPTBot/1.3; +https://openai.com/gptbot)"
74.7.243.248 - - [07/Feb/2026:09:29:59 -0500] "GET /ctg/search/similarImageSearchResultView/?ctgItemCd=101716301 HTTP/1.1" 404 1251 "https://blog.newkolkata.in/getidm242/6301tjvfitems" "Mozilla/5.0 AppleWebKit/537.36 (KHTML, like Gecko; compatible; GPTBot/1.3; +https://openai.com/gptbot)"
74.7.243.248 - - [07/Feb/2026:09:30:03 -0500] "GET /ctg/search/similarImageSearchResultView/?ctgItemCd=120717977 HTTP/1.1" 404 1251 "https://blog.newkolkata.in/getidm/7977kairitems.htm" "Mozilla/5.0 AppleWebKit/537.36 (KHTML, like Gecko; compatible; GPTBot/1.3; +https://openai.com/gptbot)"
74.7.243.248 - - [07/Feb/2026:09:30:06 -0500] "GET /ctg/search/similarImageSearchResultView/?ctgItemCd=294075289747 HTTP/1.1" 404 1251 "https://blog.newkolkata.in/item/289747pcywtidm843722.html" "Mozilla/5.0 AppleWebKit/537.36 (KHTML, like Gecko; compatible; GPTBot/1.3; +https://openai.com/gptbot)"
74.7.243.248 - - [07/Feb/2026:09:30:09 -0500] "GET /ctg/search/similarImageSearchResultView/?ctgItemCd=128829191 HTTP/1.1" 404 1251 "https://blog.newkolkata.in/ite/9191mvrvtid.html" "Mozilla/5.0 AppleWebKit/537.36 (KHTML, like Gecko; compatible; GPTBot/1.3; +https://openai.com/gptbot)"
74.7.243.248 - - [07/Feb/2026:09:30:12 -0500] "GET /ctg/search/similarImageSearchResultView/?ctgItemCd=116797911 HTTP/1.1" 404 1251 "https://blog.newkolkata.in/get/7911kairitems.htm" "Mozilla/5.0 AppleWebKit/537.36 (KHTML, like Gecko; compatible; GPTBot/1.3; +https://openai.com/gptbot)"
74.7.243.248 - - [07/Feb/2026:09:30:15 -0500] "GET /ctg/search/similarImageSearchResultView/?ctgItemCd=131309113 HTTP/1.1" 404 1251 "https://blog.newkolkata.in/item/9113cejptidm470.html" "Mozilla/5.0 AppleWebKit/537.36 (KHTML, like Gecko; compatible; GPTBot/1.3; +https://openai.com/gptbot)"
74.7.243.248 - - [07/Feb/2026:09:30:18 -0500] "GET /ctg/search/similarImageSearchResultView/?ctgItemCd=117127616 HTTP/1.1" 404 1251 "https://blog.newkolkata.in/items/7616jahttidm57.html" "Mozilla/5.0 AppleWebKit/537.36 (KHTML, like Gecko; compatible; GPTBot/1.3; +https://openai.com/gptbot)"
85.208.96.200 - - [07/Feb/2026:09:30:21 -0500] "GET /getidm/124203ulgpitems.htm HTTP/1.1" 404 1251 "-" "Mozilla/5.0 (compatible; SemrushBot/7~bl; +http://www.semrush.com/bot.html)"
74.7.243.248 - - [07/Feb/2026:09:30:21 -0500] "GET /ctg/search/similarImageSearchResultView/?ctgItemCd=121388110 HTTP/1.1" 404 1251 "https://blog.newkolkata.in/items/8110cejptidm7.html" "Mozilla/5.0 AppleWebKit/537.36 (KHTML, like Gecko; compatible; GPTBot/1.3; +https://openai.com/gptbot)"
74.7.243.248 - - [07/Feb/2026:09:30:24 -0500] "GET /ctg/search/similarImageSearchResultView/?ctgItemCd=206879202852 HTTP/1.1" 404 1251 "https://blog.newkolkata.in/getidm2622/202852tjvfitems" "Mozilla/5.0 AppleWebKit/537.36 (KHTML, like Gecko; compatible; GPTBot/1.3; +https://openai.com/gptbot)"
85.208.96.193 - - [07/Feb/2026:09:30:27 -0500] "GET /getidm/162549mvrvitems.htm HTTP/1.1" 404 1251 "-" "Mozilla/5.0 (compatible; SemrushBot/7~bl; +http://www.semrush.com/bot.html)"
74.7.243.248 - - [07/Feb/2026:09:30:28 -0500] "GET /ctg/search/similarImageSearchResultView/?ctgItemCd=227698223431 HTTP/1.1" 404 1251 "https://blog.newkolkata.in/getidm8/223431mvrvitems.htm" "Mozilla/5.0 AppleWebKit/537.36 (KHTML, like Gecko; compatible; GPTBot/1.3; +https://openai.com/gptbot)"
74.7.243.248 - - [07/Feb/2026:09:30:31 -0500] "GET /ctg/search/similarImageSearchResultView/?ctgItemCd=207103202865 HTTP/1.1" 404 1251 "https://blog.newkolkata.in/items/202865cejptidm165.html" "Mozilla/5.0 AppleWebKit/537.36 (KHTML, like Gecko; compatible; GPTBot/1.3; +https://openai.com/gptbot)"
185.191.171.4 - - [07/Feb/2026:09:30:31 -0500] "GET /get/282310ulgpitems HTTP/1.1" 404 1251 "-" "Mozilla/5.0 (compatible; SemrushBot/7~bl; +http://www.semrush.com/bot.html)"
74.7.243.248 - - [07/Feb/2026:09:30:34 -0500] "GET /ctg/search/similarImageSearchResultView/?ctgItemCd=173344169214 HTTP/1.1" 404 1251 "https://blog.newkolkata.in/items/169214zslytidm.html" "Mozilla/5.0 AppleWebKit/537.36 (KHTML, like Gecko; compatible; GPTBot/1.3; +https://openai.com/gptbot)"
74.7.243.248 - - [07/Feb/2026:09:30:37 -0500] "GET /ctg/search/similarImageSearchResultView/?ctgItemCd=237825234016 HTTP/1.1" 404 1251 "https://blog.newkolkata.in/getidm/234016sejmitems" "Mozilla/5.0 AppleWebKit/537.36 (KHTML, like Gecko; compatible; GPTBot/1.3; +https://openai.com/gptbot)"
85.208.96.201 - - [07/Feb/2026:09:30:38 -0500] "GET /getid/3016tjvfitems HTTP/1.1" 404 1251 "-" "Mozilla/5.0 (compatible; SemrushBot/7~bl; +http://www.semrush.com/bot.html)"
74.7.243.248 - - [07/Feb/2026:09:30:40 -0500] "GET /ctg/search/similarImageSearchResultView/?ctgItemCd=115064110630 HTTP/1.1" 404 1251 "https://blog.newkolkata.in/items/110630mvrvtidm858680.html" "Mozilla/5.0 AppleWebKit/537.36 (KHTML, like Gecko; compatible; GPTBot/1.3; +https://openai.com/gptbot)"
74.7.243.248 - - [07/Feb/2026:09:30:43 -0500] "GET /ctg/search/similarImageSearchResultView/?ctgItemCd=127065123250 HTTP/1.1" 404 1251 "https://blog.newkolkata.in/getidm/123250ulgpitems" "Mozilla/5.0 AppleWebKit/537.36 (KHTML, like Gecko; compatible; GPTBot/1.3; +https://openai.com/gptbot)"
