74.7.243.248 - - [07/Feb/2026:08:38:01 -0500] "GET /ctg/search/similarImageSearchResultView/?ctgItemCd=136992133375 HTTP/1.1" 404 1251 "https://blog.newkolkata.in/geti/133375tjvfitems" "Mozilla/5.0 AppleWebKit/537.36 (KHTML, like Gecko; compatible; GPTBot/1.3; +https://openai.com/gptbot)"
85.208.96.198 - - [07/Feb/2026:08:38:04 -0500] "GET /getidm440/9100ulgpitems HTTP/1.1" 404 1251 "-" "Mozilla/5.0 (compatible; SemrushBot/7~bl; +http://www.semrush.com/bot.html)"
74.7.243.248 - - [07/Feb/2026:08:38:04 -0500] "GET /ctg/search/similarImageSearchResultView/?ctgItemCd=241022237091 HTTP/1.1" 404 1251 "https://blog.newkolkata.in/getidm72/237091tjvfitems" "Mozilla/5.0 AppleWebKit/537.36 (KHTML, like Gecko; compatible; GPTBot/1.3; +https://openai.com/gptbot)"
74.7.243.248 - - [07/Feb/2026:08:38:07 -0500] "GET /ctg/search/similarImageSearchResultView/?ctgItemCd=138222134253 HTTP/1.1" 404 1251 "https://blog.newkolkata.in/geti/134253jahtitems.htm" "Mozilla/5.0 AppleWebKit/537.36 (KHTML, like Gecko; compatible; GPTBot/1.3; +https://openai.com/gptbot)"
74.7.243.248 - - [07/Feb/2026:08:38:10 -0500] "GET /ctg/search/similarImageSearchResultView/?ctgItemCd=270900266640 HTTP/1.1" 404 1251 "https://blog.newkolkata.in/getidm9/266640tjvfitems.htm" "Mozilla/5.0 AppleWebKit/537.36 (KHTML, like Gecko; compatible; GPTBot/1.3; +https://openai.com/gptbot)"
74.7.243.248 - - [07/Feb/2026:08:38:13 -0500] "GET /ctg/search/similarImageSearchResultView/?ctgItemCd=218881214469 HTTP/1.1" 404 1251 "https://blog.newkolkata.in/items/214469ccoytidm611946.html" "Mozilla/5.0 AppleWebKit/537.36 (KHTML, like Gecko; compatible; GPTBot/1.3; +https://openai.com/gptbot)"
74.7.243.248 - - [07/Feb/2026:08:38:17 -0500] "GET /ctg/search/similarImageSearchResultView/?ctgItemCd=170004165795 HTTP/1.1" 404 1251 "https://blog.newkolkata.in/items/165795ccoytidm72.html" "Mozilla/5.0 AppleWebKit/537.36 (KHTML, like Gecko; compatible; GPTBot/1.3; +https://openai.com/gptbot)"
74.7.243.248 - - [07/Feb/2026:08:38:20 -0500] "GET /ctg/search/similarImageSearchResultView/?ctgItemCd=120901116714 HTTP/1.1" 404 1251 "https://blog.newkolkata.in/getidm/116714ccoyitems.htm" "Mozilla/5.0 AppleWebKit/537.36 (KHTML, like Gecko; compatible; GPTBot/1.3; +https://openai.com/gptbot)"
74.7.243.248 - - [07/Feb/2026:08:38:23 -0500] "GET /ctg/search/similarImageSearchResultView/?ctgItemCd=211178207157 HTTP/1.1" 404 1251 "https://blog.newkolkata.in/getidm8149/207157kairitems" "Mozilla/5.0 AppleWebKit/537.36 (KHTML, like Gecko; compatible; GPTBot/1.3; +https://openai.com/gptbot)"
74.7.243.248 - - [07/Feb/2026:08:38:26 -0500] "GET /ctg/search/similarImageSearchResultView/?ctgItemCd=226411222538 HTTP/1.1" 404 1251 "https://blog.newkolkata.in/getidm1/222538ulgpitems" "Mozilla/5.0 AppleWebKit/537.36 (KHTML, like Gecko; compatible; GPTBot/1.3; +https://openai.com/gptbot)"
74.7.243.248 - - [07/Feb/2026:08:38:29 -0500] "GET /ctg/search/similarImageSearchResultView/?ctgItemCd=111706107508 HTTP/1.1" 404 1251 "https://blog.newkolkata.in/getidm/107508ulgpitems.htm" "Mozilla/5.0 AppleWebKit/537.36 (KHTML, like Gecko; compatible; GPTBot/1.3; +https://openai.com/gptbot)"
74.7.243.248 - - [07/Feb/2026:08:38:33 -0500] "GET /ctg/search/similarImageSearchResultView/?ctgItemCd=155589151639 HTTP/1.1" 404 1251 "https://blog.newkolkata.in/getidm97/151639pcywitems" "Mozilla/5.0 AppleWebKit/537.36 (KHTML, like Gecko; compatible; GPTBot/1.3; +https://openai.com/gptbot)"
85.208.96.208 - - [07/Feb/2026:08:38:33 -0500] "GET /get/258430pcywitems HTTP/1.1" 404 1251 "-" "Mozilla/5.0 (compatible; SemrushBot/7~bl; +http://www.semrush.com/bot.html)"
74.7.243.248 - - [07/Feb/2026:08:38:36 -0500] "GET /ctg/search/similarImageSearchResultView/?ctgItemCd=124011119793 HTTP/1.1" 404 1251 "https://blog.newkolkata.in/getidm/119793pcywitems.htm" "Mozilla/5.0 AppleWebKit/537.36 (KHTML, like Gecko; compatible; GPTBot/1.3; +https://openai.com/gptbot)"
74.7.243.248 - - [07/Feb/2026:08:38:39 -0500] "GET /ctg/search/similarImageSearchResultView/?ctgItemCd=227872223956 HTTP/1.1" 404 1251 "https://blog.newkolkata.in/get/223956zslyitems.htm" "Mozilla/5.0 AppleWebKit/537.36 (KHTML, like Gecko; compatible; GPTBot/1.3; +https://openai.com/gptbot)"
74.7.243.248 - - [07/Feb/2026:08:38:42 -0500] "GET /ctg/search/similarImageSearchResultView/?ctgItemCd=193135188829 HTTP/1.1" 404 1251 "https://blog.newkolkata.in/getidm95/188829kairitems.htm" "Mozilla/5.0 AppleWebKit/537.36 (KHTML, like Gecko; compatible; GPTBot/1.3; +https://openai.com/gptbot)"
74.7.243.248 - - [07/Feb/2026:08:38:45 -0500] "GET /ctg/search/similarImageSearchResultView/?ctgItemCd=259022254699 HTTP/1.1" 404 1251 "https://blog.newkolkata.in/items/254699ulgptidm1923.html" "Mozilla/5.0 AppleWebKit/537.36 (KHTML, like Gecko; compatible; GPTBot/1.3; +https://openai.com/gptbot)"
74.7.243.248 - - [07/Feb/2026:08:38:48 -0500] "GET /ctg/search/similarImageSearchResultView/?ctgItemCd=111032106970 HTTP/1.1" 404 1251 "https://blog.newkolkata.in/getidm7426/106970zslyitems" "Mozilla/5.0 AppleWebKit/537.36 (KHTML, like Gecko; compatible; GPTBot/1.3; +https://openai.com/gptbot)"
74.7.243.248 - - [07/Feb/2026:08:38:51 -0500] "GET /ctg/search/similarImageSearchResultView/?ctgItemCd=111024106981 HTTP/1.1" 404 1251 "https://blog.newkolkata.in/getidm7240/106981pcywitems" "Mozilla/5.0 AppleWebKit/537.36 (KHTML, like Gecko; compatible; GPTBot/1.3; +https://openai.com/gptbot)"
74.7.243.248 - - [07/Feb/2026:08:38:54 -0500] "GET /ctg/search/similarImageSearchResultView/?ctgItemCd=235558231682 HTTP/1.1" 404 1251 "https://blog.newkolkata.in/getidm4/231682ulgpitems" "Mozilla/5.0 AppleWebKit/537.36 (KHTML, like Gecko; compatible; GPTBot/1.3; +https://openai.com/gptbot)"
185.191.171.11 - - [07/Feb/2026:08:38:54 -0500] "GET /get/277794tjvfitems.htm HTTP/1.1" 404 1251 "-" "Mozilla/5.0 (compatible; SemrushBot/7~bl; +http://www.semrush.com/bot.html)"
74.7.243.248 - - [07/Feb/2026:08:38:57 -0500] "GET /ctg/search/similarImageSearchResultView/?ctgItemCd=244983241114 HTTP/1.1" 404 1251 "https://blog.newkolkata.in/getidm6/241114ulgpitems" "Mozilla/5.0 AppleWebKit/537.36 (KHTML, like Gecko; compatible; GPTBot/1.3; +https://openai.com/gptbot)"
74.7.243.248 - - [07/Feb/2026:08:39:01 -0500] "GET /ctg/search/similarImageSearchResultView/?ctgItemCd=252792248880 HTTP/1.1" 404 1251 "https://blog.newkolkata.in/get/248880mvrvitems.htm" "Mozilla/5.0 AppleWebKit/537.36 (KHTML, like Gecko; compatible; GPTBot/1.3; +https://openai.com/gptbot)"
74.7.243.248 - - [07/Feb/2026:08:39:04 -0500] "GET /ctg/search/similarImageSearchResultView/?ctgItemCd=107080102999 HTTP/1.1" 404 1251 "https://blog.newkolkata.in/getid/102999kairitems.htm" "Mozilla/5.0 AppleWebKit/537.36 (KHTML, like Gecko; compatible; GPTBot/1.3; +https://openai.com/gptbot)"
185.191.171.11 - - [07/Feb/2026:08:39:06 -0500] "GET /get/92734sejmitems HTTP/1.1" 404 1251 "-" "Mozilla/5.0 (compatible; SemrushBot/7~bl; +http://www.semrush.com/bot.html)"
74.7.243.248 - - [07/Feb/2026:08:39:07 -0500] "GET /ctg/search/similarImageSearchResultView/?ctgItemCd=253105248889 HTTP/1.1" 404 1251 "https://blog.newkolkata.in/getidm/248889ulgpitems.htm" "Mozilla/5.0 AppleWebKit/537.36 (KHTML, like Gecko; compatible; GPTBot/1.3; +https://openai.com/gptbot)"
74.7.243.248 - - [07/Feb/2026:08:39:10 -0500] "GET /ctg/search/similarImageSearchResultView/?ctgItemCd=227035222813 HTTP/1.1" 404 1251 "https://blog.newkolkata.in/item/222813zslytidm7094.html" "Mozilla/5.0 AppleWebKit/537.36 (KHTML, like Gecko; compatible; GPTBot/1.3; +https://openai.com/gptbot)"
74.7.243.248 - - [07/Feb/2026:08:39:13 -0500] "GET /ctg/search/similarImageSearchResultView/?ctgItemCd=240972236667 HTTP/1.1" 404 1251 "https://blog.newkolkata.in/getidm20/236667ulgpitems.htm" "Mozilla/5.0 AppleWebKit/537.36 (KHTML, like Gecko; compatible; GPTBot/1.3; +https://openai.com/gptbot)"
185.191.171.13 - - [07/Feb/2026:08:39:16 -0500] "GET /get/31380ulgpitems.htm HTTP/1.1" 404 1251 "-" "Mozilla/5.0 (compatible; SemrushBot/7~bl; +http://www.semrush.com/bot.html)"
74.7.243.248 - - [07/Feb/2026:08:39:17 -0500] "GET /ctg/search/similarImageSearchResultView/?ctgItemCd=108183104222 HTTP/1.1" 404 1251 "https://blog.newkolkata.in/items/104222cejptid.html" "Mozilla/5.0 AppleWebKit/537.36 (KHTML, like Gecko; compatible; GPTBot/1.3; +https://openai.com/gptbot)"
74.7.243.248 - - [07/Feb/2026:08:39:20 -0500] "GET /ctg/search/similarImageSearchResultView/?ctgItemCd=269000264988 HTTP/1.1" 404 1251 "https://blog.newkolkata.in/ite/264988pcywtidm47.html" "Mozilla/5.0 AppleWebKit/537.36 (KHTML, like Gecko; compatible; GPTBot/1.3; +https://openai.com/gptbot)"
74.7.243.248 - - [07/Feb/2026:08:39:23 -0500] "GET /ctg/search/similarImageSearchResultView/?ctgItemCd=129437125111 HTTP/1.1" 404 1251 "https://blog.newkolkata.in/getidm961/125111cejpitems.htm" "Mozilla/5.0 AppleWebKit/537.36 (KHTML, like Gecko; compatible; GPTBot/1.3; +https://openai.com/gptbot)"
74.7.243.248 - - [07/Feb/2026:08:39:26 -0500] "GET /ctg/search/similarImageSearchResultView/?ctgItemCd=269822265455 HTTP/1.1" 404 1251 "https://blog.newkolkata.in/getidm422/265455pcywitems.htm" "Mozilla/5.0 AppleWebKit/537.36 (KHTML, like Gecko; compatible; GPTBot/1.3; +https://openai.com/gptbot)"
74.7.243.248 - - [07/Feb/2026:08:39:29 -0500] "GET /ctg/search/similarImageSearchResultView/?ctgItemCd=222469218610 HTTP/1.1" 404 1251 "https://blog.newkolkata.in/getidm8/218610kairitems" "Mozilla/5.0 AppleWebKit/537.36 (KHTML, like Gecko; compatible; GPTBot/1.3; +https://openai.com/gptbot)"
40.77.167.62 - - [07/Feb/2026:08:39:32 -0500] "GET /ite/249811cejptidm593558.html HTTP/1.1" 404 1251 "-" "Mozilla/5.0 AppleWebKit/537.36 (KHTML, like Gecko; compatible; bingbot/2.0; +http://www.bing.com/bingbot.htm) Chrome/116.0.1938.76 Safari/537.36"
74.7.243.248 - - [07/Feb/2026:08:39:32 -0500] "GET /ctg/search/similarImageSearchResultView/?ctgItemCd=140849136999 HTTP/1.1" 404 1251 "https://blog.newkolkata.in/getidm/136999pcywitems" "Mozilla/5.0 AppleWebKit/537.36 (KHTML, like Gecko; compatible; GPTBot/1.3; +https://openai.com/gptbot)"
74.7.243.248 - - [07/Feb/2026:08:39:35 -0500] "GET /ctg/search/similarImageSearchResultView/?ctgItemCd=162999158915 HTTP/1.1" 404 1251 "https://blog.newkolkata.in/ite/158915ccoytidm2455.html" "Mozilla/5.0 AppleWebKit/537.36 (KHTML, like Gecko; compatible; GPTBot/1.3; +https://openai.com/gptbot)"
74.7.243.248 - - [07/Feb/2026:08:39:38 -0500] "GET /ctg/search/similarImageSearchResultView/?ctgItemCd=222895219034 HTTP/1.1" 404 1251 "https://blog.newkolkata.in/getidm9/219034jahtitems" "Mozilla/5.0 AppleWebKit/537.36 (KHTML, like Gecko; compatible; GPTBot/1.3; +https://openai.com/gptbot)"
74.7.243.248 - - [07/Feb/2026:08:39:41 -0500] "GET /ctg/search/similarImageSearchResultView/?ctgItemCd=193066188852 HTTP/1.1" 404 1251 "https://blog.newkolkata.in/ite/188852mvrvtidm154620.html" "Mozilla/5.0 AppleWebKit/537.36 (KHTML, like Gecko; compatible; GPTBot/1.3; +https://openai.com/gptbot)"
74.7.243.248 - - [07/Feb/2026:08:39:45 -0500] "GET /ctg/search/similarImageSearchResultView/?ctgItemCd=115603111754 HTTP/1.1" 404 1251 "https://blog.newkolkata.in/getidm2/111754cejpitems" "Mozilla/5.0 AppleWebKit/537.36 (KHTML, like Gecko; compatible; GPTBot/1.3; +https://openai.com/gptbot)"
85.208.96.207 - - [07/Feb/2026:08:39:47 -0500] "GET /getidm3/214882kairitems HTTP/1.1" 404 1251 "-" "Mozilla/5.0 (compatible; SemrushBot/7~bl; +http://www.semrush.com/bot.html)"
74.7.243.248 - - [07/Feb/2026:08:39:48 -0500] "GET /ctg/search/similarImageSearchResultView/?ctgItemCd=111996107708 HTTP/1.1" 404 1251 "https://blog.newkolkata.in/item/107708kairtidm590680.html" "Mozilla/5.0 AppleWebKit/537.36 (KHTML, like Gecko; compatible; GPTBot/1.3; +https://openai.com/gptbot)"
185.191.171.19 - - [07/Feb/2026:08:39:49 -0500] "GET /robots.txt HTTP/1.1" 200 281 "-" "Mozilla/5.0 (compatible; SemrushBot/7~bl; +http://www.semrush.com/bot.html)"
185.191.171.1 - - [07/Feb/2026:08:39:50 -0500] "GET /geti/262927ccoyitems HTTP/1.1" 404 1251 "-" "Mozilla/5.0 (compatible; SemrushBot/7~bl; +http://www.semrush.com/bot.html)"
74.7.243.248 - - [07/Feb/2026:08:39:51 -0500] "GET /ctg/search/similarImageSearchResultView/?ctgItemCd=209822205397 HTTP/1.1" 404 1251 "https://blog.newkolkata.in/items/205397ulgptidm295671.html" "Mozilla/5.0 AppleWebKit/537.36 (KHTML, like Gecko; compatible; GPTBot/1.3; +https://openai.com/gptbot)"
74.7.243.248 - - [07/Feb/2026:08:39:54 -0500] "GET /ctg/search/similarImageSearchResultView/?ctgItemCd=168885164914 HTTP/1.1" 404 1251 "https://blog.newkolkata.in/geti/164914cejpitems.htm" "Mozilla/5.0 AppleWebKit/537.36 (KHTML, like Gecko; compatible; GPTBot/1.3; +https://openai.com/gptbot)"
74.7.243.248 - - [07/Feb/2026:08:39:58 -0500] "GET /ctg/search/similarImageSearchResultView/?ctgItemCd=192225188048 HTTP/1.1" 404 1251 "https://blog.newkolkata.in/items/188048pcywtidm8.html" "Mozilla/5.0 AppleWebKit/537.36 (KHTML, like Gecko; compatible; GPTBot/1.3; +https://openai.com/gptbot)"
74.7.243.248 - - [07/Feb/2026:08:40:01 -0500] "GET /ctg/search/similarImageSearchResultView/?ctgItemCd=226952223068 HTTP/1.1" 404 1251 "https://blog.newkolkata.in/get/223068ulgpitems.htm" "Mozilla/5.0 AppleWebKit/537.36 (KHTML, like Gecko; compatible; GPTBot/1.3; +https://openai.com/gptbot)"
74.7.243.248 - - [07/Feb/2026:08:40:04 -0500] "GET /ctg/search/similarImageSearchResultView/?ctgItemCd=177999173688 HTTP/1.1" 404 1251 "https://blog.newkolkata.in/getidm14/173688ulgpitems.htm" "Mozilla/5.0 AppleWebKit/537.36 (KHTML, like Gecko; compatible; GPTBot/1.3; +https://openai.com/gptbot)"
85.208.96.206 - - [07/Feb/2026:08:40:06 -0500] "GET /geti/40992kairitems.htm HTTP/1.1" 404 1251 "-" "Mozilla/5.0 (compatible; SemrushBot/7~bl; +http://www.semrush.com/bot.html)"
74.7.243.248 - - [07/Feb/2026:08:40:07 -0500] "GET /ctg/search/similarImageSearchResultView/?ctgItemCd=133308129607 HTTP/1.1" 404 1251 "https://blog.newkolkata.in/getid/129607jahtitems" "Mozilla/5.0 AppleWebKit/537.36 (KHTML, like Gecko; compatible; GPTBot/1.3; +https://openai.com/gptbot)"
85.208.96.196 - - [07/Feb/2026:08:40:07 -0500] "GET /getidm87/14131cejpitems HTTP/1.1" 404 1251 "-" "Mozilla/5.0 (compatible; SemrushBot/7~bl; +http://www.semrush.com/bot.html)"
74.7.243.248 - - [07/Feb/2026:08:40:10 -0500] "GET /ctg/search/similarImageSearchResultView/?ctgItemCd=273012268884 HTTP/1.1" 404 1251 "https://blog.newkolkata.in/items/268884pcywtidm.html" "Mozilla/5.0 AppleWebKit/537.36 (KHTML, like Gecko; compatible; GPTBot/1.3; +https://openai.com/gptbot)"
74.7.243.248 - - [07/Feb/2026:08:40:13 -0500] "GET /ctg/search/similarImageSearchResultView/?ctgItemCd=123891119592 HTTP/1.1" 404 1251 "https://blog.newkolkata.in/getidm97/119592kairitems.htm" "Mozilla/5.0 AppleWebKit/537.36 (KHTML, like Gecko; compatible; GPTBot/1.3; +https://openai.com/gptbot)"
85.208.96.200 - - [07/Feb/2026:08:40:14 -0500] "GET /getidm/136131ulgpitems.htm HTTP/1.1" 404 1251 "-" "Mozilla/5.0 (compatible; SemrushBot/7~bl; +http://www.semrush.com/bot.html)"
185.191.171.3 - - [07/Feb/2026:08:40:16 -0500] "GET /getidm/205633tjvfitems HTTP/1.1" 404 1251 "-" "Mozilla/5.0 (compatible; SemrushBot/7~bl; +http://www.semrush.com/bot.html)"
74.7.243.248 - - [07/Feb/2026:08:40:16 -0500] "GET /ctg/search/similarImageSearchResultView/?ctgItemCd=222179218149 HTTP/1.1" 404 1251 "https://blog.newkolkata.in/getidm8156/218149sejmitems" "Mozilla/5.0 AppleWebKit/537.36 (KHTML, like Gecko; compatible; GPTBot/1.3; +https://openai.com/gptbot)"
74.7.243.248 - - [07/Feb/2026:08:40:19 -0500] "GET /ctg/search/similarImageSearchResultView/?ctgItemCd=248727244416 HTTP/1.1" 404 1251 "https://blog.newkolkata.in/getidm96/244416tjvfitems.htm" "Mozilla/5.0 AppleWebKit/537.36 (KHTML, like Gecko; compatible; GPTBot/1.3; +https://openai.com/gptbot)"
74.7.243.248 - - [07/Feb/2026:08:40:22 -0500] "GET /ctg/search/similarImageSearchResultView/?ctgItemCd=237547233359 HTTP/1.1" 404 1251 "https://blog.newkolkata.in/items/233359kairtidm12.html" "Mozilla/5.0 AppleWebKit/537.36 (KHTML, like Gecko; compatible; GPTBot/1.3; +https://openai.com/gptbot)"
74.7.243.248 - - [07/Feb/2026:08:40:25 -0500] "GET /ctg/search/similarImageSearchResultView/?ctgItemCd=253555249832 HTTP/1.1" 404 1251 "https://blog.newkolkata.in/getid/249832tjvfitems" "Mozilla/5.0 AppleWebKit/537.36 (KHTML, like Gecko; compatible; GPTBot/1.3; +https://openai.com/gptbot)"
185.191.171.16 - - [07/Feb/2026:08:40:26 -0500] "GET /get/3382tjvfitems HTTP/1.1" 404 1251 "-" "Mozilla/5.0 (compatible; SemrushBot/7~bl; +http://www.semrush.com/bot.html)"
74.7.243.248 - - [07/Feb/2026:08:40:28 -0500] "GET /ctg/search/similarImageSearchResultView/?ctgItemCd=214008209777 HTTP/1.1" 404 1251 "https://blog.newkolkata.in/items/209777mvrvtidm21.html" "Mozilla/5.0 AppleWebKit/537.36 (KHTML, like Gecko; compatible; GPTBot/1.3; +https://openai.com/gptbot)"
74.7.243.248 - - [07/Feb/2026:08:40:32 -0500] "GET /ctg/search/similarImageSearchResultView/?ctgItemCd=274124269999 HTTP/1.1" 404 1251 "https://blog.newkolkata.in/items/269999ulgptidm.html" "Mozilla/5.0 AppleWebKit/537.36 (KHTML, like Gecko; compatible; GPTBot/1.3; +https://openai.com/gptbot)"
74.7.243.248 - - [07/Feb/2026:08:40:35 -0500] "GET /ctg/search/similarImageSearchResultView/?ctgItemCd=168880164583 HTTP/1.1" 404 1251 "https://blog.newkolkata.in/getidm61/164583ccoyitems.htm" "Mozilla/5.0 AppleWebKit/537.36 (KHTML, like Gecko; compatible; GPTBot/1.3; +https://openai.com/gptbot)"
185.191.171.6 - - [07/Feb/2026:08:40:35 -0500] "GET /getid/84184sejmitems HTTP/1.1" 404 1251 "-" "Mozilla/5.0 (compatible; SemrushBot/7~bl; +http://www.semrush.com/bot.html)"
74.7.243.248 - - [07/Feb/2026:08:40:38 -0500] "GET /ctg/search/similarImageSearchResultView/?ctgItemCd=209996206391 HTTP/1.1" 404 1251 "https://blog.newkolkata.in/geti/206391sejmitems" "Mozilla/5.0 AppleWebKit/537.36 (KHTML, like Gecko; compatible; GPTBot/1.3; +https://openai.com/gptbot)"
74.7.243.248 - - [07/Feb/2026:08:40:41 -0500] "GET /ctg/search/similarImageSearchResultView/?ctgItemCd=254445250067 HTTP/1.1" 404 1251 "https://blog.newkolkata.in/getidm729/250067mvrvitems.htm" "Mozilla/5.0 AppleWebKit/537.36 (KHTML, like Gecko; compatible; GPTBot/1.3; +https://openai.com/gptbot)"
74.7.243.248 - - [07/Feb/2026:08:40:44 -0500] "GET /ctg/search/similarImageSearchResultView/?ctgItemCd=204254199956 HTTP/1.1" 404 1251 "https://blog.newkolkata.in/items/199956mvrvtidm159.html" "Mozilla/5.0 AppleWebKit/537.36 (KHTML, like Gecko; compatible; GPTBot/1.3; +https://openai.com/gptbot)"
74.7.243.248 - - [07/Feb/2026:08:40:47 -0500] "GET /ctg/search/similarImageSearchResultView/?ctgItemCd=212666208757 HTTP/1.1" 404 1251 "https://blog.newkolkata.in/getidm31/208757cejpitems" "Mozilla/5.0 AppleWebKit/537.36 (KHTML, like Gecko; compatible; GPTBot/1.3; +https://openai.com/gptbot)"
5.255.231.204 - - [07/Feb/2026:08:40:49 -0500] "GET /robots.txt HTTP/1.1" 200 281 "-" "Mozilla/5.0 (compatible; YandexBot/3.0; +http://yandex.com/bots)"
74.7.243.248 - - [07/Feb/2026:08:40:50 -0500] "GET /ctg/search/similarImageSearchResultView/?ctgItemCd=250004246095 HTTP/1.1" 404 1251 "https://blog.newkolkata.in/ite/246095zslytidm.html" "Mozilla/5.0 AppleWebKit/537.36 (KHTML, like Gecko; compatible; GPTBot/1.3; +https://openai.com/gptbot)"
74.7.243.248 - - [07/Feb/2026:08:40:53 -0500] "GET /ctg/search/similarImageSearchResultView/?ctgItemCd=146548142666 HTTP/1.1" 404 1251 "https://blog.newkolkata.in/getidm5/142666tjvfitems" "Mozilla/5.0 AppleWebKit/537.36 (KHTML, like Gecko; compatible; GPTBot/1.3; +https://openai.com/gptbot)"
74.7.243.248 - - [07/Feb/2026:08:40:56 -0500] "GET /ctg/search/similarImageSearchResultView/?ctgItemCd=172229168170 HTTP/1.1" 404 1251 "https://blog.newkolkata.in/ite/168170mvrvtidm880.html" "Mozilla/5.0 AppleWebKit/537.36 (KHTML, like Gecko; compatible; GPTBot/1.3; +https://openai.com/gptbot)"
74.7.243.248 - - [07/Feb/2026:08:41:00 -0500] "GET /ctg/search/similarImageSearchResultView/?ctgItemCd=248706244416 HTTP/1.1" 404 1251 "https://blog.newkolkata.in/getidm94/244416kairitems.htm" "Mozilla/5.0 AppleWebKit/537.36 (KHTML, like Gecko; compatible; GPTBot/1.3; +https://openai.com/gptbot)"
185.191.171.1 - - [07/Feb/2026:08:41:01 -0500] "GET /getidm3/280882tjvfitems HTTP/1.1" 404 1251 "-" "Mozilla/5.0 (compatible; SemrushBot/7~bl; +http://www.semrush.com/bot.html)"
74.7.243.248 - - [07/Feb/2026:08:41:03 -0500] "GET /ctg/search/similarImageSearchResultView/?ctgItemCd=205392201114 HTTP/1.1" 404 1251 "https://blog.newkolkata.in/getidm76/201114kairitems.htm" "Mozilla/5.0 AppleWebKit/537.36 (KHTML, like Gecko; compatible; GPTBot/1.3; +https://openai.com/gptbot)"
74.7.243.248 - - [07/Feb/2026:08:41:06 -0500] "GET /ctg/search/similarImageSearchResultView/?ctgItemCd=106362102224 HTTP/1.1" 404 1251 "https://blog.newkolkata.in/items/102224ccoytidm8.html" "Mozilla/5.0 AppleWebKit/537.36 (KHTML, like Gecko; compatible; GPTBot/1.3; +https://openai.com/gptbot)"
85.208.96.196 - - [07/Feb/2026:08:41:07 -0500] "GET /get/114435pcywitems.htm HTTP/1.1" 404 1251 "-" "Mozilla/5.0 (compatible; SemrushBot/7~bl; +http://www.semrush.com/bot.html)"
74.7.243.248 - - [07/Feb/2026:08:41:09 -0500] "GET /ctg/search/similarImageSearchResultView/?ctgItemCd=129996126502 HTTP/1.1" 404 1251 "https://blog.newkolkata.in/get/126502ccoyitems" "Mozilla/5.0 AppleWebKit/537.36 (KHTML, like Gecko; compatible; GPTBot/1.3; +https://openai.com/gptbot)"
74.7.243.248 - - [07/Feb/2026:08:41:12 -0500] "GET /ctg/search/similarImageSearchResultView/?ctgItemCd=168211163854 HTTP/1.1" 404 1251 "https://blog.newkolkata.in/getidm279/163854sejmitems.htm" "Mozilla/5.0 AppleWebKit/537.36 (KHTML, like Gecko; compatible; GPTBot/1.3; +https://openai.com/gptbot)"
52.167.144.156 - - [07/Feb/2026:08:41:15 -0500] "GET /get/20168kairitems.htm HTTP/1.1" 404 1251 "-" "Mozilla/5.0 AppleWebKit/537.36 (KHTML, like Gecko; compatible; bingbot/2.0; +http://www.bing.com/bingbot.htm) Chrome/116.0.1938.76 Safari/537.36"
74.7.243.248 - - [07/Feb/2026:08:41:15 -0500] "GET /ctg/search/similarImageSearchResultView/?ctgItemCd=145511142030 HTTP/1.1" 404 1251 "https://blog.newkolkata.in/get/142030jahtitems" "Mozilla/5.0 AppleWebKit/537.36 (KHTML, like Gecko; compatible; GPTBot/1.3; +https://openai.com/gptbot)"
74.7.243.248 - - [07/Feb/2026:08:41:18 -0500] "GET /ctg/search/similarImageSearchResultView/?ctgItemCd=222294218683 HTTP/1.1" 404 1251 "https://blog.newkolkata.in/geti/218683ccoyitems" "Mozilla/5.0 AppleWebKit/537.36 (KHTML, like Gecko; compatible; GPTBot/1.3; +https://openai.com/gptbot)"
85.208.96.206 - - [07/Feb/2026:08:41:21 -0500] "GET /getidm/164545jahtitems HTTP/1.1" 404 1251 "-" "Mozilla/5.0 (compatible; SemrushBot/7~bl; +http://www.semrush.com/bot.html)"
74.7.243.248 - - [07/Feb/2026:08:41:22 -0500] "GET /ctg/search/similarImageSearchResultView/?ctgItemCd=156222151914 HTTP/1.1" 404 1251 "https://blog.newkolkata.in/getidm95/151914ulgpitems.htm" "Mozilla/5.0 AppleWebKit/537.36 (KHTML, like Gecko; compatible; GPTBot/1.3; +https://openai.com/gptbot)"
74.7.243.248 - - [07/Feb/2026:08:41:25 -0500] "GET /ctg/search/similarImageSearchResultView/?ctgItemCd=293314288899 HTTP/1.1" 404 1251 "https://blog.newkolkata.in/items/288899mvrvtidm57892.html" "Mozilla/5.0 AppleWebKit/537.36 (KHTML, like Gecko; compatible; GPTBot/1.3; +https://openai.com/gptbot)"
74.7.243.248 - - [07/Feb/2026:08:41:28 -0500] "GET /ctg/search/similarImageSearchResultView/?ctgItemCd=203238198882 HTTP/1.1" 404 1251 "https://blog.newkolkata.in/getidm206/198882sejmitems.htm" "Mozilla/5.0 AppleWebKit/537.36 (KHTML, like Gecko; compatible; GPTBot/1.3; +https://openai.com/gptbot)"
74.7.243.248 - - [07/Feb/2026:08:41:31 -0500] "GET /ctg/search/similarImageSearchResultView/?ctgItemCd=193068188999 HTTP/1.1" 404 1251 "https://blog.newkolkata.in/getidm6997/188999ulgpitems" "Mozilla/5.0 AppleWebKit/537.36 (KHTML, like Gecko; compatible; GPTBot/1.3; +https://openai.com/gptbot)"
207.46.13.54 - - [07/Feb/2026:08:41:32 -0500] "GET /get/162362zslyitems.htm HTTP/1.1" 404 1251 "-" "Mozilla/5.0 AppleWebKit/537.36 (KHTML, like Gecko; compatible; bingbot/2.0; +http://www.bing.com/bingbot.htm) Chrome/116.0.1938.76 Safari/537.36"
74.7.243.248 - - [07/Feb/2026:08:41:34 -0500] "GET /ctg/search/similarImageSearchResultView/?ctgItemCd=133300129277 HTTP/1.1" 404 1251 "https://blog.newkolkata.in/getidm9612/129277kairitems" "Mozilla/5.0 AppleWebKit/537.36 (KHTML, like Gecko; compatible; GPTBot/1.3; +https://openai.com/gptbot)"
85.208.96.206 - - [07/Feb/2026:08:41:37 -0500] "GET /getidm/161541sejmitems.htm HTTP/1.1" 404 1251 "-" "Mozilla/5.0 (compatible; SemrushBot/7~bl; +http://www.semrush.com/bot.html)"
74.7.243.248 - - [07/Feb/2026:08:41:37 -0500] "GET /ctg/search/similarImageSearchResultView/?ctgItemCd=181941177752 HTTP/1.1" 404 1251 "https://blog.newkolkata.in/items/177752zslytidm5.html" "Mozilla/5.0 AppleWebKit/537.36 (KHTML, like Gecko; compatible; GPTBot/1.3; +https://openai.com/gptbot)"
74.7.243.248 - - [07/Feb/2026:08:41:40 -0500] "GET /ctg/search/similarImageSearchResultView/?ctgItemCd=195711192016 HTTP/1.1" 404 1251 "https://blog.newkolkata.in/getid/192016kairitems" "Mozilla/5.0 AppleWebKit/537.36 (KHTML, like Gecko; compatible; GPTBot/1.3; +https://openai.com/gptbot)"
74.7.243.248 - - [07/Feb/2026:08:41:43 -0500] "GET /ctg/search/similarImageSearchResultView/?ctgItemCd=284622280257 HTTP/1.1" 404 1251 "https://blog.newkolkata.in/getidm684/280257tjvfitems.htm" "Mozilla/5.0 AppleWebKit/537.36 (KHTML, like Gecko; compatible; GPTBot/1.3; +https://openai.com/gptbot)"
185.191.171.14 - - [07/Feb/2026:08:41:44 -0500] "GET /get/164625zslyitems.htm HTTP/1.1" 404 1251 "-" "Mozilla/5.0 (compatible; SemrushBot/7~bl; +http://www.semrush.com/bot.html)"
185.191.171.16 - - [07/Feb/2026:08:41:46 -0500] "GET /geti/42693cejpitems.htm HTTP/1.1" 404 1251 "-" "Mozilla/5.0 (compatible; SemrushBot/7~bl; +http://www.semrush.com/bot.html)"
74.7.243.248 - - [07/Feb/2026:08:41:47 -0500] "GET /ctg/search/similarImageSearchResultView/?ctgItemCd=274522270307 HTTP/1.1" 404 1251 "https://blog.newkolkata.in/getidm/270307mvrvitems.htm" "Mozilla/5.0 AppleWebKit/537.36 (KHTML, like Gecko; compatible; GPTBot/1.3; +https://openai.com/gptbot)"
74.7.243.248 - - [07/Feb/2026:08:41:50 -0500] "GET /ctg/search/similarImageSearchResultView/?ctgItemCd=262845258881 HTTP/1.1" 404 1251 "https://blog.newkolkata.in/ite/258881mvrvtidm8.html" "Mozilla/5.0 AppleWebKit/537.36 (KHTML, like Gecko; compatible; GPTBot/1.3; +https://openai.com/gptbot)"
85.208.96.208 - - [07/Feb/2026:08:41:51 -0500] "GET /get/194014cejpitems HTTP/1.1" 404 1251 "-" "Mozilla/5.0 (compatible; SemrushBot/7~bl; +http://www.semrush.com/bot.html)"
74.7.243.248 - - [07/Feb/2026:08:41:53 -0500] "GET /ctg/search/similarImageSearchResultView/?ctgItemCd=144217140009 HTTP/1.1" 404 1251 "https://blog.newkolkata.in/items/140009tjvftidm96.html" "Mozilla/5.0 AppleWebKit/537.36 (KHTML, like Gecko; compatible; GPTBot/1.3; +https://openai.com/gptbot)"
74.7.243.248 - - [07/Feb/2026:08:41:56 -0500] "GET /ctg/search/similarImageSearchResultView/?ctgItemCd=137222133630 HTTP/1.1" 404 1251 "https://blog.newkolkata.in/geti/133630kairitems" "Mozilla/5.0 AppleWebKit/537.36 (KHTML, like Gecko; compatible; GPTBot/1.3; +https://openai.com/gptbot)"
74.7.243.248 - - [07/Feb/2026:08:41:59 -0500] "GET /ctg/search/similarImageSearchResultView/?ctgItemCd=123571119761 HTTP/1.1" 404 1251 "https://blog.newkolkata.in/getidm/119761kairitems" "Mozilla/5.0 AppleWebKit/537.36 (KHTML, like Gecko; compatible; GPTBot/1.3; +https://openai.com/gptbot)"
74.7.243.248 - - [07/Feb/2026:08:42:02 -0500] "GET /ctg/search/similarImageSearchResultView/?ctgItemCd=143311139472 HTTP/1.1" 404 1251 "https://blog.newkolkata.in/getidm/139472pcywitems" "Mozilla/5.0 AppleWebKit/537.36 (KHTML, like Gecko; compatible; GPTBot/1.3; +https://openai.com/gptbot)"
74.7.243.248 - - [07/Feb/2026:08:42:06 -0500] "GET /ctg/search/similarImageSearchResultView/?ctgItemCd=126558122280 HTTP/1.1" 404 1251 "https://blog.newkolkata.in/getidm70/122280kairitems.htm" "Mozilla/5.0 AppleWebKit/537.36 (KHTML, like Gecko; compatible; GPTBot/1.3; +https://openai.com/gptbot)"
74.7.243.248 - - [07/Feb/2026:08:42:08 -0500] "GET /ctg/search/similarImageSearchResultView/?ctgItemCd=226757222901 HTTP/1.1" 404 1251 "https://blog.newkolkata.in/ite/222901jahttidm.html" "Mozilla/5.0 AppleWebKit/537.36 (KHTML, like Gecko; compatible; GPTBot/1.3; +https://openai.com/gptbot)"
74.7.243.248 - - [07/Feb/2026:08:42:12 -0500] "GET /ctg/search/similarImageSearchResultView/?ctgItemCd=234098230007 HTTP/1.1" 404 1251 "https://blog.newkolkata.in/getid/230007pcywitems.htm" "Mozilla/5.0 AppleWebKit/537.36 (KHTML, like Gecko; compatible; GPTBot/1.3; +https://openai.com/gptbot)"
74.7.243.248 - - [07/Feb/2026:08:42:15 -0500] "GET /ctg/search/similarImageSearchResultView/?ctgItemCd=159711156214 HTTP/1.1" 404 1251 "https://blog.newkolkata.in/get/156214ccoyitems" "Mozilla/5.0 AppleWebKit/537.36 (KHTML, like Gecko; compatible; GPTBot/1.3; +https://openai.com/gptbot)"
74.7.243.248 - - [07/Feb/2026:08:42:18 -0500] "GET /ctg/search/similarImageSearchResultView/?ctgItemCd=158340154440 HTTP/1.1" 404 1251 "https://blog.newkolkata.in/get/154440mvrvitems.htm" "Mozilla/5.0 AppleWebKit/537.36 (KHTML, like Gecko; compatible; GPTBot/1.3; +https://openai.com/gptbot)"
74.7.243.248 - - [07/Feb/2026:08:42:21 -0500] "GET /ctg/search/similarImageSearchResultView/?ctgItemCd=245009241114 HTTP/1.1" 404 1251 "https://blog.newkolkata.in/get/241114mvrvitems.htm" "Mozilla/5.0 AppleWebKit/537.36 (KHTML, like Gecko; compatible; GPTBot/1.3; +https://openai.com/gptbot)"
74.7.243.248 - - [07/Feb/2026:08:42:24 -0500] "GET /ctg/search/similarImageSearchResultView/?ctgItemCd=213542209998 HTTP/1.1" 404 1251 "https://blog.newkolkata.in/get/209998mvrvitems" "Mozilla/5.0 AppleWebKit/537.36 (KHTML, like Gecko; compatible; GPTBot/1.3; +https://openai.com/gptbot)"
74.7.243.248 - - [07/Feb/2026:08:42:28 -0500] "GET /ctg/search/similarImageSearchResultView/?ctgItemCd=181845177770 HTTP/1.1" 404 1251 "https://blog.newkolkata.in/ite/177770zslytidm388.html" "Mozilla/5.0 AppleWebKit/537.36 (KHTML, like Gecko; compatible; GPTBot/1.3; +https://openai.com/gptbot)"
74.7.243.248 - - [07/Feb/2026:08:42:31 -0500] "GET /ctg/search/similarImageSearchResultView/?ctgItemCd=111825107609 HTTP/1.1" 404 1251 "https://blog.newkolkata.in/items/107609pcywtidm23.html" "Mozilla/5.0 AppleWebKit/537.36 (KHTML, like Gecko; compatible; GPTBot/1.3; +https://openai.com/gptbot)"
74.7.243.248 - - [07/Feb/2026:08:42:34 -0500] "GET /ctg/search/similarImageSearchResultView/?ctgItemCd=106311102024 HTTP/1.1" 404 1251 "https://blog.newkolkata.in/getidm59/102024sejmitems.htm" "Mozilla/5.0 AppleWebKit/537.36 (KHTML, like Gecko; compatible; GPTBot/1.3; +https://openai.com/gptbot)"
185.191.171.6 - - [07/Feb/2026:08:42:34 -0500] "GET /getid/224680ulgpitems HTTP/1.1" 404 1251 "-" "Mozilla/5.0 (compatible; SemrushBot/7~bl; +http://www.semrush.com/bot.html)"
74.7.243.248 - - [07/Feb/2026:08:42:37 -0500] "GET /ctg/search/similarImageSearchResultView/?ctgItemCd=205551201578 HTTP/1.1" 404 1251 "https://blog.newkolkata.in/items/201578cejptid.html" "Mozilla/5.0 AppleWebKit/537.36 (KHTML, like Gecko; compatible; GPTBot/1.3; +https://openai.com/gptbot)"
74.7.243.248 - - [07/Feb/2026:08:42:40 -0500] "GET /ctg/search/similarImageSearchResultView/?ctgItemCd=233468229555 HTTP/1.1" 404 1251 "https://blog.newkolkata.in/getidm90/229555cejpitems" "Mozilla/5.0 AppleWebKit/537.36 (KHTML, like Gecko; compatible; GPTBot/1.3; +https://openai.com/gptbot)"
74.7.243.248 - - [07/Feb/2026:08:42:43 -0500] "GET /ctg/search/similarImageSearchResultView/?ctgItemCd=250961246661 HTTP/1.1" 404 1251 "https://blog.newkolkata.in/item/246661tjvftidm333145.html" "Mozilla/5.0 AppleWebKit/537.36 (KHTML, like Gecko; compatible; GPTBot/1.3; +https://openai.com/gptbot)"
74.7.243.248 - - [07/Feb/2026:08:42:47 -0500] "GET /ctg/search/similarImageSearchResultView/?ctgItemCd=155547152038 HTTP/1.1" 404 1251 "https://blog.newkolkata.in/get/152038tjvfitems" "Mozilla/5.0 AppleWebKit/537.36 (KHTML, like Gecko; compatible; GPTBot/1.3; +https://openai.com/gptbot)"
74.7.243.248 - - [07/Feb/2026:08:42:50 -0500] "GET /ctg/search/similarImageSearchResultView/?ctgItemCd=282044277743 HTTP/1.1" 404 1251 "https://blog.newkolkata.in/getidm52/277743sejmitems.htm" "Mozilla/5.0 AppleWebKit/537.36 (KHTML, like Gecko; compatible; GPTBot/1.3; +https://openai.com/gptbot)"
85.208.96.204 - - [07/Feb/2026:08:42:53 -0500] "GET /getidm5/232834ulgpitems HTTP/1.1" 404 1251 "-" "Mozilla/5.0 (compatible; SemrushBot/7~bl; +http://www.semrush.com/bot.html)"
74.7.243.248 - - [07/Feb/2026:08:42:53 -0500] "GET /ctg/search/similarImageSearchResultView/?ctgItemCd=159000154933 HTTP/1.1" 404 1251 "https://blog.newkolkata.in/getidm9913/154933zslyitems" "Mozilla/5.0 AppleWebKit/537.36 (KHTML, like Gecko; compatible; GPTBot/1.3; +https://openai.com/gptbot)"
52.167.144.156 - - [07/Feb/2026:08:42:53 -0500] "GET /get/278576zslyitems HTTP/1.1" 404 1251 "-" "Mozilla/5.0 AppleWebKit/537.36 (KHTML, like Gecko; compatible; bingbot/2.0; +http://www.bing.com/bingbot.htm) Chrome/116.0.1938.76 Safari/537.36"
74.7.243.248 - - [07/Feb/2026:08:42:56 -0500] "GET /ctg/search/similarImageSearchResultView/?ctgItemCd=123461119743 HTTP/1.1" 404 1251 "https://blog.newkolkata.in/getid/119743ulgpitems" "Mozilla/5.0 AppleWebKit/537.36 (KHTML, like Gecko; compatible; GPTBot/1.3; +https://openai.com/gptbot)"
74.7.243.248 - - [07/Feb/2026:08:42:59 -0500] "GET /ctg/search/similarImageSearchResultView/?ctgItemCd=113335109400 HTTP/1.1" 404 1251 "https://blog.newkolkata.in/ite/109400pcywtidm5.html" "Mozilla/5.0 AppleWebKit/537.36 (KHTML, like Gecko; compatible; GPTBot/1.3; +https://openai.com/gptbot)"
85.208.96.207 - - [07/Feb/2026:08:42:59 -0500] "GET /geti/186607jahtitems HTTP/1.1" 404 1251 "-" "Mozilla/5.0 (compatible; SemrushBot/7~bl; +http://www.semrush.com/bot.html)"
74.7.243.248 - - [07/Feb/2026:08:43:02 -0500] "GET /ctg/search/similarImageSearchResultView/?ctgItemCd=140006135809 HTTP/1.1" 404 1251 "https://blog.newkolkata.in/items/135809jahttidm65.html" "Mozilla/5.0 AppleWebKit/537.36 (KHTML, like Gecko; compatible; GPTBot/1.3; +https://openai.com/gptbot)"
74.7.243.248 - - [07/Feb/2026:08:43:05 -0500] "GET /ctg/search/similarImageSearchResultView/?ctgItemCd=144259139994 HTTP/1.1" 404 1251 "https://blog.newkolkata.in/items/139994sejmtidm671.html" "Mozilla/5.0 AppleWebKit/537.36 (KHTML, like Gecko; compatible; GPTBot/1.3; +https://openai.com/gptbot)"
74.7.243.248 - - [07/Feb/2026:08:43:11 -0500] "GET /ctg/search/similarImageSearchResultView/?ctgItemCd=123271119359 HTTP/1.1" 404 1251 "https://blog.newkolkata.in/getidm26/119359cejpitems" "Mozilla/5.0 AppleWebKit/537.36 (KHTML, like Gecko; compatible; GPTBot/1.3; +https://openai.com/gptbot)"
74.7.243.248 - - [07/Feb/2026:08:43:11 -0500] "GET /ctg/search/similarImageSearchResultView/?ctgItemCd=159468155501 HTTP/1.1" 404 1251 "https://blog.newkolkata.in/items/155501cejptid.html" "Mozilla/5.0 AppleWebKit/537.36 (KHTML, like Gecko; compatible; GPTBot/1.3; +https://openai.com/gptbot)"
74.7.243.248 - - [07/Feb/2026:08:43:15 -0500] "GET /ctg/search/similarImageSearchResultView/?ctgItemCd=122671119158 HTTP/1.1" 404 1251 "https://blog.newkolkata.in/get/119158ulgpitems" "Mozilla/5.0 AppleWebKit/537.36 (KHTML, like Gecko; compatible; GPTBot/1.3; +https://openai.com/gptbot)"
74.7.243.248 - - [07/Feb/2026:08:43:18 -0500] "GET /ctg/search/similarImageSearchResultView/?ctgItemCd=143330138969 HTTP/1.1" 404 1251 "https://blog.newkolkata.in/getidm229/138969sejmitems.htm" "Mozilla/5.0 AppleWebKit/537.36 (KHTML, like Gecko; compatible; GPTBot/1.3; +https://openai.com/gptbot)"
74.7.243.248 - - [07/Feb/2026:08:43:21 -0500] "GET /ctg/search/similarImageSearchResultView/?ctgItemCd=190003185597 HTTP/1.1" 404 1251 "https://blog.newkolkata.in/items/185597jahttidm918010.html" "Mozilla/5.0 AppleWebKit/537.36 (KHTML, like Gecko; compatible; GPTBot/1.3; +https://openai.com/gptbot)"
185.191.171.10 - - [07/Feb/2026:08:43:23 -0500] "GET /getidm/828pcywitems.htm HTTP/1.1" 404 1251 "-" "Mozilla/5.0 (compatible; SemrushBot/7~bl; +http://www.semrush.com/bot.html)"
74.7.243.248 - - [07/Feb/2026:08:43:24 -0500] "GET /ctg/search/similarImageSearchResultView/?ctgItemCd=103934100055 HTTP/1.1" 404 1251 "https://blog.newkolkata.in/ite/100055pcywtidm.html" "Mozilla/5.0 AppleWebKit/537.36 (KHTML, like Gecko; compatible; GPTBot/1.3; +https://openai.com/gptbot)"
185.191.171.4 - - [07/Feb/2026:08:43:25 -0500] "GET /geti/220303zslyitems HTTP/1.1" 404 1251 "-" "Mozilla/5.0 (compatible; SemrushBot/7~bl; +http://www.semrush.com/bot.html)"
74.7.243.248 - - [07/Feb/2026:08:43:27 -0500] "GET /ctg/search/similarImageSearchResultView/?ctgItemCd=113666109572 HTTP/1.1" 404 1251 "https://blog.newkolkata.in/getid/109572tjvfitems.htm" "Mozilla/5.0 AppleWebKit/537.36 (KHTML, like Gecko; compatible; GPTBot/1.3; +https://openai.com/gptbot)"
74.7.243.248 - - [07/Feb/2026:08:43:30 -0500] "GET /ctg/search/similarImageSearchResultView/?ctgItemCd=103638100053 HTTP/1.1" 404 1251 "https://blog.newkolkata.in/geti/100053jahtitems" "Mozilla/5.0 AppleWebKit/537.36 (KHTML, like Gecko; compatible; GPTBot/1.3; +https://openai.com/gptbot)"
74.7.243.248 - - [07/Feb/2026:08:43:33 -0500] "GET /ctg/search/similarImageSearchResultView/?ctgItemCd=200511196317 HTTP/1.1" 404 1251 "https://blog.newkolkata.in/getidm/196317ccoyitems.htm" "Mozilla/5.0 AppleWebKit/537.36 (KHTML, like Gecko; compatible; GPTBot/1.3; +https://openai.com/gptbot)"
74.7.243.248 - - [07/Feb/2026:08:43:36 -0500] "GET /ctg/search/similarImageSearchResultView/?ctgItemCd=157333153024 HTTP/1.1" 404 1251 "https://blog.newkolkata.in/getidm91/153024pcywitems.htm" "Mozilla/5.0 AppleWebKit/537.36 (KHTML, like Gecko; compatible; GPTBot/1.3; +https://openai.com/gptbot)"
74.7.243.248 - - [07/Feb/2026:08:43:40 -0500] "GET /ctg/search/similarImageSearchResultView/?ctgItemCd=122961118972 HTTP/1.1" 404 1251 "https://blog.newkolkata.in/getidm898/118972ccoyitems" "Mozilla/5.0 AppleWebKit/537.36 (KHTML, like Gecko; compatible; GPTBot/1.3; +https://openai.com/gptbot)"
74.7.243.248 - - [07/Feb/2026:08:43:43 -0500] "GET /ctg/search/similarImageSearchResultView/?ctgItemCd=188615184999 HTTP/1.1" 404 1251 "https://blog.newkolkata.in/geti/184999jahtitems" "Mozilla/5.0 AppleWebKit/537.36 (KHTML, like Gecko; compatible; GPTBot/1.3; +https://openai.com/gptbot)"
74.7.243.248 - - [07/Feb/2026:08:43:46 -0500] "GET /ctg/search/similarImageSearchResultView/?ctgItemCd=240522236658 HTTP/1.1" 404 1251 "https://blog.newkolkata.in/getidm1/236658kairitems" "Mozilla/5.0 AppleWebKit/537.36 (KHTML, like Gecko; compatible; GPTBot/1.3; +https://openai.com/gptbot)"
185.191.171.7 - - [07/Feb/2026:08:43:47 -0500] "GET /get/90873cejpitems.htm HTTP/1.1" 404 1251 "-" "Mozilla/5.0 (compatible; SemrushBot/7~bl; +http://www.semrush.com/bot.html)"
74.7.243.248 - - [07/Feb/2026:08:43:49 -0500] "GET /ctg/search/similarImageSearchResultView/?ctgItemCd=160643156662 HTTP/1.1" 404 1251 "https://blog.newkolkata.in/items/156662kairtid.html" "Mozilla/5.0 AppleWebKit/537.36 (KHTML, like Gecko; compatible; GPTBot/1.3; +https://openai.com/gptbot)"
85.208.96.210 - - [07/Feb/2026:08:43:52 -0500] "GET /geti/64386mvrvitems.htm HTTP/1.1" 404 1251 "-" "Mozilla/5.0 (compatible; SemrushBot/7~bl; +http://www.semrush.com/bot.html)"
74.7.243.248 - - [07/Feb/2026:08:43:52 -0500] "GET /ctg/search/similarImageSearchResultView/?ctgItemCd=137652133368 HTTP/1.1" 404 1251 "https://blog.newkolkata.in/getidm18/133368cejpitems.htm" "Mozilla/5.0 AppleWebKit/537.36 (KHTML, like Gecko; compatible; GPTBot/1.3; +https://openai.com/gptbot)"
74.7.243.248 - - [07/Feb/2026:08:43:55 -0500] "GET /ctg/search/similarImageSearchResultView/?ctgItemCd=148307144481 HTTP/1.1" 404 1251 "https://blog.newkolkata.in/getidm/144481tjvfitems" "Mozilla/5.0 AppleWebKit/537.36 (KHTML, like Gecko; compatible; GPTBot/1.3; +https://openai.com/gptbot)"
74.7.243.248 - - [07/Feb/2026:08:43:59 -0500] "GET /ctg/search/similarImageSearchResultView/?ctgItemCd=231512227800 HTTP/1.1" 404 1251 "https://blog.newkolkata.in/getid/227800ulgpitems" "Mozilla/5.0 AppleWebKit/537.36 (KHTML, like Gecko; compatible; GPTBot/1.3; +https://openai.com/gptbot)"
74.7.243.248 - - [07/Feb/2026:08:44:02 -0500] "GET /ctg/search/similarImageSearchResultView/?ctgItemCd=170613166635 HTTP/1.1" 404 1251 "https://blog.newkolkata.in/geti/166635jahtitems.htm" "Mozilla/5.0 AppleWebKit/537.36 (KHTML, like Gecko; compatible; GPTBot/1.3; +https://openai.com/gptbot)"
74.7.243.248 - - [07/Feb/2026:08:44:05 -0500] "GET /ctg/search/similarImageSearchResultView/?ctgItemCd=142226138621 HTTP/1.1" 404 1251 "https://blog.newkolkata.in/geti/138621sejmitems" "Mozilla/5.0 AppleWebKit/537.36 (KHTML, like Gecko; compatible; GPTBot/1.3; +https://openai.com/gptbot)"
185.191.171.4 - - [07/Feb/2026:08:44:06 -0500] "GET /geti/15015tjvfitems.htm HTTP/1.1" 404 1251 "-" "Mozilla/5.0 (compatible; SemrushBot/7~bl; +http://www.semrush.com/bot.html)"
74.7.243.248 - - [07/Feb/2026:08:44:08 -0500] "GET /ctg/search/similarImageSearchResultView/?ctgItemCd=304372300091 HTTP/1.1" 404 1251 "https://blog.newkolkata.in/getidm75/300091kairitems.htm" "Mozilla/5.0 AppleWebKit/537.36 (KHTML, like Gecko; compatible; GPTBot/1.3; +https://openai.com/gptbot)"
185.191.171.12 - - [07/Feb/2026:08:44:09 -0500] "GET /getidm1/94834cejpitems HTTP/1.1" 404 1251 "-" "Mozilla/5.0 (compatible; SemrushBot/7~bl; +http://www.semrush.com/bot.html)"
74.7.243.248 - - [07/Feb/2026:08:44:11 -0500] "GET /ctg/search/similarImageSearchResultView/?ctgItemCd=108823104666 HTTP/1.1" 404 1251 "https://blog.newkolkata.in/item/104666pcywtidm805.html" "Mozilla/5.0 AppleWebKit/537.36 (KHTML, like Gecko; compatible; GPTBot/1.3; +https://openai.com/gptbot)"
74.7.243.248 - - [07/Feb/2026:08:44:14 -0500] "GET /ctg/search/similarImageSearchResultView/?ctgItemCd=262759258881 HTTP/1.1" 404 1251 "https://blog.newkolkata.in/get/258881jahtitems.htm" "Mozilla/5.0 AppleWebKit/537.36 (KHTML, like Gecko; compatible; GPTBot/1.3; +https://openai.com/gptbot)"
74.7.243.248 - - [07/Feb/2026:08:44:17 -0500] "GET /ctg/search/similarImageSearchResultView/?ctgItemCd=115406111233 HTTP/1.1" 404 1251 "https://blog.newkolkata.in/items/111233cejptidm61.html" "Mozilla/5.0 AppleWebKit/537.36 (KHTML, like Gecko; compatible; GPTBot/1.3; +https://openai.com/gptbot)"
185.191.171.14 - - [07/Feb/2026:08:44:19 -0500] "GET /getid/21976tjvfitems HTTP/1.1" 404 1251 "-" "Mozilla/5.0 (compatible; SemrushBot/7~bl; +http://www.semrush.com/bot.html)"
74.7.243.248 - - [07/Feb/2026:08:44:20 -0500] "GET /ctg/search/similarImageSearchResultView/?ctgItemCd=241401237775 HTTP/1.1" 404 1251 "https://blog.newkolkata.in/geti/237775tjvfitems" "Mozilla/5.0 AppleWebKit/537.36 (KHTML, like Gecko; compatible; GPTBot/1.3; +https://openai.com/gptbot)"
185.191.171.19 - - [07/Feb/2026:08:44:21 -0500] "GET /get/174327sejmitems.htm HTTP/1.1" 404 1251 "-" "Mozilla/5.0 (compatible; SemrushBot/7~bl; +http://www.semrush.com/bot.html)"
74.7.243.248 - - [07/Feb/2026:08:44:23 -0500] "GET /ctg/search/similarImageSearchResultView/?ctgItemCd=281888277966 HTTP/1.1" 404 1251 "https://blog.newkolkata.in/getidm9/277966zslyitems" "Mozilla/5.0 AppleWebKit/537.36 (KHTML, like Gecko; compatible; GPTBot/1.3; +https://openai.com/gptbot)"
74.7.243.248 - - [07/Feb/2026:08:44:26 -0500] "GET /ctg/search/similarImageSearchResultView/?ctgItemCd=192580188848 HTTP/1.1" 404 1251 "https://blog.newkolkata.in/getid/188848tjvfitems" "Mozilla/5.0 AppleWebKit/537.36 (KHTML, like Gecko; compatible; GPTBot/1.3; +https://openai.com/gptbot)"
74.7.243.248 - - [07/Feb/2026:08:44:30 -0500] "GET /ctg/search/similarImageSearchResultView/?ctgItemCd=222941218697 HTTP/1.1" 404 1251 "https://blog.newkolkata.in/getidm8/218697cejpitems.htm" "Mozilla/5.0 AppleWebKit/537.36 (KHTML, like Gecko; compatible; GPTBot/1.3; +https://openai.com/gptbot)"
74.7.243.248 - - [07/Feb/2026:08:44:33 -0500] "GET /ctg/search/similarImageSearchResultView/?ctgItemCd=111966108095 HTTP/1.1" 404 1251 "https://blog.newkolkata.in/ite/108095sejmtidm.html" "Mozilla/5.0 AppleWebKit/537.36 (KHTML, like Gecko; compatible; GPTBot/1.3; +https://openai.com/gptbot)"
74.7.243.248 - - [07/Feb/2026:08:44:36 -0500] "GET /ctg/search/similarImageSearchResultView/?ctgItemCd=169454165550 HTTP/1.1" 404 1251 "https://blog.newkolkata.in/getidm6/165550zslyitems" "Mozilla/5.0 AppleWebKit/537.36 (KHTML, like Gecko; compatible; GPTBot/1.3; +https://openai.com/gptbot)"
85.208.96.211 - - [07/Feb/2026:08:44:38 -0500] "GET /getidm/166753pcywitems HTTP/1.1" 404 1251 "-" "Mozilla/5.0 (compatible; SemrushBot/7~bl; +http://www.semrush.com/bot.html)"
74.7.243.248 - - [07/Feb/2026:08:44:39 -0500] "GET /ctg/search/similarImageSearchResultView/?ctgItemCd=226718222709 HTTP/1.1" 404 1251 "https://blog.newkolkata.in/geti/222709mvrvitems.htm" "Mozilla/5.0 AppleWebKit/537.36 (KHTML, like Gecko; compatible; GPTBot/1.3; +https://openai.com/gptbot)"
185.191.171.10 - - [07/Feb/2026:08:44:41 -0500] "GET /getidm36/11155pcywitems HTTP/1.1" 404 1251 "-" "Mozilla/5.0 (compatible; SemrushBot/7~bl; +http://www.semrush.com/bot.html)"
74.7.243.248 - - [07/Feb/2026:08:44:42 -0500] "GET /ctg/search/similarImageSearchResultView/?ctgItemCd=304449300537 HTTP/1.1" 404 1251 "https://blog.newkolkata.in/getidm94/300537kairitems" "Mozilla/5.0 AppleWebKit/537.36 (KHTML, like Gecko; compatible; GPTBot/1.3; +https://openai.com/gptbot)"
74.7.243.248 - - [07/Feb/2026:08:44:45 -0500] "GET /ctg/search/similarImageSearchResultView/?ctgItemCd=111985108003 HTTP/1.1" 404 1251 "https://blog.newkolkata.in/geti/108003tjvfitems.htm" "Mozilla/5.0 AppleWebKit/537.36 (KHTML, like Gecko; compatible; GPTBot/1.3; +https://openai.com/gptbot)"
74.7.243.248 - - [07/Feb/2026:08:44:49 -0500] "GET /ctg/search/similarImageSearchResultView/?ctgItemCd=168886165373 HTTP/1.1" 404 1251 "https://blog.newkolkata.in/get/165373ulgpitems" "Mozilla/5.0 AppleWebKit/537.36 (KHTML, like Gecko; compatible; GPTBot/1.3; +https://openai.com/gptbot)"
74.7.243.248 - - [07/Feb/2026:08:44:52 -0500] "GET /ctg/search/similarImageSearchResultView/?ctgItemCd=111715107489 HTTP/1.1" 404 1251 "https://blog.newkolkata.in/items/107489pcywtidm63.html" "Mozilla/5.0 AppleWebKit/537.36 (KHTML, like Gecko; compatible; GPTBot/1.3; +https://openai.com/gptbot)"
74.7.243.248 - - [07/Feb/2026:08:44:55 -0500] "GET /ctg/search/similarImageSearchResultView/?ctgItemCd=217522213368 HTTP/1.1" 404 1251 "https://blog.newkolkata.in/items/213368ulgptidm2.html" "Mozilla/5.0 AppleWebKit/537.36 (KHTML, like Gecko; compatible; GPTBot/1.3; +https://openai.com/gptbot)"
74.7.243.248 - - [07/Feb/2026:08:44:58 -0500] "GET /ctg/search/similarImageSearchResultView/?ctgItemCd=106663102473 HTTP/1.1" 404 1251 "https://blog.newkolkata.in/items/102473jahttidm94.html" "Mozilla/5.0 AppleWebKit/537.36 (KHTML, like Gecko; compatible; GPTBot/1.3; +https://openai.com/gptbot)"
74.7.243.248 - - [07/Feb/2026:08:45:01 -0500] "GET /ctg/search/similarImageSearchResultView/?ctgItemCd=134441130289 HTTP/1.1" 404 1251 "https://blog.newkolkata.in/items/130289sejmtidm9.html" "Mozilla/5.0 AppleWebKit/537.36 (KHTML, like Gecko; compatible; GPTBot/1.3; +https://openai.com/gptbot)"
74.7.243.248 - - [07/Feb/2026:08:45:04 -0500] "GET /ctg/search/similarImageSearchResultView/?ctgItemCd=163311159253 HTTP/1.1" 404 1251 "https://blog.newkolkata.in/getidm5807/159253mvrvitems" "Mozilla/5.0 AppleWebKit/537.36 (KHTML, like Gecko; compatible; GPTBot/1.3; +https://openai.com/gptbot)"
74.7.243.248 - - [07/Feb/2026:08:45:08 -0500] "GET /ctg/search/similarImageSearchResultView/?ctgItemCd=234440230184 HTTP/1.1" 404 1251 "https://blog.newkolkata.in/getidm2/230184pcywitems.htm" "Mozilla/5.0 AppleWebKit/537.36 (KHTML, like Gecko; compatible; GPTBot/1.3; +https://openai.com/gptbot)"
85.208.96.209 - - [07/Feb/2026:08:45:09 -0500] "GET /getid/98608sejmitems HTTP/1.1" 404 1251 "-" "Mozilla/5.0 (compatible; SemrushBot/7~bl; +http://www.semrush.com/bot.html)"
85.208.96.194 - - [07/Feb/2026:08:45:10 -0500] "GET /geti/219319mvrvitems HTTP/1.1" 404 1251 "-" "Mozilla/5.0 (compatible; SemrushBot/7~bl; +http://www.semrush.com/bot.html)"
74.7.243.248 - - [07/Feb/2026:08:45:11 -0500] "GET /ctg/search/similarImageSearchResultView/?ctgItemCd=279444275563 HTTP/1.1" 404 1251 "https://blog.newkolkata.in/getidm3/275563ulgpitems" "Mozilla/5.0 AppleWebKit/537.36 (KHTML, like Gecko; compatible; GPTBot/1.3; +https://openai.com/gptbot)"
74.7.243.248 - - [07/Feb/2026:08:45:14 -0500] "GET /ctg/search/similarImageSearchResultView/?ctgItemCd=103645100029 HTTP/1.1" 404 1251 "https://blog.newkolkata.in/geti/100029pcywitems" "Mozilla/5.0 AppleWebKit/537.36 (KHTML, like Gecko; compatible; GPTBot/1.3; +https://openai.com/gptbot)"
74.7.243.248 - - [07/Feb/2026:08:45:18 -0500] "GET /ctg/search/similarImageSearchResultView/?ctgItemCd=111634107376 HTTP/1.1" 404 1251 "https://blog.newkolkata.in/getidm9/107376ulgpitems.htm" "Mozilla/5.0 AppleWebKit/537.36 (KHTML, like Gecko; compatible; GPTBot/1.3; +https://openai.com/gptbot)"
85.208.96.194 - - [07/Feb/2026:08:45:19 -0500] "GET /get/123358ulgpitems HTTP/1.1" 404 1251 "-" "Mozilla/5.0 (compatible; SemrushBot/7~bl; +http://www.semrush.com/bot.html)"
74.7.243.248 - - [07/Feb/2026:08:45:21 -0500] "GET /ctg/search/similarImageSearchResultView/?ctgItemCd=115576111980 HTTP/1.1" 404 1251 "https://blog.newkolkata.in/geti/111980kairitems" "Mozilla/5.0 AppleWebKit/537.36 (KHTML, like Gecko; compatible; GPTBot/1.3; +https://openai.com/gptbot)"
74.7.243.248 - - [07/Feb/2026:08:45:24 -0500] "GET /ctg/search/similarImageSearchResultView/?ctgItemCd=111467107500 HTTP/1.1" 404 1251 "https://blog.newkolkata.in/getidm378/107500ccoyitems" "Mozilla/5.0 AppleWebKit/537.36 (KHTML, like Gecko; compatible; GPTBot/1.3; +https://openai.com/gptbot)"
74.7.243.248 - - [07/Feb/2026:08:45:27 -0500] "GET /ctg/search/similarImageSearchResultView/?ctgItemCd=244122239817 HTTP/1.1" 404 1251 "https://blog.newkolkata.in/getidm47/239817sejmitems.htm" "Mozilla/5.0 AppleWebKit/537.36 (KHTML, like Gecko; compatible; GPTBot/1.3; +https://openai.com/gptbot)"
