74.7.243.248 - - [07/Feb/2026:10:23:53 -0500] "GET /ctg/search/similarImageSearchResultView/?ctgItemCd=106123102057 HTTP/1.1" 404 1251 "https://blog.newkolkata.in/getid/102057kairitems.htm" "Mozilla/5.0 AppleWebKit/537.36 (KHTML, like Gecko; compatible; GPTBot/1.3; +https://openai.com/gptbot)"
85.208.96.194 - - [07/Feb/2026:10:23:55 -0500] "GET /getidm5/168586zslyitems HTTP/1.1" 404 1251 "-" "Mozilla/5.0 (compatible; SemrushBot/7~bl; +http://www.semrush.com/bot.html)"
74.7.243.248 - - [07/Feb/2026:10:23:56 -0500] "GET /ctg/search/similarImageSearchResultView/?ctgItemCd=207186202950 HTTP/1.1" 404 1251 "https://blog.newkolkata.in/getidm2/202950sejmitems.htm" "Mozilla/5.0 AppleWebKit/537.36 (KHTML, like Gecko; compatible; GPTBot/1.3; +https://openai.com/gptbot)"
74.7.243.248 - - [07/Feb/2026:10:24:00 -0500] "GET /ctg/search/similarImageSearchResultView/?ctgItemCd=177249173031 HTTP/1.1" 404 1251 "https://blog.newkolkata.in/getidm/173031zslyitems.htm" "Mozilla/5.0 AppleWebKit/537.36 (KHTML, like Gecko; compatible; GPTBot/1.3; +https://openai.com/gptbot)"
74.7.243.248 - - [07/Feb/2026:10:24:03 -0500] "GET /ctg/search/similarImageSearchResultView/?ctgItemCd=277665273618 HTTP/1.1" 404 1251 "https://blog.newkolkata.in/item/273618tjvftidm4.html" "Mozilla/5.0 AppleWebKit/537.36 (KHTML, like Gecko; compatible; GPTBot/1.3; +https://openai.com/gptbot)"
74.7.243.248 - - [07/Feb/2026:10:24:06 -0500] "GET /ctg/search/similarImageSearchResultView/?ctgItemCd=128717124833 HTTP/1.1" 404 1251 "https://blog.newkolkata.in/get/124833ulgpitems.htm" "Mozilla/5.0 AppleWebKit/537.36 (KHTML, like Gecko; compatible; GPTBot/1.3; +https://openai.com/gptbot)"
74.7.243.248 - - [07/Feb/2026:10:24:09 -0500] "GET /ctg/search/similarImageSearchResultView/?ctgItemCd=242316238338 HTTP/1.1" 404 1251 "https://blog.newkolkata.in/geti/238338kairitems.htm" "Mozilla/5.0 AppleWebKit/537.36 (KHTML, like Gecko; compatible; GPTBot/1.3; +https://openai.com/gptbot)"
185.191.171.18 - - [07/Feb/2026:10:24:10 -0500] "GET /getidm3/2098ccoyitems HTTP/1.1" 404 1251 "-" "Mozilla/5.0 (compatible; SemrushBot/7~bl; +http://www.semrush.com/bot.html)"
74.7.243.248 - - [07/Feb/2026:10:24:12 -0500] "GET /ctg/search/similarImageSearchResultView/?ctgItemCd=198903194667 HTTP/1.1" 404 1251 "https://blog.newkolkata.in/getidm/194667zslyitems.htm" "Mozilla/5.0 AppleWebKit/537.36 (KHTML, like Gecko; compatible; GPTBot/1.3; +https://openai.com/gptbot)"
74.7.243.248 - - [07/Feb/2026:10:24:15 -0500] "GET /ctg/search/similarImageSearchResultView/?ctgItemCd=179825175678 HTTP/1.1" 404 1251 "https://blog.newkolkata.in/items/175678jahttidm1.html" "Mozilla/5.0 AppleWebKit/537.36 (KHTML, like Gecko; compatible; GPTBot/1.3; +https://openai.com/gptbot)"
74.7.243.248 - - [07/Feb/2026:10:24:18 -0500] "GET /ctg/search/similarImageSearchResultView/?ctgItemCd=220358216384 HTTP/1.1" 404 1251 "https://blog.newkolkata.in/items/216384cejptid.html" "Mozilla/5.0 AppleWebKit/537.36 (KHTML, like Gecko; compatible; GPTBot/1.3; +https://openai.com/gptbot)"
74.7.243.248 - - [07/Feb/2026:10:24:21 -0500] "GET /ctg/search/similarImageSearchResultView/?ctgItemCd=112531108338 HTTP/1.1" 404 1251 "https://blog.newkolkata.in/items/108338cejptidm69.html" "Mozilla/5.0 AppleWebKit/537.36 (KHTML, like Gecko; compatible; GPTBot/1.3; +https://openai.com/gptbot)"
74.7.243.248 - - [07/Feb/2026:10:24:24 -0500] "GET /ctg/search/similarImageSearchResultView/?ctgItemCd=247898243792 HTTP/1.1" 404 1251 "https://blog.newkolkata.in/getid/243792pcywitems.htm" "Mozilla/5.0 AppleWebKit/537.36 (KHTML, like Gecko; compatible; GPTBot/1.3; +https://openai.com/gptbot)"
74.7.243.248 - - [07/Feb/2026:10:24:27 -0500] "GET /ctg/search/similarImageSearchResultView/?ctgItemCd=150880146835 HTTP/1.1" 404 1251 "https://blog.newkolkata.in/getidm4117/146835pcywitems" "Mozilla/5.0 AppleWebKit/537.36 (KHTML, like Gecko; compatible; GPTBot/1.3; +https://openai.com/gptbot)"
74.7.243.248 - - [07/Feb/2026:10:24:31 -0500] "GET /ctg/search/similarImageSearchResultView/?ctgItemCd=273174268816 HTTP/1.1" 404 1251 "https://blog.newkolkata.in/getidm196/268816ccoyitems.htm" "Mozilla/5.0 AppleWebKit/537.36 (KHTML, like Gecko; compatible; GPTBot/1.3; +https://openai.com/gptbot)"
74.7.243.248 - - [07/Feb/2026:10:24:34 -0500] "GET /ctg/search/similarImageSearchResultView/?ctgItemCd=147287142973 HTTP/1.1" 404 1251 "https://blog.newkolkata.in/getidm94/142973tjvfitems.htm" "Mozilla/5.0 AppleWebKit/537.36 (KHTML, like Gecko; compatible; GPTBot/1.3; +https://openai.com/gptbot)"
74.7.243.248 - - [07/Feb/2026:10:24:37 -0500] "GET /ctg/search/similarImageSearchResultView/?ctgItemCd=149379145513 HTTP/1.1" 404 1251 "https://blog.newkolkata.in/getidm6/145513sejmitems" "Mozilla/5.0 AppleWebKit/537.36 (KHTML, like Gecko; compatible; GPTBot/1.3; +https://openai.com/gptbot)"
74.7.243.248 - - [07/Feb/2026:10:24:40 -0500] "GET /ctg/search/similarImageSearchResultView/?ctgItemCd=186984182997 HTTP/1.1" 404 1251 "https://blog.newkolkata.in/geti/182997kairitems.htm" "Mozilla/5.0 AppleWebKit/537.36 (KHTML, like Gecko; compatible; GPTBot/1.3; +https://openai.com/gptbot)"
74.7.243.248 - - [07/Feb/2026:10:24:43 -0500] "GET /ctg/search/similarImageSearchResultView/?ctgItemCd=10029596246 HTTP/1.1" 404 1251 "https://blog.newkolkata.in/getid/96246tjvfitems.htm" "Mozilla/5.0 AppleWebKit/537.36 (KHTML, like Gecko; compatible; GPTBot/1.3; +https://openai.com/gptbot)"
74.7.243.248 - - [07/Feb/2026:10:24:46 -0500] "GET /ctg/search/similarImageSearchResultView/?ctgItemCd=203096198949 HTTP/1.1" 404 1251 "https://blog.newkolkata.in/items/198949zslytidm.html" "Mozilla/5.0 AppleWebKit/537.36 (KHTML, like Gecko; compatible; GPTBot/1.3; +https://openai.com/gptbot)"
185.191.171.4 - - [07/Feb/2026:10:24:48 -0500] "GET /geti/128527sejmitems HTTP/1.1" 404 1251 "-" "Mozilla/5.0 (compatible; SemrushBot/7~bl; +http://www.semrush.com/bot.html)"
74.7.243.248 - - [07/Feb/2026:10:24:49 -0500] "GET /ctg/search/similarImageSearchResultView/?ctgItemCd=279724275629 HTTP/1.1" 404 1251 "https://blog.newkolkata.in/items/275629kairtidm.html" "Mozilla/5.0 AppleWebKit/537.36 (KHTML, like Gecko; compatible; GPTBot/1.3; +https://openai.com/gptbot)"
74.7.243.248 - - [07/Feb/2026:10:24:52 -0500] "GET /ctg/search/similarImageSearchResultView/?ctgItemCd=194120190630 HTTP/1.1" 404 1251 "https://blog.newkolkata.in/get/190630jahtitems" "Mozilla/5.0 AppleWebKit/537.36 (KHTML, like Gecko; compatible; GPTBot/1.3; +https://openai.com/gptbot)"
185.191.171.14 - - [07/Feb/2026:10:24:55 -0500] "GET /get/50758pcywitems HTTP/1.1" 404 1251 "-" "Mozilla/5.0 (compatible; SemrushBot/7~bl; +http://www.semrush.com/bot.html)"
74.7.243.248 - - [07/Feb/2026:10:24:56 -0500] "GET /ctg/search/similarImageSearchResultView/?ctgItemCd=201845197541 HTTP/1.1" 404 1251 "https://blog.newkolkata.in/items/197541jahttidm6672.html" "Mozilla/5.0 AppleWebKit/537.36 (KHTML, like Gecko; compatible; GPTBot/1.3; +https://openai.com/gptbot)"
74.7.243.248 - - [07/Feb/2026:10:24:59 -0500] "GET /ctg/search/similarImageSearchResultView/?ctgItemCd=120313116599 HTTP/1.1" 404 1251 "https://blog.newkolkata.in/getid/116599ccoyitems" "Mozilla/5.0 AppleWebKit/537.36 (KHTML, like Gecko; compatible; GPTBot/1.3; +https://openai.com/gptbot)"
74.7.243.248 - - [07/Feb/2026:10:25:02 -0500] "GET /ctg/search/similarImageSearchResultView/?ctgItemCd=139538135649 HTTP/1.1" 404 1251 "https://blog.newkolkata.in/getidm9/135649tjvfitems" "Mozilla/5.0 AppleWebKit/537.36 (KHTML, like Gecko; compatible; GPTBot/1.3; +https://openai.com/gptbot)"
85.208.96.197 - - [07/Feb/2026:10:25:05 -0500] "GET /robots.txt HTTP/1.1" 200 281 "-" "Mozilla/5.0 (compatible; SemrushBot/7~bl; +http://www.semrush.com/bot.html)"
85.208.96.205 - - [07/Feb/2026:10:25:05 -0500] "GET /getidm694/2788ulgpitems HTTP/1.1" 404 1251 "-" "Mozilla/5.0 (compatible; SemrushBot/7~bl; +http://www.semrush.com/bot.html)"
74.7.243.248 - - [07/Feb/2026:10:25:06 -0500] "GET /ctg/search/similarImageSearchResultView/?ctgItemCd=154531150231 HTTP/1.1" 404 1251 "https://blog.newkolkata.in/getidm58/150231tjvfitems.htm" "Mozilla/5.0 AppleWebKit/537.36 (KHTML, like Gecko; compatible; GPTBot/1.3; +https://openai.com/gptbot)"
85.208.96.195 - - [07/Feb/2026:10:25:07 -0500] "GET /geti/52101jahtitems.htm HTTP/1.1" 404 1251 "-" "Mozilla/5.0 (compatible; SemrushBot/7~bl; +http://www.semrush.com/bot.html)"
74.7.243.248 - - [07/Feb/2026:10:25:09 -0500] "GET /ctg/search/similarImageSearchResultView/?ctgItemCd=125388121156 HTTP/1.1" 404 1251 "https://blog.newkolkata.in/getidm8/121156kairitems.htm" "Mozilla/5.0 AppleWebKit/537.36 (KHTML, like Gecko; compatible; GPTBot/1.3; +https://openai.com/gptbot)"
74.7.243.248 - - [07/Feb/2026:10:25:12 -0500] "GET /ctg/search/similarImageSearchResultView/?ctgItemCd=245067241085 HTTP/1.1" 404 1251 "https://blog.newkolkata.in/items/241085ccoytid.html" "Mozilla/5.0 AppleWebKit/537.36 (KHTML, like Gecko; compatible; GPTBot/1.3; +https://openai.com/gptbot)"
85.208.96.200 - - [07/Feb/2026:10:25:12 -0500] "GET /get/187557tjvfitems.htm HTTP/1.1" 404 1251 "-" "Mozilla/5.0 (compatible; SemrushBot/7~bl; +http://www.semrush.com/bot.html)"
74.7.243.248 - - [07/Feb/2026:10:25:15 -0500] "GET /ctg/search/similarImageSearchResultView/?ctgItemCd=243843239463 HTTP/1.1" 404 1251 "https://blog.newkolkata.in/getidm849/239463pcywitems.htm" "Mozilla/5.0 AppleWebKit/537.36 (KHTML, like Gecko; compatible; GPTBot/1.3; +https://openai.com/gptbot)"
74.7.243.248 - - [07/Feb/2026:10:25:18 -0500] "GET /ctg/search/similarImageSearchResultView/?ctgItemCd=276294272307 HTTP/1.1" 404 1251 "https://blog.newkolkata.in/ite/272307ulgptidm58.html" "Mozilla/5.0 AppleWebKit/537.36 (KHTML, like Gecko; compatible; GPTBot/1.3; +https://openai.com/gptbot)"
74.7.243.248 - - [07/Feb/2026:10:25:21 -0500] "GET /ctg/search/similarImageSearchResultView/?ctgItemCd=121004116903 HTTP/1.1" 404 1251 "https://blog.newkolkata.in/items/116903ulgptidm.html" "Mozilla/5.0 AppleWebKit/537.36 (KHTML, like Gecko; compatible; GPTBot/1.3; +https://openai.com/gptbot)"
74.7.243.248 - - [07/Feb/2026:10:25:24 -0500] "GET /ctg/search/similarImageSearchResultView/?ctgItemCd=237794233836 HTTP/1.1" 404 1251 "https://blog.newkolkata.in/getidm81/233836zslyitems" "Mozilla/5.0 AppleWebKit/537.36 (KHTML, like Gecko; compatible; GPTBot/1.3; +https://openai.com/gptbot)"
185.191.171.2 - - [07/Feb/2026:10:25:25 -0500] "GET /getidm2/271258ulgpitems HTTP/1.1" 404 1251 "-" "Mozilla/5.0 (compatible; SemrushBot/7~bl; +http://www.semrush.com/bot.html)"
185.191.171.5 - - [07/Feb/2026:10:25:27 -0500] "GET /ite/165110mvrvtid.html HTTP/1.1" 404 1251 "-" "Mozilla/5.0 (compatible; SemrushBot/7~bl; +http://www.semrush.com/bot.html)"
74.7.243.248 - - [07/Feb/2026:10:25:27 -0500] "GET /ctg/search/similarImageSearchResultView/?ctgItemCd=245349241336 HTTP/1.1" 404 1251 "https://blog.newkolkata.in/geti/241336zslyitems.htm" "Mozilla/5.0 AppleWebKit/537.36 (KHTML, like Gecko; compatible; GPTBot/1.3; +https://openai.com/gptbot)"
74.7.243.248 - - [07/Feb/2026:10:25:31 -0500] "GET /ctg/search/similarImageSearchResultView/?ctgItemCd=251329247136 HTTP/1.1" 404 1251 "https://blog.newkolkata.in/items/247136jahttidm82.html" "Mozilla/5.0 AppleWebKit/537.36 (KHTML, like Gecko; compatible; GPTBot/1.3; +https://openai.com/gptbot)"
74.7.243.248 - - [07/Feb/2026:10:25:34 -0500] "GET /ctg/search/similarImageSearchResultView/?ctgItemCd=187469183349 HTTP/1.1" 404 1251 "https://blog.newkolkata.in/items/183349pcywtidm.html" "Mozilla/5.0 AppleWebKit/537.36 (KHTML, like Gecko; compatible; GPTBot/1.3; +https://openai.com/gptbot)"
74.7.243.248 - - [07/Feb/2026:10:25:37 -0500] "GET /ctg/search/similarImageSearchResultView/?ctgItemCd=142640138250 HTTP/1.1" 404 1251 "https://blog.newkolkata.in/items/138250zslytidm35790.html" "Mozilla/5.0 AppleWebKit/537.36 (KHTML, like Gecko; compatible; GPTBot/1.3; +https://openai.com/gptbot)"
74.7.243.248 - - [07/Feb/2026:10:25:40 -0500] "GET /ctg/search/similarImageSearchResultView/?ctgItemCd=257719254017 HTTP/1.1" 404 1251 "https://blog.newkolkata.in/getid/254017ccoyitems" "Mozilla/5.0 AppleWebKit/537.36 (KHTML, like Gecko; compatible; GPTBot/1.3; +https://openai.com/gptbot)"
74.7.243.248 - - [07/Feb/2026:10:25:43 -0500] "GET /ctg/search/similarImageSearchResultView/?ctgItemCd=208427204832 HTTP/1.1" 404 1251 "https://blog.newkolkata.in/geti/204832kairitems" "Mozilla/5.0 AppleWebKit/537.36 (KHTML, like Gecko; compatible; GPTBot/1.3; +https://openai.com/gptbot)"
74.7.243.248 - - [07/Feb/2026:10:25:46 -0500] "GET /ctg/search/similarImageSearchResultView/?ctgItemCd=183921179918 HTTP/1.1" 404 1251 "https://blog.newkolkata.in/item/179918tjvftidm.html" "Mozilla/5.0 AppleWebKit/537.36 (KHTML, like Gecko; compatible; GPTBot/1.3; +https://openai.com/gptbot)"
85.208.96.199 - - [07/Feb/2026:10:25:48 -0500] "GET /ite/161975ulgptidm.html HTTP/1.1" 404 1251 "-" "Mozilla/5.0 (compatible; SemrushBot/7~bl; +http://www.semrush.com/bot.html)"
74.7.243.248 - - [07/Feb/2026:10:25:50 -0500] "GET /ctg/search/similarImageSearchResultView/?ctgItemCd=141325137617 HTTP/1.1" 404 1251 "https://blog.newkolkata.in/getid/137617ccoyitems" "Mozilla/5.0 AppleWebKit/537.36 (KHTML, like Gecko; compatible; GPTBot/1.3; +https://openai.com/gptbot)"
85.208.96.198 - - [07/Feb/2026:10:25:50 -0500] "GET /getidm2/37450sejmitems HTTP/1.1" 404 1251 "-" "Mozilla/5.0 (compatible; SemrushBot/7~bl; +http://www.semrush.com/bot.html)"
74.7.243.248 - - [07/Feb/2026:10:25:53 -0500] "GET /ctg/search/similarImageSearchResultView/?ctgItemCd=151365147088 HTTP/1.1" 404 1251 "https://blog.newkolkata.in/items/147088tjvftidm589.html" "Mozilla/5.0 AppleWebKit/537.36 (KHTML, like Gecko; compatible; GPTBot/1.3; +https://openai.com/gptbot)"
74.7.243.248 - - [07/Feb/2026:10:25:56 -0500] "GET /ctg/search/similarImageSearchResultView/?ctgItemCd=138074134205 HTTP/1.1" 404 1251 "https://blog.newkolkata.in/get/134205sejmitems.htm" "Mozilla/5.0 AppleWebKit/537.36 (KHTML, like Gecko; compatible; GPTBot/1.3; +https://openai.com/gptbot)"
85.208.96.204 - - [07/Feb/2026:10:25:57 -0500] "GET /getidm3/278194ulgpitems HTTP/1.1" 404 1251 "-" "Mozilla/5.0 (compatible; SemrushBot/7~bl; +http://www.semrush.com/bot.html)"
74.7.243.248 - - [07/Feb/2026:10:25:59 -0500] "GET /ctg/search/similarImageSearchResultView/?ctgItemCd=180621176992 HTTP/1.1" 404 1251 "https://blog.newkolkata.in/geti/176992tjvfitems" "Mozilla/5.0 AppleWebKit/537.36 (KHTML, like Gecko; compatible; GPTBot/1.3; +https://openai.com/gptbot)"
74.7.243.248 - - [07/Feb/2026:10:26:02 -0500] "GET /ctg/search/similarImageSearchResultView/?ctgItemCd=187632183432 HTTP/1.1" 404 1251 "https://blog.newkolkata.in/getidm/183432tjvfitems.htm" "Mozilla/5.0 AppleWebKit/537.36 (KHTML, like Gecko; compatible; GPTBot/1.3; +https://openai.com/gptbot)"
74.7.243.248 - - [07/Feb/2026:10:26:05 -0500] "GET /ctg/search/similarImageSearchResultView/?ctgItemCd=200483196295 HTTP/1.1" 404 1251 "https://blog.newkolkata.in/items/196295mvrvtidm8.html" "Mozilla/5.0 AppleWebKit/537.36 (KHTML, like Gecko; compatible; GPTBot/1.3; +https://openai.com/gptbot)"
185.191.171.15 - - [07/Feb/2026:10:26:08 -0500] "GET /getidm/282121ulgpitems HTTP/1.1" 404 1251 "-" "Mozilla/5.0 (compatible; SemrushBot/7~bl; +http://www.semrush.com/bot.html)"
74.7.243.248 - - [07/Feb/2026:10:26:09 -0500] "GET /ctg/search/similarImageSearchResultView/?ctgItemCd=303057299141 HTTP/1.1" 404 1251 "https://blog.newkolkata.in/getidm45/299141kairitems" "Mozilla/5.0 AppleWebKit/537.36 (KHTML, like Gecko; compatible; GPTBot/1.3; +https://openai.com/gptbot)"
74.7.243.248 - - [07/Feb/2026:10:26:12 -0500] "GET /ctg/search/similarImageSearchResultView/?ctgItemCd=276615272799 HTTP/1.1" 404 1251 "https://blog.newkolkata.in/getidm/272799cejpitems" "Mozilla/5.0 AppleWebKit/537.36 (KHTML, like Gecko; compatible; GPTBot/1.3; +https://openai.com/gptbot)"
74.7.243.248 - - [07/Feb/2026:10:26:15 -0500] "GET /ctg/search/similarImageSearchResultView/?ctgItemCd=268998264635 HTTP/1.1" 404 1251 "https://blog.newkolkata.in/items/264635ccoytidm75482.html" "Mozilla/5.0 AppleWebKit/537.36 (KHTML, like Gecko; compatible; GPTBot/1.3; +https://openai.com/gptbot)"
74.7.243.248 - - [07/Feb/2026:10:26:18 -0500] "GET /ctg/search/similarImageSearchResultView/?ctgItemCd=270190266367 HTTP/1.1" 404 1251 "https://blog.newkolkata.in/getidm/266367sejmitems" "Mozilla/5.0 AppleWebKit/537.36 (KHTML, like Gecko; compatible; GPTBot/1.3; +https://openai.com/gptbot)"
74.7.243.248 - - [07/Feb/2026:10:26:21 -0500] "GET /ctg/search/similarImageSearchResultView/?ctgItemCd=255968251903 HTTP/1.1" 404 1251 "https://blog.newkolkata.in/item/251903zslytidm5.html" "Mozilla/5.0 AppleWebKit/537.36 (KHTML, like Gecko; compatible; GPTBot/1.3; +https://openai.com/gptbot)"
74.7.243.248 - - [07/Feb/2026:10:26:24 -0500] "GET /ctg/search/similarImageSearchResultView/?ctgItemCd=120234116337 HTTP/1.1" 404 1251 "https://blog.newkolkata.in/ite/116337mvrvtidm.html" "Mozilla/5.0 AppleWebKit/537.36 (KHTML, like Gecko; compatible; GPTBot/1.3; +https://openai.com/gptbot)"
74.7.243.248 - - [07/Feb/2026:10:26:27 -0500] "GET /ctg/search/similarImageSearchResultView/?ctgItemCd=104918100951 HTTP/1.1" 404 1251 "https://blog.newkolkata.in/geti/100951kairitems.htm" "Mozilla/5.0 AppleWebKit/537.36 (KHTML, like Gecko; compatible; GPTBot/1.3; +https://openai.com/gptbot)"
85.208.96.203 - - [07/Feb/2026:10:26:29 -0500] "GET /geti/24024mvrvitems.htm HTTP/1.1" 404 1251 "-" "Mozilla/5.0 (compatible; SemrushBot/7~bl; +http://www.semrush.com/bot.html)"
74.7.243.248 - - [07/Feb/2026:10:26:30 -0500] "GET /ctg/search/similarImageSearchResultView/?ctgItemCd=166285162670 HTTP/1.1" 404 1251 "https://blog.newkolkata.in/geti/162670ulgpitems" "Mozilla/5.0 AppleWebKit/537.36 (KHTML, like Gecko; compatible; GPTBot/1.3; +https://openai.com/gptbot)"
74.7.243.248 - - [07/Feb/2026:10:26:34 -0500] "GET /ctg/search/similarImageSearchResultView/?ctgItemCd=154458150268 HTTP/1.1" 404 1251 "https://blog.newkolkata.in/getidm/150268sejmitems.htm" "Mozilla/5.0 AppleWebKit/537.36 (KHTML, like Gecko; compatible; GPTBot/1.3; +https://openai.com/gptbot)"
74.7.243.248 - - [07/Feb/2026:10:26:37 -0500] "GET /ctg/search/similarImageSearchResultView/?ctgItemCd=174891170676 HTTP/1.1" 404 1251 "https://blog.newkolkata.in/getidm/170676pcywitems.htm" "Mozilla/5.0 AppleWebKit/537.36 (KHTML, like Gecko; compatible; GPTBot/1.3; +https://openai.com/gptbot)"
74.7.243.248 - - [07/Feb/2026:10:26:40 -0500] "GET /ctg/search/similarImageSearchResultView/?ctgItemCd=243805239914 HTTP/1.1" 404 1251 "https://blog.newkolkata.in/get/239914ulgpitems.htm" "Mozilla/5.0 AppleWebKit/537.36 (KHTML, like Gecko; compatible; GPTBot/1.3; +https://openai.com/gptbot)"
74.7.243.248 - - [07/Feb/2026:10:26:43 -0500] "GET /ctg/search/similarImageSearchResultView/?ctgItemCd=185730181340 HTTP/1.1" 404 1251 "https://blog.newkolkata.in/items/181340cejptidm692333.html" "Mozilla/5.0 AppleWebKit/537.36 (KHTML, like Gecko; compatible; GPTBot/1.3; +https://openai.com/gptbot)"
74.7.243.248 - - [07/Feb/2026:10:26:46 -0500] "GET /ctg/search/similarImageSearchResultView/?ctgItemCd=253425249541 HTTP/1.1" 404 1251 "https://blog.newkolkata.in/ite/249541tjvftidm.html" "Mozilla/5.0 AppleWebKit/537.36 (KHTML, like Gecko; compatible; GPTBot/1.3; +https://openai.com/gptbot)"
74.7.243.248 - - [07/Feb/2026:10:26:49 -0500] "GET /ctg/search/similarImageSearchResultView/?ctgItemCd=172990168975 HTTP/1.1" 404 1251 "https://blog.newkolkata.in/geti/168975pcywitems.htm" "Mozilla/5.0 AppleWebKit/537.36 (KHTML, like Gecko; compatible; GPTBot/1.3; +https://openai.com/gptbot)"
74.7.243.248 - - [07/Feb/2026:10:26:52 -0500] "GET /ctg/search/similarImageSearchResultView/?ctgItemCd=10277998639 HTTP/1.1" 404 1251 "https://blog.newkolkata.in/items/98639mvrvtidm5.html" "Mozilla/5.0 AppleWebKit/537.36 (KHTML, like Gecko; compatible; GPTBot/1.3; +https://openai.com/gptbot)"
74.7.243.248 - - [07/Feb/2026:10:26:56 -0500] "GET /ctg/search/similarImageSearchResultView/?ctgItemCd=108417104719 HTTP/1.1" 404 1251 "https://blog.newkolkata.in/getid/104719jahtitems" "Mozilla/5.0 AppleWebKit/537.36 (KHTML, like Gecko; compatible; GPTBot/1.3; +https://openai.com/gptbot)"
74.7.243.248 - - [07/Feb/2026:10:26:59 -0500] "GET /ctg/search/similarImageSearchResultView/?ctgItemCd=131854128138 HTTP/1.1" 404 1251 "https://blog.newkolkata.in/getid/128138ulgpitems" "Mozilla/5.0 AppleWebKit/537.36 (KHTML, like Gecko; compatible; GPTBot/1.3; +https://openai.com/gptbot)"
74.7.243.248 - - [07/Feb/2026:10:27:02 -0500] "GET /ctg/search/similarImageSearchResultView/?ctgItemCd=125953121963 HTTP/1.1" 404 1251 "https://blog.newkolkata.in/getidm731/121963pcywitems" "Mozilla/5.0 AppleWebKit/537.36 (KHTML, like Gecko; compatible; GPTBot/1.3; +https://openai.com/gptbot)"
85.208.96.204 - - [07/Feb/2026:10:27:03 -0500] "GET /ite/33800sejmtidm5.html HTTP/1.1" 404 1251 "-" "Mozilla/5.0 (compatible; SemrushBot/7~bl; +http://www.semrush.com/bot.html)"
74.7.243.248 - - [07/Feb/2026:10:27:05 -0500] "GET /ctg/search/similarImageSearchResultView/?ctgItemCd=304175299790 HTTP/1.1" 404 1251 "https://blog.newkolkata.in/getidm890/299790pcywitems.htm" "Mozilla/5.0 AppleWebKit/537.36 (KHTML, like Gecko; compatible; GPTBot/1.3; +https://openai.com/gptbot)"
85.208.96.200 - - [07/Feb/2026:10:27:07 -0500] "GET /get/99430ulgpitems HTTP/1.1" 404 1251 "-" "Mozilla/5.0 (compatible; SemrushBot/7~bl; +http://www.semrush.com/bot.html)"
74.7.243.248 - - [07/Feb/2026:10:27:08 -0500] "GET /ctg/search/similarImageSearchResultView/?ctgItemCd=197816193547 HTTP/1.1" 404 1251 "https://blog.newkolkata.in/getidm4/193547pcywitems.htm" "Mozilla/5.0 AppleWebKit/537.36 (KHTML, like Gecko; compatible; GPTBot/1.3; +https://openai.com/gptbot)"
74.7.243.248 - - [07/Feb/2026:10:27:12 -0500] "GET /ctg/search/similarImageSearchResultView/?ctgItemCd=120667116487 HTTP/1.1" 404 1251 "https://blog.newkolkata.in/ite/116487sejmtidm313262.html" "Mozilla/5.0 AppleWebKit/537.36 (KHTML, like Gecko; compatible; GPTBot/1.3; +https://openai.com/gptbot)"
74.7.243.248 - - [07/Feb/2026:10:27:15 -0500] "GET /ctg/search/similarImageSearchResultView/?ctgItemCd=150894146585 HTTP/1.1" 404 1251 "https://blog.newkolkata.in/getidm16/146585ulgpitems.htm" "Mozilla/5.0 AppleWebKit/537.36 (KHTML, like Gecko; compatible; GPTBot/1.3; +https://openai.com/gptbot)"
74.7.243.248 - - [07/Feb/2026:10:27:18 -0500] "GET /ctg/search/similarImageSearchResultView/?ctgItemCd=117952113754 HTTP/1.1" 404 1251 "https://blog.newkolkata.in/getidm/113754ulgpitems.htm" "Mozilla/5.0 AppleWebKit/537.36 (KHTML, like Gecko; compatible; GPTBot/1.3; +https://openai.com/gptbot)"
74.7.243.248 - - [07/Feb/2026:10:27:21 -0500] "GET /ctg/search/similarImageSearchResultView/?ctgItemCd=143902140079 HTTP/1.1" 404 1251 "https://blog.newkolkata.in/getidm/140079ulgpitems" "Mozilla/5.0 AppleWebKit/537.36 (KHTML, like Gecko; compatible; GPTBot/1.3; +https://openai.com/gptbot)"
74.7.243.248 - - [07/Feb/2026:10:27:24 -0500] "GET /ctg/search/similarImageSearchResultView/?ctgItemCd=127558123952 HTTP/1.1" 404 1251 "https://blog.newkolkata.in/geti/123952sejmitems" "Mozilla/5.0 AppleWebKit/537.36 (KHTML, like Gecko; compatible; GPTBot/1.3; +https://openai.com/gptbot)"
74.7.243.248 - - [07/Feb/2026:10:27:27 -0500] "GET /ctg/search/similarImageSearchResultView/?ctgItemCd=206742202419 HTTP/1.1" 404 1251 "https://blog.newkolkata.in/getidm222/202419cejpitems.htm" "Mozilla/5.0 AppleWebKit/537.36 (KHTML, like Gecko; compatible; GPTBot/1.3; +https://openai.com/gptbot)"
74.7.243.248 - - [07/Feb/2026:10:27:30 -0500] "GET /ctg/search/similarImageSearchResultView/?ctgItemCd=144662140673 HTTP/1.1" 404 1251 "https://blog.newkolkata.in/item/140673tjvftidm.html" "Mozilla/5.0 AppleWebKit/537.36 (KHTML, like Gecko; compatible; GPTBot/1.3; +https://openai.com/gptbot)"
74.7.243.248 - - [07/Feb/2026:10:27:34 -0500] "GET /ctg/search/similarImageSearchResultView/?ctgItemCd=224604220391 HTTP/1.1" 404 1251 "https://blog.newkolkata.in/getidm/220391mvrvitems.htm" "Mozilla/5.0 AppleWebKit/537.36 (KHTML, like Gecko; compatible; GPTBot/1.3; +https://openai.com/gptbot)"
185.191.171.17 - - [07/Feb/2026:10:27:35 -0500] "GET /getidm/60601ccoyitems HTTP/1.1" 404 1251 "-" "Mozilla/5.0 (compatible; SemrushBot/7~bl; +http://www.semrush.com/bot.html)"
85.208.96.204 - - [07/Feb/2026:10:27:36 -0500] "GET /getidm59/15379zslyitems HTTP/1.1" 404 1251 "-" "Mozilla/5.0 (compatible; SemrushBot/7~bl; +http://www.semrush.com/bot.html)"
74.7.243.248 - - [07/Feb/2026:10:27:37 -0500] "GET /ctg/search/similarImageSearchResultView/?ctgItemCd=189617185537 HTTP/1.1" 404 1251 "https://blog.newkolkata.in/getid/185537kairitems.htm" "Mozilla/5.0 AppleWebKit/537.36 (KHTML, like Gecko; compatible; GPTBot/1.3; +https://openai.com/gptbot)"
74.7.243.248 - - [07/Feb/2026:10:27:40 -0500] "GET /ctg/search/similarImageSearchResultView/?ctgItemCd=139643135624 HTTP/1.1" 404 1251 "https://blog.newkolkata.in/items/135624zslytid.html" "Mozilla/5.0 AppleWebKit/537.36 (KHTML, like Gecko; compatible; GPTBot/1.3; +https://openai.com/gptbot)"
74.7.243.248 - - [07/Feb/2026:10:27:43 -0500] "GET /ctg/search/similarImageSearchResultView/?ctgItemCd=253838250110 HTTP/1.1" 404 1251 "https://blog.newkolkata.in/getid/250110zslyitems" "Mozilla/5.0 AppleWebKit/537.36 (KHTML, like Gecko; compatible; GPTBot/1.3; +https://openai.com/gptbot)"
85.208.96.200 - - [07/Feb/2026:10:27:45 -0500] "GET /get/202530cejpitems.htm HTTP/1.1" 404 1251 "-" "Mozilla/5.0 (compatible; SemrushBot/7~bl; +http://www.semrush.com/bot.html)"
74.7.243.248 - - [07/Feb/2026:10:27:46 -0500] "GET /ctg/search/similarImageSearchResultView/?ctgItemCd=277916273936 HTTP/1.1" 404 1251 "https://blog.newkolkata.in/items/273936cejptid.html" "Mozilla/5.0 AppleWebKit/537.36 (KHTML, like Gecko; compatible; GPTBot/1.3; +https://openai.com/gptbot)"
207.46.13.107 - - [07/Feb/2026:10:27:49 -0500] "GET /ideal-sites-de-casino-qui-acceptent-le-bitcoin-un-guide-total/ HTTP/1.1" 404 1251 "-" "Mozilla/5.0 AppleWebKit/537.36 (KHTML, like Gecko; compatible; bingbot/2.0; +http://www.bing.com/bingbot.htm) Chrome/116.0.1938.76 Safari/537.36"
74.7.243.248 - - [07/Feb/2026:10:27:49 -0500] "GET /ctg/search/similarImageSearchResultView/?ctgItemCd=140645137149 HTTP/1.1" 404 1251 "https://blog.newkolkata.in/get/137149kairitems" "Mozilla/5.0 AppleWebKit/537.36 (KHTML, like Gecko; compatible; GPTBot/1.3; +https://openai.com/gptbot)"
74.7.243.248 - - [07/Feb/2026:10:27:52 -0500] "GET /ctg/search/similarImageSearchResultView/?ctgItemCd=200504196478 HTTP/1.1" 404 1251 "https://blog.newkolkata.in/getidm998/196478mvrvitems" "Mozilla/5.0 AppleWebKit/537.36 (KHTML, like Gecko; compatible; GPTBot/1.3; +https://openai.com/gptbot)"
85.208.96.206 - - [07/Feb/2026:10:27:55 -0500] "GET /get/137661jahtitems.htm HTTP/1.1" 404 1251 "-" "Mozilla/5.0 (compatible; SemrushBot/7~bl; +http://www.semrush.com/bot.html)"
74.7.243.248 - - [07/Feb/2026:10:27:55 -0500] "GET /ctg/search/similarImageSearchResultView/?ctgItemCd=10266898691 HTTP/1.1" 404 1251 "https://blog.newkolkata.in/getidm3624/98691kairitems" "Mozilla/5.0 AppleWebKit/537.36 (KHTML, like Gecko; compatible; GPTBot/1.3; +https://openai.com/gptbot)"
74.7.243.248 - - [07/Feb/2026:10:27:59 -0500] "GET /ctg/search/similarImageSearchResultView/?ctgItemCd=276481272616 HTTP/1.1" 404 1251 "https://blog.newkolkata.in/get/272616cejpitems.htm" "Mozilla/5.0 AppleWebKit/537.36 (KHTML, like Gecko; compatible; GPTBot/1.3; +https://openai.com/gptbot)"
74.7.243.248 - - [07/Feb/2026:10:28:02 -0500] "GET /ctg/search/similarImageSearchResultView/?ctgItemCd=210388206100 HTTP/1.1" 404 1251 "https://blog.newkolkata.in/getidm33/206100ulgpitems.htm" "Mozilla/5.0 AppleWebKit/537.36 (KHTML, like Gecko; compatible; GPTBot/1.3; +https://openai.com/gptbot)"
74.7.243.248 - - [07/Feb/2026:10:28:05 -0500] "GET /ctg/search/similarImageSearchResultView/?ctgItemCd=272186267834 HTTP/1.1" 404 1251 "https://blog.newkolkata.in/getidm425/267834ccoyitems.htm" "Mozilla/5.0 AppleWebKit/537.36 (KHTML, like Gecko; compatible; GPTBot/1.3; +https://openai.com/gptbot)"
74.7.243.248 - - [07/Feb/2026:10:28:08 -0500] "GET /ctg/search/similarImageSearchResultView/?ctgItemCd=190496186309 HTTP/1.1" 404 1251 "https://blog.newkolkata.in/getidm/186309kairitems.htm" "Mozilla/5.0 AppleWebKit/537.36 (KHTML, like Gecko; compatible; GPTBot/1.3; +https://openai.com/gptbot)"
85.208.96.197 - - [07/Feb/2026:10:28:11 -0500] "GET /getidm877/6628ulgpitems HTTP/1.1" 404 1251 "-" "Mozilla/5.0 (compatible; SemrushBot/7~bl; +http://www.semrush.com/bot.html)"
74.7.243.248 - - [07/Feb/2026:10:28:11 -0500] "GET /ctg/search/similarImageSearchResultView/?ctgItemCd=218809214915 HTTP/1.1" 404 1251 "https://blog.newkolkata.in/getidm3/214915mvrvitems" "Mozilla/5.0 AppleWebKit/537.36 (KHTML, like Gecko; compatible; GPTBot/1.3; +https://openai.com/gptbot)"
185.191.171.2 - - [07/Feb/2026:10:28:13 -0500] "GET /get/37365mvrvitems.htm HTTP/1.1" 404 1251 "-" "Mozilla/5.0 (compatible; SemrushBot/7~bl; +http://www.semrush.com/bot.html)"
74.7.243.248 - - [07/Feb/2026:10:28:14 -0500] "GET /ctg/search/similarImageSearchResultView/?ctgItemCd=263517259602 HTTP/1.1" 404 1251 "https://blog.newkolkata.in/ite/259602jahttidm3.html" "Mozilla/5.0 AppleWebKit/537.36 (KHTML, like Gecko; compatible; GPTBot/1.3; +https://openai.com/gptbot)"
74.7.243.248 - - [07/Feb/2026:10:28:18 -0500] "GET /ctg/search/similarImageSearchResultView/?ctgItemCd=121382117673 HTTP/1.1" 404 1251 "https://blog.newkolkata.in/getid/117673sejmitems" "Mozilla/5.0 AppleWebKit/537.36 (KHTML, like Gecko; compatible; GPTBot/1.3; +https://openai.com/gptbot)"
74.7.243.248 - - [07/Feb/2026:10:28:21 -0500] "GET /ctg/search/similarImageSearchResultView/?ctgItemCd=154483150571 HTTP/1.1" 404 1251 "https://blog.newkolkata.in/getidm22/150571sejmitems" "Mozilla/5.0 AppleWebKit/537.36 (KHTML, like Gecko; compatible; GPTBot/1.3; +https://openai.com/gptbot)"
74.7.243.248 - - [07/Feb/2026:10:28:24 -0500] "GET /ctg/search/similarImageSearchResultView/?ctgItemCd=251169246922 HTTP/1.1" 404 1251 "https://blog.newkolkata.in/item/246922kairtidm63879.html" "Mozilla/5.0 AppleWebKit/537.36 (KHTML, like Gecko; compatible; GPTBot/1.3; +https://openai.com/gptbot)"
74.7.243.248 - - [07/Feb/2026:10:28:27 -0500] "GET /ctg/search/similarImageSearchResultView/?ctgItemCd=113569109593 HTTP/1.1" 404 1251 "https://blog.newkolkata.in/item/109593jahttidm.html" "Mozilla/5.0 AppleWebKit/537.36 (KHTML, like Gecko; compatible; GPTBot/1.3; +https://openai.com/gptbot)"
74.7.243.248 - - [07/Feb/2026:10:28:30 -0500] "GET /ctg/search/similarImageSearchResultView/?ctgItemCd=109634105506 HTTP/1.1" 404 1251 "https://blog.newkolkata.in/item/105506jahttidm477.html" "Mozilla/5.0 AppleWebKit/537.36 (KHTML, like Gecko; compatible; GPTBot/1.3; +https://openai.com/gptbot)"
74.7.243.248 - - [07/Feb/2026:10:28:33 -0500] "GET /ctg/search/similarImageSearchResultView/?ctgItemCd=182442178498 HTTP/1.1" 404 1251 "https://blog.newkolkata.in/getidm36/178498ulgpitems" "Mozilla/5.0 AppleWebKit/537.36 (KHTML, like Gecko; compatible; GPTBot/1.3; +https://openai.com/gptbot)"
74.7.243.248 - - [07/Feb/2026:10:28:37 -0500] "GET /ctg/search/similarImageSearchResultView/?ctgItemCd=178339174345 HTTP/1.1" 404 1251 "https://blog.newkolkata.in/geti/174345tjvfitems.htm" "Mozilla/5.0 AppleWebKit/537.36 (KHTML, like Gecko; compatible; GPTBot/1.3; +https://openai.com/gptbot)"
74.7.243.248 - - [07/Feb/2026:10:28:40 -0500] "GET /ctg/search/similarImageSearchResultView/?ctgItemCd=265771261504 HTTP/1.1" 404 1251 "https://blog.newkolkata.in/getidm5/261504mvrvitems.htm" "Mozilla/5.0 AppleWebKit/537.36 (KHTML, like Gecko; compatible; GPTBot/1.3; +https://openai.com/gptbot)"
74.7.243.248 - - [07/Feb/2026:10:28:43 -0500] "GET /ctg/search/similarImageSearchResultView/?ctgItemCd=179958175766 HTTP/1.1" 404 1251 "https://blog.newkolkata.in/getidm/175766kairitems.htm" "Mozilla/5.0 AppleWebKit/537.36 (KHTML, like Gecko; compatible; GPTBot/1.3; +https://openai.com/gptbot)"
74.7.243.248 - - [07/Feb/2026:10:28:46 -0500] "GET /ctg/search/similarImageSearchResultView/?ctgItemCd=265574261309 HTTP/1.1" 404 1251 "https://blog.newkolkata.in/getidm8/261309pcywitems.htm" "Mozilla/5.0 AppleWebKit/537.36 (KHTML, like Gecko; compatible; GPTBot/1.3; +https://openai.com/gptbot)"
185.191.171.10 - - [07/Feb/2026:10:28:49 -0500] "GET /ite/35015ccoytidm.html HTTP/1.1" 404 1251 "-" "Mozilla/5.0 (compatible; SemrushBot/7~bl; +http://www.semrush.com/bot.html)"
74.7.243.248 - - [07/Feb/2026:10:28:49 -0500] "GET /ctg/search/similarImageSearchResultView/?ctgItemCd=183474179501 HTTP/1.1" 404 1251 "https://blog.newkolkata.in/items/179501cejptid.html" "Mozilla/5.0 AppleWebKit/537.36 (KHTML, like Gecko; compatible; GPTBot/1.3; +https://openai.com/gptbot)"
74.7.243.248 - - [07/Feb/2026:10:28:53 -0500] "GET /ctg/search/similarImageSearchResultView/?ctgItemCd=243026239527 HTTP/1.1" 404 1251 "https://blog.newkolkata.in/get/239527jahtitems" "Mozilla/5.0 AppleWebKit/537.36 (KHTML, like Gecko; compatible; GPTBot/1.3; +https://openai.com/gptbot)"
74.7.243.248 - - [07/Feb/2026:10:28:56 -0500] "GET /ctg/search/similarImageSearchResultView/?ctgItemCd=212584208258 HTTP/1.1" 404 1251 "https://blog.newkolkata.in/getidm72/208258mvrvitems.htm" "Mozilla/5.0 AppleWebKit/537.36 (KHTML, like Gecko; compatible; GPTBot/1.3; +https://openai.com/gptbot)"
74.7.243.248 - - [07/Feb/2026:10:28:59 -0500] "GET /ctg/search/similarImageSearchResultView/?ctgItemCd=183106179001 HTTP/1.1" 404 1251 "https://blog.newkolkata.in/getid/179001mvrvitems.htm" "Mozilla/5.0 AppleWebKit/537.36 (KHTML, like Gecko; compatible; GPTBot/1.3; +https://openai.com/gptbot)"
85.208.96.205 - - [07/Feb/2026:10:29:01 -0500] "GET /getidm/219817pcywitems HTTP/1.1" 404 1251 "-" "Mozilla/5.0 (compatible; SemrushBot/7~bl; +http://www.semrush.com/bot.html)"
74.7.243.248 - - [07/Feb/2026:10:29:02 -0500] "GET /ctg/search/similarImageSearchResultView/?ctgItemCd=308939305321 HTTP/1.1" 404 1251 "https://blog.newkolkata.in/geti/305321pcywitems" "Mozilla/5.0 AppleWebKit/537.36 (KHTML, like Gecko; compatible; GPTBot/1.3; +https://openai.com/gptbot)"
74.7.243.248 - - [07/Feb/2026:10:29:05 -0500] "GET /ctg/search/similarImageSearchResultView/?ctgItemCd=146579142268 HTTP/1.1" 404 1251 "https://blog.newkolkata.in/item/142268ulgptidm957553.html" "Mozilla/5.0 AppleWebKit/537.36 (KHTML, like Gecko; compatible; GPTBot/1.3; +https://openai.com/gptbot)"
85.208.96.200 - - [07/Feb/2026:10:29:07 -0500] "GET /item/80966kairtid.html HTTP/1.1" 404 1251 "-" "Mozilla/5.0 (compatible; SemrushBot/7~bl; +http://www.semrush.com/bot.html)"
74.7.243.248 - - [07/Feb/2026:10:29:09 -0500] "GET /ctg/search/similarImageSearchResultView/?ctgItemCd=145889142066 HTTP/1.1" 404 1251 "https://blog.newkolkata.in/getidm/142066tjvfitems" "Mozilla/5.0 AppleWebKit/537.36 (KHTML, like Gecko; compatible; GPTBot/1.3; +https://openai.com/gptbot)"
85.208.96.205 - - [07/Feb/2026:10:29:10 -0500] "GET /get/20712ulgpitems.htm HTTP/1.1" 404 1251 "-" "Mozilla/5.0 (compatible; SemrushBot/7~bl; +http://www.semrush.com/bot.html)"
74.7.243.248 - - [07/Feb/2026:10:29:12 -0500] "GET /ctg/search/similarImageSearchResultView/?ctgItemCd=139579135981 HTTP/1.1" 404 1251 "https://blog.newkolkata.in/geti/135981cejpitems" "Mozilla/5.0 AppleWebKit/537.36 (KHTML, like Gecko; compatible; GPTBot/1.3; +https://openai.com/gptbot)"
74.7.243.248 - - [07/Feb/2026:10:29:15 -0500] "GET /ctg/search/similarImageSearchResultView/?ctgItemCd=233530229289 HTTP/1.1" 404 1251 "https://blog.newkolkata.in/getidm1/229289kairitems.htm" "Mozilla/5.0 AppleWebKit/537.36 (KHTML, like Gecko; compatible; GPTBot/1.3; +https://openai.com/gptbot)"
74.7.243.248 - - [07/Feb/2026:10:29:18 -0500] "GET /ctg/search/similarImageSearchResultView/?ctgItemCd=241533237249 HTTP/1.1" 404 1251 "https://blog.newkolkata.in/getidm6/237249zslyitems.htm" "Mozilla/5.0 AppleWebKit/537.36 (KHTML, like Gecko; compatible; GPTBot/1.3; +https://openai.com/gptbot)"
85.208.96.193 - - [07/Feb/2026:10:29:21 -0500] "GET /getid/86704pcywitems HTTP/1.1" 404 1251 "-" "Mozilla/5.0 (compatible; SemrushBot/7~bl; +http://www.semrush.com/bot.html)"
74.7.243.248 - - [07/Feb/2026:10:29:21 -0500] "GET /ctg/search/similarImageSearchResultView/?ctgItemCd=156441152312 HTTP/1.1" 404 1251 "https://blog.newkolkata.in/items/152312cejptidm8.html" "Mozilla/5.0 AppleWebKit/537.36 (KHTML, like Gecko; compatible; GPTBot/1.3; +https://openai.com/gptbot)"
74.7.243.248 - - [07/Feb/2026:10:29:24 -0500] "GET /ctg/search/similarImageSearchResultView/?ctgItemCd=291077286907 HTTP/1.1" 404 1251 "https://blog.newkolkata.in/item/286907mvrvtidm630.html" "Mozilla/5.0 AppleWebKit/537.36 (KHTML, like Gecko; compatible; GPTBot/1.3; +https://openai.com/gptbot)"
74.7.243.248 - - [07/Feb/2026:10:29:27 -0500] "GET /ctg/search/similarImageSearchResultView/?ctgItemCd=248278244203 HTTP/1.1" 404 1251 "https://blog.newkolkata.in/item/244203sejmtidm70.html" "Mozilla/5.0 AppleWebKit/537.36 (KHTML, like Gecko; compatible; GPTBot/1.3; +https://openai.com/gptbot)"
74.7.243.248 - - [07/Feb/2026:10:29:30 -0500] "GET /ctg/search/similarImageSearchResultView/?ctgItemCd=127158123083 HTTP/1.1" 404 1251 "https://blog.newkolkata.in/getid/123083ccoyitems.htm" "Mozilla/5.0 AppleWebKit/537.36 (KHTML, like Gecko; compatible; GPTBot/1.3; +https://openai.com/gptbot)"
74.7.243.248 - - [07/Feb/2026:10:29:34 -0500] "GET /ctg/search/similarImageSearchResultView/?ctgItemCd=181206176957 HTTP/1.1" 404 1251 "https://blog.newkolkata.in/item/176957kairtidm90484.html" "Mozilla/5.0 AppleWebKit/537.36 (KHTML, like Gecko; compatible; GPTBot/1.3; +https://openai.com/gptbot)"
74.7.243.248 - - [07/Feb/2026:10:29:37 -0500] "GET /ctg/search/similarImageSearchResultView/?ctgItemCd=166813162801 HTTP/1.1" 404 1251 "https://blog.newkolkata.in/geti/162801zslyitems.htm" "Mozilla/5.0 AppleWebKit/537.36 (KHTML, like Gecko; compatible; GPTBot/1.3; +https://openai.com/gptbot)"
185.191.171.7 - - [07/Feb/2026:10:29:40 -0500] "GET /getidm9/4954sejmitems HTTP/1.1" 404 1251 "-" "Mozilla/5.0 (compatible; SemrushBot/7~bl; +http://www.semrush.com/bot.html)"
74.7.243.248 - - [07/Feb/2026:10:29:40 -0500] "GET /ctg/search/similarImageSearchResultView/?ctgItemCd=140598136874 HTTP/1.1" 404 1251 "https://blog.newkolkata.in/getid/136874tjvfitems" "Mozilla/5.0 AppleWebKit/537.36 (KHTML, like Gecko; compatible; GPTBot/1.3; +https://openai.com/gptbot)"
185.191.171.15 - - [07/Feb/2026:10:29:42 -0500] "GET /ite/218270sejmtid.html HTTP/1.1" 404 1251 "-" "Mozilla/5.0 (compatible; SemrushBot/7~bl; +http://www.semrush.com/bot.html)"
74.7.243.248 - - [07/Feb/2026:10:29:43 -0500] "GET /ctg/search/similarImageSearchResultView/?ctgItemCd=215457211864 HTTP/1.1" 404 1251 "https://blog.newkolkata.in/geti/211864cejpitems" "Mozilla/5.0 AppleWebKit/537.36 (KHTML, like Gecko; compatible; GPTBot/1.3; +https://openai.com/gptbot)"
74.7.243.248 - - [07/Feb/2026:10:29:46 -0500] "GET /ctg/search/similarImageSearchResultView/?ctgItemCd=284269280160 HTTP/1.1" 404 1251 "https://blog.newkolkata.in/items/280160pcywtidm.html" "Mozilla/5.0 AppleWebKit/537.36 (KHTML, like Gecko; compatible; GPTBot/1.3; +https://openai.com/gptbot)"
185.191.171.17 - - [07/Feb/2026:10:29:49 -0500] "GET /ite/154910ccoytid.html HTTP/1.1" 404 1251 "-" "Mozilla/5.0 (compatible; SemrushBot/7~bl; +http://www.semrush.com/bot.html)"
74.7.243.248 - - [07/Feb/2026:10:29:49 -0500] "GET /ctg/search/similarImageSearchResultView/?ctgItemCd=223425219877 HTTP/1.1" 404 1251 "https://blog.newkolkata.in/get/219877zslyitems" "Mozilla/5.0 AppleWebKit/537.36 (KHTML, like Gecko; compatible; GPTBot/1.3; +https://openai.com/gptbot)"
74.7.243.248 - - [07/Feb/2026:10:29:53 -0500] "GET /ctg/search/similarImageSearchResultView/?ctgItemCd=113340108968 HTTP/1.1" 404 1251 "https://blog.newkolkata.in/getidm530/108968pcywitems.htm" "Mozilla/5.0 AppleWebKit/537.36 (KHTML, like Gecko; compatible; GPTBot/1.3; +https://openai.com/gptbot)"
85.208.96.193 - - [07/Feb/2026:10:29:54 -0500] "GET /get/3387cejpitems.htm HTTP/1.1" 404 1251 "-" "Mozilla/5.0 (compatible; SemrushBot/7~bl; +http://www.semrush.com/bot.html)"
74.7.243.248 - - [07/Feb/2026:10:29:56 -0500] "GET /ctg/search/similarImageSearchResultView/?ctgItemCd=262573258560 HTTP/1.1" 404 1251 "https://blog.newkolkata.in/geti/258560mvrvitems.htm" "Mozilla/5.0 AppleWebKit/537.36 (KHTML, like Gecko; compatible; GPTBot/1.3; +https://openai.com/gptbot)"
74.7.243.248 - - [07/Feb/2026:10:29:59 -0500] "GET /ctg/search/similarImageSearchResultView/?ctgItemCd=192286188377 HTTP/1.1" 404 1251 "https://blog.newkolkata.in/getidm6/188377mvrvitems" "Mozilla/5.0 AppleWebKit/537.36 (KHTML, like Gecko; compatible; GPTBot/1.3; +https://openai.com/gptbot)"
74.7.243.248 - - [07/Feb/2026:10:30:02 -0500] "GET /ctg/search/similarImageSearchResultView/?ctgItemCd=249128244915 HTTP/1.1" 404 1251 "https://blog.newkolkata.in/getidm/244915pcywitems.htm" "Mozilla/5.0 AppleWebKit/537.36 (KHTML, like Gecko; compatible; GPTBot/1.3; +https://openai.com/gptbot)"
74.7.243.248 - - [07/Feb/2026:10:30:05 -0500] "GET /ctg/search/similarImageSearchResultView/?ctgItemCd=198757194411 HTTP/1.1" 404 1251 "https://blog.newkolkata.in/items/194411ccoytidm72105.html" "Mozilla/5.0 AppleWebKit/537.36 (KHTML, like Gecko; compatible; GPTBot/1.3; +https://openai.com/gptbot)"
85.208.96.197 - - [07/Feb/2026:10:30:06 -0500] "GET /get/252909ccoyitems.htm HTTP/1.1" 404 1251 "-" "Mozilla/5.0 (compatible; SemrushBot/7~bl; +http://www.semrush.com/bot.html)"
74.7.243.248 - - [07/Feb/2026:10:30:08 -0500] "GET /ctg/search/similarImageSearchResultView/?ctgItemCd=208403204703 HTTP/1.1" 404 1251 "https://blog.newkolkata.in/getid/204703sejmitems" "Mozilla/5.0 AppleWebKit/537.36 (KHTML, like Gecko; compatible; GPTBot/1.3; +https://openai.com/gptbot)"
74.7.243.248 - - [07/Feb/2026:10:30:12 -0500] "GET /ctg/search/similarImageSearchResultView/?ctgItemCd=147984143956 HTTP/1.1" 404 1251 "https://blog.newkolkata.in/getidm1591/143956ccoyitems" "Mozilla/5.0 AppleWebKit/537.36 (KHTML, like Gecko; compatible; GPTBot/1.3; +https://openai.com/gptbot)"
74.7.243.248 - - [07/Feb/2026:10:30:15 -0500] "GET /ctg/search/similarImageSearchResultView/?ctgItemCd=133841129594 HTTP/1.1" 404 1251 "https://blog.newkolkata.in/getidm1/129594sejmitems.htm" "Mozilla/5.0 AppleWebKit/537.36 (KHTML, like Gecko; compatible; GPTBot/1.3; +https://openai.com/gptbot)"
185.191.171.17 - - [07/Feb/2026:10:30:16 -0500] "GET /getidm/267697ccoyitems HTTP/1.1" 404 1251 "-" "Mozilla/5.0 (compatible; SemrushBot/7~bl; +http://www.semrush.com/bot.html)"
74.7.243.248 - - [07/Feb/2026:10:30:18 -0500] "GET /ctg/search/similarImageSearchResultView/?ctgItemCd=290473286576 HTTP/1.1" 404 1251 "https://blog.newkolkata.in/get/286576ulgpitems.htm" "Mozilla/5.0 AppleWebKit/537.36 (KHTML, like Gecko; compatible; GPTBot/1.3; +https://openai.com/gptbot)"
74.7.243.248 - - [07/Feb/2026:10:30:21 -0500] "GET /ctg/search/similarImageSearchResultView/?ctgItemCd=144019139928 HTTP/1.1" 404 1251 "https://blog.newkolkata.in/items/139928cejptidm.html" "Mozilla/5.0 AppleWebKit/537.36 (KHTML, like Gecko; compatible; GPTBot/1.3; +https://openai.com/gptbot)"
74.7.243.248 - - [07/Feb/2026:10:30:24 -0500] "GET /ctg/search/similarImageSearchResultView/?ctgItemCd=247308243291 HTTP/1.1" 404 1251 "https://blog.newkolkata.in/getidm7764/243291cejpitems" "Mozilla/5.0 AppleWebKit/537.36 (KHTML, like Gecko; compatible; GPTBot/1.3; +https://openai.com/gptbot)"
40.77.167.14 - - [07/Feb/2026:10:30:27 -0500] "GET /mbr/reminder/loginIdPasswordInquiryView/ HTTP/1.1" 404 1251 "-" "Mozilla/5.0 AppleWebKit/537.36 (KHTML, like Gecko; compatible; bingbot/2.0; +http://www.bing.com/bingbot.htm) Chrome/116.0.1938.76 Safari/537.36"
74.7.243.248 - - [07/Feb/2026:10:30:27 -0500] "GET /ctg/search/similarImageSearchResultView/?ctgItemCd=130375126313 HTTP/1.1" 404 1251 "https://blog.newkolkata.in/getid/126313cejpitems.htm" "Mozilla/5.0 AppleWebKit/537.36 (KHTML, like Gecko; compatible; GPTBot/1.3; +https://openai.com/gptbot)"
74.7.243.248 - - [07/Feb/2026:10:30:30 -0500] "GET /ctg/search/similarImageSearchResultView/?ctgItemCd=125465121314 HTTP/1.1" 404 1251 "https://blog.newkolkata.in/items/121314tjvftidm8.html" "Mozilla/5.0 AppleWebKit/537.36 (KHTML, like Gecko; compatible; GPTBot/1.3; +https://openai.com/gptbot)"
185.191.171.17 - - [07/Feb/2026:10:30:31 -0500] "GET /get/284086ccoyitems HTTP/1.1" 404 1251 "-" "Mozilla/5.0 (compatible; SemrushBot/7~bl; +http://www.semrush.com/bot.html)"
74.7.243.248 - - [07/Feb/2026:10:30:34 -0500] "GET /ctg/search/similarImageSearchResultView/?ctgItemCd=145004141178 HTTP/1.1" 404 1251 "https://blog.newkolkata.in/getidm/141178tjvfitems" "Mozilla/5.0 AppleWebKit/537.36 (KHTML, like Gecko; compatible; GPTBot/1.3; +https://openai.com/gptbot)"
74.7.243.248 - - [07/Feb/2026:10:30:37 -0500] "GET /ctg/search/similarImageSearchResultView/?ctgItemCd=275562271598 HTTP/1.1" 404 1251 "https://blog.newkolkata.in/getidm422/271598cejpitems" "Mozilla/5.0 AppleWebKit/537.36 (KHTML, like Gecko; compatible; GPTBot/1.3; +https://openai.com/gptbot)"
74.7.243.248 - - [07/Feb/2026:10:30:40 -0500] "GET /ctg/search/similarImageSearchResultView/?ctgItemCd=206658202479 HTTP/1.1" 404 1251 "https://blog.newkolkata.in/getidm/202479cejpitems.htm" "Mozilla/5.0 AppleWebKit/537.36 (KHTML, like Gecko; compatible; GPTBot/1.3; +https://openai.com/gptbot)"
74.7.243.248 - - [07/Feb/2026:10:30:43 -0500] "GET /ctg/search/similarImageSearchResultView/?ctgItemCd=287792284293 HTTP/1.1" 404 1251 "https://blog.newkolkata.in/get/284293kairitems" "Mozilla/5.0 AppleWebKit/537.36 (KHTML, like Gecko; compatible; GPTBot/1.3; +https://openai.com/gptbot)"
74.7.243.248 - - [07/Feb/2026:10:30:46 -0500] "GET /ctg/search/similarImageSearchResultView/?ctgItemCd=110675106568 HTTP/1.1" 404 1251 "https://blog.newkolkata.in/items/106568ulgptidm.html" "Mozilla/5.0 AppleWebKit/537.36 (KHTML, like Gecko; compatible; GPTBot/1.3; +https://openai.com/gptbot)"
74.7.243.248 - - [07/Feb/2026:10:30:49 -0500] "GET /ctg/search/similarImageSearchResultView/?ctgItemCd=187075182790 HTTP/1.1" 404 1251 "https://blog.newkolkata.in/getidm11/182790kairitems.htm" "Mozilla/5.0 AppleWebKit/537.36 (KHTML, like Gecko; compatible; GPTBot/1.3; +https://openai.com/gptbot)"
74.7.243.248 - - [07/Feb/2026:10:30:52 -0500] "GET /ctg/search/similarImageSearchResultView/?ctgItemCd=245680241239 HTTP/1.1" 404 1251 "https://blog.newkolkata.in/items/241239mvrvtidm396266.html" "Mozilla/5.0 AppleWebKit/537.36 (KHTML, like Gecko; compatible; GPTBot/1.3; +https://openai.com/gptbot)"
74.7.243.248 - - [07/Feb/2026:10:30:55 -0500] "GET /ctg/search/similarImageSearchResultView/?ctgItemCd=208662204782 HTTP/1.1" 404 1251 "https://blog.newkolkata.in/ite/204782ulgptidm.html" "Mozilla/5.0 AppleWebKit/537.36 (KHTML, like Gecko; compatible; GPTBot/1.3; +https://openai.com/gptbot)"
74.7.243.248 - - [07/Feb/2026:10:30:58 -0500] "GET /ctg/search/similarImageSearchResultView/?ctgItemCd=160302156559 HTTP/1.1" 404 1251 "https://blog.newkolkata.in/getid/156559mvrvitems" "Mozilla/5.0 AppleWebKit/537.36 (KHTML, like Gecko; compatible; GPTBot/1.3; +https://openai.com/gptbot)"
74.7.243.248 - - [07/Feb/2026:10:31:01 -0500] "GET /ctg/search/similarImageSearchResultView/?ctgItemCd=210784206904 HTTP/1.1" 404 1251 "https://blog.newkolkata.in/getidm9/206904ulgpitems" "Mozilla/5.0 AppleWebKit/537.36 (KHTML, like Gecko; compatible; GPTBot/1.3; +https://openai.com/gptbot)"
74.7.243.248 - - [07/Feb/2026:10:31:04 -0500] "GET /ctg/search/similarImageSearchResultView/?ctgItemCd=147690143513 HTTP/1.1" 404 1251 "https://blog.newkolkata.in/items/143513zslytidm5.html" "Mozilla/5.0 AppleWebKit/537.36 (KHTML, like Gecko; compatible; GPTBot/1.3; +https://openai.com/gptbot)"
74.7.243.248 - - [07/Feb/2026:10:31:08 -0500] "GET /ctg/search/similarImageSearchResultView/?ctgItemCd=305657301569 HTTP/1.1" 404 1251 "https://blog.newkolkata.in/items/301569kairtidm.html" "Mozilla/5.0 AppleWebKit/537.36 (KHTML, like Gecko; compatible; GPTBot/1.3; +https://openai.com/gptbot)"
74.7.243.248 - - [07/Feb/2026:10:31:11 -0500] "GET /ctg/search/similarImageSearchResultView/?ctgItemCd=153364149493 HTTP/1.1" 404 1251 "https://blog.newkolkata.in/get/149493cejpitems.htm" "Mozilla/5.0 AppleWebKit/537.36 (KHTML, like Gecko; compatible; GPTBot/1.3; +https://openai.com/gptbot)"
74.7.243.248 - - [07/Feb/2026:10:31:14 -0500] "GET /ctg/search/similarImageSearchResultView/?ctgItemCd=274971270650 HTTP/1.1" 404 1251 "https://blog.newkolkata.in/items/270650pcywtidm7019.html" "Mozilla/5.0 AppleWebKit/537.36 (KHTML, like Gecko; compatible; GPTBot/1.3; +https://openai.com/gptbot)"
74.7.243.248 - - [07/Feb/2026:10:31:17 -0500] "GET /ctg/search/similarImageSearchResultView/?ctgItemCd=151463147538 HTTP/1.1" 404 1251 "https://blog.newkolkata.in/getidm17/147538sejmitems" "Mozilla/5.0 AppleWebKit/537.36 (KHTML, like Gecko; compatible; GPTBot/1.3; +https://openai.com/gptbot)"
74.7.243.248 - - [07/Feb/2026:10:31:20 -0500] "GET /ctg/search/similarImageSearchResultView/?ctgItemCd=246175242192 HTTP/1.1" 404 1251 "https://blog.newkolkata.in/ite/242192tjvftidm62.html" "Mozilla/5.0 AppleWebKit/537.36 (KHTML, like Gecko; compatible; GPTBot/1.3; +https://openai.com/gptbot)"
185.191.171.9 - - [07/Feb/2026:10:31:21 -0500] "GET /get/73294sejmitems HTTP/1.1" 404 1251 "-" "Mozilla/5.0 (compatible; SemrushBot/7~bl; +http://www.semrush.com/bot.html)"
85.208.96.209 - - [07/Feb/2026:10:31:22 -0500] "GET /getidm/174937kairitems HTTP/1.1" 404 1251 "-" "Mozilla/5.0 (compatible; SemrushBot/7~bl; +http://www.semrush.com/bot.html)"
74.7.243.248 - - [07/Feb/2026:10:31:23 -0500] "GET /ctg/search/similarImageSearchResultView/?ctgItemCd=225671221774 HTTP/1.1" 404 1251 "https://blog.newkolkata.in/get/221774pcywitems.htm" "Mozilla/5.0 AppleWebKit/537.36 (KHTML, like Gecko; compatible; GPTBot/1.3; +https://openai.com/gptbot)"
185.191.171.8 - - [07/Feb/2026:10:31:24 -0500] "GET /getidm302/3724pcywitems HTTP/1.1" 404 1251 "-" "Mozilla/5.0 (compatible; SemrushBot/7~bl; +http://www.semrush.com/bot.html)"
